W20260608 09:48:49.401633 10321 consensus_peers.cc:597] T cf5a51c6a4f745d7bdb5abd81f4cb435 P ee8b64c7ef1c4a4db415108ca1096b05 -> Peer 92c34c54c1584b27bce6e693195767a7 (127.7.31.132:39453): Couldn't send request to peer 92c34c54c1584b27bce6e693195767a7. Error code: TABLET_NOT_FOUND (6). Status: Not found: Tablet not found: cf5a51c6a4f745d7bdb5abd81f4cb435. This is attempt 1: this message will repeat every 5th retry.
I20260608 09:48:49.405697 10429 raft_consensus.cc:1275] T cf5a51c6a4f745d7bdb5abd81f4cb435 P 4cf5590e83f54b51aac6413d41c1d2bc [term 1 FOLLOWER]: Refusing update from remote peer ee8b64c7ef1c4a4db415108ca1096b05: Log matching property violated. Preceding OpId in replica: term: 1 index: 1. Preceding OpId from leader: term: 1 index: 2. (index mismatch)
I20260608 09:48:49.405894 10797 consensus_queue.cc:1048] T cf5a51c6a4f745d7bdb5abd81f4cb435 P ee8b64c7ef1c4a4db415108ca1096b05 [LEADER]: Connected to new peer: Peer: permanent_uuid: "53184c44bc734bd7a6b736d9b299bc89" member_type: VOTER last_known_addr { host: "127.7.31.129" port: 38595 }, Status: LMP_MISMATCH, Last received: 0.0, Next index: 2, Last known committed idx: 1, Time since last communication: 0.000s
I20260608 09:48:49.408660 10695 consensus_queue.cc:1048] T cf5a51c6a4f745d7bdb5abd81f4cb435 P ee8b64c7ef1c4a4db415108ca1096b05 [LEADER]: Connected to new peer: Peer: permanent_uuid: "4cf5590e83f54b51aac6413d41c1d2bc" member_type: VOTER last_known_addr { host: "127.7.31.131" port: 41525 } attrs { replace: true }, Status: LMP_MISMATCH, Last received: 0.0, Next index: 2, Last known committed idx: 1, Time since last communication: 0.000s
I20260608 09:48:49.417896 10797 raft_consensus.cc:2955] T cf5a51c6a4f745d7bdb5abd81f4cb435 P ee8b64c7ef1c4a4db415108ca1096b05 [term 1 LEADER]: Committing config change with OpId 1.2: config changed from index -1 to 2, NON_VOTER 92c34c54c1584b27bce6e693195767a7 (127.7.31.132) added. New config: { opid_index: 2 OBSOLETE_local: false peers { permanent_uuid: "4cf5590e83f54b51aac6413d41c1d2bc" member_type: VOTER last_known_addr { host: "127.7.31.131" port: 41525 } attrs { replace: true } } peers { permanent_uuid: "53184c44bc734bd7a6b736d9b299bc89" member_type: VOTER last_known_addr { host: "127.7.31.129" port: 38595 } } peers { permanent_uuid: "ee8b64c7ef1c4a4db415108ca1096b05" member_type: VOTER last_known_addr { host: "127.7.31.130" port: 41829 } } peers { permanent_uuid: "92c34c54c1584b27bce6e693195767a7" member_type: NON_VOTER last_known_addr { host: "127.7.31.132" port: 39453 } attrs { promote: true } } }
I20260608 09:48:49.419986 10278 raft_consensus.cc:2955] T cf5a51c6a4f745d7bdb5abd81f4cb435 P 53184c44bc734bd7a6b736d9b299bc89 [term 1 FOLLOWER]: Committing config change with OpId 1.2: config changed from index -1 to 2, NON_VOTER 92c34c54c1584b27bce6e693195767a7 (127.7.31.132) added. New config: { opid_index: 2 OBSOLETE_local: false peers { permanent_uuid: "4cf5590e83f54b51aac6413d41c1d2bc" member_type: VOTER last_known_addr { host: "127.7.31.131" port: 41525 } attrs { replace: true } } peers { permanent_uuid: "53184c44bc734bd7a6b736d9b299bc89" member_type: VOTER last_known_addr { host: "127.7.31.129" port: 38595 } } peers { permanent_uuid: "ee8b64c7ef1c4a4db415108ca1096b05" member_type: VOTER last_known_addr { host: "127.7.31.130" port: 41829 } } peers { permanent_uuid: "92c34c54c1584b27bce6e693195767a7" member_type: NON_VOTER last_known_addr { host: "127.7.31.132" port: 39453 } attrs { promote: true } } }
I20260608 09:48:49.423076 10429 raft_consensus.cc:2955] T cf5a51c6a4f745d7bdb5abd81f4cb435 P 4cf5590e83f54b51aac6413d41c1d2bc [term 1 FOLLOWER]: Committing config change with OpId 1.2: config changed from index -1 to 2, NON_VOTER 92c34c54c1584b27bce6e693195767a7 (127.7.31.132) added. New config: { opid_index: 2 OBSOLETE_local: false peers { permanent_uuid: "4cf5590e83f54b51aac6413d41c1d2bc" member_type: VOTER last_known_addr { host: "127.7.31.131" port: 41525 } attrs { replace: true } } peers { permanent_uuid: "53184c44bc734bd7a6b736d9b299bc89" member_type: VOTER last_known_addr { host: "127.7.31.129" port: 38595 } } peers { permanent_uuid: "ee8b64c7ef1c4a4db415108ca1096b05" member_type: VOTER last_known_addr { host: "127.7.31.130" port: 41829 } } peers { permanent_uuid: "92c34c54c1584b27bce6e693195767a7" member_type: NON_VOTER last_known_addr { host: "127.7.31.132" port: 39453 } attrs { promote: true } } }
I20260608 09:48:49.430593 10176 catalog_manager.cc:5696] T cf5a51c6a4f745d7bdb5abd81f4cb435 P 53184c44bc734bd7a6b736d9b299bc89 reported cstate change: config changed from index -1 to 2, NON_VOTER 92c34c54c1584b27bce6e693195767a7 (127.7.31.132) added. New cstate: current_term: 1 leader_uuid: "ee8b64c7ef1c4a4db415108ca1096b05" committed_config { opid_index: 2 OBSOLETE_local: false peers { permanent_uuid: "4cf5590e83f54b51aac6413d41c1d2bc" member_type: VOTER last_known_addr { host: "127.7.31.131" port: 41525 } attrs { replace: true } } peers { permanent_uuid: "53184c44bc734bd7a6b736d9b299bc89" member_type: VOTER last_known_addr { host: "127.7.31.129" port: 38595 } } peers { permanent_uuid: "ee8b64c7ef1c4a4db415108ca1096b05" member_type: VOTER last_known_addr { host: "127.7.31.130" port: 41829 } } peers { permanent_uuid: "92c34c54c1584b27bce6e693195767a7" member_type: NON_VOTER last_known_addr { host: "127.7.31.132" port: 39453 } attrs { promote: true } } }
I20260608 09:48:49.432768 10427 consensus_queue.cc:237] T f76d6714a1d148ca915a5d805c99922f P 4cf5590e83f54b51aac6413d41c1d2bc [LEADER]: Queue going to LEADER mode. State: All replicated index: 0, Majority replicated index: 1, Committed index: 1, Last appended: 1.1, Last appended by leader: 0, Current term: 1, Majority size: 2, State: 0, Mode: LEADER, active raft config: opid_index: 2 OBSOLETE_local: false peers { permanent_uuid: "4cf5590e83f54b51aac6413d41c1d2bc" member_type: VOTER last_known_addr { host: "127.7.31.131" port: 41525 } } peers { permanent_uuid: "92c34c54c1584b27bce6e693195767a7" member_type: VOTER last_known_addr { host: "127.7.31.132" port: 39453 } attrs { replace: true } } peers { permanent_uuid: "53184c44bc734bd7a6b736d9b299bc89" member_type: VOTER last_known_addr { host: "127.7.31.129" port: 38595 } } peers { permanent_uuid: "ee8b64c7ef1c4a4db415108ca1096b05" member_type: NON_VOTER last_known_addr { host: "127.7.31.130" port: 41829 } attrs { promote: true } }
I20260608 09:48:49.442169 10278 raft_consensus.cc:1275] T f76d6714a1d148ca915a5d805c99922f P 53184c44bc734bd7a6b736d9b299bc89 [term 1 FOLLOWER]: Refusing update from remote peer 4cf5590e83f54b51aac6413d41c1d2bc: Log matching property violated. Preceding OpId in replica: term: 1 index: 1. Preceding OpId from leader: term: 1 index: 2. (index mismatch)
I20260608 09:48:49.444159 10738 consensus_queue.cc:1048] T f76d6714a1d148ca915a5d805c99922f P 4cf5590e83f54b51aac6413d41c1d2bc [LEADER]: Connected to new peer: Peer: permanent_uuid: "53184c44bc734bd7a6b736d9b299bc89" member_type: VOTER last_known_addr { host: "127.7.31.129" port: 38595 }, Status: LMP_MISMATCH, Last received: 0.0, Next index: 2, Last known committed idx: 1, Time since last communication: 0.000s
W20260608 09:48:49.446188 10395 consensus_peers.cc:597] T f76d6714a1d148ca915a5d805c99922f P 4cf5590e83f54b51aac6413d41c1d2bc -> Peer ee8b64c7ef1c4a4db415108ca1096b05 (127.7.31.130:41829): Couldn't send request to peer ee8b64c7ef1c4a4db415108ca1096b05. Error code: TABLET_NOT_FOUND (6). Status: Not found: Tablet not found: f76d6714a1d148ca915a5d805c99922f. This is attempt 1: this message will repeat every 5th retry.
I20260608 09:48:49.448645 10585 raft_consensus.cc:1275] T f76d6714a1d148ca915a5d805c99922f P 92c34c54c1584b27bce6e693195767a7 [term 1 FOLLOWER]: Refusing update from remote peer 4cf5590e83f54b51aac6413d41c1d2bc: Log matching property violated. Preceding OpId in replica: term: 1 index: 1. Preceding OpId from leader: term: 1 index: 2. (index mismatch)
I20260608 09:48:49.450186 10802 consensus_queue.cc:1048] T f76d6714a1d148ca915a5d805c99922f P 4cf5590e83f54b51aac6413d41c1d2bc [LEADER]: Connected to new peer: Peer: permanent_uuid: "92c34c54c1584b27bce6e693195767a7" member_type: VOTER last_known_addr { host: "127.7.31.132" port: 39453 } attrs { replace: true }, Status: LMP_MISMATCH, Last received: 0.0, Next index: 2, Last known committed idx: 1, Time since last communication: 0.000s
I20260608 09:48:49.453212 10738 raft_consensus.cc:2955] T f76d6714a1d148ca915a5d805c99922f P 4cf5590e83f54b51aac6413d41c1d2bc [term 1 LEADER]: Committing config change with OpId 1.2: config changed from index -1 to 2, NON_VOTER ee8b64c7ef1c4a4db415108ca1096b05 (127.7.31.130) added. New config: { opid_index: 2 OBSOLETE_local: false peers { permanent_uuid: "4cf5590e83f54b51aac6413d41c1d2bc" member_type: VOTER last_known_addr { host: "127.7.31.131" port: 41525 } } peers { permanent_uuid: "92c34c54c1584b27bce6e693195767a7" member_type: VOTER last_known_addr { host: "127.7.31.132" port: 39453 } attrs { replace: true } } peers { permanent_uuid: "53184c44bc734bd7a6b736d9b299bc89" member_type: VOTER last_known_addr { host: "127.7.31.129" port: 38595 } } peers { permanent_uuid: "ee8b64c7ef1c4a4db415108ca1096b05" member_type: NON_VOTER last_known_addr { host: "127.7.31.130" port: 41829 } attrs { promote: true } } }
I20260608 09:48:49.455147 10278 raft_consensus.cc:2955] T f76d6714a1d148ca915a5d805c99922f P 53184c44bc734bd7a6b736d9b299bc89 [term 1 FOLLOWER]: Committing config change with OpId 1.2: config changed from index -1 to 2, NON_VOTER ee8b64c7ef1c4a4db415108ca1096b05 (127.7.31.130) added. New config: { opid_index: 2 OBSOLETE_local: false peers { permanent_uuid: "4cf5590e83f54b51aac6413d41c1d2bc" member_type: VOTER last_known_addr { host: "127.7.31.131" port: 41525 } } peers { permanent_uuid: "92c34c54c1584b27bce6e693195767a7" member_type: VOTER last_known_addr { host: "127.7.31.132" port: 39453 } attrs { replace: true } } peers { permanent_uuid: "53184c44bc734bd7a6b736d9b299bc89" member_type: VOTER last_known_addr { host: "127.7.31.129" port: 38595 } } peers { permanent_uuid: "ee8b64c7ef1c4a4db415108ca1096b05" member_type: NON_VOTER last_known_addr { host: "127.7.31.130" port: 41829 } attrs { promote: true } } }
I20260608 09:48:49.465909 10177 catalog_manager.cc:5696] T f76d6714a1d148ca915a5d805c99922f P 4cf5590e83f54b51aac6413d41c1d2bc reported cstate change: config changed from index -1 to 2, NON_VOTER ee8b64c7ef1c4a4db415108ca1096b05 (127.7.31.130) added. New cstate: current_term: 1 leader_uuid: "4cf5590e83f54b51aac6413d41c1d2bc" committed_config { opid_index: 2 OBSOLETE_local: false peers { permanent_uuid: "4cf5590e83f54b51aac6413d41c1d2bc" member_type: VOTER last_known_addr { host: "127.7.31.131" port: 41525 } health_report { overall_health: HEALTHY } } peers { permanent_uuid: "92c34c54c1584b27bce6e693195767a7" member_type: VOTER last_known_addr { host: "127.7.31.132" port: 39453 } attrs { replace: true } health_report { overall_health: UNKNOWN } } peers { permanent_uuid: "53184c44bc734bd7a6b736d9b299bc89" member_type: VOTER last_known_addr { host: "127.7.31.129" port: 38595 } health_report { overall_health: HEALTHY } } peers { permanent_uuid: "ee8b64c7ef1c4a4db415108ca1096b05" member_type: NON_VOTER last_known_addr { host: "127.7.31.130" port: 41829 } attrs { promote: true } health_report { overall_health: UNKNOWN } } }
I20260608 09:48:49.466432 10585 raft_consensus.cc:2955] T f76d6714a1d148ca915a5d805c99922f P 92c34c54c1584b27bce6e693195767a7 [term 1 FOLLOWER]: Committing config change with OpId 1.2: config changed from index -1 to 2, NON_VOTER ee8b64c7ef1c4a4db415108ca1096b05 (127.7.31.130) added. New config: { opid_index: 2 OBSOLETE_local: false peers { permanent_uuid: "4cf5590e83f54b51aac6413d41c1d2bc" member_type: VOTER last_known_addr { host: "127.7.31.131" port: 41525 } } peers { permanent_uuid: "92c34c54c1584b27bce6e693195767a7" member_type: VOTER last_known_addr { host: "127.7.31.132" port: 39453 } attrs { replace: true } } peers { permanent_uuid: "53184c44bc734bd7a6b736d9b299bc89" member_type: VOTER last_known_addr { host: "127.7.31.129" port: 38595 } } peers { permanent_uuid: "ee8b64c7ef1c4a4db415108ca1096b05" member_type: NON_VOTER last_known_addr { host: "127.7.31.130" port: 41829 } attrs { promote: true } } }
I20260608 09:48:49.467978 10279 consensus_queue.cc:237] T 48ffb13f3afe45ea8be56b85b2b05c72 P 53184c44bc734bd7a6b736d9b299bc89 [LEADER]: Queue going to LEADER mode. State: All replicated index: 0, Majority replicated index: 1, Committed index: 1, Last appended: 1.1, Last appended by leader: 0, Current term: 1, Majority size: 2, State: 0, Mode: LEADER, active raft config: opid_index: 2 OBSOLETE_local: false peers { permanent_uuid: "53184c44bc734bd7a6b736d9b299bc89" member_type: VOTER last_known_addr { host: "127.7.31.129" port: 38595 } } peers { permanent_uuid: "ee8b64c7ef1c4a4db415108ca1096b05" member_type: VOTER last_known_addr { host: "127.7.31.130" port: 41829 } attrs { replace: true } } peers { permanent_uuid: "4cf5590e83f54b51aac6413d41c1d2bc" member_type: VOTER last_known_addr { host: "127.7.31.131" port: 41525 } } peers { permanent_uuid: "92c34c54c1584b27bce6e693195767a7" member_type: NON_VOTER last_known_addr { host: "127.7.31.132" port: 39453 } attrs { promote: true } }
I20260608 09:48:49.477878 10354 raft_consensus.cc:1275] T 48ffb13f3afe45ea8be56b85b2b05c72 P ee8b64c7ef1c4a4db415108ca1096b05 [term 1 FOLLOWER]: Refusing update from remote peer 53184c44bc734bd7a6b736d9b299bc89: Log matching property violated. Preceding OpId in replica: term: 1 index: 1. Preceding OpId from leader: term: 1 index: 2. (index mismatch)
W20260608 09:48:49.478035 10246 consensus_peers.cc:597] T 48ffb13f3afe45ea8be56b85b2b05c72 P 53184c44bc734bd7a6b736d9b299bc89 -> Peer 92c34c54c1584b27bce6e693195767a7 (127.7.31.132:39453): Couldn't send request to peer 92c34c54c1584b27bce6e693195767a7. Error code: TABLET_NOT_FOUND (6). Status: Not found: Tablet not found: 48ffb13f3afe45ea8be56b85b2b05c72. This is attempt 1: this message will repeat every 5th retry.
I20260608 09:48:49.479538 10786 consensus_queue.cc:1048] T 48ffb13f3afe45ea8be56b85b2b05c72 P 53184c44bc734bd7a6b736d9b299bc89 [LEADER]: Connected to new peer: Peer: permanent_uuid: "ee8b64c7ef1c4a4db415108ca1096b05" member_type: VOTER last_known_addr { host: "127.7.31.130" port: 41829 } attrs { replace: true }, Status: LMP_MISMATCH, Last received: 0.0, Next index: 2, Last known committed idx: 1, Time since last communication: 0.000s
I20260608 09:48:49.484089 10427 raft_consensus.cc:1275] T 48ffb13f3afe45ea8be56b85b2b05c72 P 4cf5590e83f54b51aac6413d41c1d2bc [term 1 FOLLOWER]: Refusing update from remote peer 53184c44bc734bd7a6b736d9b299bc89: Log matching property violated. Preceding OpId in replica: term: 1 index: 1. Preceding OpId from leader: term: 1 index: 2. (index mismatch)
I20260608 09:48:49.486081 10786 consensus_queue.cc:1048] T 48ffb13f3afe45ea8be56b85b2b05c72 P 53184c44bc734bd7a6b736d9b299bc89 [LEADER]: Connected to new peer: Peer: permanent_uuid: "4cf5590e83f54b51aac6413d41c1d2bc" member_type: VOTER last_known_addr { host: "127.7.31.131" port: 41525 }, Status: LMP_MISMATCH, Last received: 0.0, Next index: 2, Last known committed idx: 1, Time since last communication: 0.000s
I20260608 09:48:49.489231 10789 raft_consensus.cc:2955] T 48ffb13f3afe45ea8be56b85b2b05c72 P 53184c44bc734bd7a6b736d9b299bc89 [term 1 LEADER]: Committing config change with OpId 1.2: config changed from index -1 to 2, NON_VOTER 92c34c54c1584b27bce6e693195767a7 (127.7.31.132) added. New config: { opid_index: 2 OBSOLETE_local: false peers { permanent_uuid: "53184c44bc734bd7a6b736d9b299bc89" member_type: VOTER last_known_addr { host: "127.7.31.129" port: 38595 } } peers { permanent_uuid: "ee8b64c7ef1c4a4db415108ca1096b05" member_type: VOTER last_known_addr { host: "127.7.31.130" port: 41829 } attrs { replace: true } } peers { permanent_uuid: "4cf5590e83f54b51aac6413d41c1d2bc" member_type: VOTER last_known_addr { host: "127.7.31.131" port: 41525 } } peers { permanent_uuid: "92c34c54c1584b27bce6e693195767a7" member_type: NON_VOTER last_known_addr { host: "127.7.31.132" port: 39453 } attrs { promote: true } } }
I20260608 09:48:49.491366 10354 raft_consensus.cc:2955] T 48ffb13f3afe45ea8be56b85b2b05c72 P ee8b64c7ef1c4a4db415108ca1096b05 [term 1 FOLLOWER]: Committing config change with OpId 1.2: config changed from index -1 to 2, NON_VOTER 92c34c54c1584b27bce6e693195767a7 (127.7.31.132) added. New config: { opid_index: 2 OBSOLETE_local: false peers { permanent_uuid: "53184c44bc734bd7a6b736d9b299bc89" member_type: VOTER last_known_addr { host: "127.7.31.129" port: 38595 } } peers { permanent_uuid: "ee8b64c7ef1c4a4db415108ca1096b05" member_type: VOTER last_known_addr { host: "127.7.31.130" port: 41829 } attrs { replace: true } } peers { permanent_uuid: "4cf5590e83f54b51aac6413d41c1d2bc" member_type: VOTER last_known_addr { host: "127.7.31.131" port: 41525 } } peers { permanent_uuid: "92c34c54c1584b27bce6e693195767a7" member_type: NON_VOTER last_known_addr { host: "127.7.31.132" port: 39453 } attrs { promote: true } } }
I20260608 09:48:49.504459 10429 raft_consensus.cc:2955] T 48ffb13f3afe45ea8be56b85b2b05c72 P 4cf5590e83f54b51aac6413d41c1d2bc [term 1 FOLLOWER]: Committing config change with OpId 1.2: config changed from index -1 to 2, NON_VOTER 92c34c54c1584b27bce6e693195767a7 (127.7.31.132) added. New config: { opid_index: 2 OBSOLETE_local: false peers { permanent_uuid: "53184c44bc734bd7a6b736d9b299bc89" member_type: VOTER last_known_addr { host: "127.7.31.129" port: 38595 } } peers { permanent_uuid: "ee8b64c7ef1c4a4db415108ca1096b05" member_type: VOTER last_known_addr { host: "127.7.31.130" port: 41829 } attrs { replace: true } } peers { permanent_uuid: "4cf5590e83f54b51aac6413d41c1d2bc" member_type: VOTER last_known_addr { host: "127.7.31.131" port: 41525 } } peers { permanent_uuid: "92c34c54c1584b27bce6e693195767a7" member_type: NON_VOTER last_known_addr { host: "127.7.31.132" port: 39453 } attrs { promote: true } } }
I20260608 09:48:49.505514 10177 catalog_manager.cc:5696] T 48ffb13f3afe45ea8be56b85b2b05c72 P ee8b64c7ef1c4a4db415108ca1096b05 reported cstate change: config changed from index -1 to 2, NON_VOTER 92c34c54c1584b27bce6e693195767a7 (127.7.31.132) added. New cstate: current_term: 1 leader_uuid: "53184c44bc734bd7a6b736d9b299bc89" committed_config { opid_index: 2 OBSOLETE_local: false peers { permanent_uuid: "53184c44bc734bd7a6b736d9b299bc89" member_type: VOTER last_known_addr { host: "127.7.31.129" port: 38595 } } peers { permanent_uuid: "ee8b64c7ef1c4a4db415108ca1096b05" member_type: VOTER last_known_addr { host: "127.7.31.130" port: 41829 } attrs { replace: true } } peers { permanent_uuid: "4cf5590e83f54b51aac6413d41c1d2bc" member_type: VOTER last_known_addr { host: "127.7.31.131" port: 41525 } } peers { permanent_uuid: "92c34c54c1584b27bce6e693195767a7" member_type: NON_VOTER last_known_addr { host: "127.7.31.132" port: 39453 } attrs { promote: true } } }
I20260608 09:48:49.557930 10802 raft_consensus.cc:993] T 321df82e8cf04c82969f39e57a09373c P 4cf5590e83f54b51aac6413d41c1d2bc: : Instructing follower ee8b64c7ef1c4a4db415108ca1096b05 to start an election
I20260608 09:48:49.558422 10738 raft_consensus.cc:1081] T 321df82e8cf04c82969f39e57a09373c P 4cf5590e83f54b51aac6413d41c1d2bc [term 1 LEADER]: Signalling peer ee8b64c7ef1c4a4db415108ca1096b05 to start an election
I20260608 09:48:49.560011 10354 tablet_service.cc:2044] Received Run Leader Election RPC: tablet_id: "321df82e8cf04c82969f39e57a09373c"
dest_uuid: "ee8b64c7ef1c4a4db415108ca1096b05"
 from {username='slave'} at 127.0.0.1:44062
I20260608 09:48:49.560519 10354 raft_consensus.cc:493] T 321df82e8cf04c82969f39e57a09373c P ee8b64c7ef1c4a4db415108ca1096b05 [term 1 FOLLOWER]: Starting forced leader election (received explicit request)
I20260608 09:48:49.560830 10354 raft_consensus.cc:3060] T 321df82e8cf04c82969f39e57a09373c P ee8b64c7ef1c4a4db415108ca1096b05 [term 1 FOLLOWER]: Advancing to term 2
I20260608 09:48:49.567678 10354 raft_consensus.cc:515] T 321df82e8cf04c82969f39e57a09373c P ee8b64c7ef1c4a4db415108ca1096b05 [term 2 FOLLOWER]: Starting forced leader election with config: opid_index: -1 OBSOLETE_local: false peers { permanent_uuid: "ee8b64c7ef1c4a4db415108ca1096b05" member_type: VOTER last_known_addr { host: "127.7.31.130" port: 41829 } } peers { permanent_uuid: "53184c44bc734bd7a6b736d9b299bc89" member_type: VOTER last_known_addr { host: "127.7.31.129" port: 38595 } } peers { permanent_uuid: "4cf5590e83f54b51aac6413d41c1d2bc" member_type: VOTER last_known_addr { host: "127.7.31.131" port: 41525 } }
I20260608 09:48:49.569854 10354 leader_election.cc:290] T 321df82e8cf04c82969f39e57a09373c P ee8b64c7ef1c4a4db415108ca1096b05 [CANDIDATE]: Term 2 election: Requested vote from peers 53184c44bc734bd7a6b736d9b299bc89 (127.7.31.129:38595), 4cf5590e83f54b51aac6413d41c1d2bc (127.7.31.131:41525)
I20260608 09:48:49.570986 10429 tablet_service.cc:1917] Received RequestConsensusVote() RPC: tablet_id: "321df82e8cf04c82969f39e57a09373c" candidate_uuid: "ee8b64c7ef1c4a4db415108ca1096b05" candidate_term: 2 candidate_status { last_received { term: 1 index: 1 } } ignore_live_leader: true dest_uuid: "4cf5590e83f54b51aac6413d41c1d2bc"
I20260608 09:48:49.571004 10279 tablet_service.cc:1917] Received RequestConsensusVote() RPC: tablet_id: "321df82e8cf04c82969f39e57a09373c" candidate_uuid: "ee8b64c7ef1c4a4db415108ca1096b05" candidate_term: 2 candidate_status { last_received { term: 1 index: 1 } } ignore_live_leader: true dest_uuid: "53184c44bc734bd7a6b736d9b299bc89"
I20260608 09:48:49.571703 10429 raft_consensus.cc:3055] T 321df82e8cf04c82969f39e57a09373c P 4cf5590e83f54b51aac6413d41c1d2bc [term 1 LEADER]: Stepping down as leader of term 1
I20260608 09:48:49.571810 10279 raft_consensus.cc:3060] T 321df82e8cf04c82969f39e57a09373c P 53184c44bc734bd7a6b736d9b299bc89 [term 1 FOLLOWER]: Advancing to term 2
I20260608 09:48:49.572036 10429 raft_consensus.cc:740] T 321df82e8cf04c82969f39e57a09373c P 4cf5590e83f54b51aac6413d41c1d2bc [term 1 LEADER]: Becoming Follower/Learner. State: Replica: 4cf5590e83f54b51aac6413d41c1d2bc, State: Running, Role: LEADER
I20260608 09:48:49.572906 10429 consensus_queue.cc:260] T 321df82e8cf04c82969f39e57a09373c P 4cf5590e83f54b51aac6413d41c1d2bc [NON_LEADER]: Queue going to NON_LEADER mode. State: All replicated index: 0, Majority replicated index: 1, Committed index: 1, Last appended: 1.1, Last appended by leader: 1, Current term: 1, Majority size: -1, State: 0, Mode: NON_LEADER, active raft config: opid_index: -1 OBSOLETE_local: false peers { permanent_uuid: "ee8b64c7ef1c4a4db415108ca1096b05" member_type: VOTER last_known_addr { host: "127.7.31.130" port: 41829 } } peers { permanent_uuid: "53184c44bc734bd7a6b736d9b299bc89" member_type: VOTER last_known_addr { host: "127.7.31.129" port: 38595 } } peers { permanent_uuid: "4cf5590e83f54b51aac6413d41c1d2bc" member_type: VOTER last_known_addr { host: "127.7.31.131" port: 41525 } }
I20260608 09:48:49.573812 10429 raft_consensus.cc:3060] T 321df82e8cf04c82969f39e57a09373c P 4cf5590e83f54b51aac6413d41c1d2bc [term 1 FOLLOWER]: Advancing to term 2
I20260608 09:48:49.578104 10429 raft_consensus.cc:2468] T 321df82e8cf04c82969f39e57a09373c P 4cf5590e83f54b51aac6413d41c1d2bc [term 2 FOLLOWER]: Leader election vote request: Granting yes vote for candidate ee8b64c7ef1c4a4db415108ca1096b05 in term 2.
I20260608 09:48:49.579246 10279 raft_consensus.cc:2468] T 321df82e8cf04c82969f39e57a09373c P 53184c44bc734bd7a6b736d9b299bc89 [term 2 FOLLOWER]: Leader election vote request: Granting yes vote for candidate ee8b64c7ef1c4a4db415108ca1096b05 in term 2.
I20260608 09:48:49.579404 10320 leader_election.cc:304] T 321df82e8cf04c82969f39e57a09373c P ee8b64c7ef1c4a4db415108ca1096b05 [CANDIDATE]: Term 2 election: Election decided. Result: candidate won. Election summary: received 2 responses out of 3 voters: 2 yes votes; 0 no votes. yes voters: 4cf5590e83f54b51aac6413d41c1d2bc, ee8b64c7ef1c4a4db415108ca1096b05; no voters: 
I20260608 09:48:49.580315 10800 raft_consensus.cc:2804] T 321df82e8cf04c82969f39e57a09373c P ee8b64c7ef1c4a4db415108ca1096b05 [term 2 FOLLOWER]: Leader election won for term 2
I20260608 09:48:49.580845 10800 raft_consensus.cc:697] T 321df82e8cf04c82969f39e57a09373c P ee8b64c7ef1c4a4db415108ca1096b05 [term 2 LEADER]: Becoming Leader. State: Replica: ee8b64c7ef1c4a4db415108ca1096b05, State: Running, Role: LEADER
I20260608 09:48:49.581765 10800 consensus_queue.cc:237] T 321df82e8cf04c82969f39e57a09373c P ee8b64c7ef1c4a4db415108ca1096b05 [LEADER]: Queue going to LEADER mode. State: All replicated index: 0, Majority replicated index: 1, Committed index: 1, Last appended: 1.1, Last appended by leader: 1, Current term: 2, Majority size: 2, State: 0, Mode: LEADER, active raft config: opid_index: -1 OBSOLETE_local: false peers { permanent_uuid: "ee8b64c7ef1c4a4db415108ca1096b05" member_type: VOTER last_known_addr { host: "127.7.31.130" port: 41829 } } peers { permanent_uuid: "53184c44bc734bd7a6b736d9b299bc89" member_type: VOTER last_known_addr { host: "127.7.31.129" port: 38595 } } peers { permanent_uuid: "4cf5590e83f54b51aac6413d41c1d2bc" member_type: VOTER last_known_addr { host: "127.7.31.131" port: 41525 } }
I20260608 09:48:49.585557 10802 raft_consensus.cc:993] T 05737ce581b047d2a421c519bf86988b P 4cf5590e83f54b51aac6413d41c1d2bc: : Instructing follower 53184c44bc734bd7a6b736d9b299bc89 to start an election
I20260608 09:48:49.586141 10738 raft_consensus.cc:1081] T 05737ce581b047d2a421c519bf86988b P 4cf5590e83f54b51aac6413d41c1d2bc [term 2 LEADER]: Signalling peer 53184c44bc734bd7a6b736d9b299bc89 to start an election
I20260608 09:48:49.588141 10279 tablet_service.cc:2044] Received Run Leader Election RPC: tablet_id: "05737ce581b047d2a421c519bf86988b"
dest_uuid: "53184c44bc734bd7a6b736d9b299bc89"
 from {username='slave'} at 127.0.0.1:39646
I20260608 09:48:49.588696 10279 raft_consensus.cc:493] T 05737ce581b047d2a421c519bf86988b P 53184c44bc734bd7a6b736d9b299bc89 [term 2 FOLLOWER]: Starting forced leader election (received explicit request)
I20260608 09:48:49.589083 10279 raft_consensus.cc:3060] T 05737ce581b047d2a421c519bf86988b P 53184c44bc734bd7a6b736d9b299bc89 [term 2 FOLLOWER]: Advancing to term 3
I20260608 09:48:49.590474 10177 catalog_manager.cc:5696] T 321df82e8cf04c82969f39e57a09373c P ee8b64c7ef1c4a4db415108ca1096b05 reported cstate change: term changed from 1 to 2, leader changed from 4cf5590e83f54b51aac6413d41c1d2bc (127.7.31.131) to ee8b64c7ef1c4a4db415108ca1096b05 (127.7.31.130). New cstate: current_term: 2 leader_uuid: "ee8b64c7ef1c4a4db415108ca1096b05" committed_config { opid_index: -1 OBSOLETE_local: false peers { permanent_uuid: "ee8b64c7ef1c4a4db415108ca1096b05" member_type: VOTER last_known_addr { host: "127.7.31.130" port: 41829 } health_report { overall_health: HEALTHY } } peers { permanent_uuid: "53184c44bc734bd7a6b736d9b299bc89" member_type: VOTER last_known_addr { host: "127.7.31.129" port: 38595 } health_report { overall_health: UNKNOWN } } peers { permanent_uuid: "4cf5590e83f54b51aac6413d41c1d2bc" member_type: VOTER last_known_addr { host: "127.7.31.131" port: 41525 } health_report { overall_health: UNKNOWN } } }
I20260608 09:48:49.595808 10279 raft_consensus.cc:515] T 05737ce581b047d2a421c519bf86988b P 53184c44bc734bd7a6b736d9b299bc89 [term 3 FOLLOWER]: Starting forced leader election with config: opid_index: -1 OBSOLETE_local: false peers { permanent_uuid: "ee8b64c7ef1c4a4db415108ca1096b05" member_type: VOTER last_known_addr { host: "127.7.31.130" port: 41829 } } peers { permanent_uuid: "53184c44bc734bd7a6b736d9b299bc89" member_type: VOTER last_known_addr { host: "127.7.31.129" port: 38595 } } peers { permanent_uuid: "4cf5590e83f54b51aac6413d41c1d2bc" member_type: VOTER last_known_addr { host: "127.7.31.131" port: 41525 } }
I20260608 09:48:49.598937 10354 tablet_service.cc:1917] Received RequestConsensusVote() RPC: tablet_id: "05737ce581b047d2a421c519bf86988b" candidate_uuid: "53184c44bc734bd7a6b736d9b299bc89" candidate_term: 3 candidate_status { last_received { term: 2 index: 2 } } ignore_live_leader: true dest_uuid: "ee8b64c7ef1c4a4db415108ca1096b05"
I20260608 09:48:49.599263 10429 tablet_service.cc:1917] Received RequestConsensusVote() RPC: tablet_id: "05737ce581b047d2a421c519bf86988b" candidate_uuid: "53184c44bc734bd7a6b736d9b299bc89" candidate_term: 3 candidate_status { last_received { term: 2 index: 2 } } ignore_live_leader: true dest_uuid: "4cf5590e83f54b51aac6413d41c1d2bc"
I20260608 09:48:49.599663 10354 raft_consensus.cc:3060] T 05737ce581b047d2a421c519bf86988b P ee8b64c7ef1c4a4db415108ca1096b05 [term 2 FOLLOWER]: Advancing to term 3
I20260608 09:48:49.599927 10429 raft_consensus.cc:3055] T 05737ce581b047d2a421c519bf86988b P 4cf5590e83f54b51aac6413d41c1d2bc [term 2 LEADER]: Stepping down as leader of term 2
I20260608 09:48:49.600301 10429 raft_consensus.cc:740] T 05737ce581b047d2a421c519bf86988b P 4cf5590e83f54b51aac6413d41c1d2bc [term 2 LEADER]: Becoming Follower/Learner. State: Replica: 4cf5590e83f54b51aac6413d41c1d2bc, State: Running, Role: LEADER
I20260608 09:48:49.601094 10429 consensus_queue.cc:260] T 05737ce581b047d2a421c519bf86988b P 4cf5590e83f54b51aac6413d41c1d2bc [NON_LEADER]: Queue going to NON_LEADER mode. State: All replicated index: 0, Majority replicated index: 2, Committed index: 2, Last appended: 2.2, Last appended by leader: 2, Current term: 2, Majority size: -1, State: 0, Mode: NON_LEADER, active raft config: opid_index: -1 OBSOLETE_local: false peers { permanent_uuid: "ee8b64c7ef1c4a4db415108ca1096b05" member_type: VOTER last_known_addr { host: "127.7.31.130" port: 41829 } } peers { permanent_uuid: "53184c44bc734bd7a6b736d9b299bc89" member_type: VOTER last_known_addr { host: "127.7.31.129" port: 38595 } } peers { permanent_uuid: "4cf5590e83f54b51aac6413d41c1d2bc" member_type: VOTER last_known_addr { host: "127.7.31.131" port: 41525 } }
I20260608 09:48:49.602115 10429 raft_consensus.cc:3060] T 05737ce581b047d2a421c519bf86988b P 4cf5590e83f54b51aac6413d41c1d2bc [term 2 FOLLOWER]: Advancing to term 3
I20260608 09:48:49.604823 10354 raft_consensus.cc:2468] T 05737ce581b047d2a421c519bf86988b P ee8b64c7ef1c4a4db415108ca1096b05 [term 3 FOLLOWER]: Leader election vote request: Granting yes vote for candidate 53184c44bc734bd7a6b736d9b299bc89 in term 3.
I20260608 09:48:49.605266 10279 leader_election.cc:290] T 05737ce581b047d2a421c519bf86988b P 53184c44bc734bd7a6b736d9b299bc89 [CANDIDATE]: Term 3 election: Requested vote from peers ee8b64c7ef1c4a4db415108ca1096b05 (127.7.31.130:41829), 4cf5590e83f54b51aac6413d41c1d2bc (127.7.31.131:41525)
I20260608 09:48:49.606189 10246 leader_election.cc:304] T 05737ce581b047d2a421c519bf86988b P 53184c44bc734bd7a6b736d9b299bc89 [CANDIDATE]: Term 3 election: Election decided. Result: candidate won. Election summary: received 2 responses out of 3 voters: 2 yes votes; 0 no votes. yes voters: 53184c44bc734bd7a6b736d9b299bc89, ee8b64c7ef1c4a4db415108ca1096b05; no voters: 
I20260608 09:48:49.607102 10789 raft_consensus.cc:2804] T 05737ce581b047d2a421c519bf86988b P 53184c44bc734bd7a6b736d9b299bc89 [term 3 FOLLOWER]: Leader election won for term 3
I20260608 09:48:49.607560 10789 raft_consensus.cc:697] T 05737ce581b047d2a421c519bf86988b P 53184c44bc734bd7a6b736d9b299bc89 [term 3 LEADER]: Becoming Leader. State: Replica: 53184c44bc734bd7a6b736d9b299bc89, State: Running, Role: LEADER
I20260608 09:48:49.608265 10789 consensus_queue.cc:237] T 05737ce581b047d2a421c519bf86988b P 53184c44bc734bd7a6b736d9b299bc89 [LEADER]: Queue going to LEADER mode. State: All replicated index: 0, Majority replicated index: 2, Committed index: 2, Last appended: 2.2, Last appended by leader: 2, Current term: 3, Majority size: 2, State: 0, Mode: LEADER, active raft config: opid_index: -1 OBSOLETE_local: false peers { permanent_uuid: "ee8b64c7ef1c4a4db415108ca1096b05" member_type: VOTER last_known_addr { host: "127.7.31.130" port: 41829 } } peers { permanent_uuid: "53184c44bc734bd7a6b736d9b299bc89" member_type: VOTER last_known_addr { host: "127.7.31.129" port: 38595 } } peers { permanent_uuid: "4cf5590e83f54b51aac6413d41c1d2bc" member_type: VOTER last_known_addr { host: "127.7.31.131" port: 41525 } }
I20260608 09:48:49.608737 10429 raft_consensus.cc:2468] T 05737ce581b047d2a421c519bf86988b P 4cf5590e83f54b51aac6413d41c1d2bc [term 3 FOLLOWER]: Leader election vote request: Granting yes vote for candidate 53184c44bc734bd7a6b736d9b299bc89 in term 3.
I20260608 09:48:49.615540 10177 catalog_manager.cc:5696] T 05737ce581b047d2a421c519bf86988b P 53184c44bc734bd7a6b736d9b299bc89 reported cstate change: term changed from 2 to 3, leader changed from 4cf5590e83f54b51aac6413d41c1d2bc (127.7.31.131) to 53184c44bc734bd7a6b736d9b299bc89 (127.7.31.129). New cstate: current_term: 3 leader_uuid: "53184c44bc734bd7a6b736d9b299bc89" committed_config { opid_index: -1 OBSOLETE_local: false peers { permanent_uuid: "ee8b64c7ef1c4a4db415108ca1096b05" member_type: VOTER last_known_addr { host: "127.7.31.130" port: 41829 } health_report { overall_health: UNKNOWN } } peers { permanent_uuid: "53184c44bc734bd7a6b736d9b299bc89" member_type: VOTER last_known_addr { host: "127.7.31.129" port: 38595 } health_report { overall_health: HEALTHY } } peers { permanent_uuid: "4cf5590e83f54b51aac6413d41c1d2bc" member_type: VOTER last_known_addr { host: "127.7.31.131" port: 41525 } health_report { overall_health: UNKNOWN } } }
I20260608 09:48:49.827766 10810 ts_tablet_manager.cc:933] T 360c1fa82b0d4b1ab707e2352df8a9a3 P 4cf5590e83f54b51aac6413d41c1d2bc: Initiating tablet copy from peer 53184c44bc734bd7a6b736d9b299bc89 (127.7.31.129:38595)
I20260608 09:48:49.830042 10810 tablet_copy_client.cc:323] T 360c1fa82b0d4b1ab707e2352df8a9a3 P 4cf5590e83f54b51aac6413d41c1d2bc: tablet copy: Beginning tablet copy session from remote peer at address 127.7.31.129:38595
I20260608 09:48:49.831717 10290 tablet_copy_service.cc:140] P 53184c44bc734bd7a6b736d9b299bc89: Received BeginTabletCopySession request for tablet 360c1fa82b0d4b1ab707e2352df8a9a3 from peer 4cf5590e83f54b51aac6413d41c1d2bc ({username='slave'} at 127.0.0.1:39646)
I20260608 09:48:49.832145 10290 tablet_copy_service.cc:161] P 53184c44bc734bd7a6b736d9b299bc89: Beginning new tablet copy session on tablet 360c1fa82b0d4b1ab707e2352df8a9a3 from peer 4cf5590e83f54b51aac6413d41c1d2bc at {username='slave'} at 127.0.0.1:39646: session id = 4cf5590e83f54b51aac6413d41c1d2bc-360c1fa82b0d4b1ab707e2352df8a9a3
I20260608 09:48:49.837247 10290 tablet_copy_source_session.cc:215] T 360c1fa82b0d4b1ab707e2352df8a9a3 P 53184c44bc734bd7a6b736d9b299bc89: Tablet Copy: opened 0 blocks and 1 log segments
I20260608 09:48:49.840188 10810 data_dirs.cc:400] Could only allocate 1 dirs of requested 3 for tablet 360c1fa82b0d4b1ab707e2352df8a9a3. 1 dirs total, 0 dirs full, 0 dirs failed
I20260608 09:48:49.845198 10812 ts_tablet_manager.cc:933] T f76d6714a1d148ca915a5d805c99922f P ee8b64c7ef1c4a4db415108ca1096b05: Initiating tablet copy from peer 4cf5590e83f54b51aac6413d41c1d2bc (127.7.31.131:41525)
I20260608 09:48:49.847611 10812 tablet_copy_client.cc:323] T f76d6714a1d148ca915a5d805c99922f P ee8b64c7ef1c4a4db415108ca1096b05: tablet copy: Beginning tablet copy session from remote peer at address 127.7.31.131:41525
I20260608 09:48:49.849439 10439 tablet_copy_service.cc:140] P 4cf5590e83f54b51aac6413d41c1d2bc: Received BeginTabletCopySession request for tablet f76d6714a1d148ca915a5d805c99922f from peer ee8b64c7ef1c4a4db415108ca1096b05 ({username='slave'} at 127.0.0.1:42210)
I20260608 09:48:49.849989 10439 tablet_copy_service.cc:161] P 4cf5590e83f54b51aac6413d41c1d2bc: Beginning new tablet copy session on tablet f76d6714a1d148ca915a5d805c99922f from peer ee8b64c7ef1c4a4db415108ca1096b05 at {username='slave'} at 127.0.0.1:42210: session id = ee8b64c7ef1c4a4db415108ca1096b05-f76d6714a1d148ca915a5d805c99922f
I20260608 09:48:49.856348 10810 tablet_copy_client.cc:806] T 360c1fa82b0d4b1ab707e2352df8a9a3 P 4cf5590e83f54b51aac6413d41c1d2bc: tablet copy: Starting download of 0 data blocks...
I20260608 09:48:49.856921 10810 tablet_copy_client.cc:670] T 360c1fa82b0d4b1ab707e2352df8a9a3 P 4cf5590e83f54b51aac6413d41c1d2bc: tablet copy: Starting download of 1 WAL segments...
I20260608 09:48:49.857576 10439 tablet_copy_source_session.cc:215] T f76d6714a1d148ca915a5d805c99922f P 4cf5590e83f54b51aac6413d41c1d2bc: Tablet Copy: opened 0 blocks and 1 log segments
I20260608 09:48:49.861233 10810 tablet_copy_client.cc:538] T 360c1fa82b0d4b1ab707e2352df8a9a3 P 4cf5590e83f54b51aac6413d41c1d2bc: tablet copy: Tablet Copy complete. Replacing tablet superblock.
I20260608 09:48:49.861323 10812 data_dirs.cc:400] Could only allocate 1 dirs of requested 3 for tablet f76d6714a1d148ca915a5d805c99922f. 1 dirs total, 0 dirs full, 0 dirs failed
I20260608 09:48:49.867313 10810 tablet_bootstrap.cc:492] T 360c1fa82b0d4b1ab707e2352df8a9a3 P 4cf5590e83f54b51aac6413d41c1d2bc: Bootstrap starting.
I20260608 09:48:49.877485 10812 tablet_copy_client.cc:806] T f76d6714a1d148ca915a5d805c99922f P ee8b64c7ef1c4a4db415108ca1096b05: tablet copy: Starting download of 0 data blocks...
I20260608 09:48:49.878149 10812 tablet_copy_client.cc:670] T f76d6714a1d148ca915a5d805c99922f P ee8b64c7ef1c4a4db415108ca1096b05: tablet copy: Starting download of 1 WAL segments...
I20260608 09:48:49.882998 10812 tablet_copy_client.cc:538] T f76d6714a1d148ca915a5d805c99922f P ee8b64c7ef1c4a4db415108ca1096b05: tablet copy: Tablet Copy complete. Replacing tablet superblock.
I20260608 09:48:49.891852 10812 tablet_bootstrap.cc:492] T f76d6714a1d148ca915a5d805c99922f P ee8b64c7ef1c4a4db415108ca1096b05: Bootstrap starting.
I20260608 09:48:49.893745 10810 tablet_bootstrap.cc:492] T 360c1fa82b0d4b1ab707e2352df8a9a3 P 4cf5590e83f54b51aac6413d41c1d2bc: Bootstrap replayed 1/1 log segments. Stats: ops{read=2 overwritten=0 applied=2 ignored=0} inserts{seen=0 ignored=0} mutations{seen=0 ignored=0} orphaned_commits=0. Pending: 0 replicates
I20260608 09:48:49.894716 10810 tablet_bootstrap.cc:492] T 360c1fa82b0d4b1ab707e2352df8a9a3 P 4cf5590e83f54b51aac6413d41c1d2bc: Bootstrap complete.
I20260608 09:48:49.895438 10810 ts_tablet_manager.cc:1403] T 360c1fa82b0d4b1ab707e2352df8a9a3 P 4cf5590e83f54b51aac6413d41c1d2bc: Time spent bootstrapping tablet: real 0.028s	user 0.015s	sys 0.009s
I20260608 09:48:49.899031 10810 raft_consensus.cc:359] T 360c1fa82b0d4b1ab707e2352df8a9a3 P 4cf5590e83f54b51aac6413d41c1d2bc [term 1 LEARNER]: Replica starting. Triggering 0 pending ops. Active config: opid_index: 2 OBSOLETE_local: false peers { permanent_uuid: "92c34c54c1584b27bce6e693195767a7" member_type: VOTER last_known_addr { host: "127.7.31.132" port: 39453 } attrs { replace: true } } peers { permanent_uuid: "ee8b64c7ef1c4a4db415108ca1096b05" member_type: VOTER last_known_addr { host: "127.7.31.130" port: 41829 } } peers { permanent_uuid: "53184c44bc734bd7a6b736d9b299bc89" member_type: VOTER last_known_addr { host: "127.7.31.129" port: 38595 } } peers { permanent_uuid: "4cf5590e83f54b51aac6413d41c1d2bc" member_type: NON_VOTER last_known_addr { host: "127.7.31.131" port: 41525 } attrs { promote: true } }
I20260608 09:48:49.900166 10810 raft_consensus.cc:740] T 360c1fa82b0d4b1ab707e2352df8a9a3 P 4cf5590e83f54b51aac6413d41c1d2bc [term 1 LEARNER]: Becoming Follower/Learner. State: Replica: 4cf5590e83f54b51aac6413d41c1d2bc, State: Initialized, Role: LEARNER
I20260608 09:48:49.900930 10810 consensus_queue.cc:260] T 360c1fa82b0d4b1ab707e2352df8a9a3 P 4cf5590e83f54b51aac6413d41c1d2bc [NON_LEADER]: Queue going to NON_LEADER mode. State: All replicated index: 0, Majority replicated index: 0, Committed index: 2, Last appended: 1.2, Last appended by leader: 2, Current term: 0, Majority size: -1, State: 0, Mode: NON_LEADER, active raft config: opid_index: 2 OBSOLETE_local: false peers { permanent_uuid: "92c34c54c1584b27bce6e693195767a7" member_type: VOTER last_known_addr { host: "127.7.31.132" port: 39453 } attrs { replace: true } } peers { permanent_uuid: "ee8b64c7ef1c4a4db415108ca1096b05" member_type: VOTER last_known_addr { host: "127.7.31.130" port: 41829 } } peers { permanent_uuid: "53184c44bc734bd7a6b736d9b299bc89" member_type: VOTER last_known_addr { host: "127.7.31.129" port: 38595 } } peers { permanent_uuid: "4cf5590e83f54b51aac6413d41c1d2bc" member_type: NON_VOTER last_known_addr { host: "127.7.31.131" port: 41525 } attrs { promote: true } }
I20260608 09:48:49.903962 10810 ts_tablet_manager.cc:1434] T 360c1fa82b0d4b1ab707e2352df8a9a3 P 4cf5590e83f54b51aac6413d41c1d2bc: Time spent starting tablet: real 0.008s	user 0.007s	sys 0.000s
I20260608 09:48:49.906482 10290 tablet_copy_service.cc:342] P 53184c44bc734bd7a6b736d9b299bc89: Request end of tablet copy session 4cf5590e83f54b51aac6413d41c1d2bc-360c1fa82b0d4b1ab707e2352df8a9a3 received from {username='slave'} at 127.0.0.1:39646
I20260608 09:48:49.906951 10290 tablet_copy_service.cc:434] P 53184c44bc734bd7a6b736d9b299bc89: ending tablet copy session 4cf5590e83f54b51aac6413d41c1d2bc-360c1fa82b0d4b1ab707e2352df8a9a3 on tablet 360c1fa82b0d4b1ab707e2352df8a9a3 with peer 4cf5590e83f54b51aac6413d41c1d2bc
I20260608 09:48:49.914084 10812 tablet_bootstrap.cc:492] T f76d6714a1d148ca915a5d805c99922f P ee8b64c7ef1c4a4db415108ca1096b05: Bootstrap replayed 1/1 log segments. Stats: ops{read=2 overwritten=0 applied=2 ignored=0} inserts{seen=0 ignored=0} mutations{seen=0 ignored=0} orphaned_commits=0. Pending: 0 replicates
I20260608 09:48:49.915094 10812 tablet_bootstrap.cc:492] T f76d6714a1d148ca915a5d805c99922f P ee8b64c7ef1c4a4db415108ca1096b05: Bootstrap complete.
I20260608 09:48:49.915844 10812 ts_tablet_manager.cc:1403] T f76d6714a1d148ca915a5d805c99922f P ee8b64c7ef1c4a4db415108ca1096b05: Time spent bootstrapping tablet: real 0.024s	user 0.011s	sys 0.011s
I20260608 09:48:49.919039 10812 raft_consensus.cc:359] T f76d6714a1d148ca915a5d805c99922f P ee8b64c7ef1c4a4db415108ca1096b05 [term 1 LEARNER]: Replica starting. Triggering 0 pending ops. Active config: opid_index: 2 OBSOLETE_local: false peers { permanent_uuid: "4cf5590e83f54b51aac6413d41c1d2bc" member_type: VOTER last_known_addr { host: "127.7.31.131" port: 41525 } } peers { permanent_uuid: "92c34c54c1584b27bce6e693195767a7" member_type: VOTER last_known_addr { host: "127.7.31.132" port: 39453 } attrs { replace: true } } peers { permanent_uuid: "53184c44bc734bd7a6b736d9b299bc89" member_type: VOTER last_known_addr { host: "127.7.31.129" port: 38595 } } peers { permanent_uuid: "ee8b64c7ef1c4a4db415108ca1096b05" member_type: NON_VOTER last_known_addr { host: "127.7.31.130" port: 41829 } attrs { promote: true } }
I20260608 09:48:49.919718 10812 raft_consensus.cc:740] T f76d6714a1d148ca915a5d805c99922f P ee8b64c7ef1c4a4db415108ca1096b05 [term 1 LEARNER]: Becoming Follower/Learner. State: Replica: ee8b64c7ef1c4a4db415108ca1096b05, State: Initialized, Role: LEARNER
I20260608 09:48:49.920257 10812 consensus_queue.cc:260] T f76d6714a1d148ca915a5d805c99922f P ee8b64c7ef1c4a4db415108ca1096b05 [NON_LEADER]: Queue going to NON_LEADER mode. State: All replicated index: 0, Majority replicated index: 0, Committed index: 2, Last appended: 1.2, Last appended by leader: 2, Current term: 0, Majority size: -1, State: 0, Mode: NON_LEADER, active raft config: opid_index: 2 OBSOLETE_local: false peers { permanent_uuid: "4cf5590e83f54b51aac6413d41c1d2bc" member_type: VOTER last_known_addr { host: "127.7.31.131" port: 41525 } } peers { permanent_uuid: "92c34c54c1584b27bce6e693195767a7" member_type: VOTER last_known_addr { host: "127.7.31.132" port: 39453 } attrs { replace: true } } peers { permanent_uuid: "53184c44bc734bd7a6b736d9b299bc89" member_type: VOTER last_known_addr { host: "127.7.31.129" port: 38595 } } peers { permanent_uuid: "ee8b64c7ef1c4a4db415108ca1096b05" member_type: NON_VOTER last_known_addr { host: "127.7.31.130" port: 41829 } attrs { promote: true } }
I20260608 09:48:49.922560 10812 ts_tablet_manager.cc:1434] T f76d6714a1d148ca915a5d805c99922f P ee8b64c7ef1c4a4db415108ca1096b05: Time spent starting tablet: real 0.006s	user 0.004s	sys 0.000s
I20260608 09:48:49.924764 10439 tablet_copy_service.cc:342] P 4cf5590e83f54b51aac6413d41c1d2bc: Request end of tablet copy session ee8b64c7ef1c4a4db415108ca1096b05-f76d6714a1d148ca915a5d805c99922f received from {username='slave'} at 127.0.0.1:42210
I20260608 09:48:49.925179 10439 tablet_copy_service.cc:434] P 4cf5590e83f54b51aac6413d41c1d2bc: ending tablet copy session ee8b64c7ef1c4a4db415108ca1096b05-f76d6714a1d148ca915a5d805c99922f on tablet f76d6714a1d148ca915a5d805c99922f with peer ee8b64c7ef1c4a4db415108ca1096b05
I20260608 09:48:49.998306 10816 ts_tablet_manager.cc:933] T cf5a51c6a4f745d7bdb5abd81f4cb435 P 92c34c54c1584b27bce6e693195767a7: Initiating tablet copy from peer ee8b64c7ef1c4a4db415108ca1096b05 (127.7.31.130:41829)
I20260608 09:48:50.000128 10816 tablet_copy_client.cc:323] T cf5a51c6a4f745d7bdb5abd81f4cb435 P 92c34c54c1584b27bce6e693195767a7: tablet copy: Beginning tablet copy session from remote peer at address 127.7.31.130:41829
I20260608 09:48:50.001940 10365 tablet_copy_service.cc:140] P ee8b64c7ef1c4a4db415108ca1096b05: Received BeginTabletCopySession request for tablet cf5a51c6a4f745d7bdb5abd81f4cb435 from peer 92c34c54c1584b27bce6e693195767a7 ({username='slave'} at 127.0.0.1:59266)
I20260608 09:48:50.002460 10365 tablet_copy_service.cc:161] P ee8b64c7ef1c4a4db415108ca1096b05: Beginning new tablet copy session on tablet cf5a51c6a4f745d7bdb5abd81f4cb435 from peer 92c34c54c1584b27bce6e693195767a7 at {username='slave'} at 127.0.0.1:59266: session id = 92c34c54c1584b27bce6e693195767a7-cf5a51c6a4f745d7bdb5abd81f4cb435
I20260608 09:48:50.008435 10365 tablet_copy_source_session.cc:215] T cf5a51c6a4f745d7bdb5abd81f4cb435 P ee8b64c7ef1c4a4db415108ca1096b05: Tablet Copy: opened 0 blocks and 1 log segments
I20260608 09:48:50.011113 10816 data_dirs.cc:400] Could only allocate 1 dirs of requested 3 for tablet cf5a51c6a4f745d7bdb5abd81f4cb435. 1 dirs total, 0 dirs full, 0 dirs failed
I20260608 09:48:50.024482 10816 tablet_copy_client.cc:806] T cf5a51c6a4f745d7bdb5abd81f4cb435 P 92c34c54c1584b27bce6e693195767a7: tablet copy: Starting download of 0 data blocks...
I20260608 09:48:50.025084 10429 raft_consensus.cc:1275] T 05737ce581b047d2a421c519bf86988b P 4cf5590e83f54b51aac6413d41c1d2bc [term 3 FOLLOWER]: Refusing update from remote peer 53184c44bc734bd7a6b736d9b299bc89: Log matching property violated. Preceding OpId in replica: term: 2 index: 2. Preceding OpId from leader: term: 3 index: 3. (index mismatch)
I20260608 09:48:50.025061 10816 tablet_copy_client.cc:670] T cf5a51c6a4f745d7bdb5abd81f4cb435 P 92c34c54c1584b27bce6e693195767a7: tablet copy: Starting download of 1 WAL segments...
I20260608 09:48:50.026664 10786 consensus_queue.cc:1048] T 05737ce581b047d2a421c519bf86988b P 53184c44bc734bd7a6b736d9b299bc89 [LEADER]: Connected to new peer: Peer: permanent_uuid: "4cf5590e83f54b51aac6413d41c1d2bc" member_type: VOTER last_known_addr { host: "127.7.31.131" port: 41525 }, Status: LMP_MISMATCH, Last received: 0.0, Next index: 3, Last known committed idx: 2, Time since last communication: 0.000s
I20260608 09:48:50.030143 10816 tablet_copy_client.cc:538] T cf5a51c6a4f745d7bdb5abd81f4cb435 P 92c34c54c1584b27bce6e693195767a7: tablet copy: Tablet Copy complete. Replacing tablet superblock.
I20260608 09:48:50.039139 10816 tablet_bootstrap.cc:492] T cf5a51c6a4f745d7bdb5abd81f4cb435 P 92c34c54c1584b27bce6e693195767a7: Bootstrap starting.
I20260608 09:48:50.066066 10354 raft_consensus.cc:1275] T 05737ce581b047d2a421c519bf86988b P ee8b64c7ef1c4a4db415108ca1096b05 [term 3 FOLLOWER]: Refusing update from remote peer 53184c44bc734bd7a6b736d9b299bc89: Log matching property violated. Preceding OpId in replica: term: 2 index: 2. Preceding OpId from leader: term: 3 index: 3. (index mismatch)
I20260608 09:48:50.069003 10789 consensus_queue.cc:1048] T 05737ce581b047d2a421c519bf86988b P 53184c44bc734bd7a6b736d9b299bc89 [LEADER]: Connected to new peer: Peer: permanent_uuid: "ee8b64c7ef1c4a4db415108ca1096b05" member_type: VOTER last_known_addr { host: "127.7.31.130" port: 41829 }, Status: LMP_MISMATCH, Last received: 0.0, Next index: 3, Last known committed idx: 2, Time since last communication: 0.001s
I20260608 09:48:50.099728 10819 ts_tablet_manager.cc:933] T 48ffb13f3afe45ea8be56b85b2b05c72 P 92c34c54c1584b27bce6e693195767a7: Initiating tablet copy from peer 53184c44bc734bd7a6b736d9b299bc89 (127.7.31.129:38595)
I20260608 09:48:50.112546 10819 tablet_copy_client.cc:323] T 48ffb13f3afe45ea8be56b85b2b05c72 P 92c34c54c1584b27bce6e693195767a7: tablet copy: Beginning tablet copy session from remote peer at address 127.7.31.129:38595
I20260608 09:48:50.114449 10290 tablet_copy_service.cc:140] P 53184c44bc734bd7a6b736d9b299bc89: Received BeginTabletCopySession request for tablet 48ffb13f3afe45ea8be56b85b2b05c72 from peer 92c34c54c1584b27bce6e693195767a7 ({username='slave'} at 127.0.0.1:42034)
I20260608 09:48:50.115026 10290 tablet_copy_service.cc:161] P 53184c44bc734bd7a6b736d9b299bc89: Beginning new tablet copy session on tablet 48ffb13f3afe45ea8be56b85b2b05c72 from peer 92c34c54c1584b27bce6e693195767a7 at {username='slave'} at 127.0.0.1:42034: session id = 92c34c54c1584b27bce6e693195767a7-48ffb13f3afe45ea8be56b85b2b05c72
I20260608 09:48:50.118494 10816 tablet_bootstrap.cc:492] T cf5a51c6a4f745d7bdb5abd81f4cb435 P 92c34c54c1584b27bce6e693195767a7: Bootstrap replayed 1/1 log segments. Stats: ops{read=2 overwritten=0 applied=2 ignored=0} inserts{seen=0 ignored=0} mutations{seen=0 ignored=0} orphaned_commits=0. Pending: 0 replicates
I20260608 09:48:50.119560 10816 tablet_bootstrap.cc:492] T cf5a51c6a4f745d7bdb5abd81f4cb435 P 92c34c54c1584b27bce6e693195767a7: Bootstrap complete.
I20260608 09:48:50.120318 10816 ts_tablet_manager.cc:1403] T cf5a51c6a4f745d7bdb5abd81f4cb435 P 92c34c54c1584b27bce6e693195767a7: Time spent bootstrapping tablet: real 0.081s	user 0.028s	sys 0.030s
