I20260608 10:01:40.975097  7886 tablet_service.cc:1511] Processing CreateTablet for tablet 1254621db9c3424c84ac52d52d1c769d (DEFAULT_TABLE table=test-workload [id=10f82d43413c4e4085b19ebb0cbe4ab6]), partition=RANGE (key) PARTITION 1789569700 <= VALUES < 1968526670
I20260608 10:01:40.976559  7886 data_dirs.cc:400] Could only allocate 1 dirs of requested 3 for tablet 1254621db9c3424c84ac52d52d1c769d. 1 dirs total, 0 dirs full, 0 dirs failed
I20260608 10:01:40.977241  7809 tablet_service.cc:1511] Processing CreateTablet for tablet dcd20429f72d460185e7b717461ae524 (DEFAULT_TABLE table=test-workload [id=10f82d43413c4e4085b19ebb0cbe4ab6]), partition=RANGE (key) PARTITION 357913940 <= VALUES < 536870910
I20260608 10:01:40.982699  7806 data_dirs.cc:400] Could only allocate 1 dirs of requested 3 for tablet 5a2cfd88795f41e8af49e11ca0b90bc8. 1 dirs total, 0 dirs full, 0 dirs failed
I20260608 10:01:40.984602  7805 tablet_service.cc:1511] Processing CreateTablet for tablet ac3f67da0d704d05a81a4f4cfac2f9dd (DEFAULT_TABLE table=test-workload [id=10f82d43413c4e4085b19ebb0cbe4ab6]), partition=RANGE (key) PARTITION 1073741820 <= VALUES < 1252698790
I20260608 10:01:40.986142  7805 data_dirs.cc:400] Could only allocate 1 dirs of requested 3 for tablet ac3f67da0d704d05a81a4f4cfac2f9dd. 1 dirs total, 0 dirs full, 0 dirs failed
I20260608 10:01:40.989142  7804 tablet_service.cc:1511] Processing CreateTablet for tablet 5d5c60f6b8c94a82809f353169bf12bb (DEFAULT_TABLE table=test-workload [id=10f82d43413c4e4085b19ebb0cbe4ab6]), partition=RANGE (key) PARTITION 1252698790 <= VALUES < 1431655760
I20260608 10:01:40.992494  7803 tablet_service.cc:1511] Processing CreateTablet for tablet 7bcc53ce52714f3789760886e1088bbc (DEFAULT_TABLE table=test-workload [id=10f82d43413c4e4085b19ebb0cbe4ab6]), partition=RANGE (key) PARTITION 1431655760 <= VALUES < 1610612730
I20260608 10:01:40.995440  7886 tablet_service.cc:1511] Processing CreateTablet for tablet 514ddc0c2f114754b28eeb13b0276b28 (DEFAULT_TABLE table=test-workload [id=10f82d43413c4e4085b19ebb0cbe4ab6]), partition=RANGE (key) PARTITION 1968526670 <= VALUES
I20260608 10:01:40.995535  7802 tablet_service.cc:1511] Processing CreateTablet for tablet 9b9d51d4e630415b84980b1d556f60d8 (DEFAULT_TABLE table=test-workload [id=10f82d43413c4e4085b19ebb0cbe4ab6]), partition=RANGE (key) PARTITION 1610612730 <= VALUES < 1789569700
I20260608 10:01:40.997795  7886 data_dirs.cc:400] Could only allocate 1 dirs of requested 3 for tablet 514ddc0c2f114754b28eeb13b0276b28. 1 dirs total, 0 dirs full, 0 dirs failed
I20260608 10:01:40.998288  7955 tablet_service.cc:1511] Processing CreateTablet for tablet 1254621db9c3424c84ac52d52d1c769d (DEFAULT_TABLE table=test-workload [id=10f82d43413c4e4085b19ebb0cbe4ab6]), partition=RANGE (key) PARTITION 1789569700 <= VALUES < 1968526670
I20260608 10:01:40.999818  7955 data_dirs.cc:400] Could only allocate 1 dirs of requested 3 for tablet 1254621db9c3424c84ac52d52d1c769d. 1 dirs total, 0 dirs full, 0 dirs failed
I20260608 10:01:41.002815  7802 data_dirs.cc:400] Could only allocate 1 dirs of requested 3 for tablet 9b9d51d4e630415b84980b1d556f60d8. 1 dirs total, 0 dirs full, 0 dirs failed
I20260608 10:01:41.006785  7803 data_dirs.cc:400] Could only allocate 1 dirs of requested 3 for tablet 7bcc53ce52714f3789760886e1088bbc. 1 dirs total, 0 dirs full, 0 dirs failed
I20260608 10:01:41.010835  7804 data_dirs.cc:400] Could only allocate 1 dirs of requested 3 for tablet 5d5c60f6b8c94a82809f353169bf12bb. 1 dirs total, 0 dirs full, 0 dirs failed
I20260608 10:01:41.014586  7956 tablet_service.cc:1511] Processing CreateTablet for tablet 514ddc0c2f114754b28eeb13b0276b28 (DEFAULT_TABLE table=test-workload [id=10f82d43413c4e4085b19ebb0cbe4ab6]), partition=RANGE (key) PARTITION 1968526670 <= VALUES
I20260608 10:01:41.018234  7809 data_dirs.cc:400] Could only allocate 1 dirs of requested 3 for tablet dcd20429f72d460185e7b717461ae524. 1 dirs total, 0 dirs full, 0 dirs failed
I20260608 10:01:41.019078  7810 data_dirs.cc:400] Could only allocate 1 dirs of requested 3 for tablet f52f43ae98644071a5f95e3a87a25855. 1 dirs total, 0 dirs full, 0 dirs failed
I20260608 10:01:41.019842  7807 data_dirs.cc:400] Could only allocate 1 dirs of requested 3 for tablet 3b9e858c9a2d4c71b78be233f644455b. 1 dirs total, 0 dirs full, 0 dirs failed
I20260608 10:01:41.022811  7808 data_dirs.cc:400] Could only allocate 1 dirs of requested 3 for tablet 9c13d819f854497cb1d131219d619f08. 1 dirs total, 0 dirs full, 0 dirs failed
I20260608 10:01:41.029306  7956 data_dirs.cc:400] Could only allocate 1 dirs of requested 3 for tablet 514ddc0c2f114754b28eeb13b0276b28. 1 dirs total, 0 dirs full, 0 dirs failed
I20260608 10:01:41.063452  8016 tablet_bootstrap.cc:492] T 9c13d819f854497cb1d131219d619f08 P 4a325a660d2f4f9d853751f42f278da7: Bootstrap starting.
I20260608 10:01:41.088721  8016 tablet_bootstrap.cc:654] T 9c13d819f854497cb1d131219d619f08 P 4a325a660d2f4f9d853751f42f278da7: Neither blocks nor log segments found. Creating new log.
I20260608 10:01:41.088461  7803 tablet_service.cc:1511] Processing CreateTablet for tablet 1254621db9c3424c84ac52d52d1c769d (DEFAULT_TABLE table=test-workload [id=10f82d43413c4e4085b19ebb0cbe4ab6]), partition=RANGE (key) PARTITION 1789569700 <= VALUES < 1968526670
I20260608 10:01:41.092028  7803 data_dirs.cc:400] Could only allocate 1 dirs of requested 3 for tablet 1254621db9c3424c84ac52d52d1c769d. 1 dirs total, 0 dirs full, 0 dirs failed
I20260608 10:01:41.097026  8015 tablet_bootstrap.cc:492] T dcd20429f72d460185e7b717461ae524 P 800ff41089da4a02ae0d0e1791fa1d5f: Bootstrap starting.
I20260608 10:01:41.088521  7811 tablet_service.cc:1511] Processing CreateTablet for tablet 514ddc0c2f114754b28eeb13b0276b28 (DEFAULT_TABLE table=test-workload [id=10f82d43413c4e4085b19ebb0cbe4ab6]), partition=RANGE (key) PARTITION 1968526670 <= VALUES
I20260608 10:01:41.111711  7811 data_dirs.cc:400] Could only allocate 1 dirs of requested 3 for tablet 514ddc0c2f114754b28eeb13b0276b28. 1 dirs total, 0 dirs full, 0 dirs failed
I20260608 10:01:41.112933  8015 tablet_bootstrap.cc:654] T dcd20429f72d460185e7b717461ae524 P 800ff41089da4a02ae0d0e1791fa1d5f: Neither blocks nor log segments found. Creating new log.
I20260608 10:01:41.125736  8018 tablet_bootstrap.cc:492] T 5a2cfd88795f41e8af49e11ca0b90bc8 P cd8a1d05eec84ea1bca57ba9cef40895: Bootstrap starting.
I20260608 10:01:41.127319  8016 tablet_bootstrap.cc:492] T 9c13d819f854497cb1d131219d619f08 P 4a325a660d2f4f9d853751f42f278da7: No bootstrap required, opened a new log
I20260608 10:01:41.127919  8016 ts_tablet_manager.cc:1403] T 9c13d819f854497cb1d131219d619f08 P 4a325a660d2f4f9d853751f42f278da7: Time spent bootstrapping tablet: real 0.065s	user 0.010s	sys 0.005s
I20260608 10:01:41.131361  8016 raft_consensus.cc:359] T 9c13d819f854497cb1d131219d619f08 P 4a325a660d2f4f9d853751f42f278da7 [term 0 FOLLOWER]: Replica starting. Triggering 0 pending ops. Active config: opid_index: -1 OBSOLETE_local: false peers { permanent_uuid: "cd8a1d05eec84ea1bca57ba9cef40895" member_type: VOTER last_known_addr { host: "127.3.63.1" port: 35215 } } peers { permanent_uuid: "800ff41089da4a02ae0d0e1791fa1d5f" member_type: VOTER last_known_addr { host: "127.3.63.2" port: 46273 } } peers { permanent_uuid: "4a325a660d2f4f9d853751f42f278da7" member_type: VOTER last_known_addr { host: "127.3.63.3" port: 42893 } }
I20260608 10:01:41.132094  8016 raft_consensus.cc:385] T 9c13d819f854497cb1d131219d619f08 P 4a325a660d2f4f9d853751f42f278da7 [term 0 FOLLOWER]: Consensus starting up: Expiring failure detector timer to make a prompt election more likely
I20260608 10:01:41.132323  8018 tablet_bootstrap.cc:654] T 5a2cfd88795f41e8af49e11ca0b90bc8 P cd8a1d05eec84ea1bca57ba9cef40895: Neither blocks nor log segments found. Creating new log.
I20260608 10:01:41.132407  8016 raft_consensus.cc:740] T 9c13d819f854497cb1d131219d619f08 P 4a325a660d2f4f9d853751f42f278da7 [term 0 FOLLOWER]: Becoming Follower/Learner. State: Replica: 4a325a660d2f4f9d853751f42f278da7, State: Initialized, Role: FOLLOWER
I20260608 10:01:41.133431  8016 consensus_queue.cc:260] T 9c13d819f854497cb1d131219d619f08 P 4a325a660d2f4f9d853751f42f278da7 [NON_LEADER]: Queue going to NON_LEADER mode. State: All replicated index: 0, Majority replicated index: 0, Committed index: 0, Last appended: 0.0, Last appended by leader: 0, Current term: 0, Majority size: -1, State: 0, Mode: NON_LEADER, active raft config: opid_index: -1 OBSOLETE_local: false peers { permanent_uuid: "cd8a1d05eec84ea1bca57ba9cef40895" member_type: VOTER last_known_addr { host: "127.3.63.1" port: 35215 } } peers { permanent_uuid: "800ff41089da4a02ae0d0e1791fa1d5f" member_type: VOTER last_known_addr { host: "127.3.63.2" port: 46273 } } peers { permanent_uuid: "4a325a660d2f4f9d853751f42f278da7" member_type: VOTER last_known_addr { host: "127.3.63.3" port: 42893 } }
I20260608 10:01:41.135215  8015 tablet_bootstrap.cc:492] T dcd20429f72d460185e7b717461ae524 P 800ff41089da4a02ae0d0e1791fa1d5f: No bootstrap required, opened a new log
I20260608 10:01:41.135887  8015 ts_tablet_manager.cc:1403] T dcd20429f72d460185e7b717461ae524 P 800ff41089da4a02ae0d0e1791fa1d5f: Time spent bootstrapping tablet: real 0.039s	user 0.015s	sys 0.000s
I20260608 10:01:41.140017  8015 raft_consensus.cc:359] T dcd20429f72d460185e7b717461ae524 P 800ff41089da4a02ae0d0e1791fa1d5f [term 0 FOLLOWER]: Replica starting. Triggering 0 pending ops. Active config: opid_index: -1 OBSOLETE_local: false peers { permanent_uuid: "cd8a1d05eec84ea1bca57ba9cef40895" member_type: VOTER last_known_addr { host: "127.3.63.1" port: 35215 } } peers { permanent_uuid: "800ff41089da4a02ae0d0e1791fa1d5f" member_type: VOTER last_known_addr { host: "127.3.63.2" port: 46273 } } peers { permanent_uuid: "4a325a660d2f4f9d853751f42f278da7" member_type: VOTER last_known_addr { host: "127.3.63.3" port: 42893 } }
I20260608 10:01:41.140779  8015 raft_consensus.cc:385] T dcd20429f72d460185e7b717461ae524 P 800ff41089da4a02ae0d0e1791fa1d5f [term 0 FOLLOWER]: Consensus starting up: Expiring failure detector timer to make a prompt election more likely
I20260608 10:01:41.141122  8015 raft_consensus.cc:740] T dcd20429f72d460185e7b717461ae524 P 800ff41089da4a02ae0d0e1791fa1d5f [term 0 FOLLOWER]: Becoming Follower/Learner. State: Replica: 800ff41089da4a02ae0d0e1791fa1d5f, State: Initialized, Role: FOLLOWER
I20260608 10:01:41.141716  8018 tablet_bootstrap.cc:492] T 5a2cfd88795f41e8af49e11ca0b90bc8 P cd8a1d05eec84ea1bca57ba9cef40895: No bootstrap required, opened a new log
I20260608 10:01:41.142222  8018 ts_tablet_manager.cc:1403] T 5a2cfd88795f41e8af49e11ca0b90bc8 P cd8a1d05eec84ea1bca57ba9cef40895: Time spent bootstrapping tablet: real 0.017s	user 0.007s	sys 0.008s
I20260608 10:01:41.142150  8015 consensus_queue.cc:260] T dcd20429f72d460185e7b717461ae524 P 800ff41089da4a02ae0d0e1791fa1d5f [NON_LEADER]: Queue going to NON_LEADER mode. State: All replicated index: 0, Majority replicated index: 0, Committed index: 0, Last appended: 0.0, Last appended by leader: 0, Current term: 0, Majority size: -1, State: 0, Mode: NON_LEADER, active raft config: opid_index: -1 OBSOLETE_local: false peers { permanent_uuid: "cd8a1d05eec84ea1bca57ba9cef40895" member_type: VOTER last_known_addr { host: "127.3.63.1" port: 35215 } } peers { permanent_uuid: "800ff41089da4a02ae0d0e1791fa1d5f" member_type: VOTER last_known_addr { host: "127.3.63.2" port: 46273 } } peers { permanent_uuid: "4a325a660d2f4f9d853751f42f278da7" member_type: VOTER last_known_addr { host: "127.3.63.3" port: 42893 } }
I20260608 10:01:41.143332  8016 ts_tablet_manager.cc:1434] T 9c13d819f854497cb1d131219d619f08 P 4a325a660d2f4f9d853751f42f278da7: Time spent starting tablet: real 0.015s	user 0.011s	sys 0.004s
I20260608 10:01:41.144562  8016 tablet_bootstrap.cc:492] T 3b9e858c9a2d4c71b78be233f644455b P 4a325a660d2f4f9d853751f42f278da7: Bootstrap starting.
I20260608 10:01:41.146709  8018 raft_consensus.cc:359] T 5a2cfd88795f41e8af49e11ca0b90bc8 P cd8a1d05eec84ea1bca57ba9cef40895 [term 0 FOLLOWER]: Replica starting. Triggering 0 pending ops. Active config: opid_index: -1 OBSOLETE_local: false peers { permanent_uuid: "cd8a1d05eec84ea1bca57ba9cef40895" member_type: VOTER last_known_addr { host: "127.3.63.1" port: 35215 } } peers { permanent_uuid: "800ff41089da4a02ae0d0e1791fa1d5f" member_type: VOTER last_known_addr { host: "127.3.63.2" port: 46273 } } peers { permanent_uuid: "4a325a660d2f4f9d853751f42f278da7" member_type: VOTER last_known_addr { host: "127.3.63.3" port: 42893 } }
I20260608 10:01:41.147558  8018 raft_consensus.cc:385] T 5a2cfd88795f41e8af49e11ca0b90bc8 P cd8a1d05eec84ea1bca57ba9cef40895 [term 0 FOLLOWER]: Consensus starting up: Expiring failure detector timer to make a prompt election more likely
I20260608 10:01:41.147956  8018 raft_consensus.cc:740] T 5a2cfd88795f41e8af49e11ca0b90bc8 P cd8a1d05eec84ea1bca57ba9cef40895 [term 0 FOLLOWER]: Becoming Follower/Learner. State: Replica: cd8a1d05eec84ea1bca57ba9cef40895, State: Initialized, Role: FOLLOWER
I20260608 10:01:41.148900  8018 consensus_queue.cc:260] T 5a2cfd88795f41e8af49e11ca0b90bc8 P cd8a1d05eec84ea1bca57ba9cef40895 [NON_LEADER]: Queue going to NON_LEADER mode. State: All replicated index: 0, Majority replicated index: 0, Committed index: 0, Last appended: 0.0, Last appended by leader: 0, Current term: 0, Majority size: -1, State: 0, Mode: NON_LEADER, active raft config: opid_index: -1 OBSOLETE_local: false peers { permanent_uuid: "cd8a1d05eec84ea1bca57ba9cef40895" member_type: VOTER last_known_addr { host: "127.3.63.1" port: 35215 } } peers { permanent_uuid: "800ff41089da4a02ae0d0e1791fa1d5f" member_type: VOTER last_known_addr { host: "127.3.63.2" port: 46273 } } peers { permanent_uuid: "4a325a660d2f4f9d853751f42f278da7" member_type: VOTER last_known_addr { host: "127.3.63.3" port: 42893 } }
I20260608 10:01:41.152100  8016 tablet_bootstrap.cc:654] T 3b9e858c9a2d4c71b78be233f644455b P 4a325a660d2f4f9d853751f42f278da7: Neither blocks nor log segments found. Creating new log.
I20260608 10:01:41.169551  8015 ts_tablet_manager.cc:1434] T dcd20429f72d460185e7b717461ae524 P 800ff41089da4a02ae0d0e1791fa1d5f: Time spent starting tablet: real 0.033s	user 0.009s	sys 0.022s
I20260608 10:01:41.170681  8015 tablet_bootstrap.cc:492] T f42a1ddd6d85441f99f759776b024ad1 P 800ff41089da4a02ae0d0e1791fa1d5f: Bootstrap starting.
I20260608 10:01:41.177531  8015 tablet_bootstrap.cc:654] T f42a1ddd6d85441f99f759776b024ad1 P 800ff41089da4a02ae0d0e1791fa1d5f: Neither blocks nor log segments found. Creating new log.
I20260608 10:01:41.186244  8018 ts_tablet_manager.cc:1434] T 5a2cfd88795f41e8af49e11ca0b90bc8 P cd8a1d05eec84ea1bca57ba9cef40895: Time spent starting tablet: real 0.043s	user 0.018s	sys 0.023s
I20260608 10:01:41.187814  8018 tablet_bootstrap.cc:492] T 7bcc53ce52714f3789760886e1088bbc P cd8a1d05eec84ea1bca57ba9cef40895: Bootstrap starting.
I20260608 10:01:41.189343  8015 tablet_bootstrap.cc:492] T f42a1ddd6d85441f99f759776b024ad1 P 800ff41089da4a02ae0d0e1791fa1d5f: No bootstrap required, opened a new log
I20260608 10:01:41.189656  8016 tablet_bootstrap.cc:492] T 3b9e858c9a2d4c71b78be233f644455b P 4a325a660d2f4f9d853751f42f278da7: No bootstrap required, opened a new log
I20260608 10:01:41.189889  8015 ts_tablet_manager.cc:1403] T f42a1ddd6d85441f99f759776b024ad1 P 800ff41089da4a02ae0d0e1791fa1d5f: Time spent bootstrapping tablet: real 0.019s	user 0.006s	sys 0.010s
I20260608 10:01:41.190297  8016 ts_tablet_manager.cc:1403] T 3b9e858c9a2d4c71b78be233f644455b P 4a325a660d2f4f9d853751f42f278da7: Time spent bootstrapping tablet: real 0.046s	user 0.018s	sys 0.025s
I20260608 10:01:41.193432  8015 raft_consensus.cc:359] T f42a1ddd6d85441f99f759776b024ad1 P 800ff41089da4a02ae0d0e1791fa1d5f [term 0 FOLLOWER]: Replica starting. Triggering 0 pending ops. Active config: opid_index: -1 OBSOLETE_local: false peers { permanent_uuid: "4a325a660d2f4f9d853751f42f278da7" member_type: VOTER last_known_addr { host: "127.3.63.3" port: 42893 } } peers { permanent_uuid: "800ff41089da4a02ae0d0e1791fa1d5f" member_type: VOTER last_known_addr { host: "127.3.63.2" port: 46273 } } peers { permanent_uuid: "cd8a1d05eec84ea1bca57ba9cef40895" member_type: VOTER last_known_addr { host: "127.3.63.1" port: 35215 } }
I20260608 10:01:41.193660  8016 raft_consensus.cc:359] T 3b9e858c9a2d4c71b78be233f644455b P 4a325a660d2f4f9d853751f42f278da7 [term 0 FOLLOWER]: Replica starting. Triggering 0 pending ops. Active config: opid_index: -1 OBSOLETE_local: false peers { permanent_uuid: "cd8a1d05eec84ea1bca57ba9cef40895" member_type: VOTER last_known_addr { host: "127.3.63.1" port: 35215 } } peers { permanent_uuid: "800ff41089da4a02ae0d0e1791fa1d5f" member_type: VOTER last_known_addr { host: "127.3.63.2" port: 46273 } } peers { permanent_uuid: "4a325a660d2f4f9d853751f42f278da7" member_type: VOTER last_known_addr { host: "127.3.63.3" port: 42893 } }
I20260608 10:01:41.194263  8015 raft_consensus.cc:385] T f42a1ddd6d85441f99f759776b024ad1 P 800ff41089da4a02ae0d0e1791fa1d5f [term 0 FOLLOWER]: Consensus starting up: Expiring failure detector timer to make a prompt election more likely
I20260608 10:01:41.194679  8016 raft_consensus.cc:385] T 3b9e858c9a2d4c71b78be233f644455b P 4a325a660d2f4f9d853751f42f278da7 [term 0 FOLLOWER]: Consensus starting up: Expiring failure detector timer to make a prompt election more likely
I20260608 10:01:41.194933  8015 raft_consensus.cc:740] T f42a1ddd6d85441f99f759776b024ad1 P 800ff41089da4a02ae0d0e1791fa1d5f [term 0 FOLLOWER]: Becoming Follower/Learner. State: Replica: 800ff41089da4a02ae0d0e1791fa1d5f, State: Initialized, Role: FOLLOWER
I20260608 10:01:41.195264  8018 tablet_bootstrap.cc:654] T 7bcc53ce52714f3789760886e1088bbc P cd8a1d05eec84ea1bca57ba9cef40895: Neither blocks nor log segments found. Creating new log.
I20260608 10:01:41.195151  8016 raft_consensus.cc:740] T 3b9e858c9a2d4c71b78be233f644455b P 4a325a660d2f4f9d853751f42f278da7 [term 0 FOLLOWER]: Becoming Follower/Learner. State: Replica: 4a325a660d2f4f9d853751f42f278da7, State: Initialized, Role: FOLLOWER
I20260608 10:01:41.196092  8015 consensus_queue.cc:260] T f42a1ddd6d85441f99f759776b024ad1 P 800ff41089da4a02ae0d0e1791fa1d5f [NON_LEADER]: Queue going to NON_LEADER mode. State: All replicated index: 0, Majority replicated index: 0, Committed index: 0, Last appended: 0.0, Last appended by leader: 0, Current term: 0, Majority size: -1, State: 0, Mode: NON_LEADER, active raft config: opid_index: -1 OBSOLETE_local: false peers { permanent_uuid: "4a325a660d2f4f9d853751f42f278da7" member_type: VOTER last_known_addr { host: "127.3.63.3" port: 42893 } } peers { permanent_uuid: "800ff41089da4a02ae0d0e1791fa1d5f" member_type: VOTER last_known_addr { host: "127.3.63.2" port: 46273 } } peers { permanent_uuid: "cd8a1d05eec84ea1bca57ba9cef40895" member_type: VOTER last_known_addr { host: "127.3.63.1" port: 35215 } }
I20260608 10:01:41.196398  8016 consensus_queue.cc:260] T 3b9e858c9a2d4c71b78be233f644455b P 4a325a660d2f4f9d853751f42f278da7 [NON_LEADER]: Queue going to NON_LEADER mode. State: All replicated index: 0, Majority replicated index: 0, Committed index: 0, Last appended: 0.0, Last appended by leader: 0, Current term: 0, Majority size: -1, State: 0, Mode: NON_LEADER, active raft config: opid_index: -1 OBSOLETE_local: false peers { permanent_uuid: "cd8a1d05eec84ea1bca57ba9cef40895" member_type: VOTER last_known_addr { host: "127.3.63.1" port: 35215 } } peers { permanent_uuid: "800ff41089da4a02ae0d0e1791fa1d5f" member_type: VOTER last_known_addr { host: "127.3.63.2" port: 46273 } } peers { permanent_uuid: "4a325a660d2f4f9d853751f42f278da7" member_type: VOTER last_known_addr { host: "127.3.63.3" port: 42893 } }
I20260608 10:01:41.198688  8015 ts_tablet_manager.cc:1434] T f42a1ddd6d85441f99f759776b024ad1 P 800ff41089da4a02ae0d0e1791fa1d5f: Time spent starting tablet: real 0.008s	user 0.008s	sys 0.003s
I20260608 10:01:41.199512  8016 ts_tablet_manager.cc:1434] T 3b9e858c9a2d4c71b78be233f644455b P 4a325a660d2f4f9d853751f42f278da7: Time spent starting tablet: real 0.009s	user 0.007s	sys 0.000s
I20260608 10:01:41.199803  8015 tablet_bootstrap.cc:492] T 1254621db9c3424c84ac52d52d1c769d P 800ff41089da4a02ae0d0e1791fa1d5f: Bootstrap starting.
I20260608 10:01:41.208123  8015 tablet_bootstrap.cc:654] T 1254621db9c3424c84ac52d52d1c769d P 800ff41089da4a02ae0d0e1791fa1d5f: Neither blocks nor log segments found. Creating new log.
W20260608 10:01:41.217859  7996 tablet.cc:2404] T 3b9e858c9a2d4c71b78be233f644455b P 4a325a660d2f4f9d853751f42f278da7: Can't schedule compaction. Clean time has not been advanced past its initial value.
I20260608 10:01:41.217862  8016 tablet_bootstrap.cc:492] T 5a2cfd88795f41e8af49e11ca0b90bc8 P 4a325a660d2f4f9d853751f42f278da7: Bootstrap starting.
I20260608 10:01:41.220000  8015 tablet_bootstrap.cc:492] T 1254621db9c3424c84ac52d52d1c769d P 800ff41089da4a02ae0d0e1791fa1d5f: No bootstrap required, opened a new log
I20260608 10:01:41.220606  8015 ts_tablet_manager.cc:1403] T 1254621db9c3424c84ac52d52d1c769d P 800ff41089da4a02ae0d0e1791fa1d5f: Time spent bootstrapping tablet: real 0.021s	user 0.013s	sys 0.005s
I20260608 10:01:41.221148  8018 tablet_bootstrap.cc:492] T 7bcc53ce52714f3789760886e1088bbc P cd8a1d05eec84ea1bca57ba9cef40895: No bootstrap required, opened a new log
I20260608 10:01:41.221652  8018 ts_tablet_manager.cc:1403] T 7bcc53ce52714f3789760886e1088bbc P cd8a1d05eec84ea1bca57ba9cef40895: Time spent bootstrapping tablet: real 0.034s	user 0.016s	sys 0.014s
I20260608 10:01:41.224218  8018 raft_consensus.cc:359] T 7bcc53ce52714f3789760886e1088bbc P cd8a1d05eec84ea1bca57ba9cef40895 [term 0 FOLLOWER]: Replica starting. Triggering 0 pending ops. Active config: opid_index: -1 OBSOLETE_local: false peers { permanent_uuid: "cd8a1d05eec84ea1bca57ba9cef40895" member_type: VOTER last_known_addr { host: "127.3.63.1" port: 35215 } } peers { permanent_uuid: "800ff41089da4a02ae0d0e1791fa1d5f" member_type: VOTER last_known_addr { host: "127.3.63.2" port: 46273 } } peers { permanent_uuid: "4a325a660d2f4f9d853751f42f278da7" member_type: VOTER last_known_addr { host: "127.3.63.3" port: 42893 } }
I20260608 10:01:41.224046  8015 raft_consensus.cc:359] T 1254621db9c3424c84ac52d52d1c769d P 800ff41089da4a02ae0d0e1791fa1d5f [term 0 FOLLOWER]: Replica starting. Triggering 0 pending ops. Active config: opid_index: -1 OBSOLETE_local: false peers { permanent_uuid: "cd8a1d05eec84ea1bca57ba9cef40895" member_type: VOTER last_known_addr { host: "127.3.63.1" port: 35215 } } peers { permanent_uuid: "800ff41089da4a02ae0d0e1791fa1d5f" member_type: VOTER last_known_addr { host: "127.3.63.2" port: 46273 } } peers { permanent_uuid: "4a325a660d2f4f9d853751f42f278da7" member_type: VOTER last_known_addr { host: "127.3.63.3" port: 42893 } }
I20260608 10:01:41.224903  8018 raft_consensus.cc:385] T 7bcc53ce52714f3789760886e1088bbc P cd8a1d05eec84ea1bca57ba9cef40895 [term 0 FOLLOWER]: Consensus starting up: Expiring failure detector timer to make a prompt election more likely
I20260608 10:01:41.225026  8015 raft_consensus.cc:385] T 1254621db9c3424c84ac52d52d1c769d P 800ff41089da4a02ae0d0e1791fa1d5f [term 0 FOLLOWER]: Consensus starting up: Expiring failure detector timer to make a prompt election more likely
I20260608 10:01:41.225346  8018 raft_consensus.cc:740] T 7bcc53ce52714f3789760886e1088bbc P cd8a1d05eec84ea1bca57ba9cef40895 [term 0 FOLLOWER]: Becoming Follower/Learner. State: Replica: cd8a1d05eec84ea1bca57ba9cef40895, State: Initialized, Role: FOLLOWER
I20260608 10:01:41.225488  8015 raft_consensus.cc:740] T 1254621db9c3424c84ac52d52d1c769d P 800ff41089da4a02ae0d0e1791fa1d5f [term 0 FOLLOWER]: Becoming Follower/Learner. State: Replica: 800ff41089da4a02ae0d0e1791fa1d5f, State: Initialized, Role: FOLLOWER
I20260608 10:01:41.226665  8016 tablet_bootstrap.cc:654] T 5a2cfd88795f41e8af49e11ca0b90bc8 P 4a325a660d2f4f9d853751f42f278da7: Neither blocks nor log segments found. Creating new log.
I20260608 10:01:41.226523  8015 consensus_queue.cc:260] T 1254621db9c3424c84ac52d52d1c769d P 800ff41089da4a02ae0d0e1791fa1d5f [NON_LEADER]: Queue going to NON_LEADER mode. State: All replicated index: 0, Majority replicated index: 0, Committed index: 0, Last appended: 0.0, Last appended by leader: 0, Current term: 0, Majority size: -1, State: 0, Mode: NON_LEADER, active raft config: opid_index: -1 OBSOLETE_local: false peers { permanent_uuid: "cd8a1d05eec84ea1bca57ba9cef40895" member_type: VOTER last_known_addr { host: "127.3.63.1" port: 35215 } } peers { permanent_uuid: "800ff41089da4a02ae0d0e1791fa1d5f" member_type: VOTER last_known_addr { host: "127.3.63.2" port: 46273 } } peers { permanent_uuid: "4a325a660d2f4f9d853751f42f278da7" member_type: VOTER last_known_addr { host: "127.3.63.3" port: 42893 } }
I20260608 10:01:41.226653  8018 consensus_queue.cc:260] T 7bcc53ce52714f3789760886e1088bbc P cd8a1d05eec84ea1bca57ba9cef40895 [NON_LEADER]: Queue going to NON_LEADER mode. State: All replicated index: 0, Majority replicated index: 0, Committed index: 0, Last appended: 0.0, Last appended by leader: 0, Current term: 0, Majority size: -1, State: 0, Mode: NON_LEADER, active raft config: opid_index: -1 OBSOLETE_local: false peers { permanent_uuid: "cd8a1d05eec84ea1bca57ba9cef40895" member_type: VOTER last_known_addr { host: "127.3.63.1" port: 35215 } } peers { permanent_uuid: "800ff41089da4a02ae0d0e1791fa1d5f" member_type: VOTER last_known_addr { host: "127.3.63.2" port: 46273 } } peers { permanent_uuid: "4a325a660d2f4f9d853751f42f278da7" member_type: VOTER last_known_addr { host: "127.3.63.3" port: 42893 } }
I20260608 10:01:41.229271  8015 ts_tablet_manager.cc:1434] T 1254621db9c3424c84ac52d52d1c769d P 800ff41089da4a02ae0d0e1791fa1d5f: Time spent starting tablet: real 0.008s	user 0.008s	sys 0.000s
I20260608 10:01:41.229390  8018 ts_tablet_manager.cc:1434] T 7bcc53ce52714f3789760886e1088bbc P cd8a1d05eec84ea1bca57ba9cef40895: Time spent starting tablet: real 0.007s	user 0.007s	sys 0.000s
I20260608 10:01:41.230602  8018 tablet_bootstrap.cc:492] T f42a1ddd6d85441f99f759776b024ad1 P cd8a1d05eec84ea1bca57ba9cef40895: Bootstrap starting.
I20260608 10:01:41.230631  8015 tablet_bootstrap.cc:492] T 7bcc53ce52714f3789760886e1088bbc P 800ff41089da4a02ae0d0e1791fa1d5f: Bootstrap starting.
I20260608 10:01:41.238052  8022 raft_consensus.cc:493] T 1254621db9c3424c84ac52d52d1c769d P 800ff41089da4a02ae0d0e1791fa1d5f [term 0 FOLLOWER]: Starting pre-election (no leader contacted us within the election timeout)
I20260608 10:01:41.238677  8022 raft_consensus.cc:515] T 1254621db9c3424c84ac52d52d1c769d P 800ff41089da4a02ae0d0e1791fa1d5f [term 0 FOLLOWER]: Starting pre-election with config: opid_index: -1 OBSOLETE_local: false peers { permanent_uuid: "cd8a1d05eec84ea1bca57ba9cef40895" member_type: VOTER last_known_addr { host: "127.3.63.1" port: 35215 } } peers { permanent_uuid: "800ff41089da4a02ae0d0e1791fa1d5f" member_type: VOTER last_known_addr { host: "127.3.63.2" port: 46273 } } peers { permanent_uuid: "4a325a660d2f4f9d853751f42f278da7" member_type: VOTER last_known_addr { host: "127.3.63.3" port: 42893 } }
I20260608 10:01:41.242038  8015 tablet_bootstrap.cc:654] T 7bcc53ce52714f3789760886e1088bbc P 800ff41089da4a02ae0d0e1791fa1d5f: Neither blocks nor log segments found. Creating new log.
I20260608 10:01:41.244683  8022 leader_election.cc:290] T 1254621db9c3424c84ac52d52d1c769d P 800ff41089da4a02ae0d0e1791fa1d5f [CANDIDATE]: Term 1 pre-election: Requested pre-vote from peers cd8a1d05eec84ea1bca57ba9cef40895 (127.3.63.1:35215), 4a325a660d2f4f9d853751f42f278da7 (127.3.63.3:42893)
I20260608 10:01:41.251919  8018 tablet_bootstrap.cc:654] T f42a1ddd6d85441f99f759776b024ad1 P cd8a1d05eec84ea1bca57ba9cef40895: Neither blocks nor log segments found. Creating new log.
I20260608 10:01:41.263797  8016 tablet_bootstrap.cc:492] T 5a2cfd88795f41e8af49e11ca0b90bc8 P 4a325a660d2f4f9d853751f42f278da7: No bootstrap required, opened a new log
I20260608 10:01:41.264474  8016 ts_tablet_manager.cc:1403] T 5a2cfd88795f41e8af49e11ca0b90bc8 P 4a325a660d2f4f9d853751f42f278da7: Time spent bootstrapping tablet: real 0.047s	user 0.023s	sys 0.022s
I20260608 10:01:41.268417  8016 raft_consensus.cc:359] T 5a2cfd88795f41e8af49e11ca0b90bc8 P 4a325a660d2f4f9d853751f42f278da7 [term 0 FOLLOWER]: Replica starting. Triggering 0 pending ops. Active config: opid_index: -1 OBSOLETE_local: false peers { permanent_uuid: "cd8a1d05eec84ea1bca57ba9cef40895" member_type: VOTER last_known_addr { host: "127.3.63.1" port: 35215 } } peers { permanent_uuid: "800ff41089da4a02ae0d0e1791fa1d5f" member_type: VOTER last_known_addr { host: "127.3.63.2" port: 46273 } } peers { permanent_uuid: "4a325a660d2f4f9d853751f42f278da7" member_type: VOTER last_known_addr { host: "127.3.63.3" port: 42893 } }
I20260608 10:01:41.269378  8016 raft_consensus.cc:385] T 5a2cfd88795f41e8af49e11ca0b90bc8 P 4a325a660d2f4f9d853751f42f278da7 [term 0 FOLLOWER]: Consensus starting up: Expiring failure detector timer to make a prompt election more likely
I20260608 10:01:41.269804  8016 raft_consensus.cc:740] T 5a2cfd88795f41e8af49e11ca0b90bc8 P 4a325a660d2f4f9d853751f42f278da7 [term 0 FOLLOWER]: Becoming Follower/Learner. State: Replica: 4a325a660d2f4f9d853751f42f278da7, State: Initialized, Role: FOLLOWER
I20260608 10:01:41.270809  8016 consensus_queue.cc:260] T 5a2cfd88795f41e8af49e11ca0b90bc8 P 4a325a660d2f4f9d853751f42f278da7 [NON_LEADER]: Queue going to NON_LEADER mode. State: All replicated index: 0, Majority replicated index: 0, Committed index: 0, Last appended: 0.0, Last appended by leader: 0, Current term: 0, Majority size: -1, State: 0, Mode: NON_LEADER, active raft config: opid_index: -1 OBSOLETE_local: false peers { permanent_uuid: "cd8a1d05eec84ea1bca57ba9cef40895" member_type: VOTER last_known_addr { host: "127.3.63.1" port: 35215 } } peers { permanent_uuid: "800ff41089da4a02ae0d0e1791fa1d5f" member_type: VOTER last_known_addr { host: "127.3.63.2" port: 46273 } } peers { permanent_uuid: "4a325a660d2f4f9d853751f42f278da7" member_type: VOTER last_known_addr { host: "127.3.63.3" port: 42893 } }
I20260608 10:01:41.273167  8018 tablet_bootstrap.cc:492] T f42a1ddd6d85441f99f759776b024ad1 P cd8a1d05eec84ea1bca57ba9cef40895: No bootstrap required, opened a new log
I20260608 10:01:41.273460  8016 ts_tablet_manager.cc:1434] T 5a2cfd88795f41e8af49e11ca0b90bc8 P 4a325a660d2f4f9d853751f42f278da7: Time spent starting tablet: real 0.009s	user 0.000s	sys 0.005s
I20260608 10:01:41.273725  8018 ts_tablet_manager.cc:1403] T f42a1ddd6d85441f99f759776b024ad1 P cd8a1d05eec84ea1bca57ba9cef40895: Time spent bootstrapping tablet: real 0.043s	user 0.012s	sys 0.001s
I20260608 10:01:41.276420  8015 tablet_bootstrap.cc:492] T 7bcc53ce52714f3789760886e1088bbc P 800ff41089da4a02ae0d0e1791fa1d5f: No bootstrap required, opened a new log
I20260608 10:01:41.277194  8018 raft_consensus.cc:359] T f42a1ddd6d85441f99f759776b024ad1 P cd8a1d05eec84ea1bca57ba9cef40895 [term 0 FOLLOWER]: Replica starting. Triggering 0 pending ops. Active config: opid_index: -1 OBSOLETE_local: false peers { permanent_uuid: "4a325a660d2f4f9d853751f42f278da7" member_type: VOTER last_known_addr { host: "127.3.63.3" port: 42893 } } peers { permanent_uuid: "800ff41089da4a02ae0d0e1791fa1d5f" member_type: VOTER last_known_addr { host: "127.3.63.2" port: 46273 } } peers { permanent_uuid: "cd8a1d05eec84ea1bca57ba9cef40895" member_type: VOTER last_known_addr { host: "127.3.63.1" port: 35215 } }
I20260608 10:01:41.277462  8016 tablet_bootstrap.cc:492] T 5d5c60f6b8c94a82809f353169bf12bb P 4a325a660d2f4f9d853751f42f278da7: Bootstrap starting.
I20260608 10:01:41.277992  8018 raft_consensus.cc:385] T f42a1ddd6d85441f99f759776b024ad1 P cd8a1d05eec84ea1bca57ba9cef40895 [term 0 FOLLOWER]: Consensus starting up: Expiring failure detector timer to make a prompt election more likely
I20260608 10:01:41.278369  8018 raft_consensus.cc:740] T f42a1ddd6d85441f99f759776b024ad1 P cd8a1d05eec84ea1bca57ba9cef40895 [term 0 FOLLOWER]: Becoming Follower/Learner. State: Replica: cd8a1d05eec84ea1bca57ba9cef40895, State: Initialized, Role: FOLLOWER
I20260608 10:01:41.279335  8018 consensus_queue.cc:260] T f42a1ddd6d85441f99f759776b024ad1 P cd8a1d05eec84ea1bca57ba9cef40895 [NON_LEADER]: Queue going to NON_LEADER mode. State: All replicated index: 0, Majority replicated index: 0, Committed index: 0, Last appended: 0.0, Last appended by leader: 0, Current term: 0, Majority size: -1, State: 0, Mode: NON_LEADER, active raft config: opid_index: -1 OBSOLETE_local: false peers { permanent_uuid: "4a325a660d2f4f9d853751f42f278da7" member_type: VOTER last_known_addr { host: "127.3.63.3" port: 42893 } } peers { permanent_uuid: "800ff41089da4a02ae0d0e1791fa1d5f" member_type: VOTER last_known_addr { host: "127.3.63.2" port: 46273 } } peers { permanent_uuid: "cd8a1d05eec84ea1bca57ba9cef40895" member_type: VOTER last_known_addr { host: "127.3.63.1" port: 35215 } }
I20260608 10:01:41.280474  8015 ts_tablet_manager.cc:1403] T 7bcc53ce52714f3789760886e1088bbc P 800ff41089da4a02ae0d0e1791fa1d5f: Time spent bootstrapping tablet: real 0.050s	user 0.025s	sys 0.017s
I20260608 10:01:41.282361  8018 ts_tablet_manager.cc:1434] T f42a1ddd6d85441f99f759776b024ad1 P cd8a1d05eec84ea1bca57ba9cef40895: Time spent starting tablet: real 0.008s	user 0.006s	sys 0.000s
I20260608 10:01:41.283710  8015 raft_consensus.cc:359] T 7bcc53ce52714f3789760886e1088bbc P 800ff41089da4a02ae0d0e1791fa1d5f [term 0 FOLLOWER]: Replica starting. Triggering 0 pending ops. Active config: opid_index: -1 OBSOLETE_local: false peers { permanent_uuid: "cd8a1d05eec84ea1bca57ba9cef40895" member_type: VOTER last_known_addr { host: "127.3.63.1" port: 35215 } } peers { permanent_uuid: "800ff41089da4a02ae0d0e1791fa1d5f" member_type: VOTER last_known_addr { host: "127.3.63.2" port: 46273 } } peers { permanent_uuid: "4a325a660d2f4f9d853751f42f278da7" member_type: VOTER last_known_addr { host: "127.3.63.3" port: 42893 } }
I20260608 10:01:41.284497  8015 raft_consensus.cc:385] T 7bcc53ce52714f3789760886e1088bbc P 800ff41089da4a02ae0d0e1791fa1d5f [term 0 FOLLOWER]: Consensus starting up: Expiring failure detector timer to make a prompt election more likely
I20260608 10:01:41.284898  8015 raft_consensus.cc:740] T 7bcc53ce52714f3789760886e1088bbc P 800ff41089da4a02ae0d0e1791fa1d5f [term 0 FOLLOWER]: Becoming Follower/Learner. State: Replica: 800ff41089da4a02ae0d0e1791fa1d5f, State: Initialized, Role: FOLLOWER
I20260608 10:01:41.285923  8015 consensus_queue.cc:260] T 7bcc53ce52714f3789760886e1088bbc P 800ff41089da4a02ae0d0e1791fa1d5f [NON_LEADER]: Queue going to NON_LEADER mode. State: All replicated index: 0, Majority replicated index: 0, Committed index: 0, Last appended: 0.0, Last appended by leader: 0, Current term: 0, Majority size: -1, State: 0, Mode: NON_LEADER, active raft config: opid_index: -1 OBSOLETE_local: false peers { permanent_uuid: "cd8a1d05eec84ea1bca57ba9cef40895" member_type: VOTER last_known_addr { host: "127.3.63.1" port: 35215 } } peers { permanent_uuid: "800ff41089da4a02ae0d0e1791fa1d5f" member_type: VOTER last_known_addr { host: "127.3.63.2" port: 46273 } } peers { permanent_uuid: "4a325a660d2f4f9d853751f42f278da7" member_type: VOTER last_known_addr { host: "127.3.63.3" port: 42893 } }
I20260608 10:01:41.288317  8016 tablet_bootstrap.cc:654] T 5d5c60f6b8c94a82809f353169bf12bb P 4a325a660d2f4f9d853751f42f278da7: Neither blocks nor log segments found. Creating new log.
I20260608 10:01:41.288436  8015 ts_tablet_manager.cc:1434] T 7bcc53ce52714f3789760886e1088bbc P 800ff41089da4a02ae0d0e1791fa1d5f: Time spent starting tablet: real 0.007s	user 0.003s	sys 0.003s
I20260608 10:01:41.289706  8015 tablet_bootstrap.cc:492] T 514ddc0c2f114754b28eeb13b0276b28 P 800ff41089da4a02ae0d0e1791fa1d5f: Bootstrap starting.
I20260608 10:01:41.291599  7821 tablet_service.cc:1917] Received RequestConsensusVote() RPC: tablet_id: "1254621db9c3424c84ac52d52d1c769d" candidate_uuid: "800ff41089da4a02ae0d0e1791fa1d5f" candidate_term: 1 candidate_status { last_received { term: 0 index: 0 } } ignore_live_leader: false dest_uuid: "cd8a1d05eec84ea1bca57ba9cef40895" is_pre_election: true
W20260608 10:01:41.293256  7859 leader_election.cc:343] T 1254621db9c3424c84ac52d52d1c769d P 800ff41089da4a02ae0d0e1791fa1d5f [CANDIDATE]: Term 1 pre-election: Tablet error from VoteRequest() call to peer cd8a1d05eec84ea1bca57ba9cef40895 (127.3.63.1:35215): Illegal state: must be running to vote when last-logged opid is not known
I20260608 10:01:41.296525  7970 tablet_service.cc:1917] Received RequestConsensusVote() RPC: tablet_id: "1254621db9c3424c84ac52d52d1c769d" candidate_uuid: "800ff41089da4a02ae0d0e1791fa1d5f" candidate_term: 1 candidate_status { last_received { term: 0 index: 0 } } ignore_live_leader: false dest_uuid: "4a325a660d2f4f9d853751f42f278da7" is_pre_election: true
I20260608 10:01:41.297142  8018 tablet_bootstrap.cc:492] T 9b9d51d4e630415b84980b1d556f60d8 P cd8a1d05eec84ea1bca57ba9cef40895: Bootstrap starting.
W20260608 10:01:41.298712  7859 leader_election.cc:343] T 1254621db9c3424c84ac52d52d1c769d P 800ff41089da4a02ae0d0e1791fa1d5f [CANDIDATE]: Term 1 pre-election: Tablet error from VoteRequest() call to peer 4a325a660d2f4f9d853751f42f278da7 (127.3.63.3:42893): Illegal state: must be running to vote when last-logged opid is not known
I20260608 10:01:41.299340  7859 leader_election.cc:304] T 1254621db9c3424c84ac52d52d1c769d P 800ff41089da4a02ae0d0e1791fa1d5f [CANDIDATE]: Term 1 pre-election: Election decided. Result: candidate lost. Election summary: received 3 responses out of 3 voters: 1 yes votes; 2 no votes. yes voters: 800ff41089da4a02ae0d0e1791fa1d5f; no voters: 4a325a660d2f4f9d853751f42f278da7, cd8a1d05eec84ea1bca57ba9cef40895
I20260608 10:01:41.300379  8022 raft_consensus.cc:2749] T 1254621db9c3424c84ac52d52d1c769d P 800ff41089da4a02ae0d0e1791fa1d5f [term 0 FOLLOWER]: Leader pre-election lost for term 1. Reason: could not achieve majority
I20260608 10:01:41.305001  8018 tablet_bootstrap.cc:654] T 9b9d51d4e630415b84980b1d556f60d8 P cd8a1d05eec84ea1bca57ba9cef40895: Neither blocks nor log segments found. Creating new log.
I20260608 10:01:41.306777  8015 tablet_bootstrap.cc:654] T 514ddc0c2f114754b28eeb13b0276b28 P 800ff41089da4a02ae0d0e1791fa1d5f: Neither blocks nor log segments found. Creating new log.
I20260608 10:01:41.311637  8016 tablet_bootstrap.cc:492] T 5d5c60f6b8c94a82809f353169bf12bb P 4a325a660d2f4f9d853751f42f278da7: No bootstrap required, opened a new log
I20260608 10:01:41.312214  8016 ts_tablet_manager.cc:1403] T 5d5c60f6b8c94a82809f353169bf12bb P 4a325a660d2f4f9d853751f42f278da7: Time spent bootstrapping tablet: real 0.035s	user 0.017s	sys 0.008s
I20260608 10:01:41.312197  8018 tablet_bootstrap.cc:492] T 9b9d51d4e630415b84980b1d556f60d8 P cd8a1d05eec84ea1bca57ba9cef40895: No bootstrap required, opened a new log
I20260608 10:01:41.312960  8018 ts_tablet_manager.cc:1403] T 9b9d51d4e630415b84980b1d556f60d8 P cd8a1d05eec84ea1bca57ba9cef40895: Time spent bootstrapping tablet: real 0.016s	user 0.013s	sys 0.002s
I20260608 10:01:41.313524  8015 tablet_bootstrap.cc:492] T 514ddc0c2f114754b28eeb13b0276b28 P 800ff41089da4a02ae0d0e1791fa1d5f: No bootstrap required, opened a new log
I20260608 10:01:41.313967  8015 ts_tablet_manager.cc:1403] T 514ddc0c2f114754b28eeb13b0276b28 P 800ff41089da4a02ae0d0e1791fa1d5f: Time spent bootstrapping tablet: real 0.025s	user 0.006s	sys 0.007s
I20260608 10:01:41.315765  8016 raft_consensus.cc:359] T 5d5c60f6b8c94a82809f353169bf12bb P 4a325a660d2f4f9d853751f42f278da7 [term 0 FOLLOWER]: Replica starting. Triggering 0 pending ops. Active config: opid_index: -1 OBSOLETE_local: false peers { permanent_uuid: "cd8a1d05eec84ea1bca57ba9cef40895" member_type: VOTER last_known_addr { host: "127.3.63.1" port: 35215 } } peers { permanent_uuid: "800ff41089da4a02ae0d0e1791fa1d5f" member_type: VOTER last_known_addr { host: "127.3.63.2" port: 46273 } } peers { permanent_uuid: "4a325a660d2f4f9d853751f42f278da7" member_type: VOTER last_known_addr { host: "127.3.63.3" port: 42893 } }
I20260608 10:01:41.316237  8018 raft_consensus.cc:359] T 9b9d51d4e630415b84980b1d556f60d8 P cd8a1d05eec84ea1bca57ba9cef40895 [term 0 FOLLOWER]: Replica starting. Triggering 0 pending ops. Active config: opid_index: -1 OBSOLETE_local: false peers { permanent_uuid: "cd8a1d05eec84ea1bca57ba9cef40895" member_type: VOTER last_known_addr { host: "127.3.63.1" port: 35215 } } peers { permanent_uuid: "800ff41089da4a02ae0d0e1791fa1d5f" member_type: VOTER last_known_addr { host: "127.3.63.2" port: 46273 } } peers { permanent_uuid: "4a325a660d2f4f9d853751f42f278da7" member_type: VOTER last_known_addr { host: "127.3.63.3" port: 42893 } }
I20260608 10:01:41.316540  8016 raft_consensus.cc:385] T 5d5c60f6b8c94a82809f353169bf12bb P 4a325a660d2f4f9d853751f42f278da7 [term 0 FOLLOWER]: Consensus starting up: Expiring failure detector timer to make a prompt election more likely
I20260608 10:01:41.316584  8015 raft_consensus.cc:359] T 514ddc0c2f114754b28eeb13b0276b28 P 800ff41089da4a02ae0d0e1791fa1d5f [term 0 FOLLOWER]: Replica starting. Triggering 0 pending ops. Active config: opid_index: -1 OBSOLETE_local: false peers { permanent_uuid: "cd8a1d05eec84ea1bca57ba9cef40895" member_type: VOTER last_known_addr { host: "127.3.63.1" port: 35215 } } peers { permanent_uuid: "800ff41089da4a02ae0d0e1791fa1d5f" member_type: VOTER last_known_addr { host: "127.3.63.2" port: 46273 } } peers { permanent_uuid: "4a325a660d2f4f9d853751f42f278da7" member_type: VOTER last_known_addr { host: "127.3.63.3" port: 42893 } }
I20260608 10:01:41.316974  8018 raft_consensus.cc:385] T 9b9d51d4e630415b84980b1d556f60d8 P cd8a1d05eec84ea1bca57ba9cef40895 [term 0 FOLLOWER]: Consensus starting up: Expiring failure detector timer to make a prompt election more likely
I20260608 10:01:41.317039  8016 raft_consensus.cc:740] T 5d5c60f6b8c94a82809f353169bf12bb P 4a325a660d2f4f9d853751f42f278da7 [term 0 FOLLOWER]: Becoming Follower/Learner. State: Replica: 4a325a660d2f4f9d853751f42f278da7, State: Initialized, Role: FOLLOWER
I20260608 10:01:41.317385  8015 raft_consensus.cc:385] T 514ddc0c2f114754b28eeb13b0276b28 P 800ff41089da4a02ae0d0e1791fa1d5f [term 0 FOLLOWER]: Consensus starting up: Expiring failure detector timer to make a prompt election more likely
I20260608 10:01:41.317472  8018 raft_consensus.cc:740] T 9b9d51d4e630415b84980b1d556f60d8 P cd8a1d05eec84ea1bca57ba9cef40895 [term 0 FOLLOWER]: Becoming Follower/Learner. State: Replica: cd8a1d05eec84ea1bca57ba9cef40895, State: Initialized, Role: FOLLOWER
I20260608 10:01:41.317839  8015 raft_consensus.cc:740] T 514ddc0c2f114754b28eeb13b0276b28 P 800ff41089da4a02ae0d0e1791fa1d5f [term 0 FOLLOWER]: Becoming Follower/Learner. State: Replica: 800ff41089da4a02ae0d0e1791fa1d5f, State: Initialized, Role: FOLLOWER
I20260608 10:01:41.317976  8016 consensus_queue.cc:260] T 5d5c60f6b8c94a82809f353169bf12bb P 4a325a660d2f4f9d853751f42f278da7 [NON_LEADER]: Queue going to NON_LEADER mode. State: All replicated index: 0, Majority replicated index: 0, Committed index: 0, Last appended: 0.0, Last appended by leader: 0, Current term: 0, Majority size: -1, State: 0, Mode: NON_LEADER, active raft config: opid_index: -1 OBSOLETE_local: false peers { permanent_uuid: "cd8a1d05eec84ea1bca57ba9cef40895" member_type: VOTER last_known_addr { host: "127.3.63.1" port: 35215 } } peers { permanent_uuid: "800ff41089da4a02ae0d0e1791fa1d5f" member_type: VOTER last_known_addr { host: "127.3.63.2" port: 46273 } } peers { permanent_uuid: "4a325a660d2f4f9d853751f42f278da7" member_type: VOTER last_known_addr { host: "127.3.63.3" port: 42893 } }
I20260608 10:01:41.318403  8018 consensus_queue.cc:260] T 9b9d51d4e630415b84980b1d556f60d8 P cd8a1d05eec84ea1bca57ba9cef40895 [NON_LEADER]: Queue going to NON_LEADER mode. State: All replicated index: 0, Majority replicated index: 0, Committed index: 0, Last appended: 0.0, Last appended by leader: 0, Current term: 0, Majority size: -1, State: 0, Mode: NON_LEADER, active raft config: opid_index: -1 OBSOLETE_local: false peers { permanent_uuid: "cd8a1d05eec84ea1bca57ba9cef40895" member_type: VOTER last_known_addr { host: "127.3.63.1" port: 35215 } } peers { permanent_uuid: "800ff41089da4a02ae0d0e1791fa1d5f" member_type: VOTER last_known_addr { host: "127.3.63.2" port: 46273 } } peers { permanent_uuid: "4a325a660d2f4f9d853751f42f278da7" member_type: VOTER last_known_addr { host: "127.3.63.3" port: 42893 } }
I20260608 10:01:41.318718  8015 consensus_queue.cc:260] T 514ddc0c2f114754b28eeb13b0276b28 P 800ff41089da4a02ae0d0e1791fa1d5f [NON_LEADER]: Queue going to NON_LEADER mode. State: All replicated index: 0, Majority replicated index: 0, Committed index: 0, Last appended: 0.0, Last appended by leader: 0, Current term: 0, Majority size: -1, State: 0, Mode: NON_LEADER, active raft config: opid_index: -1 OBSOLETE_local: false peers { permanent_uuid: "cd8a1d05eec84ea1bca57ba9cef40895" member_type: VOTER last_known_addr { host: "127.3.63.1" port: 35215 } } peers { permanent_uuid: "800ff41089da4a02ae0d0e1791fa1d5f" member_type: VOTER last_known_addr { host: "127.3.63.2" port: 46273 } } peers { permanent_uuid: "4a325a660d2f4f9d853751f42f278da7" member_type: VOTER last_known_addr { host: "127.3.63.3" port: 42893 } }
I20260608 10:01:41.320892  8016 ts_tablet_manager.cc:1434] T 5d5c60f6b8c94a82809f353169bf12bb P 4a325a660d2f4f9d853751f42f278da7: Time spent starting tablet: real 0.008s	user 0.002s	sys 0.007s
W20260608 10:01:41.322996  7767 auto_rebalancer.cc:259] Could not retrieve cluster info: Service unavailable: Tablet not running
I20260608 10:01:41.323619  8022 raft_consensus.cc:493] T dcd20429f72d460185e7b717461ae524 P 800ff41089da4a02ae0d0e1791fa1d5f [term 0 FOLLOWER]: Starting pre-election (no leader contacted us within the election timeout)
I20260608 10:01:41.324174  8016 tablet_bootstrap.cc:492] T f52f43ae98644071a5f95e3a87a25855 P 4a325a660d2f4f9d853751f42f278da7: Bootstrap starting.
I20260608 10:01:41.324326  8015 ts_tablet_manager.cc:1434] T 514ddc0c2f114754b28eeb13b0276b28 P 800ff41089da4a02ae0d0e1791fa1d5f: Time spent starting tablet: real 0.010s	user 0.008s	sys 0.000s
I20260608 10:01:41.324064  8022 raft_consensus.cc:515] T dcd20429f72d460185e7b717461ae524 P 800ff41089da4a02ae0d0e1791fa1d5f [term 0 FOLLOWER]: Starting pre-election with config: opid_index: -1 OBSOLETE_local: false peers { permanent_uuid: "cd8a1d05eec84ea1bca57ba9cef40895" member_type: VOTER last_known_addr { host: "127.3.63.1" port: 35215 } } peers { permanent_uuid: "800ff41089da4a02ae0d0e1791fa1d5f" member_type: VOTER last_known_addr { host: "127.3.63.2" port: 46273 } } peers { permanent_uuid: "4a325a660d2f4f9d853751f42f278da7" member_type: VOTER last_known_addr { host: "127.3.63.3" port: 42893 } }
I20260608 10:01:41.326130  8015 tablet_bootstrap.cc:492] T 5d5c60f6b8c94a82809f353169bf12bb P 800ff41089da4a02ae0d0e1791fa1d5f: Bootstrap starting.
I20260608 10:01:41.327283  8022 leader_election.cc:290] T dcd20429f72d460185e7b717461ae524 P 800ff41089da4a02ae0d0e1791fa1d5f [CANDIDATE]: Term 1 pre-election: Requested pre-vote from peers cd8a1d05eec84ea1bca57ba9cef40895 (127.3.63.1:35215), 4a325a660d2f4f9d853751f42f278da7 (127.3.63.3:42893)
I20260608 10:01:41.324879  8018 ts_tablet_manager.cc:1434] T 9b9d51d4e630415b84980b1d556f60d8 P cd8a1d05eec84ea1bca57ba9cef40895: Time spent starting tablet: real 0.011s	user 0.007s	sys 0.000s
I20260608 10:01:41.328562  8018 tablet_bootstrap.cc:492] T 9c13d819f854497cb1d131219d619f08 P cd8a1d05eec84ea1bca57ba9cef40895: Bootstrap starting.
I20260608 10:01:41.327986  7821 tablet_service.cc:1917] Received RequestConsensusVote() RPC: tablet_id: "dcd20429f72d460185e7b717461ae524" candidate_uuid: "800ff41089da4a02ae0d0e1791fa1d5f" candidate_term: 1 candidate_status { last_received { term: 0 index: 0 } } ignore_live_leader: false dest_uuid: "cd8a1d05eec84ea1bca57ba9cef40895" is_pre_election: true
I20260608 10:01:41.328761  7970 tablet_service.cc:1917] Received RequestConsensusVote() RPC: tablet_id: "dcd20429f72d460185e7b717461ae524" candidate_uuid: "800ff41089da4a02ae0d0e1791fa1d5f" candidate_term: 1 candidate_status { last_received { term: 0 index: 0 } } ignore_live_leader: false dest_uuid: "4a325a660d2f4f9d853751f42f278da7" is_pre_election: true
W20260608 10:01:41.330717  7859 leader_election.cc:343] T dcd20429f72d460185e7b717461ae524 P 800ff41089da4a02ae0d0e1791fa1d5f [CANDIDATE]: Term 1 pre-election: Tablet error from VoteRequest() call to peer 4a325a660d2f4f9d853751f42f278da7 (127.3.63.3:42893): Illegal state: must be running to vote when last-logged opid is not known
W20260608 10:01:41.331537  7859 leader_election.cc:343] T dcd20429f72d460185e7b717461ae524 P 800ff41089da4a02ae0d0e1791fa1d5f [CANDIDATE]: Term 1 pre-election: Tablet error from VoteRequest() call to peer cd8a1d05eec84ea1bca57ba9cef40895 (127.3.63.1:35215): Illegal state: must be running to vote when last-logged opid is not known
I20260608 10:01:41.332018  7859 leader_election.cc:304] T dcd20429f72d460185e7b717461ae524 P 800ff41089da4a02ae0d0e1791fa1d5f [CANDIDATE]: Term 1 pre-election: Election decided. Result: candidate lost. Election summary: received 3 responses out of 3 voters: 1 yes votes; 2 no votes. yes voters: 800ff41089da4a02ae0d0e1791fa1d5f; no voters: 4a325a660d2f4f9d853751f42f278da7, cd8a1d05eec84ea1bca57ba9cef40895
I20260608 10:01:41.333014  8022 raft_consensus.cc:2749] T dcd20429f72d460185e7b717461ae524 P 800ff41089da4a02ae0d0e1791fa1d5f [term 0 FOLLOWER]: Leader pre-election lost for term 1. Reason: could not achieve majority
I20260608 10:01:41.335335  8016 tablet_bootstrap.cc:654] T f52f43ae98644071a5f95e3a87a25855 P 4a325a660d2f4f9d853751f42f278da7: Neither blocks nor log segments found. Creating new log.
I20260608 10:01:41.336248  8018 tablet_bootstrap.cc:654] T 9c13d819f854497cb1d131219d619f08 P cd8a1d05eec84ea1bca57ba9cef40895: Neither blocks nor log segments found. Creating new log.
I20260608 10:01:41.343262  8015 tablet_bootstrap.cc:654] T 5d5c60f6b8c94a82809f353169bf12bb P 800ff41089da4a02ae0d0e1791fa1d5f: Neither blocks nor log segments found. Creating new log.
