I20260608 10:01:04.967586 32302 consensus_queue.cc:1048] T 7434eb51c34a45b5a6332314efdccda8 P 9bbaa5f69b1e4bdfaa06c8b58538255a [LEADER]: Connected to new peer: Peer: permanent_uuid: "b367c285500b4de4acd45df4fbc58f71" member_type: VOTER last_known_addr { host: "127.28.37.67" port: 34187 }, Status: LMP_MISMATCH, Last received: 0.0, Next index: 5, Last known committed idx: 4, Time since last communication: 0.001s
I20260608 10:01:04.968233 32287 consensus_queue.cc:1048] T 7434eb51c34a45b5a6332314efdccda8 P 9bbaa5f69b1e4bdfaa06c8b58538255a [LEADER]: Connected to new peer: Peer: permanent_uuid: "6faadf30c626498fadcaac1d8e4dcc12" member_type: VOTER last_known_addr { host: "127.28.37.66" port: 38197 } attrs { replace: true }, Status: LMP_MISMATCH, Last received: 0.0, Next index: 5, Last known committed idx: 4, Time since last communication: 0.000s
I20260608 10:01:04.979449 32302 raft_consensus.cc:2955] T 7434eb51c34a45b5a6332314efdccda8 P 9bbaa5f69b1e4bdfaa06c8b58538255a [term 3 LEADER]: Committing config change with OpId 3.5: config changed from index 2 to 5, b333bea324f2401fba213dc2286634f1 (127.28.37.68) changed from NON_VOTER to VOTER. New config: { opid_index: 5 OBSOLETE_local: false peers { permanent_uuid: "9bbaa5f69b1e4bdfaa06c8b58538255a" member_type: VOTER last_known_addr { host: "127.28.37.65" port: 37093 } } peers { permanent_uuid: "6faadf30c626498fadcaac1d8e4dcc12" member_type: VOTER last_known_addr { host: "127.28.37.66" port: 38197 } attrs { replace: true } } peers { permanent_uuid: "b367c285500b4de4acd45df4fbc58f71" member_type: VOTER last_known_addr { host: "127.28.37.67" port: 34187 } } peers { permanent_uuid: "b333bea324f2401fba213dc2286634f1" member_type: VOTER last_known_addr { host: "127.28.37.68" port: 41071 } attrs { promote: false } } }
I20260608 10:01:04.981235 32091 raft_consensus.cc:2955] T 7434eb51c34a45b5a6332314efdccda8 P b333bea324f2401fba213dc2286634f1 [term 3 FOLLOWER]: Committing config change with OpId 3.5: config changed from index 2 to 5, b333bea324f2401fba213dc2286634f1 (127.28.37.68) changed from NON_VOTER to VOTER. New config: { opid_index: 5 OBSOLETE_local: false peers { permanent_uuid: "9bbaa5f69b1e4bdfaa06c8b58538255a" member_type: VOTER last_known_addr { host: "127.28.37.65" port: 37093 } } peers { permanent_uuid: "6faadf30c626498fadcaac1d8e4dcc12" member_type: VOTER last_known_addr { host: "127.28.37.66" port: 38197 } attrs { replace: true } } peers { permanent_uuid: "b367c285500b4de4acd45df4fbc58f71" member_type: VOTER last_known_addr { host: "127.28.37.67" port: 34187 } } peers { permanent_uuid: "b333bea324f2401fba213dc2286634f1" member_type: VOTER last_known_addr { host: "127.28.37.68" port: 41071 } attrs { promote: false } } }
I20260608 10:01:04.984314 31936 raft_consensus.cc:2955] T 7434eb51c34a45b5a6332314efdccda8 P b367c285500b4de4acd45df4fbc58f71 [term 3 FOLLOWER]: Committing config change with OpId 3.5: config changed from index 2 to 5, b333bea324f2401fba213dc2286634f1 (127.28.37.68) changed from NON_VOTER to VOTER. New config: { opid_index: 5 OBSOLETE_local: false peers { permanent_uuid: "9bbaa5f69b1e4bdfaa06c8b58538255a" member_type: VOTER last_known_addr { host: "127.28.37.65" port: 37093 } } peers { permanent_uuid: "6faadf30c626498fadcaac1d8e4dcc12" member_type: VOTER last_known_addr { host: "127.28.37.66" port: 38197 } attrs { replace: true } } peers { permanent_uuid: "b367c285500b4de4acd45df4fbc58f71" member_type: VOTER last_known_addr { host: "127.28.37.67" port: 34187 } } peers { permanent_uuid: "b333bea324f2401fba213dc2286634f1" member_type: VOTER last_known_addr { host: "127.28.37.68" port: 41071 } attrs { promote: false } } }
I20260608 10:01:04.992447 31863 raft_consensus.cc:2955] T 7434eb51c34a45b5a6332314efdccda8 P 6faadf30c626498fadcaac1d8e4dcc12 [term 3 FOLLOWER]: Committing config change with OpId 3.5: config changed from index 2 to 5, b333bea324f2401fba213dc2286634f1 (127.28.37.68) changed from NON_VOTER to VOTER. New config: { opid_index: 5 OBSOLETE_local: false peers { permanent_uuid: "9bbaa5f69b1e4bdfaa06c8b58538255a" member_type: VOTER last_known_addr { host: "127.28.37.65" port: 37093 } } peers { permanent_uuid: "6faadf30c626498fadcaac1d8e4dcc12" member_type: VOTER last_known_addr { host: "127.28.37.66" port: 38197 } attrs { replace: true } } peers { permanent_uuid: "b367c285500b4de4acd45df4fbc58f71" member_type: VOTER last_known_addr { host: "127.28.37.67" port: 34187 } } peers { permanent_uuid: "b333bea324f2401fba213dc2286634f1" member_type: VOTER last_known_addr { host: "127.28.37.68" port: 41071 } attrs { promote: false } } }
I20260608 10:01:04.993191 31685 catalog_manager.cc:5696] T 7434eb51c34a45b5a6332314efdccda8 P 9bbaa5f69b1e4bdfaa06c8b58538255a reported cstate change: config changed from index 2 to 5, b333bea324f2401fba213dc2286634f1 (127.28.37.68) changed from NON_VOTER to VOTER. New cstate: current_term: 3 leader_uuid: "9bbaa5f69b1e4bdfaa06c8b58538255a" committed_config { opid_index: 5 OBSOLETE_local: false peers { permanent_uuid: "9bbaa5f69b1e4bdfaa06c8b58538255a" member_type: VOTER last_known_addr { host: "127.28.37.65" port: 37093 } health_report { overall_health: HEALTHY } } peers { permanent_uuid: "6faadf30c626498fadcaac1d8e4dcc12" member_type: VOTER last_known_addr { host: "127.28.37.66" port: 38197 } attrs { replace: true } health_report { overall_health: HEALTHY } } peers { permanent_uuid: "b367c285500b4de4acd45df4fbc58f71" member_type: VOTER last_known_addr { host: "127.28.37.67" port: 34187 } health_report { overall_health: HEALTHY } } peers { permanent_uuid: "b333bea324f2401fba213dc2286634f1" member_type: VOTER last_known_addr { host: "127.28.37.68" port: 41071 } attrs { promote: false } health_report { overall_health: HEALTHY } } }
I20260608 10:01:05.009799 31790 consensus_queue.cc:237] T 7434eb51c34a45b5a6332314efdccda8 P 9bbaa5f69b1e4bdfaa06c8b58538255a [LEADER]: Queue going to LEADER mode. State: All replicated index: 0, Majority replicated index: 5, Committed index: 5, Last appended: 3.5, Last appended by leader: 3, Current term: 3, Majority size: 2, State: 0, Mode: LEADER, active raft config: opid_index: 6 OBSOLETE_local: false peers { permanent_uuid: "9bbaa5f69b1e4bdfaa06c8b58538255a" member_type: VOTER last_known_addr { host: "127.28.37.65" port: 37093 } } peers { permanent_uuid: "b367c285500b4de4acd45df4fbc58f71" member_type: VOTER last_known_addr { host: "127.28.37.67" port: 34187 } } peers { permanent_uuid: "b333bea324f2401fba213dc2286634f1" member_type: VOTER last_known_addr { host: "127.28.37.68" port: 41071 } attrs { promote: false } }
I20260608 10:01:05.017123 32091 raft_consensus.cc:1275] T 7434eb51c34a45b5a6332314efdccda8 P b333bea324f2401fba213dc2286634f1 [term 3 FOLLOWER]: Refusing update from remote peer 9bbaa5f69b1e4bdfaa06c8b58538255a: Log matching property violated. Preceding OpId in replica: term: 3 index: 5. Preceding OpId from leader: term: 3 index: 6. (index mismatch)
I20260608 10:01:05.018740 32302 consensus_queue.cc:1048] T 7434eb51c34a45b5a6332314efdccda8 P 9bbaa5f69b1e4bdfaa06c8b58538255a [LEADER]: Connected to new peer: Peer: permanent_uuid: "b333bea324f2401fba213dc2286634f1" member_type: VOTER last_known_addr { host: "127.28.37.68" port: 41071 } attrs { promote: false }, Status: LMP_MISMATCH, Last received: 0.0, Next index: 6, Last known committed idx: 5, Time since last communication: 0.000s
I20260608 10:01:05.019315 31936 raft_consensus.cc:1275] T 7434eb51c34a45b5a6332314efdccda8 P b367c285500b4de4acd45df4fbc58f71 [term 3 FOLLOWER]: Refusing update from remote peer 9bbaa5f69b1e4bdfaa06c8b58538255a: Log matching property violated. Preceding OpId in replica: term: 3 index: 5. Preceding OpId from leader: term: 3 index: 6. (index mismatch)
I20260608 10:01:05.021281 32302 consensus_queue.cc:1048] T 7434eb51c34a45b5a6332314efdccda8 P 9bbaa5f69b1e4bdfaa06c8b58538255a [LEADER]: Connected to new peer: Peer: permanent_uuid: "b367c285500b4de4acd45df4fbc58f71" member_type: VOTER last_known_addr { host: "127.28.37.67" port: 34187 }, Status: LMP_MISMATCH, Last received: 0.0, Next index: 6, Last known committed idx: 5, Time since last communication: 0.000s
I20260608 10:01:05.026409 32287 raft_consensus.cc:2955] T 7434eb51c34a45b5a6332314efdccda8 P 9bbaa5f69b1e4bdfaa06c8b58538255a [term 3 LEADER]: Committing config change with OpId 3.6: config changed from index 5 to 6, VOTER 6faadf30c626498fadcaac1d8e4dcc12 (127.28.37.66) evicted. New config: { opid_index: 6 OBSOLETE_local: false peers { permanent_uuid: "9bbaa5f69b1e4bdfaa06c8b58538255a" member_type: VOTER last_known_addr { host: "127.28.37.65" port: 37093 } } peers { permanent_uuid: "b367c285500b4de4acd45df4fbc58f71" member_type: VOTER last_known_addr { host: "127.28.37.67" port: 34187 } } peers { permanent_uuid: "b333bea324f2401fba213dc2286634f1" member_type: VOTER last_known_addr { host: "127.28.37.68" port: 41071 } attrs { promote: false } } }
I20260608 10:01:05.028337 32091 raft_consensus.cc:2955] T 7434eb51c34a45b5a6332314efdccda8 P b333bea324f2401fba213dc2286634f1 [term 3 FOLLOWER]: Committing config change with OpId 3.6: config changed from index 5 to 6, VOTER 6faadf30c626498fadcaac1d8e4dcc12 (127.28.37.66) evicted. New config: { opid_index: 6 OBSOLETE_local: false peers { permanent_uuid: "9bbaa5f69b1e4bdfaa06c8b58538255a" member_type: VOTER last_known_addr { host: "127.28.37.65" port: 37093 } } peers { permanent_uuid: "b367c285500b4de4acd45df4fbc58f71" member_type: VOTER last_known_addr { host: "127.28.37.67" port: 34187 } } peers { permanent_uuid: "b333bea324f2401fba213dc2286634f1" member_type: VOTER last_known_addr { host: "127.28.37.68" port: 41071 } attrs { promote: false } } }
I20260608 10:01:05.028893 31936 raft_consensus.cc:2955] T 7434eb51c34a45b5a6332314efdccda8 P b367c285500b4de4acd45df4fbc58f71 [term 3 FOLLOWER]: Committing config change with OpId 3.6: config changed from index 5 to 6, VOTER 6faadf30c626498fadcaac1d8e4dcc12 (127.28.37.66) evicted. New config: { opid_index: 6 OBSOLETE_local: false peers { permanent_uuid: "9bbaa5f69b1e4bdfaa06c8b58538255a" member_type: VOTER last_known_addr { host: "127.28.37.65" port: 37093 } } peers { permanent_uuid: "b367c285500b4de4acd45df4fbc58f71" member_type: VOTER last_known_addr { host: "127.28.37.67" port: 34187 } } peers { permanent_uuid: "b333bea324f2401fba213dc2286634f1" member_type: VOTER last_known_addr { host: "127.28.37.68" port: 41071 } attrs { promote: false } } }
I20260608 10:01:05.039343 31674 catalog_manager.cc:5209] ChangeConfig:REMOVE_PEER RPC for tablet 7434eb51c34a45b5a6332314efdccda8 with cas_config_opid_index 5: ChangeConfig:REMOVE_PEER succeeded (attempt 1)
I20260608 10:01:05.039040 31688 catalog_manager.cc:5696] T 7434eb51c34a45b5a6332314efdccda8 P b367c285500b4de4acd45df4fbc58f71 reported cstate change: config changed from index 5 to 6, VOTER 6faadf30c626498fadcaac1d8e4dcc12 (127.28.37.66) evicted. New cstate: current_term: 3 leader_uuid: "9bbaa5f69b1e4bdfaa06c8b58538255a" committed_config { opid_index: 6 OBSOLETE_local: false peers { permanent_uuid: "9bbaa5f69b1e4bdfaa06c8b58538255a" member_type: VOTER last_known_addr { host: "127.28.37.65" port: 37093 } } peers { permanent_uuid: "b367c285500b4de4acd45df4fbc58f71" member_type: VOTER last_known_addr { host: "127.28.37.67" port: 34187 } } peers { permanent_uuid: "b333bea324f2401fba213dc2286634f1" member_type: VOTER last_known_addr { host: "127.28.37.68" port: 41071 } attrs { promote: false } } }
I20260608 10:01:05.049522 31850 tablet_service.cc:1558] Processing DeleteTablet for tablet 7434eb51c34a45b5a6332314efdccda8 with delete_type TABLET_DATA_TOMBSTONED (TS 6faadf30c626498fadcaac1d8e4dcc12 not found in new config with opid_index 6) from {username='slave'} at 127.0.0.1:54770
I20260608 10:01:05.051646 32303 tablet_replica.cc:333] T 7434eb51c34a45b5a6332314efdccda8 P 6faadf30c626498fadcaac1d8e4dcc12: stopping tablet replica
I20260608 10:01:05.052506 32303 raft_consensus.cc:2243] T 7434eb51c34a45b5a6332314efdccda8 P 6faadf30c626498fadcaac1d8e4dcc12 [term 3 FOLLOWER]: Raft consensus shutting down.
I20260608 10:01:05.053236 32303 raft_consensus.cc:2272] T 7434eb51c34a45b5a6332314efdccda8 P 6faadf30c626498fadcaac1d8e4dcc12 [term 3 FOLLOWER]: Raft consensus is shut down!
I20260608 10:01:05.056123 32303 ts_tablet_manager.cc:1916] T 7434eb51c34a45b5a6332314efdccda8 P 6faadf30c626498fadcaac1d8e4dcc12: Deleting tablet data with delete state TABLET_DATA_TOMBSTONED
I20260608 10:01:05.067600 32303 ts_tablet_manager.cc:1929] T 7434eb51c34a45b5a6332314efdccda8 P 6faadf30c626498fadcaac1d8e4dcc12: tablet deleted with delete type TABLET_DATA_TOMBSTONED: last-logged OpId 3.5
I20260608 10:01:05.067924 32303 log.cc:1199] T 7434eb51c34a45b5a6332314efdccda8 P 6faadf30c626498fadcaac1d8e4dcc12: Deleting WAL directory at /tmp/dist-test-taskQCOmow/test-tmp/auto_rebalancer-test.0.AutoRebalancerTest.RangeAwareRebalancesNewRangeReplicas.1780912783159870-28821-0/minicluster-data/ts-1-root/wals/7434eb51c34a45b5a6332314efdccda8
I20260608 10:01:05.069504 31672 catalog_manager.cc:5027] TS 6faadf30c626498fadcaac1d8e4dcc12 (127.28.37.66:38197): tablet 7434eb51c34a45b5a6332314efdccda8 (table range_aware_rebalance_new_range [id=438409be69b84b05a4fab583fc750f64]) successfully deleted
I20260608 10:01:05.785602 31741 auto_leader_rebalancer.cc:140] leader rebalance for table range_aware_rebalance_new_range
I20260608 10:01:05.799916 31790 tablet_service.cc:2072] Received LeaderStepDown RPC: tablet_id: "d5974dd5a87044739e143d54ed55eed9"
dest_uuid: "9bbaa5f69b1e4bdfaa06c8b58538255a"
mode: GRACEFUL
new_leader_uuid: "6faadf30c626498fadcaac1d8e4dcc12"
 from {username='slave'} at 127.0.0.1:46858
I20260608 10:01:05.800534 31790 raft_consensus.cc:606] T d5974dd5a87044739e143d54ed55eed9 P 9bbaa5f69b1e4bdfaa06c8b58538255a [term 1 LEADER]: Received request to transfer leadership to TS 6faadf30c626498fadcaac1d8e4dcc12
I20260608 10:01:05.801932 31741 auto_leader_rebalancer.cc:388] table: range_aware_rebalance_new_range, leader rebalance finish, leader transfer count: 1
I20260608 10:01:05.802518 31741 auto_leader_rebalancer.cc:451] All tables' leader rebalancing finished this round
I20260608 10:01:05.826030 31790 consensus_queue.cc:237] T bbe6758bf0074f95bc4633646d530520 P 9bbaa5f69b1e4bdfaa06c8b58538255a [LEADER]: Queue going to LEADER mode. State: All replicated index: 0, Majority replicated index: 1, Committed index: 1, Last appended: 1.1, Last appended by leader: 0, Current term: 1, Majority size: 2, State: 0, Mode: LEADER, active raft config: opid_index: 2 OBSOLETE_local: false peers { permanent_uuid: "b367c285500b4de4acd45df4fbc58f71" member_type: VOTER last_known_addr { host: "127.28.37.67" port: 34187 } } peers { permanent_uuid: "9bbaa5f69b1e4bdfaa06c8b58538255a" member_type: VOTER last_known_addr { host: "127.28.37.65" port: 37093 } } peers { permanent_uuid: "b333bea324f2401fba213dc2286634f1" member_type: VOTER last_known_addr { host: "127.28.37.68" port: 41071 } attrs { replace: true } } peers { permanent_uuid: "6faadf30c626498fadcaac1d8e4dcc12" member_type: NON_VOTER last_known_addr { host: "127.28.37.66" port: 38197 } attrs { promote: true } }
W20260608 10:01:05.832788 31753 consensus_peers.cc:597] T bbe6758bf0074f95bc4633646d530520 P 9bbaa5f69b1e4bdfaa06c8b58538255a -> Peer 6faadf30c626498fadcaac1d8e4dcc12 (127.28.37.66:38197): Couldn't send request to peer 6faadf30c626498fadcaac1d8e4dcc12. Error code: TABLET_NOT_FOUND (6). Status: Not found: Tablet not found: bbe6758bf0074f95bc4633646d530520. This is attempt 1: this message will repeat every 5th retry.
I20260608 10:01:05.832859 32091 raft_consensus.cc:1275] T bbe6758bf0074f95bc4633646d530520 P b333bea324f2401fba213dc2286634f1 [term 1 FOLLOWER]: Refusing update from remote peer 9bbaa5f69b1e4bdfaa06c8b58538255a: Log matching property violated. Preceding OpId in replica: term: 1 index: 1. Preceding OpId from leader: term: 1 index: 2. (index mismatch)
I20260608 10:01:05.833561 31936 raft_consensus.cc:1275] T bbe6758bf0074f95bc4633646d530520 P b367c285500b4de4acd45df4fbc58f71 [term 1 FOLLOWER]: Refusing update from remote peer 9bbaa5f69b1e4bdfaa06c8b58538255a: Log matching property violated. Preceding OpId in replica: term: 1 index: 1. Preceding OpId from leader: term: 1 index: 2. (index mismatch)
I20260608 10:01:05.834340 32287 consensus_queue.cc:1048] T bbe6758bf0074f95bc4633646d530520 P 9bbaa5f69b1e4bdfaa06c8b58538255a [LEADER]: Connected to new peer: Peer: permanent_uuid: "b333bea324f2401fba213dc2286634f1" member_type: VOTER last_known_addr { host: "127.28.37.68" port: 41071 } attrs { replace: true }, Status: LMP_MISMATCH, Last received: 0.0, Next index: 2, Last known committed idx: 1, Time since last communication: 0.000s
I20260608 10:01:05.835117 32306 consensus_queue.cc:1048] T bbe6758bf0074f95bc4633646d530520 P 9bbaa5f69b1e4bdfaa06c8b58538255a [LEADER]: Connected to new peer: Peer: permanent_uuid: "b367c285500b4de4acd45df4fbc58f71" member_type: VOTER last_known_addr { host: "127.28.37.67" port: 34187 }, Status: LMP_MISMATCH, Last received: 0.0, Next index: 2, Last known committed idx: 1, Time since last communication: 0.000s
I20260608 10:01:05.844853 32309 raft_consensus.cc:2955] T bbe6758bf0074f95bc4633646d530520 P 9bbaa5f69b1e4bdfaa06c8b58538255a [term 1 LEADER]: Committing config change with OpId 1.2: config changed from index -1 to 2, NON_VOTER 6faadf30c626498fadcaac1d8e4dcc12 (127.28.37.66) added. New config: { opid_index: 2 OBSOLETE_local: false peers { permanent_uuid: "b367c285500b4de4acd45df4fbc58f71" member_type: VOTER last_known_addr { host: "127.28.37.67" port: 34187 } } peers { permanent_uuid: "9bbaa5f69b1e4bdfaa06c8b58538255a" member_type: VOTER last_known_addr { host: "127.28.37.65" port: 37093 } } peers { permanent_uuid: "b333bea324f2401fba213dc2286634f1" member_type: VOTER last_known_addr { host: "127.28.37.68" port: 41071 } attrs { replace: true } } peers { permanent_uuid: "6faadf30c626498fadcaac1d8e4dcc12" member_type: NON_VOTER last_known_addr { host: "127.28.37.66" port: 38197 } attrs { promote: true } } }
I20260608 10:01:05.845804 31939 raft_consensus.cc:2955] T bbe6758bf0074f95bc4633646d530520 P b367c285500b4de4acd45df4fbc58f71 [term 1 FOLLOWER]: Committing config change with OpId 1.2: config changed from index -1 to 2, NON_VOTER 6faadf30c626498fadcaac1d8e4dcc12 (127.28.37.66) added. New config: { opid_index: 2 OBSOLETE_local: false peers { permanent_uuid: "b367c285500b4de4acd45df4fbc58f71" member_type: VOTER last_known_addr { host: "127.28.37.67" port: 34187 } } peers { permanent_uuid: "9bbaa5f69b1e4bdfaa06c8b58538255a" member_type: VOTER last_known_addr { host: "127.28.37.65" port: 37093 } } peers { permanent_uuid: "b333bea324f2401fba213dc2286634f1" member_type: VOTER last_known_addr { host: "127.28.37.68" port: 41071 } attrs { replace: true } } peers { permanent_uuid: "6faadf30c626498fadcaac1d8e4dcc12" member_type: NON_VOTER last_known_addr { host: "127.28.37.66" port: 38197 } attrs { promote: true } } }
I20260608 10:01:05.846753 32091 raft_consensus.cc:2955] T bbe6758bf0074f95bc4633646d530520 P b333bea324f2401fba213dc2286634f1 [term 1 FOLLOWER]: Committing config change with OpId 1.2: config changed from index -1 to 2, NON_VOTER 6faadf30c626498fadcaac1d8e4dcc12 (127.28.37.66) added. New config: { opid_index: 2 OBSOLETE_local: false peers { permanent_uuid: "b367c285500b4de4acd45df4fbc58f71" member_type: VOTER last_known_addr { host: "127.28.37.67" port: 34187 } } peers { permanent_uuid: "9bbaa5f69b1e4bdfaa06c8b58538255a" member_type: VOTER last_known_addr { host: "127.28.37.65" port: 37093 } } peers { permanent_uuid: "b333bea324f2401fba213dc2286634f1" member_type: VOTER last_known_addr { host: "127.28.37.68" port: 41071 } attrs { replace: true } } peers { permanent_uuid: "6faadf30c626498fadcaac1d8e4dcc12" member_type: NON_VOTER last_known_addr { host: "127.28.37.66" port: 38197 } attrs { promote: true } } }
I20260608 10:01:05.859961 31684 catalog_manager.cc:5696] T bbe6758bf0074f95bc4633646d530520 P 9bbaa5f69b1e4bdfaa06c8b58538255a reported cstate change: config changed from index -1 to 2, NON_VOTER 6faadf30c626498fadcaac1d8e4dcc12 (127.28.37.66) added. New cstate: current_term: 1 leader_uuid: "9bbaa5f69b1e4bdfaa06c8b58538255a" committed_config { opid_index: 2 OBSOLETE_local: false peers { permanent_uuid: "b367c285500b4de4acd45df4fbc58f71" member_type: VOTER last_known_addr { host: "127.28.37.67" port: 34187 } health_report { overall_health: HEALTHY } } peers { permanent_uuid: "9bbaa5f69b1e4bdfaa06c8b58538255a" member_type: VOTER last_known_addr { host: "127.28.37.65" port: 37093 } health_report { overall_health: HEALTHY } } peers { permanent_uuid: "b333bea324f2401fba213dc2286634f1" member_type: VOTER last_known_addr { host: "127.28.37.68" port: 41071 } attrs { replace: true } health_report { overall_health: HEALTHY } } peers { permanent_uuid: "6faadf30c626498fadcaac1d8e4dcc12" member_type: NON_VOTER last_known_addr { host: "127.28.37.66" port: 38197 } attrs { promote: true } health_report { overall_health: UNKNOWN } } }
W20260608 10:01:05.861524 31736 auto_rebalancer.cc:591] Failed to schedule move for tablet d5974dd5a87044739e143d54ed55eed9: Remote error: Service unavailable: leader transfer in progress
I20260608 10:01:05.866928 31863 consensus_queue.cc:237] T 61e4178bcf3b473cbc7f4034c963e461 P 6faadf30c626498fadcaac1d8e4dcc12 [LEADER]: Queue going to LEADER mode. State: All replicated index: 0, Majority replicated index: 1, Committed index: 1, Last appended: 1.1, Last appended by leader: 0, Current term: 1, Majority size: 2, State: 0, Mode: LEADER, active raft config: opid_index: 2 OBSOLETE_local: false peers { permanent_uuid: "9bbaa5f69b1e4bdfaa06c8b58538255a" member_type: VOTER last_known_addr { host: "127.28.37.65" port: 37093 } } peers { permanent_uuid: "b333bea324f2401fba213dc2286634f1" member_type: VOTER last_known_addr { host: "127.28.37.68" port: 41071 } attrs { replace: true } } peers { permanent_uuid: "6faadf30c626498fadcaac1d8e4dcc12" member_type: VOTER last_known_addr { host: "127.28.37.66" port: 38197 } } peers { permanent_uuid: "b367c285500b4de4acd45df4fbc58f71" member_type: NON_VOTER last_known_addr { host: "127.28.37.67" port: 34187 } attrs { promote: true } }
I20260608 10:01:05.876180 32091 raft_consensus.cc:1275] T 61e4178bcf3b473cbc7f4034c963e461 P b333bea324f2401fba213dc2286634f1 [term 1 FOLLOWER]: Refusing update from remote peer 6faadf30c626498fadcaac1d8e4dcc12: Log matching property violated. Preceding OpId in replica: term: 1 index: 1. Preceding OpId from leader: term: 1 index: 2. (index mismatch)
I20260608 10:01:05.878413 32304 consensus_queue.cc:1048] T 61e4178bcf3b473cbc7f4034c963e461 P 6faadf30c626498fadcaac1d8e4dcc12 [LEADER]: Connected to new peer: Peer: permanent_uuid: "b333bea324f2401fba213dc2286634f1" member_type: VOTER last_known_addr { host: "127.28.37.68" port: 41071 } attrs { replace: true }, Status: LMP_MISMATCH, Last received: 0.0, Next index: 2, Last known committed idx: 1, Time since last communication: 0.000s
I20260608 10:01:05.878799 31790 raft_consensus.cc:1275] T 61e4178bcf3b473cbc7f4034c963e461 P 9bbaa5f69b1e4bdfaa06c8b58538255a [term 1 FOLLOWER]: Refusing update from remote peer 6faadf30c626498fadcaac1d8e4dcc12: Log matching property violated. Preceding OpId in replica: term: 1 index: 1. Preceding OpId from leader: term: 1 index: 2. (index mismatch)
I20260608 10:01:05.880376 32143 consensus_queue.cc:1048] T 61e4178bcf3b473cbc7f4034c963e461 P 6faadf30c626498fadcaac1d8e4dcc12 [LEADER]: Connected to new peer: Peer: permanent_uuid: "9bbaa5f69b1e4bdfaa06c8b58538255a" member_type: VOTER last_known_addr { host: "127.28.37.65" port: 37093 }, Status: LMP_MISMATCH, Last received: 0.0, Next index: 2, Last known committed idx: 1, Time since last communication: 0.000s
W20260608 10:01:05.881930 31830 consensus_peers.cc:597] T 61e4178bcf3b473cbc7f4034c963e461 P 6faadf30c626498fadcaac1d8e4dcc12 -> Peer b367c285500b4de4acd45df4fbc58f71 (127.28.37.67:34187): Couldn't send request to peer b367c285500b4de4acd45df4fbc58f71. Error code: TABLET_NOT_FOUND (6). Status: Not found: Tablet not found: 61e4178bcf3b473cbc7f4034c963e461. This is attempt 1: this message will repeat every 5th retry.
I20260608 10:01:05.898928 32287 raft_consensus.cc:993] T d5974dd5a87044739e143d54ed55eed9 P 9bbaa5f69b1e4bdfaa06c8b58538255a: : Instructing follower 6faadf30c626498fadcaac1d8e4dcc12 to start an election
I20260608 10:01:05.899498 32287 raft_consensus.cc:1081] T d5974dd5a87044739e143d54ed55eed9 P 9bbaa5f69b1e4bdfaa06c8b58538255a [term 1 LEADER]: Signalling peer 6faadf30c626498fadcaac1d8e4dcc12 to start an election
I20260608 10:01:05.901489 31864 tablet_service.cc:2044] Received Run Leader Election RPC: tablet_id: "d5974dd5a87044739e143d54ed55eed9"
dest_uuid: "6faadf30c626498fadcaac1d8e4dcc12"
 from {username='slave'} at 127.0.0.1:54774
I20260608 10:01:05.902093 31864 raft_consensus.cc:493] T d5974dd5a87044739e143d54ed55eed9 P 6faadf30c626498fadcaac1d8e4dcc12 [term 1 FOLLOWER]: Starting forced leader election (received explicit request)
I20260608 10:01:05.902498 31864 raft_consensus.cc:3060] T d5974dd5a87044739e143d54ed55eed9 P 6faadf30c626498fadcaac1d8e4dcc12 [term 1 FOLLOWER]: Advancing to term 2
I20260608 10:01:05.905180 32316 raft_consensus.cc:2955] T 61e4178bcf3b473cbc7f4034c963e461 P 6faadf30c626498fadcaac1d8e4dcc12 [term 1 LEADER]: Committing config change with OpId 1.2: config changed from index -1 to 2, NON_VOTER b367c285500b4de4acd45df4fbc58f71 (127.28.37.67) added. New config: { opid_index: 2 OBSOLETE_local: false peers { permanent_uuid: "9bbaa5f69b1e4bdfaa06c8b58538255a" member_type: VOTER last_known_addr { host: "127.28.37.65" port: 37093 } } peers { permanent_uuid: "b333bea324f2401fba213dc2286634f1" member_type: VOTER last_known_addr { host: "127.28.37.68" port: 41071 } attrs { replace: true } } peers { permanent_uuid: "6faadf30c626498fadcaac1d8e4dcc12" member_type: VOTER last_known_addr { host: "127.28.37.66" port: 38197 } } peers { permanent_uuid: "b367c285500b4de4acd45df4fbc58f71" member_type: NON_VOTER last_known_addr { host: "127.28.37.67" port: 34187 } attrs { promote: true } } }
I20260608 10:01:05.906279 32091 raft_consensus.cc:2955] T 61e4178bcf3b473cbc7f4034c963e461 P b333bea324f2401fba213dc2286634f1 [term 1 FOLLOWER]: Committing config change with OpId 1.2: config changed from index -1 to 2, NON_VOTER b367c285500b4de4acd45df4fbc58f71 (127.28.37.67) added. New config: { opid_index: 2 OBSOLETE_local: false peers { permanent_uuid: "9bbaa5f69b1e4bdfaa06c8b58538255a" member_type: VOTER last_known_addr { host: "127.28.37.65" port: 37093 } } peers { permanent_uuid: "b333bea324f2401fba213dc2286634f1" member_type: VOTER last_known_addr { host: "127.28.37.68" port: 41071 } attrs { replace: true } } peers { permanent_uuid: "6faadf30c626498fadcaac1d8e4dcc12" member_type: VOTER last_known_addr { host: "127.28.37.66" port: 38197 } } peers { permanent_uuid: "b367c285500b4de4acd45df4fbc58f71" member_type: NON_VOTER last_known_addr { host: "127.28.37.67" port: 34187 } attrs { promote: true } } }
I20260608 10:01:05.909487 31864 raft_consensus.cc:515] T d5974dd5a87044739e143d54ed55eed9 P 6faadf30c626498fadcaac1d8e4dcc12 [term 2 FOLLOWER]: Starting forced leader election with config: opid_index: -1 OBSOLETE_local: false peers { permanent_uuid: "6faadf30c626498fadcaac1d8e4dcc12" member_type: VOTER last_known_addr { host: "127.28.37.66" port: 38197 } } peers { permanent_uuid: "9bbaa5f69b1e4bdfaa06c8b58538255a" member_type: VOTER last_known_addr { host: "127.28.37.65" port: 37093 } } peers { permanent_uuid: "b367c285500b4de4acd45df4fbc58f71" member_type: VOTER last_known_addr { host: "127.28.37.67" port: 34187 } }
I20260608 10:01:05.911429 31790 raft_consensus.cc:2955] T 61e4178bcf3b473cbc7f4034c963e461 P 9bbaa5f69b1e4bdfaa06c8b58538255a [term 1 FOLLOWER]: Committing config change with OpId 1.2: config changed from index -1 to 2, NON_VOTER b367c285500b4de4acd45df4fbc58f71 (127.28.37.67) added. New config: { opid_index: 2 OBSOLETE_local: false peers { permanent_uuid: "9bbaa5f69b1e4bdfaa06c8b58538255a" member_type: VOTER last_known_addr { host: "127.28.37.65" port: 37093 } } peers { permanent_uuid: "b333bea324f2401fba213dc2286634f1" member_type: VOTER last_known_addr { host: "127.28.37.68" port: 41071 } attrs { replace: true } } peers { permanent_uuid: "6faadf30c626498fadcaac1d8e4dcc12" member_type: VOTER last_known_addr { host: "127.28.37.66" port: 38197 } } peers { permanent_uuid: "b367c285500b4de4acd45df4fbc58f71" member_type: NON_VOTER last_known_addr { host: "127.28.37.67" port: 34187 } attrs { promote: true } } }
I20260608 10:01:05.912878 31787 tablet_service.cc:1917] Received RequestConsensusVote() RPC: tablet_id: "d5974dd5a87044739e143d54ed55eed9" candidate_uuid: "6faadf30c626498fadcaac1d8e4dcc12" candidate_term: 2 candidate_status { last_received { term: 1 index: 1 } } ignore_live_leader: true dest_uuid: "9bbaa5f69b1e4bdfaa06c8b58538255a"
I20260608 10:01:05.913522 31787 raft_consensus.cc:3055] T d5974dd5a87044739e143d54ed55eed9 P 9bbaa5f69b1e4bdfaa06c8b58538255a [term 1 LEADER]: Stepping down as leader of term 1
I20260608 10:01:05.913846 31787 raft_consensus.cc:740] T d5974dd5a87044739e143d54ed55eed9 P 9bbaa5f69b1e4bdfaa06c8b58538255a [term 1 LEADER]: Becoming Follower/Learner. State: Replica: 9bbaa5f69b1e4bdfaa06c8b58538255a, State: Running, Role: LEADER
I20260608 10:01:05.914803 31787 consensus_queue.cc:260] T d5974dd5a87044739e143d54ed55eed9 P 9bbaa5f69b1e4bdfaa06c8b58538255a [NON_LEADER]: Queue going to NON_LEADER mode. State: All replicated index: 0, Majority replicated index: 1, Committed index: 1, Last appended: 1.1, Last appended by leader: 1, Current term: 1, Majority size: -1, State: 0, Mode: NON_LEADER, active raft config: opid_index: -1 OBSOLETE_local: false peers { permanent_uuid: "6faadf30c626498fadcaac1d8e4dcc12" member_type: VOTER last_known_addr { host: "127.28.37.66" port: 38197 } } peers { permanent_uuid: "9bbaa5f69b1e4bdfaa06c8b58538255a" member_type: VOTER last_known_addr { host: "127.28.37.65" port: 37093 } } peers { permanent_uuid: "b367c285500b4de4acd45df4fbc58f71" member_type: VOTER last_known_addr { host: "127.28.37.67" port: 34187 } }
I20260608 10:01:05.915942 31787 raft_consensus.cc:3060] T d5974dd5a87044739e143d54ed55eed9 P 9bbaa5f69b1e4bdfaa06c8b58538255a [term 1 FOLLOWER]: Advancing to term 2
I20260608 10:01:05.917268 31864 leader_election.cc:290] T d5974dd5a87044739e143d54ed55eed9 P 6faadf30c626498fadcaac1d8e4dcc12 [CANDIDATE]: Term 2 election: Requested vote from peers 9bbaa5f69b1e4bdfaa06c8b58538255a (127.28.37.65:37093), b367c285500b4de4acd45df4fbc58f71 (127.28.37.67:34187)
I20260608 10:01:05.919234 31939 tablet_service.cc:1917] Received RequestConsensusVote() RPC: tablet_id: "d5974dd5a87044739e143d54ed55eed9" candidate_uuid: "6faadf30c626498fadcaac1d8e4dcc12" candidate_term: 2 candidate_status { last_received { term: 1 index: 1 } } ignore_live_leader: true dest_uuid: "b367c285500b4de4acd45df4fbc58f71"
I20260608 10:01:05.920432 31684 catalog_manager.cc:5696] T 61e4178bcf3b473cbc7f4034c963e461 P b333bea324f2401fba213dc2286634f1 reported cstate change: config changed from index -1 to 2, NON_VOTER b367c285500b4de4acd45df4fbc58f71 (127.28.37.67) added. New cstate: current_term: 1 leader_uuid: "6faadf30c626498fadcaac1d8e4dcc12" committed_config { opid_index: 2 OBSOLETE_local: false peers { permanent_uuid: "9bbaa5f69b1e4bdfaa06c8b58538255a" member_type: VOTER last_known_addr { host: "127.28.37.65" port: 37093 } } peers { permanent_uuid: "b333bea324f2401fba213dc2286634f1" member_type: VOTER last_known_addr { host: "127.28.37.68" port: 41071 } attrs { replace: true } } peers { permanent_uuid: "6faadf30c626498fadcaac1d8e4dcc12" member_type: VOTER last_known_addr { host: "127.28.37.66" port: 38197 } } peers { permanent_uuid: "b367c285500b4de4acd45df4fbc58f71" member_type: NON_VOTER last_known_addr { host: "127.28.37.67" port: 34187 } attrs { promote: true } } }
I20260608 10:01:05.923807 31787 raft_consensus.cc:2468] T d5974dd5a87044739e143d54ed55eed9 P 9bbaa5f69b1e4bdfaa06c8b58538255a [term 2 FOLLOWER]: Leader election vote request: Granting yes vote for candidate 6faadf30c626498fadcaac1d8e4dcc12 in term 2.
I20260608 10:01:05.919790 31939 raft_consensus.cc:3060] T d5974dd5a87044739e143d54ed55eed9 P b367c285500b4de4acd45df4fbc58f71 [term 1 FOLLOWER]: Advancing to term 2
I20260608 10:01:05.930675 31864 consensus_queue.cc:237] T 2611d5e233854d46b01f3a08d9c0c3ec P 6faadf30c626498fadcaac1d8e4dcc12 [LEADER]: Queue going to LEADER mode. State: All replicated index: 0, Majority replicated index: 1, Committed index: 1, Last appended: 1.1, Last appended by leader: 0, Current term: 1, Majority size: 2, State: 0, Mode: LEADER, active raft config: opid_index: 2 OBSOLETE_local: false peers { permanent_uuid: "9bbaa5f69b1e4bdfaa06c8b58538255a" member_type: VOTER last_known_addr { host: "127.28.37.65" port: 37093 } } peers { permanent_uuid: "6faadf30c626498fadcaac1d8e4dcc12" member_type: VOTER last_known_addr { host: "127.28.37.66" port: 38197 } } peers { permanent_uuid: "b367c285500b4de4acd45df4fbc58f71" member_type: VOTER last_known_addr { host: "127.28.37.67" port: 34187 } attrs { replace: true } } peers { permanent_uuid: "b333bea324f2401fba213dc2286634f1" member_type: NON_VOTER last_known_addr { host: "127.28.37.68" port: 41071 } attrs { promote: true } }
I20260608 10:01:05.932534 31939 raft_consensus.cc:2468] T d5974dd5a87044739e143d54ed55eed9 P b367c285500b4de4acd45df4fbc58f71 [term 2 FOLLOWER]: Leader election vote request: Granting yes vote for candidate 6faadf30c626498fadcaac1d8e4dcc12 in term 2.
I20260608 10:01:05.930480 31830 leader_election.cc:304] T d5974dd5a87044739e143d54ed55eed9 P 6faadf30c626498fadcaac1d8e4dcc12 [CANDIDATE]: Term 2 election: Election decided. Result: candidate won. Election summary: received 2 responses out of 3 voters: 2 yes votes; 0 no votes. yes voters: 6faadf30c626498fadcaac1d8e4dcc12, 9bbaa5f69b1e4bdfaa06c8b58538255a; no voters: 
I20260608 10:01:05.933987 32304 raft_consensus.cc:2804] T d5974dd5a87044739e143d54ed55eed9 P 6faadf30c626498fadcaac1d8e4dcc12 [term 2 FOLLOWER]: Leader election won for term 2
I20260608 10:01:05.934461 32304 raft_consensus.cc:697] T d5974dd5a87044739e143d54ed55eed9 P 6faadf30c626498fadcaac1d8e4dcc12 [term 2 LEADER]: Becoming Leader. State: Replica: 6faadf30c626498fadcaac1d8e4dcc12, State: Running, Role: LEADER
I20260608 10:01:05.935302 32304 consensus_queue.cc:237] T d5974dd5a87044739e143d54ed55eed9 P 6faadf30c626498fadcaac1d8e4dcc12 [LEADER]: Queue going to LEADER mode. State: All replicated index: 0, Majority replicated index: 1, Committed index: 1, Last appended: 1.1, Last appended by leader: 1, Current term: 2, Majority size: 2, State: 0, Mode: LEADER, active raft config: opid_index: -1 OBSOLETE_local: false peers { permanent_uuid: "6faadf30c626498fadcaac1d8e4dcc12" member_type: VOTER last_known_addr { host: "127.28.37.66" port: 38197 } } peers { permanent_uuid: "9bbaa5f69b1e4bdfaa06c8b58538255a" member_type: VOTER last_known_addr { host: "127.28.37.65" port: 37093 } } peers { permanent_uuid: "b367c285500b4de4acd45df4fbc58f71" member_type: VOTER last_known_addr { host: "127.28.37.67" port: 34187 } }
W20260608 10:01:05.945729 31830 consensus_peers.cc:597] T 2611d5e233854d46b01f3a08d9c0c3ec P 6faadf30c626498fadcaac1d8e4dcc12 -> Peer b333bea324f2401fba213dc2286634f1 (127.28.37.68:41071): Couldn't send request to peer b333bea324f2401fba213dc2286634f1. Error code: TABLET_NOT_FOUND (6). Status: Not found: Tablet not found: 2611d5e233854d46b01f3a08d9c0c3ec. This is attempt 1: this message will repeat every 5th retry.
I20260608 10:01:05.945853 31790 raft_consensus.cc:1275] T 2611d5e233854d46b01f3a08d9c0c3ec P 9bbaa5f69b1e4bdfaa06c8b58538255a [term 1 FOLLOWER]: Refusing update from remote peer 6faadf30c626498fadcaac1d8e4dcc12: Log matching property violated. Preceding OpId in replica: term: 1 index: 1. Preceding OpId from leader: term: 1 index: 2. (index mismatch)
I20260608 10:01:05.947743 31939 raft_consensus.cc:1275] T 2611d5e233854d46b01f3a08d9c0c3ec P b367c285500b4de4acd45df4fbc58f71 [term 1 FOLLOWER]: Refusing update from remote peer 6faadf30c626498fadcaac1d8e4dcc12: Log matching property violated. Preceding OpId in replica: term: 1 index: 1. Preceding OpId from leader: term: 1 index: 2. (index mismatch)
I20260608 10:01:05.947484 32318 consensus_queue.cc:1048] T 2611d5e233854d46b01f3a08d9c0c3ec P 6faadf30c626498fadcaac1d8e4dcc12 [LEADER]: Connected to new peer: Peer: permanent_uuid: "9bbaa5f69b1e4bdfaa06c8b58538255a" member_type: VOTER last_known_addr { host: "127.28.37.65" port: 37093 }, Status: LMP_MISMATCH, Last received: 0.0, Next index: 2, Last known committed idx: 1, Time since last communication: 0.000s
I20260608 10:01:05.949607 32318 consensus_queue.cc:1048] T 2611d5e233854d46b01f3a08d9c0c3ec P 6faadf30c626498fadcaac1d8e4dcc12 [LEADER]: Connected to new peer: Peer: permanent_uuid: "b367c285500b4de4acd45df4fbc58f71" member_type: VOTER last_known_addr { host: "127.28.37.67" port: 34187 } attrs { replace: true }, Status: LMP_MISMATCH, Last received: 0.0, Next index: 2, Last known committed idx: 1, Time since last communication: 0.000s
I20260608 10:01:05.949820 31684 catalog_manager.cc:5696] T d5974dd5a87044739e143d54ed55eed9 P 6faadf30c626498fadcaac1d8e4dcc12 reported cstate change: term changed from 1 to 2, leader changed from 9bbaa5f69b1e4bdfaa06c8b58538255a (127.28.37.65) to 6faadf30c626498fadcaac1d8e4dcc12 (127.28.37.66). New cstate: current_term: 2 leader_uuid: "6faadf30c626498fadcaac1d8e4dcc12" committed_config { opid_index: -1 OBSOLETE_local: false peers { permanent_uuid: "6faadf30c626498fadcaac1d8e4dcc12" member_type: VOTER last_known_addr { host: "127.28.37.66" port: 38197 } health_report { overall_health: HEALTHY } } peers { permanent_uuid: "9bbaa5f69b1e4bdfaa06c8b58538255a" member_type: VOTER last_known_addr { host: "127.28.37.65" port: 37093 } health_report { overall_health: UNKNOWN } } peers { permanent_uuid: "b367c285500b4de4acd45df4fbc58f71" member_type: VOTER last_known_addr { host: "127.28.37.67" port: 34187 } health_report { overall_health: UNKNOWN } } }
I20260608 10:01:05.957065 32318 raft_consensus.cc:2955] T 2611d5e233854d46b01f3a08d9c0c3ec P 6faadf30c626498fadcaac1d8e4dcc12 [term 1 LEADER]: Committing config change with OpId 1.2: config changed from index -1 to 2, NON_VOTER b333bea324f2401fba213dc2286634f1 (127.28.37.68) added. New config: { opid_index: 2 OBSOLETE_local: false peers { permanent_uuid: "9bbaa5f69b1e4bdfaa06c8b58538255a" member_type: VOTER last_known_addr { host: "127.28.37.65" port: 37093 } } peers { permanent_uuid: "6faadf30c626498fadcaac1d8e4dcc12" member_type: VOTER last_known_addr { host: "127.28.37.66" port: 38197 } } peers { permanent_uuid: "b367c285500b4de4acd45df4fbc58f71" member_type: VOTER last_known_addr { host: "127.28.37.67" port: 34187 } attrs { replace: true } } peers { permanent_uuid: "b333bea324f2401fba213dc2286634f1" member_type: NON_VOTER last_known_addr { host: "127.28.37.68" port: 41071 } attrs { promote: true } } }
I20260608 10:01:05.959064 31790 raft_consensus.cc:2955] T 2611d5e233854d46b01f3a08d9c0c3ec P 9bbaa5f69b1e4bdfaa06c8b58538255a [term 1 FOLLOWER]: Committing config change with OpId 1.2: config changed from index -1 to 2, NON_VOTER b333bea324f2401fba213dc2286634f1 (127.28.37.68) added. New config: { opid_index: 2 OBSOLETE_local: false peers { permanent_uuid: "9bbaa5f69b1e4bdfaa06c8b58538255a" member_type: VOTER last_known_addr { host: "127.28.37.65" port: 37093 } } peers { permanent_uuid: "6faadf30c626498fadcaac1d8e4dcc12" member_type: VOTER last_known_addr { host: "127.28.37.66" port: 38197 } } peers { permanent_uuid: "b367c285500b4de4acd45df4fbc58f71" member_type: VOTER last_known_addr { host: "127.28.37.67" port: 34187 } attrs { replace: true } } peers { permanent_uuid: "b333bea324f2401fba213dc2286634f1" member_type: NON_VOTER last_known_addr { host: "127.28.37.68" port: 41071 } attrs { promote: true } } }
I20260608 10:01:05.960004 31939 raft_consensus.cc:2955] T 2611d5e233854d46b01f3a08d9c0c3ec P b367c285500b4de4acd45df4fbc58f71 [term 1 FOLLOWER]: Committing config change with OpId 1.2: config changed from index -1 to 2, NON_VOTER b333bea324f2401fba213dc2286634f1 (127.28.37.68) added. New config: { opid_index: 2 OBSOLETE_local: false peers { permanent_uuid: "9bbaa5f69b1e4bdfaa06c8b58538255a" member_type: VOTER last_known_addr { host: "127.28.37.65" port: 37093 } } peers { permanent_uuid: "6faadf30c626498fadcaac1d8e4dcc12" member_type: VOTER last_known_addr { host: "127.28.37.66" port: 38197 } } peers { permanent_uuid: "b367c285500b4de4acd45df4fbc58f71" member_type: VOTER last_known_addr { host: "127.28.37.67" port: 34187 } attrs { replace: true } } peers { permanent_uuid: "b333bea324f2401fba213dc2286634f1" member_type: NON_VOTER last_known_addr { host: "127.28.37.68" port: 41071 } attrs { promote: true } } }
I20260608 10:01:05.976620 31684 catalog_manager.cc:5696] T 2611d5e233854d46b01f3a08d9c0c3ec P 9bbaa5f69b1e4bdfaa06c8b58538255a reported cstate change: config changed from index -1 to 2, NON_VOTER b333bea324f2401fba213dc2286634f1 (127.28.37.68) added. New cstate: current_term: 1 leader_uuid: "6faadf30c626498fadcaac1d8e4dcc12" committed_config { opid_index: 2 OBSOLETE_local: false peers { permanent_uuid: "9bbaa5f69b1e4bdfaa06c8b58538255a" member_type: VOTER last_known_addr { host: "127.28.37.65" port: 37093 } } peers { permanent_uuid: "6faadf30c626498fadcaac1d8e4dcc12" member_type: VOTER last_known_addr { host: "127.28.37.66" port: 38197 } } peers { permanent_uuid: "b367c285500b4de4acd45df4fbc58f71" member_type: VOTER last_known_addr { host: "127.28.37.67" port: 34187 } attrs { replace: true } } peers { permanent_uuid: "b333bea324f2401fba213dc2286634f1" member_type: NON_VOTER last_known_addr { host: "127.28.37.68" port: 41071 } attrs { promote: true } } }
I20260608 10:01:06.215492 32323 ts_tablet_manager.cc:933] T bbe6758bf0074f95bc4633646d530520 P 6faadf30c626498fadcaac1d8e4dcc12: Initiating tablet copy from peer 9bbaa5f69b1e4bdfaa06c8b58538255a (127.28.37.65:37093)
I20260608 10:01:06.218175 32323 tablet_copy_client.cc:323] T bbe6758bf0074f95bc4633646d530520 P 6faadf30c626498fadcaac1d8e4dcc12: tablet copy: Beginning tablet copy session from remote peer at address 127.28.37.65:37093
I20260608 10:01:06.220141 31800 tablet_copy_service.cc:140] P 9bbaa5f69b1e4bdfaa06c8b58538255a: Received BeginTabletCopySession request for tablet bbe6758bf0074f95bc4633646d530520 from peer 6faadf30c626498fadcaac1d8e4dcc12 ({username='slave'} at 127.0.0.1:55878)
I20260608 10:01:06.220777 31800 tablet_copy_service.cc:161] P 9bbaa5f69b1e4bdfaa06c8b58538255a: Beginning new tablet copy session on tablet bbe6758bf0074f95bc4633646d530520 from peer 6faadf30c626498fadcaac1d8e4dcc12 at {username='slave'} at 127.0.0.1:55878: session id = 6faadf30c626498fadcaac1d8e4dcc12-bbe6758bf0074f95bc4633646d530520
I20260608 10:01:06.228976 31800 tablet_copy_source_session.cc:215] T bbe6758bf0074f95bc4633646d530520 P 9bbaa5f69b1e4bdfaa06c8b58538255a: Tablet Copy: opened 0 blocks and 1 log segments
I20260608 10:01:06.232244 32323 data_dirs.cc:400] Could only allocate 1 dirs of requested 3 for tablet bbe6758bf0074f95bc4633646d530520. 1 dirs total, 0 dirs full, 0 dirs failed
I20260608 10:01:06.244942 32323 tablet_copy_client.cc:806] T bbe6758bf0074f95bc4633646d530520 P 6faadf30c626498fadcaac1d8e4dcc12: tablet copy: Starting download of 0 data blocks...
I20260608 10:01:06.245559 32323 tablet_copy_client.cc:670] T bbe6758bf0074f95bc4633646d530520 P 6faadf30c626498fadcaac1d8e4dcc12: tablet copy: Starting download of 1 WAL segments...
I20260608 10:01:06.250123 32323 tablet_copy_client.cc:538] T bbe6758bf0074f95bc4633646d530520 P 6faadf30c626498fadcaac1d8e4dcc12: tablet copy: Tablet Copy complete. Replacing tablet superblock.
I20260608 10:01:06.257341 32323 tablet_bootstrap.cc:492] T bbe6758bf0074f95bc4633646d530520 P 6faadf30c626498fadcaac1d8e4dcc12: Bootstrap starting.
I20260608 10:01:06.278889 32323 tablet_bootstrap.cc:492] T bbe6758bf0074f95bc4633646d530520 P 6faadf30c626498fadcaac1d8e4dcc12: Bootstrap replayed 1/1 log segments. Stats: ops{read=2 overwritten=0 applied=2 ignored=0} inserts{seen=0 ignored=0} mutations{seen=0 ignored=0} orphaned_commits=0. Pending: 0 replicates
I20260608 10:01:06.279949 32323 tablet_bootstrap.cc:492] T bbe6758bf0074f95bc4633646d530520 P 6faadf30c626498fadcaac1d8e4dcc12: Bootstrap complete.
I20260608 10:01:06.280679 32323 ts_tablet_manager.cc:1403] T bbe6758bf0074f95bc4633646d530520 P 6faadf30c626498fadcaac1d8e4dcc12: Time spent bootstrapping tablet: real 0.024s	user 0.020s	sys 0.004s
I20260608 10:01:06.283991 32323 raft_consensus.cc:359] T bbe6758bf0074f95bc4633646d530520 P 6faadf30c626498fadcaac1d8e4dcc12 [term 1 LEARNER]: Replica starting. Triggering 0 pending ops. Active config: opid_index: 2 OBSOLETE_local: false peers { permanent_uuid: "b367c285500b4de4acd45df4fbc58f71" member_type: VOTER last_known_addr { host: "127.28.37.67" port: 34187 } } peers { permanent_uuid: "9bbaa5f69b1e4bdfaa06c8b58538255a" member_type: VOTER last_known_addr { host: "127.28.37.65" port: 37093 } } peers { permanent_uuid: "b333bea324f2401fba213dc2286634f1" member_type: VOTER last_known_addr { host: "127.28.37.68" port: 41071 } attrs { replace: true } } peers { permanent_uuid: "6faadf30c626498fadcaac1d8e4dcc12" member_type: NON_VOTER last_known_addr { host: "127.28.37.66" port: 38197 } attrs { promote: true } }
I20260608 10:01:06.284860 32323 raft_consensus.cc:740] T bbe6758bf0074f95bc4633646d530520 P 6faadf30c626498fadcaac1d8e4dcc12 [term 1 LEARNER]: Becoming Follower/Learner. State: Replica: 6faadf30c626498fadcaac1d8e4dcc12, State: Initialized, Role: LEARNER
I20260608 10:01:06.285584 32323 consensus_queue.cc:260] T bbe6758bf0074f95bc4633646d530520 P 6faadf30c626498fadcaac1d8e4dcc12 [NON_LEADER]: Queue going to NON_LEADER mode. State: All replicated index: 0, Majority replicated index: 0, Committed index: 2, Last appended: 1.2, Last appended by leader: 2, Current term: 0, Majority size: -1, State: 0, Mode: NON_LEADER, active raft config: opid_index: 2 OBSOLETE_local: false peers { permanent_uuid: "b367c285500b4de4acd45df4fbc58f71" member_type: VOTER last_known_addr { host: "127.28.37.67" port: 34187 } } peers { permanent_uuid: "9bbaa5f69b1e4bdfaa06c8b58538255a" member_type: VOTER last_known_addr { host: "127.28.37.65" port: 37093 } } peers { permanent_uuid: "b333bea324f2401fba213dc2286634f1" member_type: VOTER last_known_addr { host: "127.28.37.68" port: 41071 } attrs { replace: true } } peers { permanent_uuid: "6faadf30c626498fadcaac1d8e4dcc12" member_type: NON_VOTER last_known_addr { host: "127.28.37.66" port: 38197 } attrs { promote: true } }
I20260608 10:01:06.288225 32323 ts_tablet_manager.cc:1434] T bbe6758bf0074f95bc4633646d530520 P 6faadf30c626498fadcaac1d8e4dcc12: Time spent starting tablet: real 0.007s	user 0.006s	sys 0.000s
I20260608 10:01:06.290030 31800 tablet_copy_service.cc:342] P 9bbaa5f69b1e4bdfaa06c8b58538255a: Request end of tablet copy session 6faadf30c626498fadcaac1d8e4dcc12-bbe6758bf0074f95bc4633646d530520 received from {username='slave'} at 127.0.0.1:55878
I20260608 10:01:06.290524 31800 tablet_copy_service.cc:434] P 9bbaa5f69b1e4bdfaa06c8b58538255a: ending tablet copy session 6faadf30c626498fadcaac1d8e4dcc12-bbe6758bf0074f95bc4633646d530520 on tablet bbe6758bf0074f95bc4633646d530520 with peer 6faadf30c626498fadcaac1d8e4dcc12
I20260608 10:01:06.393004 32326 ts_tablet_manager.cc:933] T 61e4178bcf3b473cbc7f4034c963e461 P b367c285500b4de4acd45df4fbc58f71: Initiating tablet copy from peer 6faadf30c626498fadcaac1d8e4dcc12 (127.28.37.66:38197)
I20260608 10:01:06.395360 32326 tablet_copy_client.cc:323] T 61e4178bcf3b473cbc7f4034c963e461 P b367c285500b4de4acd45df4fbc58f71: tablet copy: Beginning tablet copy session from remote peer at address 127.28.37.66:38197
I20260608 10:01:06.396550 31790 raft_consensus.cc:1275] T d5974dd5a87044739e143d54ed55eed9 P 9bbaa5f69b1e4bdfaa06c8b58538255a [term 2 FOLLOWER]: Refusing update from remote peer 6faadf30c626498fadcaac1d8e4dcc12: Log matching property violated. Preceding OpId in replica: term: 1 index: 1. Preceding OpId from leader: term: 2 index: 2. (index mismatch)
I20260608 10:01:06.397660 31875 tablet_copy_service.cc:140] P 6faadf30c626498fadcaac1d8e4dcc12: Received BeginTabletCopySession request for tablet 61e4178bcf3b473cbc7f4034c963e461 from peer b367c285500b4de4acd45df4fbc58f71 ({username='slave'} at 127.0.0.1:54776)
I20260608 10:01:06.398329 31875 tablet_copy_service.cc:161] P 6faadf30c626498fadcaac1d8e4dcc12: Beginning new tablet copy session on tablet 61e4178bcf3b473cbc7f4034c963e461 from peer b367c285500b4de4acd45df4fbc58f71 at {username='slave'} at 127.0.0.1:54776: session id = b367c285500b4de4acd45df4fbc58f71-61e4178bcf3b473cbc7f4034c963e461
I20260608 10:01:06.398097 32322 consensus_queue.cc:1048] T d5974dd5a87044739e143d54ed55eed9 P 6faadf30c626498fadcaac1d8e4dcc12 [LEADER]: Connected to new peer: Peer: permanent_uuid: "9bbaa5f69b1e4bdfaa06c8b58538255a" member_type: VOTER last_known_addr { host: "127.28.37.65" port: 37093 }, Status: LMP_MISMATCH, Last received: 0.0, Next index: 2, Last known committed idx: 1, Time since last communication: 0.000s
I20260608 10:01:06.404798 31875 tablet_copy_source_session.cc:215] T 61e4178bcf3b473cbc7f4034c963e461 P 6faadf30c626498fadcaac1d8e4dcc12: Tablet Copy: opened 0 blocks and 1 log segments
I20260608 10:01:06.409189 32326 data_dirs.cc:400] Could only allocate 1 dirs of requested 3 for tablet 61e4178bcf3b473cbc7f4034c963e461. 1 dirs total, 0 dirs full, 0 dirs failed
I20260608 10:01:06.416860 31939 raft_consensus.cc:1275] T d5974dd5a87044739e143d54ed55eed9 P b367c285500b4de4acd45df4fbc58f71 [term 2 FOLLOWER]: Refusing update from remote peer 6faadf30c626498fadcaac1d8e4dcc12: Log matching property violated. Preceding OpId in replica: term: 1 index: 1. Preceding OpId from leader: term: 2 index: 2. (index mismatch)
