I20260608 10:00:06.399804 29756 master_service.cc:502] Signed X509 certificate for tserver {username='slave'} at 127.0.0.1:49686
I20260608 10:00:06.400349 28114 server_base.cc:909] This appears to be a new deployment of Kudu; creating new FS layout
I20260608 10:00:06.401654 28114 fs_manager.cc:1068] Generated new instance metadata in path /tmp/dist-test-taskENZrQc/test-tmp/auto_rebalancer-test.0.AutoRebalancerTest.MovesScheduledIfAddTserver.1780912782877568-28114-0/minicluster-data/ts-1-root/instance:
uuid: "4fb727d81e734146ad4edc3dbebd5be0"
format_stamp: "Formatted at 2026-06-08 10:00:06 on dist-test-slave-fmbk"
I20260608 10:00:06.406138 28114 fs_manager.cc:696] Time spent creating directory manager: real 0.004s	user 0.004s	sys 0.000s
I20260608 10:00:06.409694 29895 log_block_manager.cc:4031] Time spent loading block containers with low live blocks: real 0.000s	user 0.000s	sys 0.000s
I20260608 10:00:06.410558 28114 fs_manager.cc:730] Time spent opening block manager: real 0.003s	user 0.003s	sys 0.000s
I20260608 10:00:06.410897 28114 fs_manager.cc:647] Opened local filesystem: /tmp/dist-test-taskENZrQc/test-tmp/auto_rebalancer-test.0.AutoRebalancerTest.MovesScheduledIfAddTserver.1780912782877568-28114-0/minicluster-data/ts-1-root
uuid: "4fb727d81e734146ad4edc3dbebd5be0"
format_stamp: "Formatted at 2026-06-08 10:00:06 on dist-test-slave-fmbk"
I20260608 10:00:06.411221 28114 fs_report.cc:389] FS layout report
--------------------
wal directory: /tmp/dist-test-taskENZrQc/test-tmp/auto_rebalancer-test.0.AutoRebalancerTest.MovesScheduledIfAddTserver.1780912782877568-28114-0/minicluster-data/ts-1-root
metadata directory: /tmp/dist-test-taskENZrQc/test-tmp/auto_rebalancer-test.0.AutoRebalancerTest.MovesScheduledIfAddTserver.1780912782877568-28114-0/minicluster-data/ts-1-root
1 data directories: /tmp/dist-test-taskENZrQc/test-tmp/auto_rebalancer-test.0.AutoRebalancerTest.MovesScheduledIfAddTserver.1780912782877568-28114-0/minicluster-data/ts-1-root/data
Total live blocks: 0
Total live bytes: 0
Total live bytes (after alignment): 0
Total number of LBM containers: 0 (0 full)
Did not check for missing blocks
Did not check for orphaned blocks
Total full LBM containers with extra space: 0 (0 repaired)
Total full LBM container extra space in bytes: 0 (0 repaired)
Total incomplete LBM containers: 0 (0 repaired)
Total LBM partial records: 0 (0 repaired)
Total corrupted LBM metadata records in RocksDB: 0 (0 repaired)
I20260608 10:00:06.442546 28114 rpc_server.cc:225] running with OpenSSL 1.1.1  11 Sep 2018
I20260608 10:00:06.443761 28114 kserver.cc:163] Server-wide thread pool size limit: 3276
I20260608 10:00:06.445282 28114 txn_system_client.cc:432] TxnSystemClient initialization is disabled...
I20260608 10:00:06.447665 28114 ts_tablet_manager.cc:585] Loaded tablet metadata (0 total tablets, 0 live tablets)
I20260608 10:00:06.447897 28114 ts_tablet_manager.cc:531] Time spent load tablet metadata: real 0.000s	user 0.000s	sys 0.000s
I20260608 10:00:06.448143 28114 ts_tablet_manager.cc:616] Registered 0 tablets
I20260608 10:00:06.448328 28114 ts_tablet_manager.cc:595] Time spent register tablets: real 0.000s	user 0.000s	sys 0.000s
I20260608 10:00:06.488559 28114 rpc_server.cc:307] RPC server started. Bound to: 127.27.116.130:45163
I20260608 10:00:06.488700 29957 acceptor_pool.cc:272] collecting diagnostics on the listening RPC socket 127.27.116.130:45163 every 8 connection(s)
I20260608 10:00:06.494076 28114 file_cache.cc:492] Constructed file cache file cache with capacity 419430
W20260608 10:00:06.502192 29961 instance_detector.cc:116] could not retrieve AWS instance metadata: Network error: curl error: HTTP response code said error: The requested URL returned error: 404
W20260608 10:00:06.504221 29962 instance_detector.cc:116] could not retrieve Azure instance metadata: Network error: curl error: HTTP response code said error: The requested URL returned error: 404
I20260608 10:00:06.505820 28114 server_base.cc:1061] running on GCE node
W20260608 10:00:06.505853 29964 instance_detector.cc:116] could not retrieve OpenStack instance metadata: Network error: curl error: HTTP response code said error: The requested URL returned error: 404
I20260608 10:00:06.506986 28114 hybrid_clock.cc:584] initializing the hybrid clock with 'system_unsync' time source
W20260608 10:00:06.507294 28114 system_unsync_time.cc:38] NTP support is disabled. Clock error bounds will not be accurate. This configuration is not suitable for distributed clusters.
I20260608 10:00:06.507481 28114 hybrid_clock.cc:648] HybridClock initialized: now 1780912806507463 us; error 0 us; skew 500 ppm
I20260608 10:00:06.508199 28114 server_base.cc:861] Flag tcmalloc_max_total_thread_cache_bytes is not working since tcmalloc is not enabled.
I20260608 10:00:06.510849 29958 heartbeater.cc:344] Connected to a master server at 127.27.116.190:44635
I20260608 10:00:06.511060 28114 webserver.cc:533] Webserver started at http://127.27.116.131:39745/ using document root <none> and password file <none>
I20260608 10:00:06.511250 29958 heartbeater.cc:461] Registering TS with master...
I20260608 10:00:06.511729 28114 fs_manager.cc:362] Metadata directory not provided
I20260608 10:00:06.511988 28114 fs_manager.cc:368] Using write-ahead log directory (fs_wal_dir) as metadata directory
I20260608 10:00:06.512301 28114 server_base.cc:909] This appears to be a new deployment of Kudu; creating new FS layout
I20260608 10:00:06.512269 29958 heartbeater.cc:507] Master 127.27.116.190:44635 requested a full tablet report, sending...
I20260608 10:00:06.513927 28114 fs_manager.cc:1068] Generated new instance metadata in path /tmp/dist-test-taskENZrQc/test-tmp/auto_rebalancer-test.0.AutoRebalancerTest.MovesScheduledIfAddTserver.1780912782877568-28114-0/minicluster-data/ts-2-root/instance:
uuid: "cb79909152da464da3c15f5d226feb3d"
format_stamp: "Formatted at 2026-06-08 10:00:06 on dist-test-slave-fmbk"
I20260608 10:00:06.514783 29756 ts_manager.cc:194] Registered new tserver with Master: 4fb727d81e734146ad4edc3dbebd5be0 (127.27.116.130:45163)
I20260608 10:00:06.516638 29756 master_service.cc:502] Signed X509 certificate for tserver {username='slave'} at 127.0.0.1:49690
I20260608 10:00:06.519316 28114 fs_manager.cc:696] Time spent creating directory manager: real 0.005s	user 0.005s	sys 0.000s
I20260608 10:00:06.522855 29969 log_block_manager.cc:4031] Time spent loading block containers with low live blocks: real 0.000s	user 0.000s	sys 0.000s
I20260608 10:00:06.523659 28114 fs_manager.cc:730] Time spent opening block manager: real 0.002s	user 0.003s	sys 0.000s
I20260608 10:00:06.523908 28114 fs_manager.cc:647] Opened local filesystem: /tmp/dist-test-taskENZrQc/test-tmp/auto_rebalancer-test.0.AutoRebalancerTest.MovesScheduledIfAddTserver.1780912782877568-28114-0/minicluster-data/ts-2-root
uuid: "cb79909152da464da3c15f5d226feb3d"
format_stamp: "Formatted at 2026-06-08 10:00:06 on dist-test-slave-fmbk"
I20260608 10:00:06.524144 28114 fs_report.cc:389] FS layout report
--------------------
wal directory: /tmp/dist-test-taskENZrQc/test-tmp/auto_rebalancer-test.0.AutoRebalancerTest.MovesScheduledIfAddTserver.1780912782877568-28114-0/minicluster-data/ts-2-root
metadata directory: /tmp/dist-test-taskENZrQc/test-tmp/auto_rebalancer-test.0.AutoRebalancerTest.MovesScheduledIfAddTserver.1780912782877568-28114-0/minicluster-data/ts-2-root
1 data directories: /tmp/dist-test-taskENZrQc/test-tmp/auto_rebalancer-test.0.AutoRebalancerTest.MovesScheduledIfAddTserver.1780912782877568-28114-0/minicluster-data/ts-2-root/data
Total live blocks: 0
Total live bytes: 0
Total live bytes (after alignment): 0
Total number of LBM containers: 0 (0 full)
Did not check for missing blocks
Did not check for orphaned blocks
Total full LBM containers with extra space: 0 (0 repaired)
Total full LBM container extra space in bytes: 0 (0 repaired)
Total incomplete LBM containers: 0 (0 repaired)
Total LBM partial records: 0 (0 repaired)
Total corrupted LBM metadata records in RocksDB: 0 (0 repaired)
I20260608 10:00:06.559108 28114 rpc_server.cc:225] running with OpenSSL 1.1.1  11 Sep 2018
I20260608 10:00:06.560314 28114 kserver.cc:163] Server-wide thread pool size limit: 3276
I20260608 10:00:06.561745 28114 txn_system_client.cc:432] TxnSystemClient initialization is disabled...
I20260608 10:00:06.564050 28114 ts_tablet_manager.cc:585] Loaded tablet metadata (0 total tablets, 0 live tablets)
I20260608 10:00:06.564236 28114 ts_tablet_manager.cc:531] Time spent load tablet metadata: real 0.000s	user 0.000s	sys 0.000s
I20260608 10:00:06.564529 28114 ts_tablet_manager.cc:616] Registered 0 tablets
I20260608 10:00:06.564679 28114 ts_tablet_manager.cc:595] Time spent register tablets: real 0.000s	user 0.000s	sys 0.000s
I20260608 10:00:06.606045 28114 rpc_server.cc:307] RPC server started. Bound to: 127.27.116.131:40333
I20260608 10:00:06.606173 30031 acceptor_pool.cc:272] collecting diagnostics on the listening RPC socket 127.27.116.131:40333 every 8 connection(s)
I20260608 10:00:06.620657 30032 heartbeater.cc:344] Connected to a master server at 127.27.116.190:44635
I20260608 10:00:06.621107 30032 heartbeater.cc:461] Registering TS with master...
I20260608 10:00:06.621877 30032 heartbeater.cc:507] Master 127.27.116.190:44635 requested a full tablet report, sending...
I20260608 10:00:06.623931 29756 ts_manager.cc:194] Registered new tserver with Master: cb79909152da464da3c15f5d226feb3d (127.27.116.131:40333)
I20260608 10:00:06.624341 28114 internal_mini_cluster.cc:371] 3 TS(s) registered with all masters after 0.014787237s
I20260608 10:00:06.625936 29756 master_service.cc:502] Signed X509 certificate for tserver {username='slave'} at 127.0.0.1:49694
I20260608 10:00:07.402609 29883 heartbeater.cc:499] Master 127.27.116.190:44635 was elected leader, sending a full tablet report...
I20260608 10:00:07.519636 29958 heartbeater.cc:499] Master 127.27.116.190:44635 was elected leader, sending a full tablet report...
I20260608 10:00:07.628801 30032 heartbeater.cc:499] Master 127.27.116.190:44635 was elected leader, sending a full tablet report...
I20260608 10:00:07.680878 29756 catalog_manager.cc:2282] Servicing CreateTable request from {username='slave'} at 127.0.0.1:49704:
name: "test-workload"
schema {
  columns {
    name: "key"
    type: INT32
    is_key: true
    is_nullable: false
    encoding: AUTO_ENCODING
    compression: DEFAULT_COMPRESSION
    cfile_block_size: 0
    immutable: false
  }
  columns {
    name: "int_val"
    type: INT32
    is_key: false
    is_nullable: false
    encoding: AUTO_ENCODING
    compression: DEFAULT_COMPRESSION
    cfile_block_size: 0
    immutable: false
  }
  columns {
    name: "string_val"
    type: STRING
    is_key: false
    is_nullable: true
    encoding: AUTO_ENCODING
    compression: DEFAULT_COMPRESSION
    cfile_block_size: 0
    immutable: false
  }
}
num_replicas: 3
split_rows_range_bounds {
  rows: "\004\001\000\377\377\377?""\004\001\000\377\377\377?"
  indirect_data: """"
}
partition_schema {
  range_schema {
    columns {
      name: "key"
    }
  }
}
W20260608 10:00:07.682991 29756 catalog_manager.cc:7076] The number of live tablet servers is not enough to re-replicate a tablet replica of the newly created table test-workload in case of a server failure: 4 tablet servers would be needed, 3 are available. Consider bringing up more tablet servers.
I20260608 10:00:07.732657 29997 tablet_service.cc:1511] Processing CreateTablet for tablet 1039092bd7e24640ac348a62f827ff1c (DEFAULT_TABLE table=test-workload [id=412481896549429dab0bbe7c571df3b9]), partition=RANGE (key) PARTITION VALUES < 1073741823
I20260608 10:00:07.734392 29997 data_dirs.cc:400] Could only allocate 1 dirs of requested 3 for tablet 1039092bd7e24640ac348a62f827ff1c. 1 dirs total, 0 dirs full, 0 dirs failed
I20260608 10:00:07.736742 29996 tablet_service.cc:1511] Processing CreateTablet for tablet 66603f531dee48ba8f98996eab58d402 (DEFAULT_TABLE table=test-workload [id=412481896549429dab0bbe7c571df3b9]), partition=RANGE (key) PARTITION 1073741823 <= VALUES
I20260608 10:00:07.736961 29922 tablet_service.cc:1511] Processing CreateTablet for tablet 66603f531dee48ba8f98996eab58d402 (DEFAULT_TABLE table=test-workload [id=412481896549429dab0bbe7c571df3b9]), partition=RANGE (key) PARTITION 1073741823 <= VALUES
I20260608 10:00:07.738368 29996 data_dirs.cc:400] Could only allocate 1 dirs of requested 3 for tablet 66603f531dee48ba8f98996eab58d402. 1 dirs total, 0 dirs full, 0 dirs failed
I20260608 10:00:07.738499 29922 data_dirs.cc:400] Could only allocate 1 dirs of requested 3 for tablet 66603f531dee48ba8f98996eab58d402. 1 dirs total, 0 dirs full, 0 dirs failed
I20260608 10:00:07.736961 29923 tablet_service.cc:1511] Processing CreateTablet for tablet 1039092bd7e24640ac348a62f827ff1c (DEFAULT_TABLE table=test-workload [id=412481896549429dab0bbe7c571df3b9]), partition=RANGE (key) PARTITION VALUES < 1073741823
I20260608 10:00:07.746928 29923 data_dirs.cc:400] Could only allocate 1 dirs of requested 3 for tablet 1039092bd7e24640ac348a62f827ff1c. 1 dirs total, 0 dirs full, 0 dirs failed
I20260608 10:00:07.760752 30052 tablet_bootstrap.cc:492] T 1039092bd7e24640ac348a62f827ff1c P cb79909152da464da3c15f5d226feb3d: Bootstrap starting.
I20260608 10:00:07.764883 29848 tablet_service.cc:1511] Processing CreateTablet for tablet 1039092bd7e24640ac348a62f827ff1c (DEFAULT_TABLE table=test-workload [id=412481896549429dab0bbe7c571df3b9]), partition=RANGE (key) PARTITION VALUES < 1073741823
I20260608 10:00:07.767585 29848 data_dirs.cc:400] Could only allocate 1 dirs of requested 3 for tablet 1039092bd7e24640ac348a62f827ff1c. 1 dirs total, 0 dirs full, 0 dirs failed
I20260608 10:00:07.767884 30053 tablet_bootstrap.cc:492] T 66603f531dee48ba8f98996eab58d402 P 4fb727d81e734146ad4edc3dbebd5be0: Bootstrap starting.
I20260608 10:00:07.770051 29847 tablet_service.cc:1511] Processing CreateTablet for tablet 66603f531dee48ba8f98996eab58d402 (DEFAULT_TABLE table=test-workload [id=412481896549429dab0bbe7c571df3b9]), partition=RANGE (key) PARTITION 1073741823 <= VALUES
I20260608 10:00:07.770850 30052 tablet_bootstrap.cc:654] T 1039092bd7e24640ac348a62f827ff1c P cb79909152da464da3c15f5d226feb3d: Neither blocks nor log segments found. Creating new log.
I20260608 10:00:07.771458 29847 data_dirs.cc:400] Could only allocate 1 dirs of requested 3 for tablet 66603f531dee48ba8f98996eab58d402. 1 dirs total, 0 dirs full, 0 dirs failed
I20260608 10:00:07.777540 30053 tablet_bootstrap.cc:654] T 66603f531dee48ba8f98996eab58d402 P 4fb727d81e734146ad4edc3dbebd5be0: Neither blocks nor log segments found. Creating new log.
I20260608 10:00:07.786356 30052 tablet_bootstrap.cc:492] T 1039092bd7e24640ac348a62f827ff1c P cb79909152da464da3c15f5d226feb3d: No bootstrap required, opened a new log
I20260608 10:00:07.787179 30052 ts_tablet_manager.cc:1403] T 1039092bd7e24640ac348a62f827ff1c P cb79909152da464da3c15f5d226feb3d: Time spent bootstrapping tablet: real 0.027s	user 0.014s	sys 0.008s
I20260608 10:00:07.790443 30053 tablet_bootstrap.cc:492] T 66603f531dee48ba8f98996eab58d402 P 4fb727d81e734146ad4edc3dbebd5be0: No bootstrap required, opened a new log
I20260608 10:00:07.791041 30053 ts_tablet_manager.cc:1403] T 66603f531dee48ba8f98996eab58d402 P 4fb727d81e734146ad4edc3dbebd5be0: Time spent bootstrapping tablet: real 0.024s	user 0.018s	sys 0.004s
I20260608 10:00:07.795264 30056 tablet_bootstrap.cc:492] T 1039092bd7e24640ac348a62f827ff1c P 2fd2fdbfd3df45959c3322c62655e69a: Bootstrap starting.
I20260608 10:00:07.795941 30052 raft_consensus.cc:359] T 1039092bd7e24640ac348a62f827ff1c P cb79909152da464da3c15f5d226feb3d [term 0 FOLLOWER]: Replica starting. Triggering 0 pending ops. Active config: opid_index: -1 OBSOLETE_local: false peers { permanent_uuid: "cb79909152da464da3c15f5d226feb3d" member_type: VOTER last_known_addr { host: "127.27.116.131" port: 40333 } } peers { permanent_uuid: "4fb727d81e734146ad4edc3dbebd5be0" member_type: VOTER last_known_addr { host: "127.27.116.130" port: 45163 } } peers { permanent_uuid: "2fd2fdbfd3df45959c3322c62655e69a" member_type: VOTER last_known_addr { host: "127.27.116.129" port: 34139 } }
I20260608 10:00:07.795717 30053 raft_consensus.cc:359] T 66603f531dee48ba8f98996eab58d402 P 4fb727d81e734146ad4edc3dbebd5be0 [term 0 FOLLOWER]: Replica starting. Triggering 0 pending ops. Active config: opid_index: -1 OBSOLETE_local: false peers { permanent_uuid: "2fd2fdbfd3df45959c3322c62655e69a" member_type: VOTER last_known_addr { host: "127.27.116.129" port: 34139 } } peers { permanent_uuid: "4fb727d81e734146ad4edc3dbebd5be0" member_type: VOTER last_known_addr { host: "127.27.116.130" port: 45163 } } peers { permanent_uuid: "cb79909152da464da3c15f5d226feb3d" member_type: VOTER last_known_addr { host: "127.27.116.131" port: 40333 } }
I20260608 10:00:07.796656 30052 raft_consensus.cc:385] T 1039092bd7e24640ac348a62f827ff1c P cb79909152da464da3c15f5d226feb3d [term 0 FOLLOWER]: Consensus starting up: Expiring failure detector timer to make a prompt election more likely
I20260608 10:00:07.796769 30053 raft_consensus.cc:385] T 66603f531dee48ba8f98996eab58d402 P 4fb727d81e734146ad4edc3dbebd5be0 [term 0 FOLLOWER]: Consensus starting up: Expiring failure detector timer to make a prompt election more likely
I20260608 10:00:07.796985 30052 raft_consensus.cc:740] T 1039092bd7e24640ac348a62f827ff1c P cb79909152da464da3c15f5d226feb3d [term 0 FOLLOWER]: Becoming Follower/Learner. State: Replica: cb79909152da464da3c15f5d226feb3d, State: Initialized, Role: FOLLOWER
I20260608 10:00:07.797201 30053 raft_consensus.cc:740] T 66603f531dee48ba8f98996eab58d402 P 4fb727d81e734146ad4edc3dbebd5be0 [term 0 FOLLOWER]: Becoming Follower/Learner. State: Replica: 4fb727d81e734146ad4edc3dbebd5be0, State: Initialized, Role: FOLLOWER
I20260608 10:00:07.797874 30052 consensus_queue.cc:260] T 1039092bd7e24640ac348a62f827ff1c P cb79909152da464da3c15f5d226feb3d [NON_LEADER]: Queue going to NON_LEADER mode. State: All replicated index: 0, Majority replicated index: 0, Committed index: 0, Last appended: 0.0, Last appended by leader: 0, Current term: 0, Majority size: -1, State: 0, Mode: NON_LEADER, active raft config: opid_index: -1 OBSOLETE_local: false peers { permanent_uuid: "cb79909152da464da3c15f5d226feb3d" member_type: VOTER last_known_addr { host: "127.27.116.131" port: 40333 } } peers { permanent_uuid: "4fb727d81e734146ad4edc3dbebd5be0" member_type: VOTER last_known_addr { host: "127.27.116.130" port: 45163 } } peers { permanent_uuid: "2fd2fdbfd3df45959c3322c62655e69a" member_type: VOTER last_known_addr { host: "127.27.116.129" port: 34139 } }
I20260608 10:00:07.798296 30053 consensus_queue.cc:260] T 66603f531dee48ba8f98996eab58d402 P 4fb727d81e734146ad4edc3dbebd5be0 [NON_LEADER]: Queue going to NON_LEADER mode. State: All replicated index: 0, Majority replicated index: 0, Committed index: 0, Last appended: 0.0, Last appended by leader: 0, Current term: 0, Majority size: -1, State: 0, Mode: NON_LEADER, active raft config: opid_index: -1 OBSOLETE_local: false peers { permanent_uuid: "2fd2fdbfd3df45959c3322c62655e69a" member_type: VOTER last_known_addr { host: "127.27.116.129" port: 34139 } } peers { permanent_uuid: "4fb727d81e734146ad4edc3dbebd5be0" member_type: VOTER last_known_addr { host: "127.27.116.130" port: 45163 } } peers { permanent_uuid: "cb79909152da464da3c15f5d226feb3d" member_type: VOTER last_known_addr { host: "127.27.116.131" port: 40333 } }
I20260608 10:00:07.805111 30056 tablet_bootstrap.cc:654] T 1039092bd7e24640ac348a62f827ff1c P 2fd2fdbfd3df45959c3322c62655e69a: Neither blocks nor log segments found. Creating new log.
I20260608 10:00:07.805560 30053 ts_tablet_manager.cc:1434] T 66603f531dee48ba8f98996eab58d402 P 4fb727d81e734146ad4edc3dbebd5be0: Time spent starting tablet: real 0.014s	user 0.007s	sys 0.005s
I20260608 10:00:07.806883 30053 tablet_bootstrap.cc:492] T 1039092bd7e24640ac348a62f827ff1c P 4fb727d81e734146ad4edc3dbebd5be0: Bootstrap starting.
I20260608 10:00:07.814939 30052 ts_tablet_manager.cc:1434] T 1039092bd7e24640ac348a62f827ff1c P cb79909152da464da3c15f5d226feb3d: Time spent starting tablet: real 0.027s	user 0.008s	sys 0.012s
I20260608 10:00:07.816076 30052 tablet_bootstrap.cc:492] T 66603f531dee48ba8f98996eab58d402 P cb79909152da464da3c15f5d226feb3d: Bootstrap starting.
I20260608 10:00:07.819535 30053 tablet_bootstrap.cc:654] T 1039092bd7e24640ac348a62f827ff1c P 4fb727d81e734146ad4edc3dbebd5be0: Neither blocks nor log segments found. Creating new log.
I20260608 10:00:07.822389 30052 tablet_bootstrap.cc:654] T 66603f531dee48ba8f98996eab58d402 P cb79909152da464da3c15f5d226feb3d: Neither blocks nor log segments found. Creating new log.
I20260608 10:00:07.829124 30056 tablet_bootstrap.cc:492] T 1039092bd7e24640ac348a62f827ff1c P 2fd2fdbfd3df45959c3322c62655e69a: No bootstrap required, opened a new log
I20260608 10:00:07.829741 30056 ts_tablet_manager.cc:1403] T 1039092bd7e24640ac348a62f827ff1c P 2fd2fdbfd3df45959c3322c62655e69a: Time spent bootstrapping tablet: real 0.035s	user 0.014s	sys 0.008s
I20260608 10:00:07.831358 30052 tablet_bootstrap.cc:492] T 66603f531dee48ba8f98996eab58d402 P cb79909152da464da3c15f5d226feb3d: No bootstrap required, opened a new log
I20260608 10:00:07.831907 30052 ts_tablet_manager.cc:1403] T 66603f531dee48ba8f98996eab58d402 P cb79909152da464da3c15f5d226feb3d: Time spent bootstrapping tablet: real 0.016s	user 0.007s	sys 0.007s
I20260608 10:00:07.833251 30053 tablet_bootstrap.cc:492] T 1039092bd7e24640ac348a62f827ff1c P 4fb727d81e734146ad4edc3dbebd5be0: No bootstrap required, opened a new log
I20260608 10:00:07.833849 30053 ts_tablet_manager.cc:1403] T 1039092bd7e24640ac348a62f827ff1c P 4fb727d81e734146ad4edc3dbebd5be0: Time spent bootstrapping tablet: real 0.027s	user 0.012s	sys 0.006s
I20260608 10:00:07.833487 30056 raft_consensus.cc:359] T 1039092bd7e24640ac348a62f827ff1c P 2fd2fdbfd3df45959c3322c62655e69a [term 0 FOLLOWER]: Replica starting. Triggering 0 pending ops. Active config: opid_index: -1 OBSOLETE_local: false peers { permanent_uuid: "cb79909152da464da3c15f5d226feb3d" member_type: VOTER last_known_addr { host: "127.27.116.131" port: 40333 } } peers { permanent_uuid: "4fb727d81e734146ad4edc3dbebd5be0" member_type: VOTER last_known_addr { host: "127.27.116.130" port: 45163 } } peers { permanent_uuid: "2fd2fdbfd3df45959c3322c62655e69a" member_type: VOTER last_known_addr { host: "127.27.116.129" port: 34139 } }
I20260608 10:00:07.834415 30056 raft_consensus.cc:385] T 1039092bd7e24640ac348a62f827ff1c P 2fd2fdbfd3df45959c3322c62655e69a [term 0 FOLLOWER]: Consensus starting up: Expiring failure detector timer to make a prompt election more likely
I20260608 10:00:07.834491 30052 raft_consensus.cc:359] T 66603f531dee48ba8f98996eab58d402 P cb79909152da464da3c15f5d226feb3d [term 0 FOLLOWER]: Replica starting. Triggering 0 pending ops. Active config: opid_index: -1 OBSOLETE_local: false peers { permanent_uuid: "2fd2fdbfd3df45959c3322c62655e69a" member_type: VOTER last_known_addr { host: "127.27.116.129" port: 34139 } } peers { permanent_uuid: "4fb727d81e734146ad4edc3dbebd5be0" member_type: VOTER last_known_addr { host: "127.27.116.130" port: 45163 } } peers { permanent_uuid: "cb79909152da464da3c15f5d226feb3d" member_type: VOTER last_known_addr { host: "127.27.116.131" port: 40333 } }
I20260608 10:00:07.834892 30056 raft_consensus.cc:740] T 1039092bd7e24640ac348a62f827ff1c P 2fd2fdbfd3df45959c3322c62655e69a [term 0 FOLLOWER]: Becoming Follower/Learner. State: Replica: 2fd2fdbfd3df45959c3322c62655e69a, State: Initialized, Role: FOLLOWER
I20260608 10:00:07.835225 30052 raft_consensus.cc:385] T 66603f531dee48ba8f98996eab58d402 P cb79909152da464da3c15f5d226feb3d [term 0 FOLLOWER]: Consensus starting up: Expiring failure detector timer to make a prompt election more likely
I20260608 10:00:07.835572 30052 raft_consensus.cc:740] T 66603f531dee48ba8f98996eab58d402 P cb79909152da464da3c15f5d226feb3d [term 0 FOLLOWER]: Becoming Follower/Learner. State: Replica: cb79909152da464da3c15f5d226feb3d, State: Initialized, Role: FOLLOWER
I20260608 10:00:07.835856 30056 consensus_queue.cc:260] T 1039092bd7e24640ac348a62f827ff1c P 2fd2fdbfd3df45959c3322c62655e69a [NON_LEADER]: Queue going to NON_LEADER mode. State: All replicated index: 0, Majority replicated index: 0, Committed index: 0, Last appended: 0.0, Last appended by leader: 0, Current term: 0, Majority size: -1, State: 0, Mode: NON_LEADER, active raft config: opid_index: -1 OBSOLETE_local: false peers { permanent_uuid: "cb79909152da464da3c15f5d226feb3d" member_type: VOTER last_known_addr { host: "127.27.116.131" port: 40333 } } peers { permanent_uuid: "4fb727d81e734146ad4edc3dbebd5be0" member_type: VOTER last_known_addr { host: "127.27.116.130" port: 45163 } } peers { permanent_uuid: "2fd2fdbfd3df45959c3322c62655e69a" member_type: VOTER last_known_addr { host: "127.27.116.129" port: 34139 } }
I20260608 10:00:07.836370 30052 consensus_queue.cc:260] T 66603f531dee48ba8f98996eab58d402 P cb79909152da464da3c15f5d226feb3d [NON_LEADER]: Queue going to NON_LEADER mode. State: All replicated index: 0, Majority replicated index: 0, Committed index: 0, Last appended: 0.0, Last appended by leader: 0, Current term: 0, Majority size: -1, State: 0, Mode: NON_LEADER, active raft config: opid_index: -1 OBSOLETE_local: false peers { permanent_uuid: "2fd2fdbfd3df45959c3322c62655e69a" member_type: VOTER last_known_addr { host: "127.27.116.129" port: 34139 } } peers { permanent_uuid: "4fb727d81e734146ad4edc3dbebd5be0" member_type: VOTER last_known_addr { host: "127.27.116.130" port: 45163 } } peers { permanent_uuid: "cb79909152da464da3c15f5d226feb3d" member_type: VOTER last_known_addr { host: "127.27.116.131" port: 40333 } }
I20260608 10:00:07.837232 30053 raft_consensus.cc:359] T 1039092bd7e24640ac348a62f827ff1c P 4fb727d81e734146ad4edc3dbebd5be0 [term 0 FOLLOWER]: Replica starting. Triggering 0 pending ops. Active config: opid_index: -1 OBSOLETE_local: false peers { permanent_uuid: "cb79909152da464da3c15f5d226feb3d" member_type: VOTER last_known_addr { host: "127.27.116.131" port: 40333 } } peers { permanent_uuid: "4fb727d81e734146ad4edc3dbebd5be0" member_type: VOTER last_known_addr { host: "127.27.116.130" port: 45163 } } peers { permanent_uuid: "2fd2fdbfd3df45959c3322c62655e69a" member_type: VOTER last_known_addr { host: "127.27.116.129" port: 34139 } }
I20260608 10:00:07.838043 30053 raft_consensus.cc:385] T 1039092bd7e24640ac348a62f827ff1c P 4fb727d81e734146ad4edc3dbebd5be0 [term 0 FOLLOWER]: Consensus starting up: Expiring failure detector timer to make a prompt election more likely
I20260608 10:00:07.838284 30052 ts_tablet_manager.cc:1434] T 66603f531dee48ba8f98996eab58d402 P cb79909152da464da3c15f5d226feb3d: Time spent starting tablet: real 0.006s	user 0.005s	sys 0.000s
I20260608 10:00:07.838383 30053 raft_consensus.cc:740] T 1039092bd7e24640ac348a62f827ff1c P 4fb727d81e734146ad4edc3dbebd5be0 [term 0 FOLLOWER]: Becoming Follower/Learner. State: Replica: 4fb727d81e734146ad4edc3dbebd5be0, State: Initialized, Role: FOLLOWER
I20260608 10:00:07.839516 30053 consensus_queue.cc:260] T 1039092bd7e24640ac348a62f827ff1c P 4fb727d81e734146ad4edc3dbebd5be0 [NON_LEADER]: Queue going to NON_LEADER mode. State: All replicated index: 0, Majority replicated index: 0, Committed index: 0, Last appended: 0.0, Last appended by leader: 0, Current term: 0, Majority size: -1, State: 0, Mode: NON_LEADER, active raft config: opid_index: -1 OBSOLETE_local: false peers { permanent_uuid: "cb79909152da464da3c15f5d226feb3d" member_type: VOTER last_known_addr { host: "127.27.116.131" port: 40333 } } peers { permanent_uuid: "4fb727d81e734146ad4edc3dbebd5be0" member_type: VOTER last_known_addr { host: "127.27.116.130" port: 45163 } } peers { permanent_uuid: "2fd2fdbfd3df45959c3322c62655e69a" member_type: VOTER last_known_addr { host: "127.27.116.129" port: 34139 } }
I20260608 10:00:07.840721 30056 ts_tablet_manager.cc:1434] T 1039092bd7e24640ac348a62f827ff1c P 2fd2fdbfd3df45959c3322c62655e69a: Time spent starting tablet: real 0.011s	user 0.001s	sys 0.007s
I20260608 10:00:07.841780 30056 tablet_bootstrap.cc:492] T 66603f531dee48ba8f98996eab58d402 P 2fd2fdbfd3df45959c3322c62655e69a: Bootstrap starting.
I20260608 10:00:07.842212 30053 ts_tablet_manager.cc:1434] T 1039092bd7e24640ac348a62f827ff1c P 4fb727d81e734146ad4edc3dbebd5be0: Time spent starting tablet: real 0.008s	user 0.004s	sys 0.004s
I20260608 10:00:07.847994 30056 tablet_bootstrap.cc:654] T 66603f531dee48ba8f98996eab58d402 P 2fd2fdbfd3df45959c3322c62655e69a: Neither blocks nor log segments found. Creating new log.
I20260608 10:00:07.857136 30056 tablet_bootstrap.cc:492] T 66603f531dee48ba8f98996eab58d402 P 2fd2fdbfd3df45959c3322c62655e69a: No bootstrap required, opened a new log
I20260608 10:00:07.857658 30056 ts_tablet_manager.cc:1403] T 66603f531dee48ba8f98996eab58d402 P 2fd2fdbfd3df45959c3322c62655e69a: Time spent bootstrapping tablet: real 0.016s	user 0.008s	sys 0.008s
I20260608 10:00:07.860574 30056 raft_consensus.cc:359] T 66603f531dee48ba8f98996eab58d402 P 2fd2fdbfd3df45959c3322c62655e69a [term 0 FOLLOWER]: Replica starting. Triggering 0 pending ops. Active config: opid_index: -1 OBSOLETE_local: false peers { permanent_uuid: "2fd2fdbfd3df45959c3322c62655e69a" member_type: VOTER last_known_addr { host: "127.27.116.129" port: 34139 } } peers { permanent_uuid: "4fb727d81e734146ad4edc3dbebd5be0" member_type: VOTER last_known_addr { host: "127.27.116.130" port: 45163 } } peers { permanent_uuid: "cb79909152da464da3c15f5d226feb3d" member_type: VOTER last_known_addr { host: "127.27.116.131" port: 40333 } }
I20260608 10:00:07.861253 30056 raft_consensus.cc:385] T 66603f531dee48ba8f98996eab58d402 P 2fd2fdbfd3df45959c3322c62655e69a [term 0 FOLLOWER]: Consensus starting up: Expiring failure detector timer to make a prompt election more likely
I20260608 10:00:07.861639 30056 raft_consensus.cc:740] T 66603f531dee48ba8f98996eab58d402 P 2fd2fdbfd3df45959c3322c62655e69a [term 0 FOLLOWER]: Becoming Follower/Learner. State: Replica: 2fd2fdbfd3df45959c3322c62655e69a, State: Initialized, Role: FOLLOWER
I20260608 10:00:07.862409 30056 consensus_queue.cc:260] T 66603f531dee48ba8f98996eab58d402 P 2fd2fdbfd3df45959c3322c62655e69a [NON_LEADER]: Queue going to NON_LEADER mode. State: All replicated index: 0, Majority replicated index: 0, Committed index: 0, Last appended: 0.0, Last appended by leader: 0, Current term: 0, Majority size: -1, State: 0, Mode: NON_LEADER, active raft config: opid_index: -1 OBSOLETE_local: false peers { permanent_uuid: "2fd2fdbfd3df45959c3322c62655e69a" member_type: VOTER last_known_addr { host: "127.27.116.129" port: 34139 } } peers { permanent_uuid: "4fb727d81e734146ad4edc3dbebd5be0" member_type: VOTER last_known_addr { host: "127.27.116.130" port: 45163 } } peers { permanent_uuid: "cb79909152da464da3c15f5d226feb3d" member_type: VOTER last_known_addr { host: "127.27.116.131" port: 40333 } }
I20260608 10:00:07.864775 30056 ts_tablet_manager.cc:1434] T 66603f531dee48ba8f98996eab58d402 P 2fd2fdbfd3df45959c3322c62655e69a: Time spent starting tablet: real 0.007s	user 0.004s	sys 0.000s
I20260608 10:00:07.945991 30058 raft_consensus.cc:493] T 66603f531dee48ba8f98996eab58d402 P 4fb727d81e734146ad4edc3dbebd5be0 [term 0 FOLLOWER]: Starting pre-election (no leader contacted us within the election timeout)
I20260608 10:00:07.946480 30058 raft_consensus.cc:515] T 66603f531dee48ba8f98996eab58d402 P 4fb727d81e734146ad4edc3dbebd5be0 [term 0 FOLLOWER]: Starting pre-election with config: opid_index: -1 OBSOLETE_local: false peers { permanent_uuid: "2fd2fdbfd3df45959c3322c62655e69a" member_type: VOTER last_known_addr { host: "127.27.116.129" port: 34139 } } peers { permanent_uuid: "4fb727d81e734146ad4edc3dbebd5be0" member_type: VOTER last_known_addr { host: "127.27.116.130" port: 45163 } } peers { permanent_uuid: "cb79909152da464da3c15f5d226feb3d" member_type: VOTER last_known_addr { host: "127.27.116.131" port: 40333 } }
I20260608 10:00:07.948813 30058 leader_election.cc:290] T 66603f531dee48ba8f98996eab58d402 P 4fb727d81e734146ad4edc3dbebd5be0 [CANDIDATE]: Term 1 pre-election: Requested pre-vote from peers 2fd2fdbfd3df45959c3322c62655e69a (127.27.116.129:34139), cb79909152da464da3c15f5d226feb3d (127.27.116.131:40333)
I20260608 10:00:07.960341 29858 tablet_service.cc:1917] Received RequestConsensusVote() RPC: tablet_id: "66603f531dee48ba8f98996eab58d402" candidate_uuid: "4fb727d81e734146ad4edc3dbebd5be0" candidate_term: 1 candidate_status { last_received { term: 0 index: 0 } } ignore_live_leader: false dest_uuid: "2fd2fdbfd3df45959c3322c62655e69a" is_pre_election: true
I20260608 10:00:07.960433 30007 tablet_service.cc:1917] Received RequestConsensusVote() RPC: tablet_id: "66603f531dee48ba8f98996eab58d402" candidate_uuid: "4fb727d81e734146ad4edc3dbebd5be0" candidate_term: 1 candidate_status { last_received { term: 0 index: 0 } } ignore_live_leader: false dest_uuid: "cb79909152da464da3c15f5d226feb3d" is_pre_election: true
I20260608 10:00:07.961316 29858 raft_consensus.cc:2468] T 66603f531dee48ba8f98996eab58d402 P 2fd2fdbfd3df45959c3322c62655e69a [term 0 FOLLOWER]: Leader pre-election vote request: Granting yes vote for candidate 4fb727d81e734146ad4edc3dbebd5be0 in term 0.
I20260608 10:00:07.961316 30007 raft_consensus.cc:2468] T 66603f531dee48ba8f98996eab58d402 P cb79909152da464da3c15f5d226feb3d [term 0 FOLLOWER]: Leader pre-election vote request: Granting yes vote for candidate 4fb727d81e734146ad4edc3dbebd5be0 in term 0.
I20260608 10:00:07.963045 29897 leader_election.cc:304] T 66603f531dee48ba8f98996eab58d402 P 4fb727d81e734146ad4edc3dbebd5be0 [CANDIDATE]: Term 1 pre-election: Election decided. Result: candidate won. Election summary: received 2 responses out of 3 voters: 2 yes votes; 0 no votes. yes voters: 4fb727d81e734146ad4edc3dbebd5be0, cb79909152da464da3c15f5d226feb3d; no voters: 
I20260608 10:00:07.963801 30058 raft_consensus.cc:2804] T 66603f531dee48ba8f98996eab58d402 P 4fb727d81e734146ad4edc3dbebd5be0 [term 0 FOLLOWER]: Leader pre-election won for term 1
I20260608 10:00:07.964125 30058 raft_consensus.cc:493] T 66603f531dee48ba8f98996eab58d402 P 4fb727d81e734146ad4edc3dbebd5be0 [term 0 FOLLOWER]: Starting leader election (no leader contacted us within the election timeout)
I20260608 10:00:07.964444 30058 raft_consensus.cc:3060] T 66603f531dee48ba8f98996eab58d402 P 4fb727d81e734146ad4edc3dbebd5be0 [term 0 FOLLOWER]: Advancing to term 1
I20260608 10:00:07.969441 30058 raft_consensus.cc:515] T 66603f531dee48ba8f98996eab58d402 P 4fb727d81e734146ad4edc3dbebd5be0 [term 1 FOLLOWER]: Starting leader election with config: opid_index: -1 OBSOLETE_local: false peers { permanent_uuid: "2fd2fdbfd3df45959c3322c62655e69a" member_type: VOTER last_known_addr { host: "127.27.116.129" port: 34139 } } peers { permanent_uuid: "4fb727d81e734146ad4edc3dbebd5be0" member_type: VOTER last_known_addr { host: "127.27.116.130" port: 45163 } } peers { permanent_uuid: "cb79909152da464da3c15f5d226feb3d" member_type: VOTER last_known_addr { host: "127.27.116.131" port: 40333 } }
I20260608 10:00:07.971304 30058 leader_election.cc:290] T 66603f531dee48ba8f98996eab58d402 P 4fb727d81e734146ad4edc3dbebd5be0 [CANDIDATE]: Term 1 election: Requested vote from peers 2fd2fdbfd3df45959c3322c62655e69a (127.27.116.129:34139), cb79909152da464da3c15f5d226feb3d (127.27.116.131:40333)
I20260608 10:00:07.972134 29858 tablet_service.cc:1917] Received RequestConsensusVote() RPC: tablet_id: "66603f531dee48ba8f98996eab58d402" candidate_uuid: "4fb727d81e734146ad4edc3dbebd5be0" candidate_term: 1 candidate_status { last_received { term: 0 index: 0 } } ignore_live_leader: false dest_uuid: "2fd2fdbfd3df45959c3322c62655e69a"
I20260608 10:00:07.972339 30007 tablet_service.cc:1917] Received RequestConsensusVote() RPC: tablet_id: "66603f531dee48ba8f98996eab58d402" candidate_uuid: "4fb727d81e734146ad4edc3dbebd5be0" candidate_term: 1 candidate_status { last_received { term: 0 index: 0 } } ignore_live_leader: false dest_uuid: "cb79909152da464da3c15f5d226feb3d"
I20260608 10:00:07.972640 29858 raft_consensus.cc:3060] T 66603f531dee48ba8f98996eab58d402 P 2fd2fdbfd3df45959c3322c62655e69a [term 0 FOLLOWER]: Advancing to term 1
I20260608 10:00:07.972962 30007 raft_consensus.cc:3060] T 66603f531dee48ba8f98996eab58d402 P cb79909152da464da3c15f5d226feb3d [term 0 FOLLOWER]: Advancing to term 1
I20260608 10:00:07.977438 29858 raft_consensus.cc:2468] T 66603f531dee48ba8f98996eab58d402 P 2fd2fdbfd3df45959c3322c62655e69a [term 1 FOLLOWER]: Leader election vote request: Granting yes vote for candidate 4fb727d81e734146ad4edc3dbebd5be0 in term 1.
I20260608 10:00:07.978466 30007 raft_consensus.cc:2468] T 66603f531dee48ba8f98996eab58d402 P cb79909152da464da3c15f5d226feb3d [term 1 FOLLOWER]: Leader election vote request: Granting yes vote for candidate 4fb727d81e734146ad4edc3dbebd5be0 in term 1.
I20260608 10:00:07.978569 29899 leader_election.cc:304] T 66603f531dee48ba8f98996eab58d402 P 4fb727d81e734146ad4edc3dbebd5be0 [CANDIDATE]: Term 1 election: Election decided. Result: candidate won. Election summary: received 2 responses out of 3 voters: 2 yes votes; 0 no votes. yes voters: 2fd2fdbfd3df45959c3322c62655e69a, 4fb727d81e734146ad4edc3dbebd5be0; no voters: 
I20260608 10:00:07.979494 30058 raft_consensus.cc:2804] T 66603f531dee48ba8f98996eab58d402 P 4fb727d81e734146ad4edc3dbebd5be0 [term 1 FOLLOWER]: Leader election won for term 1
I20260608 10:00:07.980722 30058 raft_consensus.cc:697] T 66603f531dee48ba8f98996eab58d402 P 4fb727d81e734146ad4edc3dbebd5be0 [term 1 LEADER]: Becoming Leader. State: Replica: 4fb727d81e734146ad4edc3dbebd5be0, State: Running, Role: LEADER
I20260608 10:00:07.981529 30058 consensus_queue.cc:237] T 66603f531dee48ba8f98996eab58d402 P 4fb727d81e734146ad4edc3dbebd5be0 [LEADER]: Queue going to LEADER mode. State: All replicated index: 0, Majority replicated index: 0, Committed index: 0, Last appended: 0.0, Last appended by leader: 0, Current term: 1, Majority size: 2, State: 0, Mode: LEADER, active raft config: opid_index: -1 OBSOLETE_local: false peers { permanent_uuid: "2fd2fdbfd3df45959c3322c62655e69a" member_type: VOTER last_known_addr { host: "127.27.116.129" port: 34139 } } peers { permanent_uuid: "4fb727d81e734146ad4edc3dbebd5be0" member_type: VOTER last_known_addr { host: "127.27.116.130" port: 45163 } } peers { permanent_uuid: "cb79909152da464da3c15f5d226feb3d" member_type: VOTER last_known_addr { host: "127.27.116.131" port: 40333 } }
I20260608 10:00:07.989341 29754 catalog_manager.cc:5696] T 66603f531dee48ba8f98996eab58d402 P 4fb727d81e734146ad4edc3dbebd5be0 reported cstate change: term changed from 0 to 1, leader changed from <none> to 4fb727d81e734146ad4edc3dbebd5be0 (127.27.116.130). New cstate: current_term: 1 leader_uuid: "4fb727d81e734146ad4edc3dbebd5be0" committed_config { opid_index: -1 OBSOLETE_local: false peers { permanent_uuid: "2fd2fdbfd3df45959c3322c62655e69a" member_type: VOTER last_known_addr { host: "127.27.116.129" port: 34139 } health_report { overall_health: UNKNOWN } } peers { permanent_uuid: "4fb727d81e734146ad4edc3dbebd5be0" member_type: VOTER last_known_addr { host: "127.27.116.130" port: 45163 } health_report { overall_health: HEALTHY } } peers { permanent_uuid: "cb79909152da464da3c15f5d226feb3d" member_type: VOTER last_known_addr { host: "127.27.116.131" port: 40333 } health_report { overall_health: UNKNOWN } } }
I20260608 10:00:08.092284 30057 raft_consensus.cc:493] T 1039092bd7e24640ac348a62f827ff1c P cb79909152da464da3c15f5d226feb3d [term 0 FOLLOWER]: Starting pre-election (no leader contacted us within the election timeout)
I20260608 10:00:08.092803 30057 raft_consensus.cc:515] T 1039092bd7e24640ac348a62f827ff1c P cb79909152da464da3c15f5d226feb3d [term 0 FOLLOWER]: Starting pre-election with config: opid_index: -1 OBSOLETE_local: false peers { permanent_uuid: "cb79909152da464da3c15f5d226feb3d" member_type: VOTER last_known_addr { host: "127.27.116.131" port: 40333 } } peers { permanent_uuid: "4fb727d81e734146ad4edc3dbebd5be0" member_type: VOTER last_known_addr { host: "127.27.116.130" port: 45163 } } peers { permanent_uuid: "2fd2fdbfd3df45959c3322c62655e69a" member_type: VOTER last_known_addr { host: "127.27.116.129" port: 34139 } }
I20260608 10:00:08.095319 30057 leader_election.cc:290] T 1039092bd7e24640ac348a62f827ff1c P cb79909152da464da3c15f5d226feb3d [CANDIDATE]: Term 1 pre-election: Requested pre-vote from peers 4fb727d81e734146ad4edc3dbebd5be0 (127.27.116.130:45163), 2fd2fdbfd3df45959c3322c62655e69a (127.27.116.129:34139)
I20260608 10:00:08.107110 29858 tablet_service.cc:1917] Received RequestConsensusVote() RPC: tablet_id: "1039092bd7e24640ac348a62f827ff1c" candidate_uuid: "cb79909152da464da3c15f5d226feb3d" candidate_term: 1 candidate_status { last_received { term: 0 index: 0 } } ignore_live_leader: false dest_uuid: "2fd2fdbfd3df45959c3322c62655e69a" is_pre_election: true
I20260608 10:00:08.107184 29933 tablet_service.cc:1917] Received RequestConsensusVote() RPC: tablet_id: "1039092bd7e24640ac348a62f827ff1c" candidate_uuid: "cb79909152da464da3c15f5d226feb3d" candidate_term: 1 candidate_status { last_received { term: 0 index: 0 } } ignore_live_leader: false dest_uuid: "4fb727d81e734146ad4edc3dbebd5be0" is_pre_election: true
I20260608 10:00:08.107868 29858 raft_consensus.cc:2468] T 1039092bd7e24640ac348a62f827ff1c P 2fd2fdbfd3df45959c3322c62655e69a [term 0 FOLLOWER]: Leader pre-election vote request: Granting yes vote for candidate cb79909152da464da3c15f5d226feb3d in term 0.
I20260608 10:00:08.107936 29933 raft_consensus.cc:2468] T 1039092bd7e24640ac348a62f827ff1c P 4fb727d81e734146ad4edc3dbebd5be0 [term 0 FOLLOWER]: Leader pre-election vote request: Granting yes vote for candidate cb79909152da464da3c15f5d226feb3d in term 0.
I20260608 10:00:08.109261 29973 leader_election.cc:304] T 1039092bd7e24640ac348a62f827ff1c P cb79909152da464da3c15f5d226feb3d [CANDIDATE]: Term 1 pre-election: Election decided. Result: candidate won. Election summary: received 2 responses out of 3 voters: 2 yes votes; 0 no votes. yes voters: 2fd2fdbfd3df45959c3322c62655e69a, cb79909152da464da3c15f5d226feb3d; no voters: 
I20260608 10:00:08.110078 30057 raft_consensus.cc:2804] T 1039092bd7e24640ac348a62f827ff1c P cb79909152da464da3c15f5d226feb3d [term 0 FOLLOWER]: Leader pre-election won for term 1
I20260608 10:00:08.110395 30057 raft_consensus.cc:493] T 1039092bd7e24640ac348a62f827ff1c P cb79909152da464da3c15f5d226feb3d [term 0 FOLLOWER]: Starting leader election (no leader contacted us within the election timeout)
I20260608 10:00:08.110662 30057 raft_consensus.cc:3060] T 1039092bd7e24640ac348a62f827ff1c P cb79909152da464da3c15f5d226feb3d [term 0 FOLLOWER]: Advancing to term 1
I20260608 10:00:08.115749 30057 raft_consensus.cc:515] T 1039092bd7e24640ac348a62f827ff1c P cb79909152da464da3c15f5d226feb3d [term 1 FOLLOWER]: Starting leader election with config: opid_index: -1 OBSOLETE_local: false peers { permanent_uuid: "cb79909152da464da3c15f5d226feb3d" member_type: VOTER last_known_addr { host: "127.27.116.131" port: 40333 } } peers { permanent_uuid: "4fb727d81e734146ad4edc3dbebd5be0" member_type: VOTER last_known_addr { host: "127.27.116.130" port: 45163 } } peers { permanent_uuid: "2fd2fdbfd3df45959c3322c62655e69a" member_type: VOTER last_known_addr { host: "127.27.116.129" port: 34139 } }
I20260608 10:00:08.117974 30057 leader_election.cc:290] T 1039092bd7e24640ac348a62f827ff1c P cb79909152da464da3c15f5d226feb3d [CANDIDATE]: Term 1 election: Requested vote from peers 4fb727d81e734146ad4edc3dbebd5be0 (127.27.116.130:45163), 2fd2fdbfd3df45959c3322c62655e69a (127.27.116.129:34139)
I20260608 10:00:08.118718 29933 tablet_service.cc:1917] Received RequestConsensusVote() RPC: tablet_id: "1039092bd7e24640ac348a62f827ff1c" candidate_uuid: "cb79909152da464da3c15f5d226feb3d" candidate_term: 1 candidate_status { last_received { term: 0 index: 0 } } ignore_live_leader: false dest_uuid: "4fb727d81e734146ad4edc3dbebd5be0"
I20260608 10:00:08.119000 29858 tablet_service.cc:1917] Received RequestConsensusVote() RPC: tablet_id: "1039092bd7e24640ac348a62f827ff1c" candidate_uuid: "cb79909152da464da3c15f5d226feb3d" candidate_term: 1 candidate_status { last_received { term: 0 index: 0 } } ignore_live_leader: false dest_uuid: "2fd2fdbfd3df45959c3322c62655e69a"
I20260608 10:00:08.119210 29933 raft_consensus.cc:3060] T 1039092bd7e24640ac348a62f827ff1c P 4fb727d81e734146ad4edc3dbebd5be0 [term 0 FOLLOWER]: Advancing to term 1
I20260608 10:00:08.119567 29858 raft_consensus.cc:3060] T 1039092bd7e24640ac348a62f827ff1c P 2fd2fdbfd3df45959c3322c62655e69a [term 0 FOLLOWER]: Advancing to term 1
I20260608 10:00:08.123977 29933 raft_consensus.cc:2468] T 1039092bd7e24640ac348a62f827ff1c P 4fb727d81e734146ad4edc3dbebd5be0 [term 1 FOLLOWER]: Leader election vote request: Granting yes vote for candidate cb79909152da464da3c15f5d226feb3d in term 1.
I20260608 10:00:08.123993 29858 raft_consensus.cc:2468] T 1039092bd7e24640ac348a62f827ff1c P 2fd2fdbfd3df45959c3322c62655e69a [term 1 FOLLOWER]: Leader election vote request: Granting yes vote for candidate cb79909152da464da3c15f5d226feb3d in term 1.
I20260608 10:00:08.125329 29971 leader_election.cc:304] T 1039092bd7e24640ac348a62f827ff1c P cb79909152da464da3c15f5d226feb3d [CANDIDATE]: Term 1 election: Election decided. Result: candidate won. Election summary: received 2 responses out of 3 voters: 2 yes votes; 0 no votes. yes voters: 4fb727d81e734146ad4edc3dbebd5be0, cb79909152da464da3c15f5d226feb3d; no voters: 
I20260608 10:00:08.126137 30057 raft_consensus.cc:2804] T 1039092bd7e24640ac348a62f827ff1c P cb79909152da464da3c15f5d226feb3d [term 1 FOLLOWER]: Leader election won for term 1
I20260608 10:00:08.127460 30057 raft_consensus.cc:697] T 1039092bd7e24640ac348a62f827ff1c P cb79909152da464da3c15f5d226feb3d [term 1 LEADER]: Becoming Leader. State: Replica: cb79909152da464da3c15f5d226feb3d, State: Running, Role: LEADER
I20260608 10:00:08.128300 30057 consensus_queue.cc:237] T 1039092bd7e24640ac348a62f827ff1c P cb79909152da464da3c15f5d226feb3d [LEADER]: Queue going to LEADER mode. State: All replicated index: 0, Majority replicated index: 0, Committed index: 0, Last appended: 0.0, Last appended by leader: 0, Current term: 1, Majority size: 2, State: 0, Mode: LEADER, active raft config: opid_index: -1 OBSOLETE_local: false peers { permanent_uuid: "cb79909152da464da3c15f5d226feb3d" member_type: VOTER last_known_addr { host: "127.27.116.131" port: 40333 } } peers { permanent_uuid: "4fb727d81e734146ad4edc3dbebd5be0" member_type: VOTER last_known_addr { host: "127.27.116.130" port: 45163 } } peers { permanent_uuid: "2fd2fdbfd3df45959c3322c62655e69a" member_type: VOTER last_known_addr { host: "127.27.116.129" port: 34139 } }
I20260608 10:00:08.135332 29754 catalog_manager.cc:5696] T 1039092bd7e24640ac348a62f827ff1c P cb79909152da464da3c15f5d226feb3d reported cstate change: term changed from 0 to 1, leader changed from <none> to cb79909152da464da3c15f5d226feb3d (127.27.116.131). New cstate: current_term: 1 leader_uuid: "cb79909152da464da3c15f5d226feb3d" committed_config { opid_index: -1 OBSOLETE_local: false peers { permanent_uuid: "cb79909152da464da3c15f5d226feb3d" member_type: VOTER last_known_addr { host: "127.27.116.131" port: 40333 } health_report { overall_health: HEALTHY } } peers { permanent_uuid: "4fb727d81e734146ad4edc3dbebd5be0" member_type: VOTER last_known_addr { host: "127.27.116.130" port: 45163 } health_report { overall_health: UNKNOWN } } peers { permanent_uuid: "2fd2fdbfd3df45959c3322c62655e69a" member_type: VOTER last_known_addr { host: "127.27.116.129" port: 34139 } health_report { overall_health: UNKNOWN } } }
I20260608 10:00:08.214282 29809 auto_leader_rebalancer.cc:140] leader rebalance for table test-workload
I20260608 10:00:08.216435 29809 auto_leader_rebalancer.cc:388] table: test-workload, leader rebalance finish, leader transfer count: 0
I20260608 10:00:08.216825 29809 auto_leader_rebalancer.cc:451] All tables' leader rebalancing finished this round
I20260608 10:00:08.392161 30058 consensus_queue.cc:1048] T 66603f531dee48ba8f98996eab58d402 P 4fb727d81e734146ad4edc3dbebd5be0 [LEADER]: Connected to new peer: Peer: permanent_uuid: "2fd2fdbfd3df45959c3322c62655e69a" member_type: VOTER last_known_addr { host: "127.27.116.129" port: 34139 }, Status: LMP_MISMATCH, Last received: 0.0, Next index: 1, Last known committed idx: 0, Time since last communication: 0.000s
I20260608 10:00:08.405071 30075 consensus_queue.cc:1048] T 66603f531dee48ba8f98996eab58d402 P 4fb727d81e734146ad4edc3dbebd5be0 [LEADER]: Connected to new peer: Peer: permanent_uuid: "cb79909152da464da3c15f5d226feb3d" member_type: VOTER last_known_addr { host: "127.27.116.131" port: 40333 }, Status: LMP_MISMATCH, Last received: 0.0, Next index: 1, Last known committed idx: 0, Time since last communication: 0.000s
I20260608 10:00:08.684135 30057 consensus_queue.cc:1048] T 1039092bd7e24640ac348a62f827ff1c P cb79909152da464da3c15f5d226feb3d [LEADER]: Connected to new peer: Peer: permanent_uuid: "4fb727d81e734146ad4edc3dbebd5be0" member_type: VOTER last_known_addr { host: "127.27.116.130" port: 45163 }, Status: LMP_MISMATCH, Last received: 0.0, Next index: 1, Last known committed idx: 0, Time since last communication: 0.000s
I20260608 10:00:08.697005 30081 consensus_queue.cc:1048] T 1039092bd7e24640ac348a62f827ff1c P cb79909152da464da3c15f5d226feb3d [LEADER]: Connected to new peer: Peer: permanent_uuid: "2fd2fdbfd3df45959c3322c62655e69a" member_type: VOTER last_known_addr { host: "127.27.116.129" port: 34139 }, Status: LMP_MISMATCH, Last received: 0.0, Next index: 1, Last known committed idx: 0, Time since last communication: 0.000s
I20260608 10:00:10.217903 29809 auto_leader_rebalancer.cc:140] leader rebalance for table test-workload
I20260608 10:00:10.220011 29809 auto_leader_rebalancer.cc:388] table: test-workload, leader rebalance finish, leader transfer count: 0
I20260608 10:00:10.220373 29809 auto_leader_rebalancer.cc:451] All tables' leader rebalancing finished this round
