I20260608 09:59:47.785048  8384 consensus_queue.cc:260] T 25eb305da7d54cf9aa19ed8f7f473b28 P 0135f6e266f24e1487a68fd6aa0ff513 [NON_LEADER]: Queue going to NON_LEADER mode. State: All replicated index: 0, Majority replicated index: 0, Committed index: 0, Last appended: 0.0, Last appended by leader: 0, Current term: 0, Majority size: -1, State: 0, Mode: NON_LEADER, active raft config: opid_index: -1 OBSOLETE_local: false peers { permanent_uuid: "e5f14ae014bd437c863e664edc5e122e" member_type: VOTER last_known_addr { host: "127.7.87.129" port: 43711 } } peers { permanent_uuid: "0135f6e266f24e1487a68fd6aa0ff513" member_type: VOTER last_known_addr { host: "127.7.87.130" port: 45047 } } peers { permanent_uuid: "47ebc83ea543466fb642014852275fa9" member_type: VOTER last_known_addr { host: "127.7.87.131" port: 43763 } }
I20260608 09:59:47.786185  8380 raft_consensus.cc:385] T 46b53e999a8449a78506ef2d66ec5097 P 47ebc83ea543466fb642014852275fa9 [term 0 FOLLOWER]: Consensus starting up: Expiring failure detector timer to make a prompt election more likely
I20260608 09:59:47.786571  8380 raft_consensus.cc:740] T 46b53e999a8449a78506ef2d66ec5097 P 47ebc83ea543466fb642014852275fa9 [term 0 FOLLOWER]: Becoming Follower/Learner. State: Replica: 47ebc83ea543466fb642014852275fa9, State: Initialized, Role: FOLLOWER
I20260608 09:59:47.787537  8380 consensus_queue.cc:260] T 46b53e999a8449a78506ef2d66ec5097 P 47ebc83ea543466fb642014852275fa9 [NON_LEADER]: Queue going to NON_LEADER mode. State: All replicated index: 0, Majority replicated index: 0, Committed index: 0, Last appended: 0.0, Last appended by leader: 0, Current term: 0, Majority size: -1, State: 0, Mode: NON_LEADER, active raft config: opid_index: -1 OBSOLETE_local: false peers { permanent_uuid: "e5f14ae014bd437c863e664edc5e122e" member_type: VOTER last_known_addr { host: "127.7.87.129" port: 43711 } } peers { permanent_uuid: "0135f6e266f24e1487a68fd6aa0ff513" member_type: VOTER last_known_addr { host: "127.7.87.130" port: 45047 } } peers { permanent_uuid: "47ebc83ea543466fb642014852275fa9" member_type: VOTER last_known_addr { host: "127.7.87.131" port: 43763 } }
I20260608 09:59:47.790788  8380 ts_tablet_manager.cc:1434] T 46b53e999a8449a78506ef2d66ec5097 P 47ebc83ea543466fb642014852275fa9: Time spent starting tablet: real 0.008s	user 0.008s	sys 0.000s
I20260608 09:59:47.791929  8380 tablet_bootstrap.cc:492] T 25eb305da7d54cf9aa19ed8f7f473b28 P 47ebc83ea543466fb642014852275fa9: Bootstrap starting.
I20260608 09:59:47.799196  8380 tablet_bootstrap.cc:654] T 25eb305da7d54cf9aa19ed8f7f473b28 P 47ebc83ea543466fb642014852275fa9: Neither blocks nor log segments found. Creating new log.
I20260608 09:59:47.806066  8384 ts_tablet_manager.cc:1434] T 25eb305da7d54cf9aa19ed8f7f473b28 P 0135f6e266f24e1487a68fd6aa0ff513: Time spent starting tablet: real 0.025s	user 0.016s	sys 0.007s
I20260608 09:59:47.807370  8384 tablet_bootstrap.cc:492] T 8f89e2dcbdfd43c8986162cc7833e00b P 0135f6e266f24e1487a68fd6aa0ff513: Bootstrap starting.
I20260608 09:59:47.807554  8381 tablet_bootstrap.cc:492] T 7b910d66b63d4e9185cccd0bba9e0d59 P e5f14ae014bd437c863e664edc5e122e: No bootstrap required, opened a new log
I20260608 09:59:47.808080  8381 ts_tablet_manager.cc:1403] T 7b910d66b63d4e9185cccd0bba9e0d59 P e5f14ae014bd437c863e664edc5e122e: Time spent bootstrapping tablet: real 0.029s	user 0.020s	sys 0.003s
I20260608 09:59:47.810926  8381 raft_consensus.cc:359] T 7b910d66b63d4e9185cccd0bba9e0d59 P e5f14ae014bd437c863e664edc5e122e [term 0 FOLLOWER]: Replica starting. Triggering 0 pending ops. Active config: opid_index: -1 OBSOLETE_local: false peers { permanent_uuid: "e5f14ae014bd437c863e664edc5e122e" member_type: VOTER last_known_addr { host: "127.7.87.129" port: 43711 } } peers { permanent_uuid: "0135f6e266f24e1487a68fd6aa0ff513" member_type: VOTER last_known_addr { host: "127.7.87.130" port: 45047 } } peers { permanent_uuid: "47ebc83ea543466fb642014852275fa9" member_type: VOTER last_known_addr { host: "127.7.87.131" port: 43763 } }
I20260608 09:59:47.811539  8381 raft_consensus.cc:385] T 7b910d66b63d4e9185cccd0bba9e0d59 P e5f14ae014bd437c863e664edc5e122e [term 0 FOLLOWER]: Consensus starting up: Expiring failure detector timer to make a prompt election more likely
I20260608 09:59:47.811800  8381 raft_consensus.cc:740] T 7b910d66b63d4e9185cccd0bba9e0d59 P e5f14ae014bd437c863e664edc5e122e [term 0 FOLLOWER]: Becoming Follower/Learner. State: Replica: e5f14ae014bd437c863e664edc5e122e, State: Initialized, Role: FOLLOWER
I20260608 09:59:47.813478  8381 consensus_queue.cc:260] T 7b910d66b63d4e9185cccd0bba9e0d59 P e5f14ae014bd437c863e664edc5e122e [NON_LEADER]: Queue going to NON_LEADER mode. State: All replicated index: 0, Majority replicated index: 0, Committed index: 0, Last appended: 0.0, Last appended by leader: 0, Current term: 0, Majority size: -1, State: 0, Mode: NON_LEADER, active raft config: opid_index: -1 OBSOLETE_local: false peers { permanent_uuid: "e5f14ae014bd437c863e664edc5e122e" member_type: VOTER last_known_addr { host: "127.7.87.129" port: 43711 } } peers { permanent_uuid: "0135f6e266f24e1487a68fd6aa0ff513" member_type: VOTER last_known_addr { host: "127.7.87.130" port: 45047 } } peers { permanent_uuid: "47ebc83ea543466fb642014852275fa9" member_type: VOTER last_known_addr { host: "127.7.87.131" port: 43763 } }
I20260608 09:59:47.814796  8387 raft_consensus.cc:493] T 7b910d66b63d4e9185cccd0bba9e0d59 P e5f14ae014bd437c863e664edc5e122e [term 0 FOLLOWER]: Starting pre-election (no leader contacted us within the election timeout)
I20260608 09:59:47.815155  8384 tablet_bootstrap.cc:654] T 8f89e2dcbdfd43c8986162cc7833e00b P 0135f6e266f24e1487a68fd6aa0ff513: Neither blocks nor log segments found. Creating new log.
I20260608 09:59:47.815217  8387 raft_consensus.cc:515] T 7b910d66b63d4e9185cccd0bba9e0d59 P e5f14ae014bd437c863e664edc5e122e [term 0 FOLLOWER]: Starting pre-election with config: opid_index: -1 OBSOLETE_local: false peers { permanent_uuid: "e5f14ae014bd437c863e664edc5e122e" member_type: VOTER last_known_addr { host: "127.7.87.129" port: 43711 } } peers { permanent_uuid: "0135f6e266f24e1487a68fd6aa0ff513" member_type: VOTER last_known_addr { host: "127.7.87.130" port: 45047 } } peers { permanent_uuid: "47ebc83ea543466fb642014852275fa9" member_type: VOTER last_known_addr { host: "127.7.87.131" port: 43763 } }
I20260608 09:59:47.816351  8380 tablet_bootstrap.cc:492] T 25eb305da7d54cf9aa19ed8f7f473b28 P 47ebc83ea543466fb642014852275fa9: No bootstrap required, opened a new log
I20260608 09:59:47.816815  8380 ts_tablet_manager.cc:1403] T 25eb305da7d54cf9aa19ed8f7f473b28 P 47ebc83ea543466fb642014852275fa9: Time spent bootstrapping tablet: real 0.025s	user 0.023s	sys 0.000s
I20260608 09:59:47.818156  8387 leader_election.cc:290] T 7b910d66b63d4e9185cccd0bba9e0d59 P e5f14ae014bd437c863e664edc5e122e [CANDIDATE]: Term 1 pre-election: Requested pre-vote from peers 0135f6e266f24e1487a68fd6aa0ff513 (127.7.87.130:45047), 47ebc83ea543466fb642014852275fa9 (127.7.87.131:43763)
I20260608 09:59:47.820216  8380 raft_consensus.cc:359] T 25eb305da7d54cf9aa19ed8f7f473b28 P 47ebc83ea543466fb642014852275fa9 [term 0 FOLLOWER]: Replica starting. Triggering 0 pending ops. Active config: opid_index: -1 OBSOLETE_local: false peers { permanent_uuid: "e5f14ae014bd437c863e664edc5e122e" member_type: VOTER last_known_addr { host: "127.7.87.129" port: 43711 } } peers { permanent_uuid: "0135f6e266f24e1487a68fd6aa0ff513" member_type: VOTER last_known_addr { host: "127.7.87.130" port: 45047 } } peers { permanent_uuid: "47ebc83ea543466fb642014852275fa9" member_type: VOTER last_known_addr { host: "127.7.87.131" port: 43763 } }
I20260608 09:59:47.821125  8380 raft_consensus.cc:385] T 25eb305da7d54cf9aa19ed8f7f473b28 P 47ebc83ea543466fb642014852275fa9 [term 0 FOLLOWER]: Consensus starting up: Expiring failure detector timer to make a prompt election more likely
I20260608 09:59:47.821475  8380 raft_consensus.cc:740] T 25eb305da7d54cf9aa19ed8f7f473b28 P 47ebc83ea543466fb642014852275fa9 [term 0 FOLLOWER]: Becoming Follower/Learner. State: Replica: 47ebc83ea543466fb642014852275fa9, State: Initialized, Role: FOLLOWER
I20260608 09:59:47.821798  8381 ts_tablet_manager.cc:1434] T 7b910d66b63d4e9185cccd0bba9e0d59 P e5f14ae014bd437c863e664edc5e122e: Time spent starting tablet: real 0.013s	user 0.005s	sys 0.000s
I20260608 09:59:47.822926  8381 tablet_bootstrap.cc:492] T 51ad99a6aa3248a4b268a8992f6023bb P e5f14ae014bd437c863e664edc5e122e: Bootstrap starting.
I20260608 09:59:47.822441  8380 consensus_queue.cc:260] T 25eb305da7d54cf9aa19ed8f7f473b28 P 47ebc83ea543466fb642014852275fa9 [NON_LEADER]: Queue going to NON_LEADER mode. State: All replicated index: 0, Majority replicated index: 0, Committed index: 0, Last appended: 0.0, Last appended by leader: 0, Current term: 0, Majority size: -1, State: 0, Mode: NON_LEADER, active raft config: opid_index: -1 OBSOLETE_local: false peers { permanent_uuid: "e5f14ae014bd437c863e664edc5e122e" member_type: VOTER last_known_addr { host: "127.7.87.129" port: 43711 } } peers { permanent_uuid: "0135f6e266f24e1487a68fd6aa0ff513" member_type: VOTER last_known_addr { host: "127.7.87.130" port: 45047 } } peers { permanent_uuid: "47ebc83ea543466fb642014852275fa9" member_type: VOTER last_known_addr { host: "127.7.87.131" port: 43763 } }
I20260608 09:59:47.825668  8380 ts_tablet_manager.cc:1434] T 25eb305da7d54cf9aa19ed8f7f473b28 P 47ebc83ea543466fb642014852275fa9: Time spent starting tablet: real 0.009s	user 0.008s	sys 0.000s
I20260608 09:59:47.826807  8380 tablet_bootstrap.cc:492] T 803269fa71654038ab5d38afa5363e56 P 47ebc83ea543466fb642014852275fa9: Bootstrap starting.
I20260608 09:59:47.829563  8381 tablet_bootstrap.cc:654] T 51ad99a6aa3248a4b268a8992f6023bb P e5f14ae014bd437c863e664edc5e122e: Neither blocks nor log segments found. Creating new log.
I20260608 09:59:47.834607  8380 tablet_bootstrap.cc:654] T 803269fa71654038ab5d38afa5363e56 P 47ebc83ea543466fb642014852275fa9: Neither blocks nor log segments found. Creating new log.
I20260608 09:59:47.847082  8380 tablet_bootstrap.cc:492] T 803269fa71654038ab5d38afa5363e56 P 47ebc83ea543466fb642014852275fa9: No bootstrap required, opened a new log
I20260608 09:59:47.847666  8380 ts_tablet_manager.cc:1403] T 803269fa71654038ab5d38afa5363e56 P 47ebc83ea543466fb642014852275fa9: Time spent bootstrapping tablet: real 0.021s	user 0.015s	sys 0.003s
I20260608 09:59:47.851115  8380 raft_consensus.cc:359] T 803269fa71654038ab5d38afa5363e56 P 47ebc83ea543466fb642014852275fa9 [term 0 FOLLOWER]: Replica starting. Triggering 0 pending ops. Active config: opid_index: -1 OBSOLETE_local: false peers { permanent_uuid: "e5f14ae014bd437c863e664edc5e122e" member_type: VOTER last_known_addr { host: "127.7.87.129" port: 43711 } } peers { permanent_uuid: "0135f6e266f24e1487a68fd6aa0ff513" member_type: VOTER last_known_addr { host: "127.7.87.130" port: 45047 } } peers { permanent_uuid: "47ebc83ea543466fb642014852275fa9" member_type: VOTER last_known_addr { host: "127.7.87.131" port: 43763 } }
I20260608 09:59:47.851918  8380 raft_consensus.cc:385] T 803269fa71654038ab5d38afa5363e56 P 47ebc83ea543466fb642014852275fa9 [term 0 FOLLOWER]: Consensus starting up: Expiring failure detector timer to make a prompt election more likely
I20260608 09:59:47.852268  8380 raft_consensus.cc:740] T 803269fa71654038ab5d38afa5363e56 P 47ebc83ea543466fb642014852275fa9 [term 0 FOLLOWER]: Becoming Follower/Learner. State: Replica: 47ebc83ea543466fb642014852275fa9, State: Initialized, Role: FOLLOWER
I20260608 09:59:47.853320  8380 consensus_queue.cc:260] T 803269fa71654038ab5d38afa5363e56 P 47ebc83ea543466fb642014852275fa9 [NON_LEADER]: Queue going to NON_LEADER mode. State: All replicated index: 0, Majority replicated index: 0, Committed index: 0, Last appended: 0.0, Last appended by leader: 0, Current term: 0, Majority size: -1, State: 0, Mode: NON_LEADER, active raft config: opid_index: -1 OBSOLETE_local: false peers { permanent_uuid: "e5f14ae014bd437c863e664edc5e122e" member_type: VOTER last_known_addr { host: "127.7.87.129" port: 43711 } } peers { permanent_uuid: "0135f6e266f24e1487a68fd6aa0ff513" member_type: VOTER last_known_addr { host: "127.7.87.130" port: 45047 } } peers { permanent_uuid: "47ebc83ea543466fb642014852275fa9" member_type: VOTER last_known_addr { host: "127.7.87.131" port: 43763 } }
I20260608 09:59:47.856292  8380 ts_tablet_manager.cc:1434] T 803269fa71654038ab5d38afa5363e56 P 47ebc83ea543466fb642014852275fa9: Time spent starting tablet: real 0.008s	user 0.008s	sys 0.000s
I20260608 09:59:47.857543  8380 tablet_bootstrap.cc:492] T 7b910d66b63d4e9185cccd0bba9e0d59 P 47ebc83ea543466fb642014852275fa9: Bootstrap starting.
I20260608 09:59:47.864567  8380 tablet_bootstrap.cc:654] T 7b910d66b63d4e9185cccd0bba9e0d59 P 47ebc83ea543466fb642014852275fa9: Neither blocks nor log segments found. Creating new log.
I20260608 09:59:47.901939  8383 raft_consensus.cc:493] T 25eb305da7d54cf9aa19ed8f7f473b28 P 47ebc83ea543466fb642014852275fa9 [term 0 FOLLOWER]: Starting pre-election (no leader contacted us within the election timeout)
I20260608 09:59:47.902527  8383 raft_consensus.cc:515] T 25eb305da7d54cf9aa19ed8f7f473b28 P 47ebc83ea543466fb642014852275fa9 [term 0 FOLLOWER]: Starting pre-election with config: opid_index: -1 OBSOLETE_local: false peers { permanent_uuid: "e5f14ae014bd437c863e664edc5e122e" member_type: VOTER last_known_addr { host: "127.7.87.129" port: 43711 } } peers { permanent_uuid: "0135f6e266f24e1487a68fd6aa0ff513" member_type: VOTER last_known_addr { host: "127.7.87.130" port: 45047 } } peers { permanent_uuid: "47ebc83ea543466fb642014852275fa9" member_type: VOTER last_known_addr { host: "127.7.87.131" port: 43763 } }
I20260608 09:59:47.905908  8383 leader_election.cc:290] T 25eb305da7d54cf9aa19ed8f7f473b28 P 47ebc83ea543466fb642014852275fa9 [CANDIDATE]: Term 1 pre-election: Requested pre-vote from peers e5f14ae014bd437c863e664edc5e122e (127.7.87.129:43711), 0135f6e266f24e1487a68fd6aa0ff513 (127.7.87.130:45047)
I20260608 09:59:47.914002  8383 raft_consensus.cc:493] T 51ad99a6aa3248a4b268a8992f6023bb P 47ebc83ea543466fb642014852275fa9 [term 0 FOLLOWER]: Starting pre-election (no leader contacted us within the election timeout)
I20260608 09:59:47.915494  8383 raft_consensus.cc:515] T 51ad99a6aa3248a4b268a8992f6023bb P 47ebc83ea543466fb642014852275fa9 [term 0 FOLLOWER]: Starting pre-election with config: opid_index: -1 OBSOLETE_local: false peers { permanent_uuid: "e5f14ae014bd437c863e664edc5e122e" member_type: VOTER last_known_addr { host: "127.7.87.129" port: 43711 } } peers { permanent_uuid: "47ebc83ea543466fb642014852275fa9" member_type: VOTER last_known_addr { host: "127.7.87.131" port: 43763 } } peers { permanent_uuid: "0135f6e266f24e1487a68fd6aa0ff513" member_type: VOTER last_known_addr { host: "127.7.87.130" port: 45047 } }
I20260608 09:59:47.918728  8383 leader_election.cc:290] T 51ad99a6aa3248a4b268a8992f6023bb P 47ebc83ea543466fb642014852275fa9 [CANDIDATE]: Term 1 pre-election: Requested pre-vote from peers e5f14ae014bd437c863e664edc5e122e (127.7.87.129:43711), 0135f6e266f24e1487a68fd6aa0ff513 (127.7.87.130:45047)
I20260608 09:59:47.933820  8384 tablet_bootstrap.cc:492] T 8f89e2dcbdfd43c8986162cc7833e00b P 0135f6e266f24e1487a68fd6aa0ff513: No bootstrap required, opened a new log
I20260608 09:59:47.934340  8384 ts_tablet_manager.cc:1403] T 8f89e2dcbdfd43c8986162cc7833e00b P 0135f6e266f24e1487a68fd6aa0ff513: Time spent bootstrapping tablet: real 0.127s	user 0.050s	sys 0.073s
I20260608 09:59:47.934726  8381 tablet_bootstrap.cc:492] T 51ad99a6aa3248a4b268a8992f6023bb P e5f14ae014bd437c863e664edc5e122e: No bootstrap required, opened a new log
I20260608 09:59:47.935349  8381 ts_tablet_manager.cc:1403] T 51ad99a6aa3248a4b268a8992f6023bb P e5f14ae014bd437c863e664edc5e122e: Time spent bootstrapping tablet: real 0.113s	user 0.035s	sys 0.059s
I20260608 09:59:47.937410  8384 raft_consensus.cc:359] T 8f89e2dcbdfd43c8986162cc7833e00b P 0135f6e266f24e1487a68fd6aa0ff513 [term 0 FOLLOWER]: Replica starting. Triggering 0 pending ops. Active config: opid_index: -1 OBSOLETE_local: false peers { permanent_uuid: "e5f14ae014bd437c863e664edc5e122e" member_type: VOTER last_known_addr { host: "127.7.87.129" port: 43711 } } peers { permanent_uuid: "0135f6e266f24e1487a68fd6aa0ff513" member_type: VOTER last_known_addr { host: "127.7.87.130" port: 45047 } } peers { permanent_uuid: "47ebc83ea543466fb642014852275fa9" member_type: VOTER last_known_addr { host: "127.7.87.131" port: 43763 } }
I20260608 09:59:47.938166  8384 raft_consensus.cc:385] T 8f89e2dcbdfd43c8986162cc7833e00b P 0135f6e266f24e1487a68fd6aa0ff513 [term 0 FOLLOWER]: Consensus starting up: Expiring failure detector timer to make a prompt election more likely
I20260608 09:59:47.938499  8384 raft_consensus.cc:740] T 8f89e2dcbdfd43c8986162cc7833e00b P 0135f6e266f24e1487a68fd6aa0ff513 [term 0 FOLLOWER]: Becoming Follower/Learner. State: Replica: 0135f6e266f24e1487a68fd6aa0ff513, State: Initialized, Role: FOLLOWER
I20260608 09:59:47.938941  8381 raft_consensus.cc:359] T 51ad99a6aa3248a4b268a8992f6023bb P e5f14ae014bd437c863e664edc5e122e [term 0 FOLLOWER]: Replica starting. Triggering 0 pending ops. Active config: opid_index: -1 OBSOLETE_local: false peers { permanent_uuid: "e5f14ae014bd437c863e664edc5e122e" member_type: VOTER last_known_addr { host: "127.7.87.129" port: 43711 } } peers { permanent_uuid: "47ebc83ea543466fb642014852275fa9" member_type: VOTER last_known_addr { host: "127.7.87.131" port: 43763 } } peers { permanent_uuid: "0135f6e266f24e1487a68fd6aa0ff513" member_type: VOTER last_known_addr { host: "127.7.87.130" port: 45047 } }
I20260608 09:59:47.939177  8384 consensus_queue.cc:260] T 8f89e2dcbdfd43c8986162cc7833e00b P 0135f6e266f24e1487a68fd6aa0ff513 [NON_LEADER]: Queue going to NON_LEADER mode. State: All replicated index: 0, Majority replicated index: 0, Committed index: 0, Last appended: 0.0, Last appended by leader: 0, Current term: 0, Majority size: -1, State: 0, Mode: NON_LEADER, active raft config: opid_index: -1 OBSOLETE_local: false peers { permanent_uuid: "e5f14ae014bd437c863e664edc5e122e" member_type: VOTER last_known_addr { host: "127.7.87.129" port: 43711 } } peers { permanent_uuid: "0135f6e266f24e1487a68fd6aa0ff513" member_type: VOTER last_known_addr { host: "127.7.87.130" port: 45047 } } peers { permanent_uuid: "47ebc83ea543466fb642014852275fa9" member_type: VOTER last_known_addr { host: "127.7.87.131" port: 43763 } }
I20260608 09:59:47.939826  8381 raft_consensus.cc:385] T 51ad99a6aa3248a4b268a8992f6023bb P e5f14ae014bd437c863e664edc5e122e [term 0 FOLLOWER]: Consensus starting up: Expiring failure detector timer to make a prompt election more likely
I20260608 09:59:47.940197  8381 raft_consensus.cc:740] T 51ad99a6aa3248a4b268a8992f6023bb P e5f14ae014bd437c863e664edc5e122e [term 0 FOLLOWER]: Becoming Follower/Learner. State: Replica: e5f14ae014bd437c863e664edc5e122e, State: Initialized, Role: FOLLOWER
I20260608 09:59:47.941390  8384 ts_tablet_manager.cc:1434] T 8f89e2dcbdfd43c8986162cc7833e00b P 0135f6e266f24e1487a68fd6aa0ff513: Time spent starting tablet: real 0.007s	user 0.006s	sys 0.002s
I20260608 09:59:47.941248  8381 consensus_queue.cc:260] T 51ad99a6aa3248a4b268a8992f6023bb P e5f14ae014bd437c863e664edc5e122e [NON_LEADER]: Queue going to NON_LEADER mode. State: All replicated index: 0, Majority replicated index: 0, Committed index: 0, Last appended: 0.0, Last appended by leader: 0, Current term: 0, Majority size: -1, State: 0, Mode: NON_LEADER, active raft config: opid_index: -1 OBSOLETE_local: false peers { permanent_uuid: "e5f14ae014bd437c863e664edc5e122e" member_type: VOTER last_known_addr { host: "127.7.87.129" port: 43711 } } peers { permanent_uuid: "47ebc83ea543466fb642014852275fa9" member_type: VOTER last_known_addr { host: "127.7.87.131" port: 43763 } } peers { permanent_uuid: "0135f6e266f24e1487a68fd6aa0ff513" member_type: VOTER last_known_addr { host: "127.7.87.130" port: 45047 } }
I20260608 09:59:47.942409  8384 tablet_bootstrap.cc:492] T 51ad99a6aa3248a4b268a8992f6023bb P 0135f6e266f24e1487a68fd6aa0ff513: Bootstrap starting.
I20260608 09:59:47.946610  8381 ts_tablet_manager.cc:1434] T 51ad99a6aa3248a4b268a8992f6023bb P e5f14ae014bd437c863e664edc5e122e: Time spent starting tablet: real 0.011s	user 0.007s	sys 0.000s
I20260608 09:59:47.948037  8381 tablet_bootstrap.cc:492] T e6b2854f418442769effae6bc71d548f P e5f14ae014bd437c863e664edc5e122e: Bootstrap starting.
I20260608 09:59:47.949062  8384 tablet_bootstrap.cc:654] T 51ad99a6aa3248a4b268a8992f6023bb P 0135f6e266f24e1487a68fd6aa0ff513: Neither blocks nor log segments found. Creating new log.
I20260608 09:59:47.955996  8381 tablet_bootstrap.cc:654] T e6b2854f418442769effae6bc71d548f P e5f14ae014bd437c863e664edc5e122e: Neither blocks nor log segments found. Creating new log.
I20260608 09:59:47.962162  8384 tablet_bootstrap.cc:492] T 51ad99a6aa3248a4b268a8992f6023bb P 0135f6e266f24e1487a68fd6aa0ff513: No bootstrap required, opened a new log
I20260608 09:59:47.962600  8384 ts_tablet_manager.cc:1403] T 51ad99a6aa3248a4b268a8992f6023bb P 0135f6e266f24e1487a68fd6aa0ff513: Time spent bootstrapping tablet: real 0.020s	user 0.009s	sys 0.009s
I20260608 09:59:47.965144  8384 raft_consensus.cc:359] T 51ad99a6aa3248a4b268a8992f6023bb P 0135f6e266f24e1487a68fd6aa0ff513 [term 0 FOLLOWER]: Replica starting. Triggering 0 pending ops. Active config: opid_index: -1 OBSOLETE_local: false peers { permanent_uuid: "e5f14ae014bd437c863e664edc5e122e" member_type: VOTER last_known_addr { host: "127.7.87.129" port: 43711 } } peers { permanent_uuid: "47ebc83ea543466fb642014852275fa9" member_type: VOTER last_known_addr { host: "127.7.87.131" port: 43763 } } peers { permanent_uuid: "0135f6e266f24e1487a68fd6aa0ff513" member_type: VOTER last_known_addr { host: "127.7.87.130" port: 45047 } }
I20260608 09:59:47.965809  8384 raft_consensus.cc:385] T 51ad99a6aa3248a4b268a8992f6023bb P 0135f6e266f24e1487a68fd6aa0ff513 [term 0 FOLLOWER]: Consensus starting up: Expiring failure detector timer to make a prompt election more likely
I20260608 09:59:47.966104  8384 raft_consensus.cc:740] T 51ad99a6aa3248a4b268a8992f6023bb P 0135f6e266f24e1487a68fd6aa0ff513 [term 0 FOLLOWER]: Becoming Follower/Learner. State: Replica: 0135f6e266f24e1487a68fd6aa0ff513, State: Initialized, Role: FOLLOWER
I20260608 09:59:47.966868  8381 tablet_bootstrap.cc:492] T e6b2854f418442769effae6bc71d548f P e5f14ae014bd437c863e664edc5e122e: No bootstrap required, opened a new log
I20260608 09:59:47.966986  8384 consensus_queue.cc:260] T 51ad99a6aa3248a4b268a8992f6023bb P 0135f6e266f24e1487a68fd6aa0ff513 [NON_LEADER]: Queue going to NON_LEADER mode. State: All replicated index: 0, Majority replicated index: 0, Committed index: 0, Last appended: 0.0, Last appended by leader: 0, Current term: 0, Majority size: -1, State: 0, Mode: NON_LEADER, active raft config: opid_index: -1 OBSOLETE_local: false peers { permanent_uuid: "e5f14ae014bd437c863e664edc5e122e" member_type: VOTER last_known_addr { host: "127.7.87.129" port: 43711 } } peers { permanent_uuid: "47ebc83ea543466fb642014852275fa9" member_type: VOTER last_known_addr { host: "127.7.87.131" port: 43763 } } peers { permanent_uuid: "0135f6e266f24e1487a68fd6aa0ff513" member_type: VOTER last_known_addr { host: "127.7.87.130" port: 45047 } }
I20260608 09:59:47.967626  8381 ts_tablet_manager.cc:1403] T e6b2854f418442769effae6bc71d548f P e5f14ae014bd437c863e664edc5e122e: Time spent bootstrapping tablet: real 0.020s	user 0.015s	sys 0.001s
I20260608 09:59:47.969523  8384 ts_tablet_manager.cc:1434] T 51ad99a6aa3248a4b268a8992f6023bb P 0135f6e266f24e1487a68fd6aa0ff513: Time spent starting tablet: real 0.007s	user 0.008s	sys 0.000s
I20260608 09:59:47.970729  8384 tablet_bootstrap.cc:492] T e6b2854f418442769effae6bc71d548f P 0135f6e266f24e1487a68fd6aa0ff513: Bootstrap starting.
I20260608 09:59:47.971360  8381 raft_consensus.cc:359] T e6b2854f418442769effae6bc71d548f P e5f14ae014bd437c863e664edc5e122e [term 0 FOLLOWER]: Replica starting. Triggering 0 pending ops. Active config: opid_index: -1 OBSOLETE_local: false peers { permanent_uuid: "e5f14ae014bd437c863e664edc5e122e" member_type: VOTER last_known_addr { host: "127.7.87.129" port: 43711 } } peers { permanent_uuid: "0135f6e266f24e1487a68fd6aa0ff513" member_type: VOTER last_known_addr { host: "127.7.87.130" port: 45047 } } peers { permanent_uuid: "47ebc83ea543466fb642014852275fa9" member_type: VOTER last_known_addr { host: "127.7.87.131" port: 43763 } }
I20260608 09:59:47.972304  8381 raft_consensus.cc:385] T e6b2854f418442769effae6bc71d548f P e5f14ae014bd437c863e664edc5e122e [term 0 FOLLOWER]: Consensus starting up: Expiring failure detector timer to make a prompt election more likely
I20260608 09:59:47.972713  8381 raft_consensus.cc:740] T e6b2854f418442769effae6bc71d548f P e5f14ae014bd437c863e664edc5e122e [term 0 FOLLOWER]: Becoming Follower/Learner. State: Replica: e5f14ae014bd437c863e664edc5e122e, State: Initialized, Role: FOLLOWER
I20260608 09:59:47.975124  8186 tablet_service.cc:1917] Received RequestConsensusVote() RPC: tablet_id: "25eb305da7d54cf9aa19ed8f7f473b28" candidate_uuid: "47ebc83ea543466fb642014852275fa9" candidate_term: 1 candidate_status { last_received { term: 0 index: 0 } } ignore_live_leader: false dest_uuid: "e5f14ae014bd437c863e664edc5e122e" is_pre_election: true
I20260608 09:59:47.975939  8186 raft_consensus.cc:2468] T 25eb305da7d54cf9aa19ed8f7f473b28 P e5f14ae014bd437c863e664edc5e122e [term 0 FOLLOWER]: Leader pre-election vote request: Granting yes vote for candidate 47ebc83ea543466fb642014852275fa9 in term 0.
I20260608 09:59:47.977355  8384 tablet_bootstrap.cc:654] T e6b2854f418442769effae6bc71d548f P 0135f6e266f24e1487a68fd6aa0ff513: Neither blocks nor log segments found. Creating new log.
I20260608 09:59:47.973917  8381 consensus_queue.cc:260] T e6b2854f418442769effae6bc71d548f P e5f14ae014bd437c863e664edc5e122e [NON_LEADER]: Queue going to NON_LEADER mode. State: All replicated index: 0, Majority replicated index: 0, Committed index: 0, Last appended: 0.0, Last appended by leader: 0, Current term: 0, Majority size: -1, State: 0, Mode: NON_LEADER, active raft config: opid_index: -1 OBSOLETE_local: false peers { permanent_uuid: "e5f14ae014bd437c863e664edc5e122e" member_type: VOTER last_known_addr { host: "127.7.87.129" port: 43711 } } peers { permanent_uuid: "0135f6e266f24e1487a68fd6aa0ff513" member_type: VOTER last_known_addr { host: "127.7.87.130" port: 45047 } } peers { permanent_uuid: "47ebc83ea543466fb642014852275fa9" member_type: VOTER last_known_addr { host: "127.7.87.131" port: 43763 } }
I20260608 09:59:47.980769  8261 tablet_service.cc:1917] Received RequestConsensusVote() RPC: tablet_id: "25eb305da7d54cf9aa19ed8f7f473b28" candidate_uuid: "47ebc83ea543466fb642014852275fa9" candidate_term: 1 candidate_status { last_received { term: 0 index: 0 } } ignore_live_leader: false dest_uuid: "0135f6e266f24e1487a68fd6aa0ff513" is_pre_election: true
I20260608 09:59:47.981600  8261 raft_consensus.cc:2468] T 25eb305da7d54cf9aa19ed8f7f473b28 P 0135f6e266f24e1487a68fd6aa0ff513 [term 0 FOLLOWER]: Leader pre-election vote request: Granting yes vote for candidate 47ebc83ea543466fb642014852275fa9 in term 0.
I20260608 09:59:47.982765  8381 ts_tablet_manager.cc:1434] T e6b2854f418442769effae6bc71d548f P e5f14ae014bd437c863e664edc5e122e: Time spent starting tablet: real 0.015s	user 0.007s	sys 0.000s
I20260608 09:59:47.983909  8381 tablet_bootstrap.cc:492] T 9bc836c82ff84b6f98505ff3e362a43d P e5f14ae014bd437c863e664edc5e122e: Bootstrap starting.
I20260608 09:59:47.987246  8261 tablet_service.cc:1917] Received RequestConsensusVote() RPC: tablet_id: "51ad99a6aa3248a4b268a8992f6023bb" candidate_uuid: "47ebc83ea543466fb642014852275fa9" candidate_term: 1 candidate_status { last_received { term: 0 index: 0 } } ignore_live_leader: false dest_uuid: "0135f6e266f24e1487a68fd6aa0ff513" is_pre_election: true
I20260608 09:59:47.987850  8261 raft_consensus.cc:2468] T 51ad99a6aa3248a4b268a8992f6023bb P 0135f6e266f24e1487a68fd6aa0ff513 [term 0 FOLLOWER]: Leader pre-election vote request: Granting yes vote for candidate 47ebc83ea543466fb642014852275fa9 in term 0.
I20260608 09:59:47.990722  8261 tablet_service.cc:1917] Received RequestConsensusVote() RPC: tablet_id: "7b910d66b63d4e9185cccd0bba9e0d59" candidate_uuid: "e5f14ae014bd437c863e664edc5e122e" candidate_term: 1 candidate_status { last_received { term: 0 index: 0 } } ignore_live_leader: false dest_uuid: "0135f6e266f24e1487a68fd6aa0ff513" is_pre_election: true
I20260608 09:59:47.991183  8381 tablet_bootstrap.cc:654] T 9bc836c82ff84b6f98505ff3e362a43d P e5f14ae014bd437c863e664edc5e122e: Neither blocks nor log segments found. Creating new log.
I20260608 09:59:47.991346  8384 tablet_bootstrap.cc:492] T e6b2854f418442769effae6bc71d548f P 0135f6e266f24e1487a68fd6aa0ff513: No bootstrap required, opened a new log
I20260608 09:59:47.991784  8384 ts_tablet_manager.cc:1403] T e6b2854f418442769effae6bc71d548f P 0135f6e266f24e1487a68fd6aa0ff513: Time spent bootstrapping tablet: real 0.021s	user 0.009s	sys 0.009s
I20260608 09:59:47.994371  8384 raft_consensus.cc:359] T e6b2854f418442769effae6bc71d548f P 0135f6e266f24e1487a68fd6aa0ff513 [term 0 FOLLOWER]: Replica starting. Triggering 0 pending ops. Active config: opid_index: -1 OBSOLETE_local: false peers { permanent_uuid: "e5f14ae014bd437c863e664edc5e122e" member_type: VOTER last_known_addr { host: "127.7.87.129" port: 43711 } } peers { permanent_uuid: "0135f6e266f24e1487a68fd6aa0ff513" member_type: VOTER last_known_addr { host: "127.7.87.130" port: 45047 } } peers { permanent_uuid: "47ebc83ea543466fb642014852275fa9" member_type: VOTER last_known_addr { host: "127.7.87.131" port: 43763 } }
W20260608 09:59:47.994652  8150 leader_election.cc:343] T 7b910d66b63d4e9185cccd0bba9e0d59 P e5f14ae014bd437c863e664edc5e122e [CANDIDATE]: Term 1 pre-election: Tablet error from VoteRequest() call to peer 0135f6e266f24e1487a68fd6aa0ff513 (127.7.87.130:45047): Illegal state: must be running to vote when last-logged opid is not known
I20260608 09:59:47.994967  8384 raft_consensus.cc:385] T e6b2854f418442769effae6bc71d548f P 0135f6e266f24e1487a68fd6aa0ff513 [term 0 FOLLOWER]: Consensus starting up: Expiring failure detector timer to make a prompt election more likely
I20260608 09:59:47.995244  8384 raft_consensus.cc:740] T e6b2854f418442769effae6bc71d548f P 0135f6e266f24e1487a68fd6aa0ff513 [term 0 FOLLOWER]: Becoming Follower/Learner. State: Replica: 0135f6e266f24e1487a68fd6aa0ff513, State: Initialized, Role: FOLLOWER
I20260608 09:59:47.996081  8384 consensus_queue.cc:260] T e6b2854f418442769effae6bc71d548f P 0135f6e266f24e1487a68fd6aa0ff513 [NON_LEADER]: Queue going to NON_LEADER mode. State: All replicated index: 0, Majority replicated index: 0, Committed index: 0, Last appended: 0.0, Last appended by leader: 0, Current term: 0, Majority size: -1, State: 0, Mode: NON_LEADER, active raft config: opid_index: -1 OBSOLETE_local: false peers { permanent_uuid: "e5f14ae014bd437c863e664edc5e122e" member_type: VOTER last_known_addr { host: "127.7.87.129" port: 43711 } } peers { permanent_uuid: "0135f6e266f24e1487a68fd6aa0ff513" member_type: VOTER last_known_addr { host: "127.7.87.130" port: 45047 } } peers { permanent_uuid: "47ebc83ea543466fb642014852275fa9" member_type: VOTER last_known_addr { host: "127.7.87.131" port: 43763 } }
I20260608 09:59:47.998492  8384 ts_tablet_manager.cc:1434] T e6b2854f418442769effae6bc71d548f P 0135f6e266f24e1487a68fd6aa0ff513: Time spent starting tablet: real 0.006s	user 0.006s	sys 0.000s
I20260608 09:59:47.999408  8384 tablet_bootstrap.cc:492] T 9bc836c82ff84b6f98505ff3e362a43d P 0135f6e266f24e1487a68fd6aa0ff513: Bootstrap starting.
I20260608 09:59:48.004787  8381 tablet_bootstrap.cc:492] T 9bc836c82ff84b6f98505ff3e362a43d P e5f14ae014bd437c863e664edc5e122e: No bootstrap required, opened a new log
I20260608 09:59:48.005115  8384 tablet_bootstrap.cc:654] T 9bc836c82ff84b6f98505ff3e362a43d P 0135f6e266f24e1487a68fd6aa0ff513: Neither blocks nor log segments found. Creating new log.
I20260608 09:59:48.005234  8381 ts_tablet_manager.cc:1403] T 9bc836c82ff84b6f98505ff3e362a43d P e5f14ae014bd437c863e664edc5e122e: Time spent bootstrapping tablet: real 0.022s	user 0.006s	sys 0.013s
I20260608 09:59:48.005446  8186 tablet_service.cc:1917] Received RequestConsensusVote() RPC: tablet_id: "51ad99a6aa3248a4b268a8992f6023bb" candidate_uuid: "47ebc83ea543466fb642014852275fa9" candidate_term: 1 candidate_status { last_received { term: 0 index: 0 } } ignore_live_leader: false dest_uuid: "e5f14ae014bd437c863e664edc5e122e" is_pre_election: true
I20260608 09:59:48.006065  8186 raft_consensus.cc:2468] T 51ad99a6aa3248a4b268a8992f6023bb P e5f14ae014bd437c863e664edc5e122e [term 0 FOLLOWER]: Leader pre-election vote request: Granting yes vote for candidate 47ebc83ea543466fb642014852275fa9 in term 0.
I20260608 09:59:48.007545  8299 leader_election.cc:304] T 25eb305da7d54cf9aa19ed8f7f473b28 P 47ebc83ea543466fb642014852275fa9 [CANDIDATE]: Term 1 pre-election: Election decided. Result: candidate won. Election summary: received 2 responses out of 3 voters: 2 yes votes; 0 no votes. yes voters: 0135f6e266f24e1487a68fd6aa0ff513, 47ebc83ea543466fb642014852275fa9; no voters: 
I20260608 09:59:48.008322  8381 raft_consensus.cc:359] T 9bc836c82ff84b6f98505ff3e362a43d P e5f14ae014bd437c863e664edc5e122e [term 0 FOLLOWER]: Replica starting. Triggering 0 pending ops. Active config: opid_index: -1 OBSOLETE_local: false peers { permanent_uuid: "e5f14ae014bd437c863e664edc5e122e" member_type: VOTER last_known_addr { host: "127.7.87.129" port: 43711 } } peers { permanent_uuid: "0135f6e266f24e1487a68fd6aa0ff513" member_type: VOTER last_known_addr { host: "127.7.87.130" port: 45047 } } peers { permanent_uuid: "47ebc83ea543466fb642014852275fa9" member_type: VOTER last_known_addr { host: "127.7.87.131" port: 43763 } }
I20260608 09:59:48.008986  8381 raft_consensus.cc:385] T 9bc836c82ff84b6f98505ff3e362a43d P e5f14ae014bd437c863e664edc5e122e [term 0 FOLLOWER]: Consensus starting up: Expiring failure detector timer to make a prompt election more likely
I20260608 09:59:48.009112  8401 raft_consensus.cc:2804] T 25eb305da7d54cf9aa19ed8f7f473b28 P 47ebc83ea543466fb642014852275fa9 [term 0 FOLLOWER]: Leader pre-election won for term 1
I20260608 09:59:48.009306  8381 raft_consensus.cc:740] T 9bc836c82ff84b6f98505ff3e362a43d P e5f14ae014bd437c863e664edc5e122e [term 0 FOLLOWER]: Becoming Follower/Learner. State: Replica: e5f14ae014bd437c863e664edc5e122e, State: Initialized, Role: FOLLOWER
I20260608 09:59:48.009528  8401 raft_consensus.cc:493] T 25eb305da7d54cf9aa19ed8f7f473b28 P 47ebc83ea543466fb642014852275fa9 [term 0 FOLLOWER]: Starting leader election (no leader contacted us within the election timeout)
I20260608 09:59:48.010049  8401 raft_consensus.cc:3060] T 25eb305da7d54cf9aa19ed8f7f473b28 P 47ebc83ea543466fb642014852275fa9 [term 0 FOLLOWER]: Advancing to term 1
I20260608 09:59:48.010165  8381 consensus_queue.cc:260] T 9bc836c82ff84b6f98505ff3e362a43d P e5f14ae014bd437c863e664edc5e122e [NON_LEADER]: Queue going to NON_LEADER mode. State: All replicated index: 0, Majority replicated index: 0, Committed index: 0, Last appended: 0.0, Last appended by leader: 0, Current term: 0, Majority size: -1, State: 0, Mode: NON_LEADER, active raft config: opid_index: -1 OBSOLETE_local: false peers { permanent_uuid: "e5f14ae014bd437c863e664edc5e122e" member_type: VOTER last_known_addr { host: "127.7.87.129" port: 43711 } } peers { permanent_uuid: "0135f6e266f24e1487a68fd6aa0ff513" member_type: VOTER last_known_addr { host: "127.7.87.130" port: 45047 } } peers { permanent_uuid: "47ebc83ea543466fb642014852275fa9" member_type: VOTER last_known_addr { host: "127.7.87.131" port: 43763 } }
I20260608 09:59:48.012118  8381 ts_tablet_manager.cc:1434] T 9bc836c82ff84b6f98505ff3e362a43d P e5f14ae014bd437c863e664edc5e122e: Time spent starting tablet: real 0.006s	user 0.002s	sys 0.002s
I20260608 09:59:48.013432  8381 tablet_bootstrap.cc:492] T 803269fa71654038ab5d38afa5363e56 P e5f14ae014bd437c863e664edc5e122e: Bootstrap starting.
I20260608 09:59:48.015421  8380 tablet_bootstrap.cc:492] T 7b910d66b63d4e9185cccd0bba9e0d59 P 47ebc83ea543466fb642014852275fa9: No bootstrap required, opened a new log
I20260608 09:59:48.008534  8299 leader_election.cc:304] T 51ad99a6aa3248a4b268a8992f6023bb P 47ebc83ea543466fb642014852275fa9 [CANDIDATE]: Term 1 pre-election: Election decided. Result: candidate won. Election summary: received 2 responses out of 3 voters: 2 yes votes; 0 no votes. yes voters: 0135f6e266f24e1487a68fd6aa0ff513, 47ebc83ea543466fb642014852275fa9; no voters: 
I20260608 09:59:48.015885  8380 ts_tablet_manager.cc:1403] T 7b910d66b63d4e9185cccd0bba9e0d59 P 47ebc83ea543466fb642014852275fa9: Time spent bootstrapping tablet: real 0.159s	user 0.035s	sys 0.107s
I20260608 09:59:48.016469  8383 raft_consensus.cc:2804] T 51ad99a6aa3248a4b268a8992f6023bb P 47ebc83ea543466fb642014852275fa9 [term 0 FOLLOWER]: Leader pre-election won for term 1
I20260608 09:59:48.016829  8383 raft_consensus.cc:493] T 51ad99a6aa3248a4b268a8992f6023bb P 47ebc83ea543466fb642014852275fa9 [term 0 FOLLOWER]: Starting leader election (no leader contacted us within the election timeout)
I20260608 09:59:48.017172  8383 raft_consensus.cc:3060] T 51ad99a6aa3248a4b268a8992f6023bb P 47ebc83ea543466fb642014852275fa9 [term 0 FOLLOWER]: Advancing to term 1
I20260608 09:59:48.018886  8380 raft_consensus.cc:359] T 7b910d66b63d4e9185cccd0bba9e0d59 P 47ebc83ea543466fb642014852275fa9 [term 0 FOLLOWER]: Replica starting. Triggering 0 pending ops. Active config: opid_index: -1 OBSOLETE_local: false peers { permanent_uuid: "e5f14ae014bd437c863e664edc5e122e" member_type: VOTER last_known_addr { host: "127.7.87.129" port: 43711 } } peers { permanent_uuid: "0135f6e266f24e1487a68fd6aa0ff513" member_type: VOTER last_known_addr { host: "127.7.87.130" port: 45047 } } peers { permanent_uuid: "47ebc83ea543466fb642014852275fa9" member_type: VOTER last_known_addr { host: "127.7.87.131" port: 43763 } }
I20260608 09:59:48.019536  8380 raft_consensus.cc:385] T 7b910d66b63d4e9185cccd0bba9e0d59 P 47ebc83ea543466fb642014852275fa9 [term 0 FOLLOWER]: Consensus starting up: Expiring failure detector timer to make a prompt election more likely
I20260608 09:59:48.019805  8381 tablet_bootstrap.cc:654] T 803269fa71654038ab5d38afa5363e56 P e5f14ae014bd437c863e664edc5e122e: Neither blocks nor log segments found. Creating new log.
I20260608 09:59:48.019799  8380 raft_consensus.cc:740] T 7b910d66b63d4e9185cccd0bba9e0d59 P 47ebc83ea543466fb642014852275fa9 [term 0 FOLLOWER]: Becoming Follower/Learner. State: Replica: 47ebc83ea543466fb642014852275fa9, State: Initialized, Role: FOLLOWER
I20260608 09:59:48.020677  8380 consensus_queue.cc:260] T 7b910d66b63d4e9185cccd0bba9e0d59 P 47ebc83ea543466fb642014852275fa9 [NON_LEADER]: Queue going to NON_LEADER mode. State: All replicated index: 0, Majority replicated index: 0, Committed index: 0, Last appended: 0.0, Last appended by leader: 0, Current term: 0, Majority size: -1, State: 0, Mode: NON_LEADER, active raft config: opid_index: -1 OBSOLETE_local: false peers { permanent_uuid: "e5f14ae014bd437c863e664edc5e122e" member_type: VOTER last_known_addr { host: "127.7.87.129" port: 43711 } } peers { permanent_uuid: "0135f6e266f24e1487a68fd6aa0ff513" member_type: VOTER last_known_addr { host: "127.7.87.130" port: 45047 } } peers { permanent_uuid: "47ebc83ea543466fb642014852275fa9" member_type: VOTER last_known_addr { host: "127.7.87.131" port: 43763 } }
I20260608 09:59:48.021428  8335 tablet_service.cc:1917] Received RequestConsensusVote() RPC: tablet_id: "7b910d66b63d4e9185cccd0bba9e0d59" candidate_uuid: "e5f14ae014bd437c863e664edc5e122e" candidate_term: 1 candidate_status { last_received { term: 0 index: 0 } } ignore_live_leader: false dest_uuid: "47ebc83ea543466fb642014852275fa9" is_pre_election: true
I20260608 09:59:48.022102  8335 raft_consensus.cc:2468] T 7b910d66b63d4e9185cccd0bba9e0d59 P 47ebc83ea543466fb642014852275fa9 [term 0 FOLLOWER]: Leader pre-election vote request: Granting yes vote for candidate e5f14ae014bd437c863e664edc5e122e in term 0.
I20260608 09:59:48.015398  8384 tablet_bootstrap.cc:492] T 9bc836c82ff84b6f98505ff3e362a43d P 0135f6e266f24e1487a68fd6aa0ff513: No bootstrap required, opened a new log
I20260608 09:59:48.023703  8384 ts_tablet_manager.cc:1403] T 9bc836c82ff84b6f98505ff3e362a43d P 0135f6e266f24e1487a68fd6aa0ff513: Time spent bootstrapping tablet: real 0.024s	user 0.009s	sys 0.005s
I20260608 09:59:48.024092  8150 leader_election.cc:304] T 7b910d66b63d4e9185cccd0bba9e0d59 P e5f14ae014bd437c863e664edc5e122e [CANDIDATE]: Term 1 pre-election: Election decided. Result: candidate won. Election summary: received 3 responses out of 3 voters: 2 yes votes; 1 no votes. yes voters: 47ebc83ea543466fb642014852275fa9, e5f14ae014bd437c863e664edc5e122e; no voters: 0135f6e266f24e1487a68fd6aa0ff513
I20260608 09:59:48.025744  8387 raft_consensus.cc:2804] T 7b910d66b63d4e9185cccd0bba9e0d59 P e5f14ae014bd437c863e664edc5e122e [term 0 FOLLOWER]: Leader pre-election won for term 1
I20260608 09:59:48.026206  8387 raft_consensus.cc:493] T 7b910d66b63d4e9185cccd0bba9e0d59 P e5f14ae014bd437c863e664edc5e122e [term 0 FOLLOWER]: Starting leader election (no leader contacted us within the election timeout)
I20260608 09:59:48.026605  8387 raft_consensus.cc:3060] T 7b910d66b63d4e9185cccd0bba9e0d59 P e5f14ae014bd437c863e664edc5e122e [term 0 FOLLOWER]: Advancing to term 1
I20260608 09:59:48.027490  8384 raft_consensus.cc:359] T 9bc836c82ff84b6f98505ff3e362a43d P 0135f6e266f24e1487a68fd6aa0ff513 [term 0 FOLLOWER]: Replica starting. Triggering 0 pending ops. Active config: opid_index: -1 OBSOLETE_local: false peers { permanent_uuid: "e5f14ae014bd437c863e664edc5e122e" member_type: VOTER last_known_addr { host: "127.7.87.129" port: 43711 } } peers { permanent_uuid: "0135f6e266f24e1487a68fd6aa0ff513" member_type: VOTER last_known_addr { host: "127.7.87.130" port: 45047 } } peers { permanent_uuid: "47ebc83ea543466fb642014852275fa9" member_type: VOTER last_known_addr { host: "127.7.87.131" port: 43763 } }
I20260608 09:59:48.028455  8384 raft_consensus.cc:385] T 9bc836c82ff84b6f98505ff3e362a43d P 0135f6e266f24e1487a68fd6aa0ff513 [term 0 FOLLOWER]: Consensus starting up: Expiring failure detector timer to make a prompt election more likely
I20260608 09:59:48.028816  8384 raft_consensus.cc:740] T 9bc836c82ff84b6f98505ff3e362a43d P 0135f6e266f24e1487a68fd6aa0ff513 [term 0 FOLLOWER]: Becoming Follower/Learner. State: Replica: 0135f6e266f24e1487a68fd6aa0ff513, State: Initialized, Role: FOLLOWER
I20260608 09:59:48.033003  8401 raft_consensus.cc:515] T 25eb305da7d54cf9aa19ed8f7f473b28 P 47ebc83ea543466fb642014852275fa9 [term 1 FOLLOWER]: Starting leader election with config: opid_index: -1 OBSOLETE_local: false peers { permanent_uuid: "e5f14ae014bd437c863e664edc5e122e" member_type: VOTER last_known_addr { host: "127.7.87.129" port: 43711 } } peers { permanent_uuid: "0135f6e266f24e1487a68fd6aa0ff513" member_type: VOTER last_known_addr { host: "127.7.87.130" port: 45047 } } peers { permanent_uuid: "47ebc83ea543466fb642014852275fa9" member_type: VOTER last_known_addr { host: "127.7.87.131" port: 43763 } }
I20260608 09:59:48.035741  8401 leader_election.cc:290] T 25eb305da7d54cf9aa19ed8f7f473b28 P 47ebc83ea543466fb642014852275fa9 [CANDIDATE]: Term 1 election: Requested vote from peers e5f14ae014bd437c863e664edc5e122e (127.7.87.129:43711), 0135f6e266f24e1487a68fd6aa0ff513 (127.7.87.130:45047)
I20260608 09:59:48.038354  8383 raft_consensus.cc:515] T 51ad99a6aa3248a4b268a8992f6023bb P 47ebc83ea543466fb642014852275fa9 [term 1 FOLLOWER]: Starting leader election with config: opid_index: -1 OBSOLETE_local: false peers { permanent_uuid: "e5f14ae014bd437c863e664edc5e122e" member_type: VOTER last_known_addr { host: "127.7.87.129" port: 43711 } } peers { permanent_uuid: "47ebc83ea543466fb642014852275fa9" member_type: VOTER last_known_addr { host: "127.7.87.131" port: 43763 } } peers { permanent_uuid: "0135f6e266f24e1487a68fd6aa0ff513" member_type: VOTER last_known_addr { host: "127.7.87.130" port: 45047 } }
I20260608 09:59:48.029834  8384 consensus_queue.cc:260] T 9bc836c82ff84b6f98505ff3e362a43d P 0135f6e266f24e1487a68fd6aa0ff513 [NON_LEADER]: Queue going to NON_LEADER mode. State: All replicated index: 0, Majority replicated index: 0, Committed index: 0, Last appended: 0.0, Last appended by leader: 0, Current term: 0, Majority size: -1, State: 0, Mode: NON_LEADER, active raft config: opid_index: -1 OBSOLETE_local: false peers { permanent_uuid: "e5f14ae014bd437c863e664edc5e122e" member_type: VOTER last_known_addr { host: "127.7.87.129" port: 43711 } } peers { permanent_uuid: "0135f6e266f24e1487a68fd6aa0ff513" member_type: VOTER last_known_addr { host: "127.7.87.130" port: 45047 } } peers { permanent_uuid: "47ebc83ea543466fb642014852275fa9" member_type: VOTER last_known_addr { host: "127.7.87.131" port: 43763 } }
I20260608 09:59:48.044993  8387 raft_consensus.cc:515] T 7b910d66b63d4e9185cccd0bba9e0d59 P e5f14ae014bd437c863e664edc5e122e [term 1 FOLLOWER]: Starting leader election with config: opid_index: -1 OBSOLETE_local: false peers { permanent_uuid: "e5f14ae014bd437c863e664edc5e122e" member_type: VOTER last_known_addr { host: "127.7.87.129" port: 43711 } } peers { permanent_uuid: "0135f6e266f24e1487a68fd6aa0ff513" member_type: VOTER last_known_addr { host: "127.7.87.130" port: 45047 } } peers { permanent_uuid: "47ebc83ea543466fb642014852275fa9" member_type: VOTER last_known_addr { host: "127.7.87.131" port: 43763 } }
I20260608 09:59:48.040807  8401 raft_consensus.cc:493] T 803269fa71654038ab5d38afa5363e56 P 47ebc83ea543466fb642014852275fa9 [term 0 FOLLOWER]: Starting pre-election (no leader contacted us within the election timeout)
I20260608 09:59:48.053798  8383 leader_election.cc:290] T 51ad99a6aa3248a4b268a8992f6023bb P 47ebc83ea543466fb642014852275fa9 [CANDIDATE]: Term 1 election: Requested vote from peers e5f14ae014bd437c863e664edc5e122e (127.7.87.129:43711), 0135f6e266f24e1487a68fd6aa0ff513 (127.7.87.130:45047)
I20260608 09:59:48.056092  8380 ts_tablet_manager.cc:1434] T 7b910d66b63d4e9185cccd0bba9e0d59 P 47ebc83ea543466fb642014852275fa9: Time spent starting tablet: real 0.040s	user 0.024s	sys 0.015s
I20260608 09:59:48.057138  8380 tablet_bootstrap.cc:492] T e6b2854f418442769effae6bc71d548f P 47ebc83ea543466fb642014852275fa9: Bootstrap starting.
I20260608 09:59:48.056993  8387 leader_election.cc:290] T 7b910d66b63d4e9185cccd0bba9e0d59 P e5f14ae014bd437c863e664edc5e122e [CANDIDATE]: Term 1 election: Requested vote from peers 0135f6e266f24e1487a68fd6aa0ff513 (127.7.87.130:45047), 47ebc83ea543466fb642014852275fa9 (127.7.87.131:43763)
I20260608 09:59:48.052067  8384 ts_tablet_manager.cc:1434] T 9bc836c82ff84b6f98505ff3e362a43d P 0135f6e266f24e1487a68fd6aa0ff513: Time spent starting tablet: real 0.028s	user 0.008s	sys 0.000s
I20260608 09:59:48.059121  8384 tablet_bootstrap.cc:492] T 7b910d66b63d4e9185cccd0bba9e0d59 P 0135f6e266f24e1487a68fd6aa0ff513: Bootstrap starting.
I20260608 09:59:48.060639  8261 tablet_service.cc:1917] Received RequestConsensusVote() RPC: tablet_id: "7b910d66b63d4e9185cccd0bba9e0d59" candidate_uuid: "e5f14ae014bd437c863e664edc5e122e" candidate_term: 1 candidate_status { last_received { term: 0 index: 0 } } ignore_live_leader: false dest_uuid: "0135f6e266f24e1487a68fd6aa0ff513"
W20260608 09:59:48.062073  8150 leader_election.cc:343] T 7b910d66b63d4e9185cccd0bba9e0d59 P e5f14ae014bd437c863e664edc5e122e [CANDIDATE]: Term 1 election: Tablet error from VoteRequest() call to peer 0135f6e266f24e1487a68fd6aa0ff513 (127.7.87.130:45047): Illegal state: must be running to vote when last-logged opid is not known
I20260608 09:59:48.064020  8380 tablet_bootstrap.cc:654] T e6b2854f418442769effae6bc71d548f P 47ebc83ea543466fb642014852275fa9: Neither blocks nor log segments found. Creating new log.
I20260608 09:59:48.069644  8384 tablet_bootstrap.cc:654] T 7b910d66b63d4e9185cccd0bba9e0d59 P 0135f6e266f24e1487a68fd6aa0ff513: Neither blocks nor log segments found. Creating new log.
I20260608 09:59:48.070254  8401 raft_consensus.cc:515] T 803269fa71654038ab5d38afa5363e56 P 47ebc83ea543466fb642014852275fa9 [term 0 FOLLOWER]: Starting pre-election with config: opid_index: -1 OBSOLETE_local: false peers { permanent_uuid: "e5f14ae014bd437c863e664edc5e122e" member_type: VOTER last_known_addr { host: "127.7.87.129" port: 43711 } } peers { permanent_uuid: "0135f6e266f24e1487a68fd6aa0ff513" member_type: VOTER last_known_addr { host: "127.7.87.130" port: 45047 } } peers { permanent_uuid: "47ebc83ea543466fb642014852275fa9" member_type: VOTER last_known_addr { host: "127.7.87.131" port: 43763 } }
I20260608 09:59:48.073846  8401 leader_election.cc:290] T 803269fa71654038ab5d38afa5363e56 P 47ebc83ea543466fb642014852275fa9 [CANDIDATE]: Term 1 pre-election: Requested pre-vote from peers e5f14ae014bd437c863e664edc5e122e (127.7.87.129:43711), 0135f6e266f24e1487a68fd6aa0ff513 (127.7.87.130:45047)
I20260608 09:59:48.078032  8186 tablet_service.cc:1917] Received RequestConsensusVote() RPC: tablet_id: "25eb305da7d54cf9aa19ed8f7f473b28" candidate_uuid: "47ebc83ea543466fb642014852275fa9" candidate_term: 1 candidate_status { last_received { term: 0 index: 0 } } ignore_live_leader: false dest_uuid: "e5f14ae014bd437c863e664edc5e122e"
I20260608 09:59:48.078480  8381 tablet_bootstrap.cc:492] T 803269fa71654038ab5d38afa5363e56 P e5f14ae014bd437c863e664edc5e122e: No bootstrap required, opened a new log
I20260608 09:59:48.078761  8186 raft_consensus.cc:3060] T 25eb305da7d54cf9aa19ed8f7f473b28 P e5f14ae014bd437c863e664edc5e122e [term 0 FOLLOWER]: Advancing to term 1
I20260608 09:59:48.079186  8381 ts_tablet_manager.cc:1403] T 803269fa71654038ab5d38afa5363e56 P e5f14ae014bd437c863e664edc5e122e: Time spent bootstrapping tablet: real 0.066s	user 0.027s	sys 0.035s
