I20260608 09:48:46.134548 31731 ts_tablet_manager.cc:1403] T d77c76bbc1bb4bcdaee8c8138acf4117 P 35a999e92c1f4912bb9f8ca4a5abf683: Time spent bootstrapping tablet: real 0.035s	user 0.011s	sys 0.004s
I20260608 09:48:46.134294 31730 raft_consensus.cc:359] T 3a190004f727490ebe5199f69375ee78 P 8b553b2c547840e7895d9a95d1abc9d8 [term 0 FOLLOWER]: Replica starting. Triggering 0 pending ops. Active config: opid_index: -1 OBSOLETE_local: false peers { permanent_uuid: "8b553b2c547840e7895d9a95d1abc9d8" member_type: VOTER last_known_addr { host: "127.27.219.193" port: 36713 } } peers { permanent_uuid: "35a999e92c1f4912bb9f8ca4a5abf683" member_type: VOTER last_known_addr { host: "127.27.219.194" port: 33781 } } peers { permanent_uuid: "cd386151f1a845eebf3a4071aa77d818" member_type: VOTER last_known_addr { host: "127.27.219.195" port: 41555 } }
I20260608 09:48:46.135174 31730 raft_consensus.cc:385] T 3a190004f727490ebe5199f69375ee78 P 8b553b2c547840e7895d9a95d1abc9d8 [term 0 FOLLOWER]: Consensus starting up: Expiring failure detector timer to make a prompt election more likely
I20260608 09:48:46.134953 31729 raft_consensus.cc:359] T d77c76bbc1bb4bcdaee8c8138acf4117 P cd386151f1a845eebf3a4071aa77d818 [term 0 FOLLOWER]: Replica starting. Triggering 0 pending ops. Active config: opid_index: -1 OBSOLETE_local: false peers { permanent_uuid: "cd386151f1a845eebf3a4071aa77d818" member_type: VOTER last_known_addr { host: "127.27.219.195" port: 41555 } } peers { permanent_uuid: "8b553b2c547840e7895d9a95d1abc9d8" member_type: VOTER last_known_addr { host: "127.27.219.193" port: 36713 } } peers { permanent_uuid: "35a999e92c1f4912bb9f8ca4a5abf683" member_type: VOTER last_known_addr { host: "127.27.219.194" port: 33781 } }
I20260608 09:48:46.135546 31730 raft_consensus.cc:740] T 3a190004f727490ebe5199f69375ee78 P 8b553b2c547840e7895d9a95d1abc9d8 [term 0 FOLLOWER]: Becoming Follower/Learner. State: Replica: 8b553b2c547840e7895d9a95d1abc9d8, State: Initialized, Role: FOLLOWER
I20260608 09:48:46.135747 31729 raft_consensus.cc:385] T d77c76bbc1bb4bcdaee8c8138acf4117 P cd386151f1a845eebf3a4071aa77d818 [term 0 FOLLOWER]: Consensus starting up: Expiring failure detector timer to make a prompt election more likely
I20260608 09:48:46.136085 31729 raft_consensus.cc:740] T d77c76bbc1bb4bcdaee8c8138acf4117 P cd386151f1a845eebf3a4071aa77d818 [term 0 FOLLOWER]: Becoming Follower/Learner. State: Replica: cd386151f1a845eebf3a4071aa77d818, State: Initialized, Role: FOLLOWER
I20260608 09:48:46.136400 31730 consensus_queue.cc:260] T 3a190004f727490ebe5199f69375ee78 P 8b553b2c547840e7895d9a95d1abc9d8 [NON_LEADER]: Queue going to NON_LEADER mode. State: All replicated index: 0, Majority replicated index: 0, Committed index: 0, Last appended: 0.0, Last appended by leader: 0, Current term: 0, Majority size: -1, State: 0, Mode: NON_LEADER, active raft config: opid_index: -1 OBSOLETE_local: false peers { permanent_uuid: "8b553b2c547840e7895d9a95d1abc9d8" member_type: VOTER last_known_addr { host: "127.27.219.193" port: 36713 } } peers { permanent_uuid: "35a999e92c1f4912bb9f8ca4a5abf683" member_type: VOTER last_known_addr { host: "127.27.219.194" port: 33781 } } peers { permanent_uuid: "cd386151f1a845eebf3a4071aa77d818" member_type: VOTER last_known_addr { host: "127.27.219.195" port: 41555 } }
I20260608 09:48:46.137015 31729 consensus_queue.cc:260] T d77c76bbc1bb4bcdaee8c8138acf4117 P cd386151f1a845eebf3a4071aa77d818 [NON_LEADER]: Queue going to NON_LEADER mode. State: All replicated index: 0, Majority replicated index: 0, Committed index: 0, Last appended: 0.0, Last appended by leader: 0, Current term: 0, Majority size: -1, State: 0, Mode: NON_LEADER, active raft config: opid_index: -1 OBSOLETE_local: false peers { permanent_uuid: "cd386151f1a845eebf3a4071aa77d818" member_type: VOTER last_known_addr { host: "127.27.219.195" port: 41555 } } peers { permanent_uuid: "8b553b2c547840e7895d9a95d1abc9d8" member_type: VOTER last_known_addr { host: "127.27.219.193" port: 36713 } } peers { permanent_uuid: "35a999e92c1f4912bb9f8ca4a5abf683" member_type: VOTER last_known_addr { host: "127.27.219.194" port: 33781 } }
I20260608 09:48:46.138885 31730 ts_tablet_manager.cc:1434] T 3a190004f727490ebe5199f69375ee78 P 8b553b2c547840e7895d9a95d1abc9d8: Time spent starting tablet: real 0.007s	user 0.008s	sys 0.000s
I20260608 09:48:46.139408 31729 ts_tablet_manager.cc:1434] T d77c76bbc1bb4bcdaee8c8138acf4117 P cd386151f1a845eebf3a4071aa77d818: Time spent starting tablet: real 0.007s	user 0.008s	sys 0.000s
I20260608 09:48:46.139969 31730 tablet_bootstrap.cc:492] T bd46862fd45141abab5e549e5bf72f99 P 8b553b2c547840e7895d9a95d1abc9d8: Bootstrap starting.
I20260608 09:48:46.140451 31729 tablet_bootstrap.cc:492] T f83766754fa94be2a3b14b7427bce18b P cd386151f1a845eebf3a4071aa77d818: Bootstrap starting.
I20260608 09:48:46.137603 31731 raft_consensus.cc:359] T d77c76bbc1bb4bcdaee8c8138acf4117 P 35a999e92c1f4912bb9f8ca4a5abf683 [term 0 FOLLOWER]: Replica starting. Triggering 0 pending ops. Active config: opid_index: -1 OBSOLETE_local: false peers { permanent_uuid: "cd386151f1a845eebf3a4071aa77d818" member_type: VOTER last_known_addr { host: "127.27.219.195" port: 41555 } } peers { permanent_uuid: "8b553b2c547840e7895d9a95d1abc9d8" member_type: VOTER last_known_addr { host: "127.27.219.193" port: 36713 } } peers { permanent_uuid: "35a999e92c1f4912bb9f8ca4a5abf683" member_type: VOTER last_known_addr { host: "127.27.219.194" port: 33781 } }
I20260608 09:48:46.142520 31731 raft_consensus.cc:385] T d77c76bbc1bb4bcdaee8c8138acf4117 P 35a999e92c1f4912bb9f8ca4a5abf683 [term 0 FOLLOWER]: Consensus starting up: Expiring failure detector timer to make a prompt election more likely
I20260608 09:48:46.147048 31730 tablet_bootstrap.cc:654] T bd46862fd45141abab5e549e5bf72f99 P 8b553b2c547840e7895d9a95d1abc9d8: Neither blocks nor log segments found. Creating new log.
I20260608 09:48:46.147384 31731 raft_consensus.cc:740] T d77c76bbc1bb4bcdaee8c8138acf4117 P 35a999e92c1f4912bb9f8ca4a5abf683 [term 0 FOLLOWER]: Becoming Follower/Learner. State: Replica: 35a999e92c1f4912bb9f8ca4a5abf683, State: Initialized, Role: FOLLOWER
I20260608 09:48:46.148849 31729 tablet_bootstrap.cc:654] T f83766754fa94be2a3b14b7427bce18b P cd386151f1a845eebf3a4071aa77d818: Neither blocks nor log segments found. Creating new log.
I20260608 09:48:46.148447 31731 consensus_queue.cc:260] T d77c76bbc1bb4bcdaee8c8138acf4117 P 35a999e92c1f4912bb9f8ca4a5abf683 [NON_LEADER]: Queue going to NON_LEADER mode. State: All replicated index: 0, Majority replicated index: 0, Committed index: 0, Last appended: 0.0, Last appended by leader: 0, Current term: 0, Majority size: -1, State: 0, Mode: NON_LEADER, active raft config: opid_index: -1 OBSOLETE_local: false peers { permanent_uuid: "cd386151f1a845eebf3a4071aa77d818" member_type: VOTER last_known_addr { host: "127.27.219.195" port: 41555 } } peers { permanent_uuid: "8b553b2c547840e7895d9a95d1abc9d8" member_type: VOTER last_known_addr { host: "127.27.219.193" port: 36713 } } peers { permanent_uuid: "35a999e92c1f4912bb9f8ca4a5abf683" member_type: VOTER last_known_addr { host: "127.27.219.194" port: 33781 } }
I20260608 09:48:46.161715 31731 ts_tablet_manager.cc:1434] T d77c76bbc1bb4bcdaee8c8138acf4117 P 35a999e92c1f4912bb9f8ca4a5abf683: Time spent starting tablet: real 0.027s	user 0.006s	sys 0.001s
I20260608 09:48:46.167824 31731 tablet_bootstrap.cc:492] T 339c63f733ad48e1899fb16f8e666c93 P 35a999e92c1f4912bb9f8ca4a5abf683: Bootstrap starting.
I20260608 09:48:46.190837 31730 tablet_bootstrap.cc:492] T bd46862fd45141abab5e549e5bf72f99 P 8b553b2c547840e7895d9a95d1abc9d8: No bootstrap required, opened a new log
I20260608 09:48:46.191502 31730 ts_tablet_manager.cc:1403] T bd46862fd45141abab5e549e5bf72f99 P 8b553b2c547840e7895d9a95d1abc9d8: Time spent bootstrapping tablet: real 0.052s	user 0.020s	sys 0.029s
I20260608 09:48:46.191954 31735 raft_consensus.cc:493] T 6da7f6366b484d22922d48c7f451fd21 P 8b553b2c547840e7895d9a95d1abc9d8 [term 0 FOLLOWER]: Starting pre-election (no leader contacted us within the election timeout)
I20260608 09:48:46.192521 31735 raft_consensus.cc:515] T 6da7f6366b484d22922d48c7f451fd21 P 8b553b2c547840e7895d9a95d1abc9d8 [term 0 FOLLOWER]: Starting pre-election with config: opid_index: -1 OBSOLETE_local: false peers { permanent_uuid: "8b553b2c547840e7895d9a95d1abc9d8" member_type: VOTER last_known_addr { host: "127.27.219.193" port: 36713 } } peers { permanent_uuid: "35a999e92c1f4912bb9f8ca4a5abf683" member_type: VOTER last_known_addr { host: "127.27.219.194" port: 33781 } } peers { permanent_uuid: "cd386151f1a845eebf3a4071aa77d818" member_type: VOTER last_known_addr { host: "127.27.219.195" port: 41555 } }
I20260608 09:48:46.194841 31730 raft_consensus.cc:359] T bd46862fd45141abab5e549e5bf72f99 P 8b553b2c547840e7895d9a95d1abc9d8 [term 0 FOLLOWER]: Replica starting. Triggering 0 pending ops. Active config: opid_index: -1 OBSOLETE_local: false peers { permanent_uuid: "8b553b2c547840e7895d9a95d1abc9d8" member_type: VOTER last_known_addr { host: "127.27.219.193" port: 36713 } } peers { permanent_uuid: "35a999e92c1f4912bb9f8ca4a5abf683" member_type: VOTER last_known_addr { host: "127.27.219.194" port: 33781 } } peers { permanent_uuid: "cd386151f1a845eebf3a4071aa77d818" member_type: VOTER last_known_addr { host: "127.27.219.195" port: 41555 } }
I20260608 09:48:46.195717 31730 raft_consensus.cc:385] T bd46862fd45141abab5e549e5bf72f99 P 8b553b2c547840e7895d9a95d1abc9d8 [term 0 FOLLOWER]: Consensus starting up: Expiring failure detector timer to make a prompt election more likely
I20260608 09:48:46.196026 31730 raft_consensus.cc:740] T bd46862fd45141abab5e549e5bf72f99 P 8b553b2c547840e7895d9a95d1abc9d8 [term 0 FOLLOWER]: Becoming Follower/Learner. State: Replica: 8b553b2c547840e7895d9a95d1abc9d8, State: Initialized, Role: FOLLOWER
I20260608 09:48:46.196909 31730 consensus_queue.cc:260] T bd46862fd45141abab5e549e5bf72f99 P 8b553b2c547840e7895d9a95d1abc9d8 [NON_LEADER]: Queue going to NON_LEADER mode. State: All replicated index: 0, Majority replicated index: 0, Committed index: 0, Last appended: 0.0, Last appended by leader: 0, Current term: 0, Majority size: -1, State: 0, Mode: NON_LEADER, active raft config: opid_index: -1 OBSOLETE_local: false peers { permanent_uuid: "8b553b2c547840e7895d9a95d1abc9d8" member_type: VOTER last_known_addr { host: "127.27.219.193" port: 36713 } } peers { permanent_uuid: "35a999e92c1f4912bb9f8ca4a5abf683" member_type: VOTER last_known_addr { host: "127.27.219.194" port: 33781 } } peers { permanent_uuid: "cd386151f1a845eebf3a4071aa77d818" member_type: VOTER last_known_addr { host: "127.27.219.195" port: 41555 } }
I20260608 09:48:46.197765 31535 tablet_service.cc:1917] Received RequestConsensusVote() RPC: tablet_id: "f83766754fa94be2a3b14b7427bce18b" candidate_uuid: "35a999e92c1f4912bb9f8ca4a5abf683" candidate_term: 1 candidate_status { last_received { term: 0 index: 0 } } ignore_live_leader: false dest_uuid: "8b553b2c547840e7895d9a95d1abc9d8" is_pre_election: true
I20260608 09:48:46.200378 31730 ts_tablet_manager.cc:1434] T bd46862fd45141abab5e549e5bf72f99 P 8b553b2c547840e7895d9a95d1abc9d8: Time spent starting tablet: real 0.009s	user 0.005s	sys 0.003s
I20260608 09:48:46.200728 31731 tablet_bootstrap.cc:654] T 339c63f733ad48e1899fb16f8e666c93 P 35a999e92c1f4912bb9f8ca4a5abf683: Neither blocks nor log segments found. Creating new log.
I20260608 09:48:46.201484 31730 tablet_bootstrap.cc:492] T f83766754fa94be2a3b14b7427bce18b P 8b553b2c547840e7895d9a95d1abc9d8: Bootstrap starting.
I20260608 09:48:46.210757 31730 tablet_bootstrap.cc:654] T f83766754fa94be2a3b14b7427bce18b P 8b553b2c547840e7895d9a95d1abc9d8: Neither blocks nor log segments found. Creating new log.
I20260608 09:48:46.210624 31735 leader_election.cc:290] T 6da7f6366b484d22922d48c7f451fd21 P 8b553b2c547840e7895d9a95d1abc9d8 [CANDIDATE]: Term 1 pre-election: Requested pre-vote from peers 35a999e92c1f4912bb9f8ca4a5abf683 (127.27.219.194:33781), cd386151f1a845eebf3a4071aa77d818 (127.27.219.195:41555)
W20260608 09:48:46.213610 31574 leader_election.cc:343] T f83766754fa94be2a3b14b7427bce18b P 35a999e92c1f4912bb9f8ca4a5abf683 [CANDIDATE]: Term 1 pre-election: Tablet error from VoteRequest() call to peer 8b553b2c547840e7895d9a95d1abc9d8 (127.27.219.193:36713): Illegal state: must be running to vote when last-logged opid is not known
I20260608 09:48:46.217222 31730 tablet_bootstrap.cc:492] T f83766754fa94be2a3b14b7427bce18b P 8b553b2c547840e7895d9a95d1abc9d8: No bootstrap required, opened a new log
I20260608 09:48:46.217936 31730 ts_tablet_manager.cc:1403] T f83766754fa94be2a3b14b7427bce18b P 8b553b2c547840e7895d9a95d1abc9d8: Time spent bootstrapping tablet: real 0.017s	user 0.009s	sys 0.005s
I20260608 09:48:46.221231 31729 tablet_bootstrap.cc:492] T f83766754fa94be2a3b14b7427bce18b P cd386151f1a845eebf3a4071aa77d818: No bootstrap required, opened a new log
I20260608 09:48:46.221974 31729 ts_tablet_manager.cc:1403] T f83766754fa94be2a3b14b7427bce18b P cd386151f1a845eebf3a4071aa77d818: Time spent bootstrapping tablet: real 0.082s	user 0.032s	sys 0.017s
I20260608 09:48:46.221668 31730 raft_consensus.cc:359] T f83766754fa94be2a3b14b7427bce18b P 8b553b2c547840e7895d9a95d1abc9d8 [term 0 FOLLOWER]: Replica starting. Triggering 0 pending ops. Active config: opid_index: -1 OBSOLETE_local: false peers { permanent_uuid: "35a999e92c1f4912bb9f8ca4a5abf683" member_type: VOTER last_known_addr { host: "127.27.219.194" port: 33781 } } peers { permanent_uuid: "8b553b2c547840e7895d9a95d1abc9d8" member_type: VOTER last_known_addr { host: "127.27.219.193" port: 36713 } } peers { permanent_uuid: "cd386151f1a845eebf3a4071aa77d818" member_type: VOTER last_known_addr { host: "127.27.219.195" port: 41555 } }
I20260608 09:48:46.222764 31730 raft_consensus.cc:385] T f83766754fa94be2a3b14b7427bce18b P 8b553b2c547840e7895d9a95d1abc9d8 [term 0 FOLLOWER]: Consensus starting up: Expiring failure detector timer to make a prompt election more likely
I20260608 09:48:46.223176 31730 raft_consensus.cc:740] T f83766754fa94be2a3b14b7427bce18b P 8b553b2c547840e7895d9a95d1abc9d8 [term 0 FOLLOWER]: Becoming Follower/Learner. State: Replica: 8b553b2c547840e7895d9a95d1abc9d8, State: Initialized, Role: FOLLOWER
I20260608 09:48:46.224251 31730 consensus_queue.cc:260] T f83766754fa94be2a3b14b7427bce18b P 8b553b2c547840e7895d9a95d1abc9d8 [NON_LEADER]: Queue going to NON_LEADER mode. State: All replicated index: 0, Majority replicated index: 0, Committed index: 0, Last appended: 0.0, Last appended by leader: 0, Current term: 0, Majority size: -1, State: 0, Mode: NON_LEADER, active raft config: opid_index: -1 OBSOLETE_local: false peers { permanent_uuid: "35a999e92c1f4912bb9f8ca4a5abf683" member_type: VOTER last_known_addr { host: "127.27.219.194" port: 33781 } } peers { permanent_uuid: "8b553b2c547840e7895d9a95d1abc9d8" member_type: VOTER last_known_addr { host: "127.27.219.193" port: 36713 } } peers { permanent_uuid: "cd386151f1a845eebf3a4071aa77d818" member_type: VOTER last_known_addr { host: "127.27.219.195" port: 41555 } }
I20260608 09:48:46.226804 31729 raft_consensus.cc:359] T f83766754fa94be2a3b14b7427bce18b P cd386151f1a845eebf3a4071aa77d818 [term 0 FOLLOWER]: Replica starting. Triggering 0 pending ops. Active config: opid_index: -1 OBSOLETE_local: false peers { permanent_uuid: "35a999e92c1f4912bb9f8ca4a5abf683" member_type: VOTER last_known_addr { host: "127.27.219.194" port: 33781 } } peers { permanent_uuid: "8b553b2c547840e7895d9a95d1abc9d8" member_type: VOTER last_known_addr { host: "127.27.219.193" port: 36713 } } peers { permanent_uuid: "cd386151f1a845eebf3a4071aa77d818" member_type: VOTER last_known_addr { host: "127.27.219.195" port: 41555 } }
I20260608 09:48:46.227979 31729 raft_consensus.cc:385] T f83766754fa94be2a3b14b7427bce18b P cd386151f1a845eebf3a4071aa77d818 [term 0 FOLLOWER]: Consensus starting up: Expiring failure detector timer to make a prompt election more likely
I20260608 09:48:46.228513 31729 raft_consensus.cc:740] T f83766754fa94be2a3b14b7427bce18b P cd386151f1a845eebf3a4071aa77d818 [term 0 FOLLOWER]: Becoming Follower/Learner. State: Replica: cd386151f1a845eebf3a4071aa77d818, State: Initialized, Role: FOLLOWER
I20260608 09:48:46.230664 31730 ts_tablet_manager.cc:1434] T f83766754fa94be2a3b14b7427bce18b P 8b553b2c547840e7895d9a95d1abc9d8: Time spent starting tablet: real 0.012s	user 0.009s	sys 0.003s
I20260608 09:48:46.230321 31729 consensus_queue.cc:260] T f83766754fa94be2a3b14b7427bce18b P cd386151f1a845eebf3a4071aa77d818 [NON_LEADER]: Queue going to NON_LEADER mode. State: All replicated index: 0, Majority replicated index: 0, Committed index: 0, Last appended: 0.0, Last appended by leader: 0, Current term: 0, Majority size: -1, State: 0, Mode: NON_LEADER, active raft config: opid_index: -1 OBSOLETE_local: false peers { permanent_uuid: "35a999e92c1f4912bb9f8ca4a5abf683" member_type: VOTER last_known_addr { host: "127.27.219.194" port: 33781 } } peers { permanent_uuid: "8b553b2c547840e7895d9a95d1abc9d8" member_type: VOTER last_known_addr { host: "127.27.219.193" port: 36713 } } peers { permanent_uuid: "cd386151f1a845eebf3a4071aa77d818" member_type: VOTER last_known_addr { host: "127.27.219.195" port: 41555 } }
I20260608 09:48:46.232026 31730 tablet_bootstrap.cc:492] T 09312f3ad74c4474bf6a041d60fe5a81 P 8b553b2c547840e7895d9a95d1abc9d8: Bootstrap starting.
I20260608 09:48:46.239482 31730 tablet_bootstrap.cc:654] T 09312f3ad74c4474bf6a041d60fe5a81 P 8b553b2c547840e7895d9a95d1abc9d8: Neither blocks nor log segments found. Creating new log.
I20260608 09:48:46.245190 31729 ts_tablet_manager.cc:1434] T f83766754fa94be2a3b14b7427bce18b P cd386151f1a845eebf3a4071aa77d818: Time spent starting tablet: real 0.023s	user 0.009s	sys 0.000s
I20260608 09:48:46.249120 31729 tablet_bootstrap.cc:492] T 09312f3ad74c4474bf6a041d60fe5a81 P cd386151f1a845eebf3a4071aa77d818: Bootstrap starting.
I20260608 09:48:46.261622 31684 tablet_service.cc:1917] Received RequestConsensusVote() RPC: tablet_id: "f83766754fa94be2a3b14b7427bce18b" candidate_uuid: "35a999e92c1f4912bb9f8ca4a5abf683" candidate_term: 1 candidate_status { last_received { term: 0 index: 0 } } ignore_live_leader: false dest_uuid: "cd386151f1a845eebf3a4071aa77d818" is_pre_election: true
I20260608 09:48:46.262374 31684 raft_consensus.cc:2468] T f83766754fa94be2a3b14b7427bce18b P cd386151f1a845eebf3a4071aa77d818 [term 0 FOLLOWER]: Leader pre-election vote request: Granting yes vote for candidate 35a999e92c1f4912bb9f8ca4a5abf683 in term 0.
I20260608 09:48:46.260141 31736 raft_consensus.cc:493] T d77c76bbc1bb4bcdaee8c8138acf4117 P cd386151f1a845eebf3a4071aa77d818 [term 0 FOLLOWER]: Starting pre-election (no leader contacted us within the election timeout)
I20260608 09:48:46.264657 31736 raft_consensus.cc:515] T d77c76bbc1bb4bcdaee8c8138acf4117 P cd386151f1a845eebf3a4071aa77d818 [term 0 FOLLOWER]: Starting pre-election with config: opid_index: -1 OBSOLETE_local: false peers { permanent_uuid: "cd386151f1a845eebf3a4071aa77d818" member_type: VOTER last_known_addr { host: "127.27.219.195" port: 41555 } } peers { permanent_uuid: "8b553b2c547840e7895d9a95d1abc9d8" member_type: VOTER last_known_addr { host: "127.27.219.193" port: 36713 } } peers { permanent_uuid: "35a999e92c1f4912bb9f8ca4a5abf683" member_type: VOTER last_known_addr { host: "127.27.219.194" port: 33781 } }
I20260608 09:48:46.266850 31729 tablet_bootstrap.cc:654] T 09312f3ad74c4474bf6a041d60fe5a81 P cd386151f1a845eebf3a4071aa77d818: Neither blocks nor log segments found. Creating new log.
W20260608 09:48:46.271035 31481 auto_rebalancer.cc:259] Could not retrieve cluster info: Service unavailable: Tablet not running
I20260608 09:48:46.271914 31574 leader_election.cc:304] T f83766754fa94be2a3b14b7427bce18b P 35a999e92c1f4912bb9f8ca4a5abf683 [CANDIDATE]: Term 1 pre-election: Election decided. Result: candidate won. Election summary: received 3 responses out of 3 voters: 2 yes votes; 1 no votes. yes voters: 35a999e92c1f4912bb9f8ca4a5abf683, cd386151f1a845eebf3a4071aa77d818; no voters: 8b553b2c547840e7895d9a95d1abc9d8
I20260608 09:48:46.275354 31731 tablet_bootstrap.cc:492] T 339c63f733ad48e1899fb16f8e666c93 P 35a999e92c1f4912bb9f8ca4a5abf683: No bootstrap required, opened a new log
I20260608 09:48:46.276325 31737 raft_consensus.cc:2804] T f83766754fa94be2a3b14b7427bce18b P 35a999e92c1f4912bb9f8ca4a5abf683 [term 0 FOLLOWER]: Leader pre-election won for term 1
I20260608 09:48:46.272548 31736 leader_election.cc:290] T d77c76bbc1bb4bcdaee8c8138acf4117 P cd386151f1a845eebf3a4071aa77d818 [CANDIDATE]: Term 1 pre-election: Requested pre-vote from peers 8b553b2c547840e7895d9a95d1abc9d8 (127.27.219.193:36713), 35a999e92c1f4912bb9f8ca4a5abf683 (127.27.219.194:33781)
I20260608 09:48:46.274057 31486 auto_leader_rebalancer.cc:140] leader rebalance for table range_aware_rebalance_new_range
I20260608 09:48:46.277041 31737 raft_consensus.cc:493] T f83766754fa94be2a3b14b7427bce18b P 35a999e92c1f4912bb9f8ca4a5abf683 [term 0 FOLLOWER]: Starting leader election (no leader contacted us within the election timeout)
I20260608 09:48:46.277652 31737 raft_consensus.cc:3060] T f83766754fa94be2a3b14b7427bce18b P 35a999e92c1f4912bb9f8ca4a5abf683 [term 0 FOLLOWER]: Advancing to term 1
W20260608 09:48:46.277968 31486 auto_leader_rebalancer.cc:460] the master instance isn't leader: Service unavailable: Tablet not running
I20260608 09:48:46.281279 31730 tablet_bootstrap.cc:492] T 09312f3ad74c4474bf6a041d60fe5a81 P 8b553b2c547840e7895d9a95d1abc9d8: No bootstrap required, opened a new log
I20260608 09:48:46.281908 31730 ts_tablet_manager.cc:1403] T 09312f3ad74c4474bf6a041d60fe5a81 P 8b553b2c547840e7895d9a95d1abc9d8: Time spent bootstrapping tablet: real 0.050s	user 0.013s	sys 0.012s
I20260608 09:48:46.286301 31730 raft_consensus.cc:359] T 09312f3ad74c4474bf6a041d60fe5a81 P 8b553b2c547840e7895d9a95d1abc9d8 [term 0 FOLLOWER]: Replica starting. Triggering 0 pending ops. Active config: opid_index: -1 OBSOLETE_local: false peers { permanent_uuid: "8b553b2c547840e7895d9a95d1abc9d8" member_type: VOTER last_known_addr { host: "127.27.219.193" port: 36713 } } peers { permanent_uuid: "35a999e92c1f4912bb9f8ca4a5abf683" member_type: VOTER last_known_addr { host: "127.27.219.194" port: 33781 } } peers { permanent_uuid: "cd386151f1a845eebf3a4071aa77d818" member_type: VOTER last_known_addr { host: "127.27.219.195" port: 41555 } }
I20260608 09:48:46.287483 31730 raft_consensus.cc:385] T 09312f3ad74c4474bf6a041d60fe5a81 P 8b553b2c547840e7895d9a95d1abc9d8 [term 0 FOLLOWER]: Consensus starting up: Expiring failure detector timer to make a prompt election more likely
I20260608 09:48:46.287889 31730 raft_consensus.cc:740] T 09312f3ad74c4474bf6a041d60fe5a81 P 8b553b2c547840e7895d9a95d1abc9d8 [term 0 FOLLOWER]: Becoming Follower/Learner. State: Replica: 8b553b2c547840e7895d9a95d1abc9d8, State: Initialized, Role: FOLLOWER
I20260608 09:48:46.289103 31730 consensus_queue.cc:260] T 09312f3ad74c4474bf6a041d60fe5a81 P 8b553b2c547840e7895d9a95d1abc9d8 [NON_LEADER]: Queue going to NON_LEADER mode. State: All replicated index: 0, Majority replicated index: 0, Committed index: 0, Last appended: 0.0, Last appended by leader: 0, Current term: 0, Majority size: -1, State: 0, Mode: NON_LEADER, active raft config: opid_index: -1 OBSOLETE_local: false peers { permanent_uuid: "8b553b2c547840e7895d9a95d1abc9d8" member_type: VOTER last_known_addr { host: "127.27.219.193" port: 36713 } } peers { permanent_uuid: "35a999e92c1f4912bb9f8ca4a5abf683" member_type: VOTER last_known_addr { host: "127.27.219.194" port: 33781 } } peers { permanent_uuid: "cd386151f1a845eebf3a4071aa77d818" member_type: VOTER last_known_addr { host: "127.27.219.195" port: 41555 } }
I20260608 09:48:46.290324 31749 raft_consensus.cc:493] T d77c76bbc1bb4bcdaee8c8138acf4117 P 8b553b2c547840e7895d9a95d1abc9d8 [term 0 FOLLOWER]: Starting pre-election (no leader contacted us within the election timeout)
I20260608 09:48:46.291126 31749 raft_consensus.cc:515] T d77c76bbc1bb4bcdaee8c8138acf4117 P 8b553b2c547840e7895d9a95d1abc9d8 [term 0 FOLLOWER]: Starting pre-election with config: opid_index: -1 OBSOLETE_local: false peers { permanent_uuid: "cd386151f1a845eebf3a4071aa77d818" member_type: VOTER last_known_addr { host: "127.27.219.195" port: 41555 } } peers { permanent_uuid: "8b553b2c547840e7895d9a95d1abc9d8" member_type: VOTER last_known_addr { host: "127.27.219.193" port: 36713 } } peers { permanent_uuid: "35a999e92c1f4912bb9f8ca4a5abf683" member_type: VOTER last_known_addr { host: "127.27.219.194" port: 33781 } }
I20260608 09:48:46.292687 31730 ts_tablet_manager.cc:1434] T 09312f3ad74c4474bf6a041d60fe5a81 P 8b553b2c547840e7895d9a95d1abc9d8: Time spent starting tablet: real 0.010s	user 0.012s	sys 0.000s
I20260608 09:48:46.293864 31730 tablet_bootstrap.cc:492] T 339c63f733ad48e1899fb16f8e666c93 P 8b553b2c547840e7895d9a95d1abc9d8: Bootstrap starting.
I20260608 09:48:46.295181 31749 leader_election.cc:290] T d77c76bbc1bb4bcdaee8c8138acf4117 P 8b553b2c547840e7895d9a95d1abc9d8 [CANDIDATE]: Term 1 pre-election: Requested pre-vote from peers cd386151f1a845eebf3a4071aa77d818 (127.27.219.195:41555), 35a999e92c1f4912bb9f8ca4a5abf683 (127.27.219.194:33781)
I20260608 09:48:46.295746 31737 raft_consensus.cc:515] T f83766754fa94be2a3b14b7427bce18b P 35a999e92c1f4912bb9f8ca4a5abf683 [term 1 FOLLOWER]: Starting leader election with config: opid_index: -1 OBSOLETE_local: false peers { permanent_uuid: "35a999e92c1f4912bb9f8ca4a5abf683" member_type: VOTER last_known_addr { host: "127.27.219.194" port: 33781 } } peers { permanent_uuid: "8b553b2c547840e7895d9a95d1abc9d8" member_type: VOTER last_known_addr { host: "127.27.219.193" port: 36713 } } peers { permanent_uuid: "cd386151f1a845eebf3a4071aa77d818" member_type: VOTER last_known_addr { host: "127.27.219.195" port: 41555 } }
I20260608 09:48:46.297962 31737 leader_election.cc:290] T f83766754fa94be2a3b14b7427bce18b P 35a999e92c1f4912bb9f8ca4a5abf683 [CANDIDATE]: Term 1 election: Requested vote from peers 8b553b2c547840e7895d9a95d1abc9d8 (127.27.219.193:36713), cd386151f1a845eebf3a4071aa77d818 (127.27.219.195:41555)
I20260608 09:48:46.278491 31731 ts_tablet_manager.cc:1403] T 339c63f733ad48e1899fb16f8e666c93 P 35a999e92c1f4912bb9f8ca4a5abf683: Time spent bootstrapping tablet: real 0.111s	user 0.035s	sys 0.023s
I20260608 09:48:46.314292 31684 tablet_service.cc:1917] Received RequestConsensusVote() RPC: tablet_id: "f83766754fa94be2a3b14b7427bce18b" candidate_uuid: "35a999e92c1f4912bb9f8ca4a5abf683" candidate_term: 1 candidate_status { last_received { term: 0 index: 0 } } ignore_live_leader: false dest_uuid: "cd386151f1a845eebf3a4071aa77d818"
I20260608 09:48:46.314610 31535 tablet_service.cc:1917] Received RequestConsensusVote() RPC: tablet_id: "f83766754fa94be2a3b14b7427bce18b" candidate_uuid: "35a999e92c1f4912bb9f8ca4a5abf683" candidate_term: 1 candidate_status { last_received { term: 0 index: 0 } } ignore_live_leader: false dest_uuid: "8b553b2c547840e7895d9a95d1abc9d8"
I20260608 09:48:46.315021 31684 raft_consensus.cc:3060] T f83766754fa94be2a3b14b7427bce18b P cd386151f1a845eebf3a4071aa77d818 [term 0 FOLLOWER]: Advancing to term 1
I20260608 09:48:46.315131 31535 raft_consensus.cc:3060] T f83766754fa94be2a3b14b7427bce18b P 8b553b2c547840e7895d9a95d1abc9d8 [term 0 FOLLOWER]: Advancing to term 1
I20260608 09:48:46.317615 31610 tablet_service.cc:1917] Received RequestConsensusVote() RPC: tablet_id: "6da7f6366b484d22922d48c7f451fd21" candidate_uuid: "8b553b2c547840e7895d9a95d1abc9d8" candidate_term: 1 candidate_status { last_received { term: 0 index: 0 } } ignore_live_leader: false dest_uuid: "35a999e92c1f4912bb9f8ca4a5abf683" is_pre_election: true
I20260608 09:48:46.318127 31609 tablet_service.cc:1917] Received RequestConsensusVote() RPC: tablet_id: "d77c76bbc1bb4bcdaee8c8138acf4117" candidate_uuid: "8b553b2c547840e7895d9a95d1abc9d8" candidate_term: 1 candidate_status { last_received { term: 0 index: 0 } } ignore_live_leader: false dest_uuid: "35a999e92c1f4912bb9f8ca4a5abf683" is_pre_election: true
I20260608 09:48:46.318929 31609 raft_consensus.cc:2468] T d77c76bbc1bb4bcdaee8c8138acf4117 P 35a999e92c1f4912bb9f8ca4a5abf683 [term 0 FOLLOWER]: Leader pre-election vote request: Granting yes vote for candidate 8b553b2c547840e7895d9a95d1abc9d8 in term 0.
W20260608 09:48:46.319696 31498 leader_election.cc:343] T 6da7f6366b484d22922d48c7f451fd21 P 8b553b2c547840e7895d9a95d1abc9d8 [CANDIDATE]: Term 1 pre-election: Tablet error from VoteRequest() call to peer 35a999e92c1f4912bb9f8ca4a5abf683 (127.27.219.194:33781): Illegal state: must be running to vote when last-logged opid is not known
I20260608 09:48:46.320983 31498 leader_election.cc:304] T d77c76bbc1bb4bcdaee8c8138acf4117 P 8b553b2c547840e7895d9a95d1abc9d8 [CANDIDATE]: Term 1 pre-election: Election decided. Result: candidate won. Election summary: received 2 responses out of 3 voters: 2 yes votes; 0 no votes. yes voters: 35a999e92c1f4912bb9f8ca4a5abf683, 8b553b2c547840e7895d9a95d1abc9d8; no voters: 
I20260608 09:48:46.321909 31749 raft_consensus.cc:2804] T d77c76bbc1bb4bcdaee8c8138acf4117 P 8b553b2c547840e7895d9a95d1abc9d8 [term 0 FOLLOWER]: Leader pre-election won for term 1
I20260608 09:48:46.322291 31749 raft_consensus.cc:493] T d77c76bbc1bb4bcdaee8c8138acf4117 P 8b553b2c547840e7895d9a95d1abc9d8 [term 0 FOLLOWER]: Starting leader election (no leader contacted us within the election timeout)
I20260608 09:48:46.323328 31749 raft_consensus.cc:3060] T d77c76bbc1bb4bcdaee8c8138acf4117 P 8b553b2c547840e7895d9a95d1abc9d8 [term 0 FOLLOWER]: Advancing to term 1
I20260608 09:48:46.329382 31684 raft_consensus.cc:2468] T f83766754fa94be2a3b14b7427bce18b P cd386151f1a845eebf3a4071aa77d818 [term 1 FOLLOWER]: Leader election vote request: Granting yes vote for candidate 35a999e92c1f4912bb9f8ca4a5abf683 in term 1.
I20260608 09:48:46.334185 31574 leader_election.cc:304] T f83766754fa94be2a3b14b7427bce18b P 35a999e92c1f4912bb9f8ca4a5abf683 [CANDIDATE]: Term 1 election: Election decided. Result: candidate won. Election summary: received 2 responses out of 3 voters: 2 yes votes; 0 no votes. yes voters: 35a999e92c1f4912bb9f8ca4a5abf683, cd386151f1a845eebf3a4071aa77d818; no voters: 
I20260608 09:48:46.336654 31737 raft_consensus.cc:2804] T f83766754fa94be2a3b14b7427bce18b P 35a999e92c1f4912bb9f8ca4a5abf683 [term 1 FOLLOWER]: Leader election won for term 1
I20260608 09:48:46.341682 31729 tablet_bootstrap.cc:492] T 09312f3ad74c4474bf6a041d60fe5a81 P cd386151f1a845eebf3a4071aa77d818: No bootstrap required, opened a new log
I20260608 09:48:46.342262 31729 ts_tablet_manager.cc:1403] T 09312f3ad74c4474bf6a041d60fe5a81 P cd386151f1a845eebf3a4071aa77d818: Time spent bootstrapping tablet: real 0.093s	user 0.017s	sys 0.031s
I20260608 09:48:46.345708 31683 tablet_service.cc:1917] Received RequestConsensusVote() RPC: tablet_id: "d77c76bbc1bb4bcdaee8c8138acf4117" candidate_uuid: "8b553b2c547840e7895d9a95d1abc9d8" candidate_term: 1 candidate_status { last_received { term: 0 index: 0 } } ignore_live_leader: false dest_uuid: "cd386151f1a845eebf3a4071aa77d818" is_pre_election: true
I20260608 09:48:46.346573 31683 raft_consensus.cc:2468] T d77c76bbc1bb4bcdaee8c8138acf4117 P cd386151f1a845eebf3a4071aa77d818 [term 0 FOLLOWER]: Leader pre-election vote request: Granting yes vote for candidate 8b553b2c547840e7895d9a95d1abc9d8 in term 0.
I20260608 09:48:46.345136 31737 raft_consensus.cc:697] T f83766754fa94be2a3b14b7427bce18b P 35a999e92c1f4912bb9f8ca4a5abf683 [term 1 LEADER]: Becoming Leader. State: Replica: 35a999e92c1f4912bb9f8ca4a5abf683, State: Running, Role: LEADER
I20260608 09:48:46.344980 31684 tablet_service.cc:1917] Received RequestConsensusVote() RPC: tablet_id: "6da7f6366b484d22922d48c7f451fd21" candidate_uuid: "8b553b2c547840e7895d9a95d1abc9d8" candidate_term: 1 candidate_status { last_received { term: 0 index: 0 } } ignore_live_leader: false dest_uuid: "cd386151f1a845eebf3a4071aa77d818" is_pre_election: true
I20260608 09:48:46.348245 31729 raft_consensus.cc:359] T 09312f3ad74c4474bf6a041d60fe5a81 P cd386151f1a845eebf3a4071aa77d818 [term 0 FOLLOWER]: Replica starting. Triggering 0 pending ops. Active config: opid_index: -1 OBSOLETE_local: false peers { permanent_uuid: "8b553b2c547840e7895d9a95d1abc9d8" member_type: VOTER last_known_addr { host: "127.27.219.193" port: 36713 } } peers { permanent_uuid: "35a999e92c1f4912bb9f8ca4a5abf683" member_type: VOTER last_known_addr { host: "127.27.219.194" port: 33781 } } peers { permanent_uuid: "cd386151f1a845eebf3a4071aa77d818" member_type: VOTER last_known_addr { host: "127.27.219.195" port: 41555 } }
I20260608 09:48:46.349030 31729 raft_consensus.cc:385] T 09312f3ad74c4474bf6a041d60fe5a81 P cd386151f1a845eebf3a4071aa77d818 [term 0 FOLLOWER]: Consensus starting up: Expiring failure detector timer to make a prompt election more likely
I20260608 09:48:46.349396 31729 raft_consensus.cc:740] T 09312f3ad74c4474bf6a041d60fe5a81 P cd386151f1a845eebf3a4071aa77d818 [term 0 FOLLOWER]: Becoming Follower/Learner. State: Replica: cd386151f1a845eebf3a4071aa77d818, State: Initialized, Role: FOLLOWER
I20260608 09:48:46.350548 31535 raft_consensus.cc:2468] T f83766754fa94be2a3b14b7427bce18b P 8b553b2c547840e7895d9a95d1abc9d8 [term 1 FOLLOWER]: Leader election vote request: Granting yes vote for candidate 35a999e92c1f4912bb9f8ca4a5abf683 in term 1.
W20260608 09:48:46.350997 31499 leader_election.cc:343] T 6da7f6366b484d22922d48c7f451fd21 P 8b553b2c547840e7895d9a95d1abc9d8 [CANDIDATE]: Term 1 pre-election: Tablet error from VoteRequest() call to peer cd386151f1a845eebf3a4071aa77d818 (127.27.219.195:41555): Illegal state: must be running to vote when last-logged opid is not known
I20260608 09:48:46.350373 31729 consensus_queue.cc:260] T 09312f3ad74c4474bf6a041d60fe5a81 P cd386151f1a845eebf3a4071aa77d818 [NON_LEADER]: Queue going to NON_LEADER mode. State: All replicated index: 0, Majority replicated index: 0, Committed index: 0, Last appended: 0.0, Last appended by leader: 0, Current term: 0, Majority size: -1, State: 0, Mode: NON_LEADER, active raft config: opid_index: -1 OBSOLETE_local: false peers { permanent_uuid: "8b553b2c547840e7895d9a95d1abc9d8" member_type: VOTER last_known_addr { host: "127.27.219.193" port: 36713 } } peers { permanent_uuid: "35a999e92c1f4912bb9f8ca4a5abf683" member_type: VOTER last_known_addr { host: "127.27.219.194" port: 33781 } } peers { permanent_uuid: "cd386151f1a845eebf3a4071aa77d818" member_type: VOTER last_known_addr { host: "127.27.219.195" port: 41555 } }
I20260608 09:48:46.351461 31499 leader_election.cc:304] T 6da7f6366b484d22922d48c7f451fd21 P 8b553b2c547840e7895d9a95d1abc9d8 [CANDIDATE]: Term 1 pre-election: Election decided. Result: candidate lost. Election summary: received 3 responses out of 3 voters: 1 yes votes; 2 no votes. yes voters: 8b553b2c547840e7895d9a95d1abc9d8; no voters: 35a999e92c1f4912bb9f8ca4a5abf683, cd386151f1a845eebf3a4071aa77d818
I20260608 09:48:46.352315 31735 raft_consensus.cc:2749] T 6da7f6366b484d22922d48c7f451fd21 P 8b553b2c547840e7895d9a95d1abc9d8 [term 0 FOLLOWER]: Leader pre-election lost for term 1. Reason: could not achieve majority
I20260608 09:48:46.353029 31736 raft_consensus.cc:493] T 3a190004f727490ebe5199f69375ee78 P cd386151f1a845eebf3a4071aa77d818 [term 0 FOLLOWER]: Starting pre-election (no leader contacted us within the election timeout)
I20260608 09:48:46.348088 31731 raft_consensus.cc:359] T 339c63f733ad48e1899fb16f8e666c93 P 35a999e92c1f4912bb9f8ca4a5abf683 [term 0 FOLLOWER]: Replica starting. Triggering 0 pending ops. Active config: opid_index: -1 OBSOLETE_local: false peers { permanent_uuid: "8b553b2c547840e7895d9a95d1abc9d8" member_type: VOTER last_known_addr { host: "127.27.219.193" port: 36713 } } peers { permanent_uuid: "35a999e92c1f4912bb9f8ca4a5abf683" member_type: VOTER last_known_addr { host: "127.27.219.194" port: 33781 } } peers { permanent_uuid: "cd386151f1a845eebf3a4071aa77d818" member_type: VOTER last_known_addr { host: "127.27.219.195" port: 41555 } }
I20260608 09:48:46.353521 31736 raft_consensus.cc:515] T 3a190004f727490ebe5199f69375ee78 P cd386151f1a845eebf3a4071aa77d818 [term 0 FOLLOWER]: Starting pre-election with config: opid_index: -1 OBSOLETE_local: false peers { permanent_uuid: "8b553b2c547840e7895d9a95d1abc9d8" member_type: VOTER last_known_addr { host: "127.27.219.193" port: 36713 } } peers { permanent_uuid: "35a999e92c1f4912bb9f8ca4a5abf683" member_type: VOTER last_known_addr { host: "127.27.219.194" port: 33781 } } peers { permanent_uuid: "cd386151f1a845eebf3a4071aa77d818" member_type: VOTER last_known_addr { host: "127.27.219.195" port: 41555 } }
I20260608 09:48:46.348270 31737 consensus_queue.cc:237] T f83766754fa94be2a3b14b7427bce18b P 35a999e92c1f4912bb9f8ca4a5abf683 [LEADER]: Queue going to LEADER mode. State: All replicated index: 0, Majority replicated index: 0, Committed index: 0, Last appended: 0.0, Last appended by leader: 0, Current term: 1, Majority size: 2, State: 0, Mode: LEADER, active raft config: opid_index: -1 OBSOLETE_local: false peers { permanent_uuid: "35a999e92c1f4912bb9f8ca4a5abf683" member_type: VOTER last_known_addr { host: "127.27.219.194" port: 33781 } } peers { permanent_uuid: "8b553b2c547840e7895d9a95d1abc9d8" member_type: VOTER last_known_addr { host: "127.27.219.193" port: 36713 } } peers { permanent_uuid: "cd386151f1a845eebf3a4071aa77d818" member_type: VOTER last_known_addr { host: "127.27.219.195" port: 41555 } }
I20260608 09:48:46.355136 31731 raft_consensus.cc:385] T 339c63f733ad48e1899fb16f8e666c93 P 35a999e92c1f4912bb9f8ca4a5abf683 [term 0 FOLLOWER]: Consensus starting up: Expiring failure detector timer to make a prompt election more likely
I20260608 09:48:46.360684 31749 raft_consensus.cc:515] T d77c76bbc1bb4bcdaee8c8138acf4117 P 8b553b2c547840e7895d9a95d1abc9d8 [term 1 FOLLOWER]: Starting leader election with config: opid_index: -1 OBSOLETE_local: false peers { permanent_uuid: "cd386151f1a845eebf3a4071aa77d818" member_type: VOTER last_known_addr { host: "127.27.219.195" port: 41555 } } peers { permanent_uuid: "8b553b2c547840e7895d9a95d1abc9d8" member_type: VOTER last_known_addr { host: "127.27.219.193" port: 36713 } } peers { permanent_uuid: "35a999e92c1f4912bb9f8ca4a5abf683" member_type: VOTER last_known_addr { host: "127.27.219.194" port: 33781 } }
I20260608 09:48:46.362334 31731 raft_consensus.cc:740] T 339c63f733ad48e1899fb16f8e666c93 P 35a999e92c1f4912bb9f8ca4a5abf683 [term 0 FOLLOWER]: Becoming Follower/Learner. State: Replica: 35a999e92c1f4912bb9f8ca4a5abf683, State: Initialized, Role: FOLLOWER
I20260608 09:48:46.366760 31730 tablet_bootstrap.cc:654] T 339c63f733ad48e1899fb16f8e666c93 P 8b553b2c547840e7895d9a95d1abc9d8: Neither blocks nor log segments found. Creating new log.
I20260608 09:48:46.375617 31736 leader_election.cc:290] T 3a190004f727490ebe5199f69375ee78 P cd386151f1a845eebf3a4071aa77d818 [CANDIDATE]: Term 1 pre-election: Requested pre-vote from peers 8b553b2c547840e7895d9a95d1abc9d8 (127.27.219.193:36713), 35a999e92c1f4912bb9f8ca4a5abf683 (127.27.219.194:33781)
I20260608 09:48:46.376230 31736 raft_consensus.cc:493] T bd46862fd45141abab5e549e5bf72f99 P cd386151f1a845eebf3a4071aa77d818 [term 0 FOLLOWER]: Starting pre-election (no leader contacted us within the election timeout)
I20260608 09:48:46.373656 31729 ts_tablet_manager.cc:1434] T 09312f3ad74c4474bf6a041d60fe5a81 P cd386151f1a845eebf3a4071aa77d818: Time spent starting tablet: real 0.031s	user 0.008s	sys 0.001s
I20260608 09:48:46.378086 31729 tablet_bootstrap.cc:492] T 175013530c8942c7a696cfc683764ad6 P cd386151f1a845eebf3a4071aa77d818: Bootstrap starting.
I20260608 09:48:46.376734 31736 raft_consensus.cc:515] T bd46862fd45141abab5e549e5bf72f99 P cd386151f1a845eebf3a4071aa77d818 [term 0 FOLLOWER]: Starting pre-election with config: opid_index: -1 OBSOLETE_local: false peers { permanent_uuid: "8b553b2c547840e7895d9a95d1abc9d8" member_type: VOTER last_known_addr { host: "127.27.219.193" port: 36713 } } peers { permanent_uuid: "35a999e92c1f4912bb9f8ca4a5abf683" member_type: VOTER last_known_addr { host: "127.27.219.194" port: 33781 } } peers { permanent_uuid: "cd386151f1a845eebf3a4071aa77d818" member_type: VOTER last_known_addr { host: "127.27.219.195" port: 41555 } }
I20260608 09:48:46.380272 31736 leader_election.cc:290] T bd46862fd45141abab5e549e5bf72f99 P cd386151f1a845eebf3a4071aa77d818 [CANDIDATE]: Term 1 pre-election: Requested pre-vote from peers 8b553b2c547840e7895d9a95d1abc9d8 (127.27.219.193:36713), 35a999e92c1f4912bb9f8ca4a5abf683 (127.27.219.194:33781)
I20260608 09:48:46.380195 31609 tablet_service.cc:1917] Received RequestConsensusVote() RPC: tablet_id: "d77c76bbc1bb4bcdaee8c8138acf4117" candidate_uuid: "8b553b2c547840e7895d9a95d1abc9d8" candidate_term: 1 candidate_status { last_received { term: 0 index: 0 } } ignore_live_leader: false dest_uuid: "35a999e92c1f4912bb9f8ca4a5abf683"
I20260608 09:48:46.381210 31609 raft_consensus.cc:3060] T d77c76bbc1bb4bcdaee8c8138acf4117 P 35a999e92c1f4912bb9f8ca4a5abf683 [term 0 FOLLOWER]: Advancing to term 1
I20260608 09:48:46.384426 31684 tablet_service.cc:1917] Received RequestConsensusVote() RPC: tablet_id: "d77c76bbc1bb4bcdaee8c8138acf4117" candidate_uuid: "8b553b2c547840e7895d9a95d1abc9d8" candidate_term: 1 candidate_status { last_received { term: 0 index: 0 } } ignore_live_leader: false dest_uuid: "cd386151f1a845eebf3a4071aa77d818"
I20260608 09:48:46.385071 31684 raft_consensus.cc:3060] T d77c76bbc1bb4bcdaee8c8138acf4117 P cd386151f1a845eebf3a4071aa77d818 [term 0 FOLLOWER]: Advancing to term 1
I20260608 09:48:46.381349 31749 leader_election.cc:290] T d77c76bbc1bb4bcdaee8c8138acf4117 P 8b553b2c547840e7895d9a95d1abc9d8 [CANDIDATE]: Term 1 election: Requested vote from peers cd386151f1a845eebf3a4071aa77d818 (127.27.219.195:41555), 35a999e92c1f4912bb9f8ca4a5abf683 (127.27.219.194:33781)
I20260608 09:48:46.391602 31534 tablet_service.cc:1917] Received RequestConsensusVote() RPC: tablet_id: "3a190004f727490ebe5199f69375ee78" candidate_uuid: "cd386151f1a845eebf3a4071aa77d818" candidate_term: 1 candidate_status { last_received { term: 0 index: 0 } } ignore_live_leader: false dest_uuid: "8b553b2c547840e7895d9a95d1abc9d8" is_pre_election: true
I20260608 09:48:46.391916 31535 tablet_service.cc:1917] Received RequestConsensusVote() RPC: tablet_id: "d77c76bbc1bb4bcdaee8c8138acf4117" candidate_uuid: "cd386151f1a845eebf3a4071aa77d818" candidate_term: 1 candidate_status { last_received { term: 0 index: 0 } } ignore_live_leader: false dest_uuid: "8b553b2c547840e7895d9a95d1abc9d8" is_pre_election: true
I20260608 09:48:46.392431 31534 raft_consensus.cc:2468] T 3a190004f727490ebe5199f69375ee78 P 8b553b2c547840e7895d9a95d1abc9d8 [term 0 FOLLOWER]: Leader pre-election vote request: Granting yes vote for candidate cd386151f1a845eebf3a4071aa77d818 in term 0.
I20260608 09:48:46.392580 31684 raft_consensus.cc:2468] T d77c76bbc1bb4bcdaee8c8138acf4117 P cd386151f1a845eebf3a4071aa77d818 [term 1 FOLLOWER]: Leader election vote request: Granting yes vote for candidate 8b553b2c547840e7895d9a95d1abc9d8 in term 1.
I20260608 09:48:46.392786 31535 raft_consensus.cc:2393] T d77c76bbc1bb4bcdaee8c8138acf4117 P 8b553b2c547840e7895d9a95d1abc9d8 [term 1 FOLLOWER]: Leader pre-election vote request: Denying vote to candidate cd386151f1a845eebf3a4071aa77d818 in current term 1: Already voted for candidate 8b553b2c547840e7895d9a95d1abc9d8 in this term.
I20260608 09:48:46.393797 31533 tablet_service.cc:1917] Received RequestConsensusVote() RPC: tablet_id: "bd46862fd45141abab5e549e5bf72f99" candidate_uuid: "cd386151f1a845eebf3a4071aa77d818" candidate_term: 1 candidate_status { last_received { term: 0 index: 0 } } ignore_live_leader: false dest_uuid: "8b553b2c547840e7895d9a95d1abc9d8" is_pre_election: true
I20260608 09:48:46.394640 31533 raft_consensus.cc:2468] T bd46862fd45141abab5e549e5bf72f99 P 8b553b2c547840e7895d9a95d1abc9d8 [term 0 FOLLOWER]: Leader pre-election vote request: Granting yes vote for candidate cd386151f1a845eebf3a4071aa77d818 in term 0.
I20260608 09:48:46.395728 31610 tablet_service.cc:1917] Received RequestConsensusVote() RPC: tablet_id: "d77c76bbc1bb4bcdaee8c8138acf4117" candidate_uuid: "cd386151f1a845eebf3a4071aa77d818" candidate_term: 1 candidate_status { last_received { term: 0 index: 0 } } ignore_live_leader: false dest_uuid: "35a999e92c1f4912bb9f8ca4a5abf683" is_pre_election: true
I20260608 09:48:46.396162 31608 tablet_service.cc:1917] Received RequestConsensusVote() RPC: tablet_id: "3a190004f727490ebe5199f69375ee78" candidate_uuid: "cd386151f1a845eebf3a4071aa77d818" candidate_term: 1 candidate_status { last_received { term: 0 index: 0 } } ignore_live_leader: false dest_uuid: "35a999e92c1f4912bb9f8ca4a5abf683" is_pre_election: true
I20260608 09:48:46.394214 31729 tablet_bootstrap.cc:654] T 175013530c8942c7a696cfc683764ad6 P cd386151f1a845eebf3a4071aa77d818: Neither blocks nor log segments found. Creating new log.
I20260608 09:48:46.397912 31607 tablet_service.cc:1917] Received RequestConsensusVote() RPC: tablet_id: "bd46862fd45141abab5e549e5bf72f99" candidate_uuid: "cd386151f1a845eebf3a4071aa77d818" candidate_term: 1 candidate_status { last_received { term: 0 index: 0 } } ignore_live_leader: false dest_uuid: "35a999e92c1f4912bb9f8ca4a5abf683" is_pre_election: true
I20260608 09:48:46.385136 31731 consensus_queue.cc:260] T 339c63f733ad48e1899fb16f8e666c93 P 35a999e92c1f4912bb9f8ca4a5abf683 [NON_LEADER]: Queue going to NON_LEADER mode. State: All replicated index: 0, Majority replicated index: 0, Committed index: 0, Last appended: 0.0, Last appended by leader: 0, Current term: 0, Majority size: -1, State: 0, Mode: NON_LEADER, active raft config: opid_index: -1 OBSOLETE_local: false peers { permanent_uuid: "8b553b2c547840e7895d9a95d1abc9d8" member_type: VOTER last_known_addr { host: "127.27.219.193" port: 36713 } } peers { permanent_uuid: "35a999e92c1f4912bb9f8ca4a5abf683" member_type: VOTER last_known_addr { host: "127.27.219.194" port: 33781 } } peers { permanent_uuid: "cd386151f1a845eebf3a4071aa77d818" member_type: VOTER last_known_addr { host: "127.27.219.195" port: 41555 } }
W20260608 09:48:46.400054 31647 leader_election.cc:343] T 3a190004f727490ebe5199f69375ee78 P cd386151f1a845eebf3a4071aa77d818 [CANDIDATE]: Term 1 pre-election: Tablet error from VoteRequest() call to peer 35a999e92c1f4912bb9f8ca4a5abf683 (127.27.219.194:33781): Illegal state: must be running to vote when last-logged opid is not known
W20260608 09:48:46.400823 31647 leader_election.cc:343] T bd46862fd45141abab5e549e5bf72f99 P cd386151f1a845eebf3a4071aa77d818 [CANDIDATE]: Term 1 pre-election: Tablet error from VoteRequest() call to peer 35a999e92c1f4912bb9f8ca4a5abf683 (127.27.219.194:33781): Illegal state: must be running to vote when last-logged opid is not known
I20260608 09:48:46.390818 31609 raft_consensus.cc:2468] T d77c76bbc1bb4bcdaee8c8138acf4117 P 35a999e92c1f4912bb9f8ca4a5abf683 [term 1 FOLLOWER]: Leader election vote request: Granting yes vote for candidate 8b553b2c547840e7895d9a95d1abc9d8 in term 1.
I20260608 09:48:46.401544 31731 ts_tablet_manager.cc:1434] T 339c63f733ad48e1899fb16f8e666c93 P 35a999e92c1f4912bb9f8ca4a5abf683: Time spent starting tablet: real 0.101s	user 0.007s	sys 0.001s
I20260608 09:48:46.401463 31749 raft_consensus.cc:493] T 09312f3ad74c4474bf6a041d60fe5a81 P 8b553b2c547840e7895d9a95d1abc9d8 [term 0 FOLLOWER]: Starting pre-election (no leader contacted us within the election timeout)
I20260608 09:48:46.403184 31499 leader_election.cc:304] T d77c76bbc1bb4bcdaee8c8138acf4117 P 8b553b2c547840e7895d9a95d1abc9d8 [CANDIDATE]: Term 1 election: Election decided. Result: candidate won. Election summary: received 2 responses out of 3 voters: 2 yes votes; 0 no votes. yes voters: 8b553b2c547840e7895d9a95d1abc9d8, cd386151f1a845eebf3a4071aa77d818; no voters: 
I20260608 09:48:46.403807 31731 tablet_bootstrap.cc:492] T 6da7f6366b484d22922d48c7f451fd21 P 35a999e92c1f4912bb9f8ca4a5abf683: Bootstrap starting.
I20260608 09:48:46.403496 31749 raft_consensus.cc:515] T 09312f3ad74c4474bf6a041d60fe5a81 P 8b553b2c547840e7895d9a95d1abc9d8 [term 0 FOLLOWER]: Starting pre-election with config: opid_index: -1 OBSOLETE_local: false peers { permanent_uuid: "8b553b2c547840e7895d9a95d1abc9d8" member_type: VOTER last_known_addr { host: "127.27.219.193" port: 36713 } } peers { permanent_uuid: "35a999e92c1f4912bb9f8ca4a5abf683" member_type: VOTER last_known_addr { host: "127.27.219.194" port: 33781 } } peers { permanent_uuid: "cd386151f1a845eebf3a4071aa77d818" member_type: VOTER last_known_addr { host: "127.27.219.195" port: 41555 } }
I20260608 09:48:46.404371 31735 raft_consensus.cc:2804] T d77c76bbc1bb4bcdaee8c8138acf4117 P 8b553b2c547840e7895d9a95d1abc9d8 [term 1 FOLLOWER]: Leader election won for term 1
I20260608 09:48:46.405987 31749 leader_election.cc:290] T 09312f3ad74c4474bf6a041d60fe5a81 P 8b553b2c547840e7895d9a95d1abc9d8 [CANDIDATE]: Term 1 pre-election: Requested pre-vote from peers 35a999e92c1f4912bb9f8ca4a5abf683 (127.27.219.194:33781), cd386151f1a845eebf3a4071aa77d818 (127.27.219.195:41555)
I20260608 09:48:46.406323 31729 tablet_bootstrap.cc:492] T 175013530c8942c7a696cfc683764ad6 P cd386151f1a845eebf3a4071aa77d818: No bootstrap required, opened a new log
I20260608 09:48:46.407071 31729 ts_tablet_manager.cc:1403] T 175013530c8942c7a696cfc683764ad6 P cd386151f1a845eebf3a4071aa77d818: Time spent bootstrapping tablet: real 0.029s	user 0.007s	sys 0.006s
I20260608 09:48:46.407860 31607 tablet_service.cc:1917] Received RequestConsensusVote() RPC: tablet_id: "09312f3ad74c4474bf6a041d60fe5a81" candidate_uuid: "8b553b2c547840e7895d9a95d1abc9d8" candidate_term: 1 candidate_status { last_received { term: 0 index: 0 } } ignore_live_leader: false dest_uuid: "35a999e92c1f4912bb9f8ca4a5abf683" is_pre_election: true
