I20260608 10:00:58.183314 19070 raft_consensus.cc:515] T 2680033dbbff4bb692ee715ece0f0e72 P 413dc8c34c1b4d2a93b3f446130a4a5e [term 0 FOLLOWER]: Starting pre-election with config: opid_index: -1 OBSOLETE_local: false peers { permanent_uuid: "6b1f428c90da4ebea03016e4909c1e47" member_type: VOTER last_known_addr { host: "127.15.129.1" port: 46213 } } peers { permanent_uuid: "082f7c49cc494ca58a99704664b626ff" member_type: VOTER last_known_addr { host: "127.15.129.2" port: 42795 } } peers { permanent_uuid: "413dc8c34c1b4d2a93b3f446130a4a5e" member_type: VOTER last_known_addr { host: "127.15.129.3" port: 38789 } }
I20260608 10:00:58.185063 19070 leader_election.cc:290] T 2680033dbbff4bb692ee715ece0f0e72 P 413dc8c34c1b4d2a93b3f446130a4a5e [CANDIDATE]: Term 1 pre-election: Requested pre-vote from peers 6b1f428c90da4ebea03016e4909c1e47 (127.15.129.1:46213), 082f7c49cc494ca58a99704664b626ff (127.15.129.2:42795)
I20260608 10:00:58.185884 18864 tablet_service.cc:1917] Received RequestConsensusVote() RPC: tablet_id: "2680033dbbff4bb692ee715ece0f0e72" candidate_uuid: "413dc8c34c1b4d2a93b3f446130a4a5e" candidate_term: 1 candidate_status { last_received { term: 0 index: 0 } } ignore_live_leader: false dest_uuid: "6b1f428c90da4ebea03016e4909c1e47" is_pre_election: true
I20260608 10:00:58.186204 18938 tablet_service.cc:1917] Received RequestConsensusVote() RPC: tablet_id: "2680033dbbff4bb692ee715ece0f0e72" candidate_uuid: "413dc8c34c1b4d2a93b3f446130a4a5e" candidate_term: 1 candidate_status { last_received { term: 0 index: 0 } } ignore_live_leader: false dest_uuid: "082f7c49cc494ca58a99704664b626ff" is_pre_election: true
I20260608 10:00:58.186698 18864 raft_consensus.cc:2393] T 2680033dbbff4bb692ee715ece0f0e72 P 6b1f428c90da4ebea03016e4909c1e47 [term 1 FOLLOWER]: Leader pre-election vote request: Denying vote to candidate 413dc8c34c1b4d2a93b3f446130a4a5e in current term 1: Already voted for candidate 082f7c49cc494ca58a99704664b626ff in this term.
I20260608 10:00:58.187618 18978 leader_election.cc:304] T 2680033dbbff4bb692ee715ece0f0e72 P 413dc8c34c1b4d2a93b3f446130a4a5e [CANDIDATE]: Term 1 pre-election: Election decided. Result: candidate lost. Election summary: received 3 responses out of 3 voters: 1 yes votes; 2 no votes. yes voters: 413dc8c34c1b4d2a93b3f446130a4a5e; no voters: 082f7c49cc494ca58a99704664b626ff, 6b1f428c90da4ebea03016e4909c1e47
I20260608 10:00:58.188205 19070 raft_consensus.cc:3060] T 2680033dbbff4bb692ee715ece0f0e72 P 413dc8c34c1b4d2a93b3f446130a4a5e [term 0 FOLLOWER]: Advancing to term 1
I20260608 10:00:58.192981 19070 raft_consensus.cc:2749] T 2680033dbbff4bb692ee715ece0f0e72 P 413dc8c34c1b4d2a93b3f446130a4a5e [term 1 FOLLOWER]: Leader pre-election lost for term 1. Reason: could not achieve majority
I20260608 10:00:58.213039 19068 raft_consensus.cc:493] T 9e1689d2db2d44eb87aa326055f9f934 P 6b1f428c90da4ebea03016e4909c1e47 [term 0 FOLLOWER]: Starting pre-election (no leader contacted us within the election timeout)
I20260608 10:00:58.213642 19068 raft_consensus.cc:515] T 9e1689d2db2d44eb87aa326055f9f934 P 6b1f428c90da4ebea03016e4909c1e47 [term 0 FOLLOWER]: Starting pre-election with config: opid_index: -1 OBSOLETE_local: false peers { permanent_uuid: "413dc8c34c1b4d2a93b3f446130a4a5e" member_type: VOTER last_known_addr { host: "127.15.129.3" port: 38789 } } peers { permanent_uuid: "082f7c49cc494ca58a99704664b626ff" member_type: VOTER last_known_addr { host: "127.15.129.2" port: 42795 } } peers { permanent_uuid: "6b1f428c90da4ebea03016e4909c1e47" member_type: VOTER last_known_addr { host: "127.15.129.1" port: 46213 } }
I20260608 10:00:58.215983 19068 leader_election.cc:290] T 9e1689d2db2d44eb87aa326055f9f934 P 6b1f428c90da4ebea03016e4909c1e47 [CANDIDATE]: Term 1 pre-election: Requested pre-vote from peers 413dc8c34c1b4d2a93b3f446130a4a5e (127.15.129.3:38789), 082f7c49cc494ca58a99704664b626ff (127.15.129.2:42795)
I20260608 10:00:58.216873 19014 tablet_service.cc:1917] Received RequestConsensusVote() RPC: tablet_id: "9e1689d2db2d44eb87aa326055f9f934" candidate_uuid: "6b1f428c90da4ebea03016e4909c1e47" candidate_term: 1 candidate_status { last_received { term: 0 index: 0 } } ignore_live_leader: false dest_uuid: "413dc8c34c1b4d2a93b3f446130a4a5e" is_pre_election: true
I20260608 10:00:58.217592 19014 raft_consensus.cc:2468] T 9e1689d2db2d44eb87aa326055f9f934 P 413dc8c34c1b4d2a93b3f446130a4a5e [term 0 FOLLOWER]: Leader pre-election vote request: Granting yes vote for candidate 6b1f428c90da4ebea03016e4909c1e47 in term 0.
I20260608 10:00:58.218953 18829 leader_election.cc:304] T 9e1689d2db2d44eb87aa326055f9f934 P 6b1f428c90da4ebea03016e4909c1e47 [CANDIDATE]: Term 1 pre-election: Election decided. Result: candidate won. Election summary: received 2 responses out of 3 voters: 2 yes votes; 0 no votes. yes voters: 413dc8c34c1b4d2a93b3f446130a4a5e, 6b1f428c90da4ebea03016e4909c1e47; no voters: 
I20260608 10:00:58.219015 18938 tablet_service.cc:1917] Received RequestConsensusVote() RPC: tablet_id: "9e1689d2db2d44eb87aa326055f9f934" candidate_uuid: "6b1f428c90da4ebea03016e4909c1e47" candidate_term: 1 candidate_status { last_received { term: 0 index: 0 } } ignore_live_leader: false dest_uuid: "082f7c49cc494ca58a99704664b626ff" is_pre_election: true
I20260608 10:00:58.219848 18938 raft_consensus.cc:2468] T 9e1689d2db2d44eb87aa326055f9f934 P 082f7c49cc494ca58a99704664b626ff [term 0 FOLLOWER]: Leader pre-election vote request: Granting yes vote for candidate 6b1f428c90da4ebea03016e4909c1e47 in term 0.
I20260608 10:00:58.219921 19068 raft_consensus.cc:2804] T 9e1689d2db2d44eb87aa326055f9f934 P 6b1f428c90da4ebea03016e4909c1e47 [term 0 FOLLOWER]: Leader pre-election won for term 1
I20260608 10:00:58.220413 19068 raft_consensus.cc:493] T 9e1689d2db2d44eb87aa326055f9f934 P 6b1f428c90da4ebea03016e4909c1e47 [term 0 FOLLOWER]: Starting leader election (no leader contacted us within the election timeout)
I20260608 10:00:58.220772 19068 raft_consensus.cc:3060] T 9e1689d2db2d44eb87aa326055f9f934 P 6b1f428c90da4ebea03016e4909c1e47 [term 0 FOLLOWER]: Advancing to term 1
I20260608 10:00:58.225459 19068 raft_consensus.cc:515] T 9e1689d2db2d44eb87aa326055f9f934 P 6b1f428c90da4ebea03016e4909c1e47 [term 1 FOLLOWER]: Starting leader election with config: opid_index: -1 OBSOLETE_local: false peers { permanent_uuid: "413dc8c34c1b4d2a93b3f446130a4a5e" member_type: VOTER last_known_addr { host: "127.15.129.3" port: 38789 } } peers { permanent_uuid: "082f7c49cc494ca58a99704664b626ff" member_type: VOTER last_known_addr { host: "127.15.129.2" port: 42795 } } peers { permanent_uuid: "6b1f428c90da4ebea03016e4909c1e47" member_type: VOTER last_known_addr { host: "127.15.129.1" port: 46213 } }
I20260608 10:00:58.227255 19068 leader_election.cc:290] T 9e1689d2db2d44eb87aa326055f9f934 P 6b1f428c90da4ebea03016e4909c1e47 [CANDIDATE]: Term 1 election: Requested vote from peers 413dc8c34c1b4d2a93b3f446130a4a5e (127.15.129.3:38789), 082f7c49cc494ca58a99704664b626ff (127.15.129.2:42795)
I20260608 10:00:58.227903 19014 tablet_service.cc:1917] Received RequestConsensusVote() RPC: tablet_id: "9e1689d2db2d44eb87aa326055f9f934" candidate_uuid: "6b1f428c90da4ebea03016e4909c1e47" candidate_term: 1 candidate_status { last_received { term: 0 index: 0 } } ignore_live_leader: false dest_uuid: "413dc8c34c1b4d2a93b3f446130a4a5e"
I20260608 10:00:58.228305 19014 raft_consensus.cc:3060] T 9e1689d2db2d44eb87aa326055f9f934 P 413dc8c34c1b4d2a93b3f446130a4a5e [term 0 FOLLOWER]: Advancing to term 1
I20260608 10:00:58.228329 18938 tablet_service.cc:1917] Received RequestConsensusVote() RPC: tablet_id: "9e1689d2db2d44eb87aa326055f9f934" candidate_uuid: "6b1f428c90da4ebea03016e4909c1e47" candidate_term: 1 candidate_status { last_received { term: 0 index: 0 } } ignore_live_leader: false dest_uuid: "082f7c49cc494ca58a99704664b626ff"
I20260608 10:00:58.229076 18938 raft_consensus.cc:3060] T 9e1689d2db2d44eb87aa326055f9f934 P 082f7c49cc494ca58a99704664b626ff [term 0 FOLLOWER]: Advancing to term 1
I20260608 10:00:58.234010 19014 raft_consensus.cc:2468] T 9e1689d2db2d44eb87aa326055f9f934 P 413dc8c34c1b4d2a93b3f446130a4a5e [term 1 FOLLOWER]: Leader election vote request: Granting yes vote for candidate 6b1f428c90da4ebea03016e4909c1e47 in term 1.
I20260608 10:00:58.235006 18829 leader_election.cc:304] T 9e1689d2db2d44eb87aa326055f9f934 P 6b1f428c90da4ebea03016e4909c1e47 [CANDIDATE]: Term 1 election: Election decided. Result: candidate won. Election summary: received 2 responses out of 3 voters: 2 yes votes; 0 no votes. yes voters: 413dc8c34c1b4d2a93b3f446130a4a5e, 6b1f428c90da4ebea03016e4909c1e47; no voters: 
I20260608 10:00:58.235713 19068 raft_consensus.cc:2804] T 9e1689d2db2d44eb87aa326055f9f934 P 6b1f428c90da4ebea03016e4909c1e47 [term 1 FOLLOWER]: Leader election won for term 1
I20260608 10:00:58.235672 18938 raft_consensus.cc:2468] T 9e1689d2db2d44eb87aa326055f9f934 P 082f7c49cc494ca58a99704664b626ff [term 1 FOLLOWER]: Leader election vote request: Granting yes vote for candidate 6b1f428c90da4ebea03016e4909c1e47 in term 1.
I20260608 10:00:58.236349 19068 raft_consensus.cc:697] T 9e1689d2db2d44eb87aa326055f9f934 P 6b1f428c90da4ebea03016e4909c1e47 [term 1 LEADER]: Becoming Leader. State: Replica: 6b1f428c90da4ebea03016e4909c1e47, State: Running, Role: LEADER
I20260608 10:00:58.237294 19070 raft_consensus.cc:493] T 23c4aed73bae4b41a8a3cc8add6ae411 P 413dc8c34c1b4d2a93b3f446130a4a5e [term 0 FOLLOWER]: Starting pre-election (no leader contacted us within the election timeout)
I20260608 10:00:58.237203 19068 consensus_queue.cc:237] T 9e1689d2db2d44eb87aa326055f9f934 P 6b1f428c90da4ebea03016e4909c1e47 [LEADER]: Queue going to LEADER mode. State: All replicated index: 0, Majority replicated index: 0, Committed index: 0, Last appended: 0.0, Last appended by leader: 0, Current term: 1, Majority size: 2, State: 0, Mode: LEADER, active raft config: opid_index: -1 OBSOLETE_local: false peers { permanent_uuid: "413dc8c34c1b4d2a93b3f446130a4a5e" member_type: VOTER last_known_addr { host: "127.15.129.3" port: 38789 } } peers { permanent_uuid: "082f7c49cc494ca58a99704664b626ff" member_type: VOTER last_known_addr { host: "127.15.129.2" port: 42795 } } peers { permanent_uuid: "6b1f428c90da4ebea03016e4909c1e47" member_type: VOTER last_known_addr { host: "127.15.129.1" port: 46213 } }
I20260608 10:00:58.237730 19070 raft_consensus.cc:515] T 23c4aed73bae4b41a8a3cc8add6ae411 P 413dc8c34c1b4d2a93b3f446130a4a5e [term 0 FOLLOWER]: Starting pre-election with config: opid_index: -1 OBSOLETE_local: false peers { permanent_uuid: "6b1f428c90da4ebea03016e4909c1e47" member_type: VOTER last_known_addr { host: "127.15.129.1" port: 46213 } } peers { permanent_uuid: "082f7c49cc494ca58a99704664b626ff" member_type: VOTER last_known_addr { host: "127.15.129.2" port: 42795 } } peers { permanent_uuid: "413dc8c34c1b4d2a93b3f446130a4a5e" member_type: VOTER last_known_addr { host: "127.15.129.3" port: 38789 } }
I20260608 10:00:58.239694 19070 leader_election.cc:290] T 23c4aed73bae4b41a8a3cc8add6ae411 P 413dc8c34c1b4d2a93b3f446130a4a5e [CANDIDATE]: Term 1 pre-election: Requested pre-vote from peers 6b1f428c90da4ebea03016e4909c1e47 (127.15.129.1:46213), 082f7c49cc494ca58a99704664b626ff (127.15.129.2:42795)
I20260608 10:00:58.240368 18864 tablet_service.cc:1917] Received RequestConsensusVote() RPC: tablet_id: "23c4aed73bae4b41a8a3cc8add6ae411" candidate_uuid: "413dc8c34c1b4d2a93b3f446130a4a5e" candidate_term: 1 candidate_status { last_received { term: 0 index: 0 } } ignore_live_leader: false dest_uuid: "6b1f428c90da4ebea03016e4909c1e47" is_pre_election: true
I20260608 10:00:58.241043 18864 raft_consensus.cc:2468] T 23c4aed73bae4b41a8a3cc8add6ae411 P 6b1f428c90da4ebea03016e4909c1e47 [term 0 FOLLOWER]: Leader pre-election vote request: Granting yes vote for candidate 413dc8c34c1b4d2a93b3f446130a4a5e in term 0.
I20260608 10:00:58.242115 18978 leader_election.cc:304] T 23c4aed73bae4b41a8a3cc8add6ae411 P 413dc8c34c1b4d2a93b3f446130a4a5e [CANDIDATE]: Term 1 pre-election: Election decided. Result: candidate won. Election summary: received 2 responses out of 3 voters: 2 yes votes; 0 no votes. yes voters: 413dc8c34c1b4d2a93b3f446130a4a5e, 6b1f428c90da4ebea03016e4909c1e47; no voters: 
I20260608 10:00:58.242738 19070 raft_consensus.cc:2804] T 23c4aed73bae4b41a8a3cc8add6ae411 P 413dc8c34c1b4d2a93b3f446130a4a5e [term 0 FOLLOWER]: Leader pre-election won for term 1
I20260608 10:00:58.243024 19070 raft_consensus.cc:493] T 23c4aed73bae4b41a8a3cc8add6ae411 P 413dc8c34c1b4d2a93b3f446130a4a5e [term 0 FOLLOWER]: Starting leader election (no leader contacted us within the election timeout)
I20260608 10:00:58.243291 19070 raft_consensus.cc:3060] T 23c4aed73bae4b41a8a3cc8add6ae411 P 413dc8c34c1b4d2a93b3f446130a4a5e [term 0 FOLLOWER]: Advancing to term 1
I20260608 10:00:58.240824 18938 tablet_service.cc:1917] Received RequestConsensusVote() RPC: tablet_id: "23c4aed73bae4b41a8a3cc8add6ae411" candidate_uuid: "413dc8c34c1b4d2a93b3f446130a4a5e" candidate_term: 1 candidate_status { last_received { term: 0 index: 0 } } ignore_live_leader: false dest_uuid: "082f7c49cc494ca58a99704664b626ff" is_pre_election: true
I20260608 10:00:58.243805 18938 raft_consensus.cc:2468] T 23c4aed73bae4b41a8a3cc8add6ae411 P 082f7c49cc494ca58a99704664b626ff [term 0 FOLLOWER]: Leader pre-election vote request: Granting yes vote for candidate 413dc8c34c1b4d2a93b3f446130a4a5e in term 0.
I20260608 10:00:58.245590 18759 catalog_manager.cc:5696] T 9e1689d2db2d44eb87aa326055f9f934 P 6b1f428c90da4ebea03016e4909c1e47 reported cstate change: term changed from 0 to 1, leader changed from <none> to 6b1f428c90da4ebea03016e4909c1e47 (127.15.129.1). New cstate: current_term: 1 leader_uuid: "6b1f428c90da4ebea03016e4909c1e47" committed_config { opid_index: -1 OBSOLETE_local: false peers { permanent_uuid: "413dc8c34c1b4d2a93b3f446130a4a5e" member_type: VOTER last_known_addr { host: "127.15.129.3" port: 38789 } health_report { overall_health: UNKNOWN } } peers { permanent_uuid: "082f7c49cc494ca58a99704664b626ff" member_type: VOTER last_known_addr { host: "127.15.129.2" port: 42795 } health_report { overall_health: UNKNOWN } } peers { permanent_uuid: "6b1f428c90da4ebea03016e4909c1e47" member_type: VOTER last_known_addr { host: "127.15.129.1" port: 46213 } health_report { overall_health: HEALTHY } } }
I20260608 10:00:58.250701 19070 raft_consensus.cc:515] T 23c4aed73bae4b41a8a3cc8add6ae411 P 413dc8c34c1b4d2a93b3f446130a4a5e [term 1 FOLLOWER]: Starting leader election with config: opid_index: -1 OBSOLETE_local: false peers { permanent_uuid: "6b1f428c90da4ebea03016e4909c1e47" member_type: VOTER last_known_addr { host: "127.15.129.1" port: 46213 } } peers { permanent_uuid: "082f7c49cc494ca58a99704664b626ff" member_type: VOTER last_known_addr { host: "127.15.129.2" port: 42795 } } peers { permanent_uuid: "413dc8c34c1b4d2a93b3f446130a4a5e" member_type: VOTER last_known_addr { host: "127.15.129.3" port: 38789 } }
I20260608 10:00:58.252483 19070 leader_election.cc:290] T 23c4aed73bae4b41a8a3cc8add6ae411 P 413dc8c34c1b4d2a93b3f446130a4a5e [CANDIDATE]: Term 1 election: Requested vote from peers 6b1f428c90da4ebea03016e4909c1e47 (127.15.129.1:46213), 082f7c49cc494ca58a99704664b626ff (127.15.129.2:42795)
I20260608 10:00:58.253340 18864 tablet_service.cc:1917] Received RequestConsensusVote() RPC: tablet_id: "23c4aed73bae4b41a8a3cc8add6ae411" candidate_uuid: "413dc8c34c1b4d2a93b3f446130a4a5e" candidate_term: 1 candidate_status { last_received { term: 0 index: 0 } } ignore_live_leader: false dest_uuid: "6b1f428c90da4ebea03016e4909c1e47"
I20260608 10:00:58.253757 18938 tablet_service.cc:1917] Received RequestConsensusVote() RPC: tablet_id: "23c4aed73bae4b41a8a3cc8add6ae411" candidate_uuid: "413dc8c34c1b4d2a93b3f446130a4a5e" candidate_term: 1 candidate_status { last_received { term: 0 index: 0 } } ignore_live_leader: false dest_uuid: "082f7c49cc494ca58a99704664b626ff"
I20260608 10:00:58.253890 18864 raft_consensus.cc:3060] T 23c4aed73bae4b41a8a3cc8add6ae411 P 6b1f428c90da4ebea03016e4909c1e47 [term 0 FOLLOWER]: Advancing to term 1
I20260608 10:00:58.254380 18938 raft_consensus.cc:3060] T 23c4aed73bae4b41a8a3cc8add6ae411 P 082f7c49cc494ca58a99704664b626ff [term 0 FOLLOWER]: Advancing to term 1
I20260608 10:00:58.258440 18864 raft_consensus.cc:2468] T 23c4aed73bae4b41a8a3cc8add6ae411 P 6b1f428c90da4ebea03016e4909c1e47 [term 1 FOLLOWER]: Leader election vote request: Granting yes vote for candidate 413dc8c34c1b4d2a93b3f446130a4a5e in term 1.
I20260608 10:00:58.258809 18938 raft_consensus.cc:2468] T 23c4aed73bae4b41a8a3cc8add6ae411 P 082f7c49cc494ca58a99704664b626ff [term 1 FOLLOWER]: Leader election vote request: Granting yes vote for candidate 413dc8c34c1b4d2a93b3f446130a4a5e in term 1.
I20260608 10:00:58.259315 18978 leader_election.cc:304] T 23c4aed73bae4b41a8a3cc8add6ae411 P 413dc8c34c1b4d2a93b3f446130a4a5e [CANDIDATE]: Term 1 election: Election decided. Result: candidate won. Election summary: received 2 responses out of 3 voters: 2 yes votes; 0 no votes. yes voters: 413dc8c34c1b4d2a93b3f446130a4a5e, 6b1f428c90da4ebea03016e4909c1e47; no voters: 
I20260608 10:00:58.260224 19070 raft_consensus.cc:2804] T 23c4aed73bae4b41a8a3cc8add6ae411 P 413dc8c34c1b4d2a93b3f446130a4a5e [term 1 FOLLOWER]: Leader election won for term 1
I20260608 10:00:58.260704 19070 raft_consensus.cc:697] T 23c4aed73bae4b41a8a3cc8add6ae411 P 413dc8c34c1b4d2a93b3f446130a4a5e [term 1 LEADER]: Becoming Leader. State: Replica: 413dc8c34c1b4d2a93b3f446130a4a5e, State: Running, Role: LEADER
I20260608 10:00:58.261333 19070 consensus_queue.cc:237] T 23c4aed73bae4b41a8a3cc8add6ae411 P 413dc8c34c1b4d2a93b3f446130a4a5e [LEADER]: Queue going to LEADER mode. State: All replicated index: 0, Majority replicated index: 0, Committed index: 0, Last appended: 0.0, Last appended by leader: 0, Current term: 1, Majority size: 2, State: 0, Mode: LEADER, active raft config: opid_index: -1 OBSOLETE_local: false peers { permanent_uuid: "6b1f428c90da4ebea03016e4909c1e47" member_type: VOTER last_known_addr { host: "127.15.129.1" port: 46213 } } peers { permanent_uuid: "082f7c49cc494ca58a99704664b626ff" member_type: VOTER last_known_addr { host: "127.15.129.2" port: 42795 } } peers { permanent_uuid: "413dc8c34c1b4d2a93b3f446130a4a5e" member_type: VOTER last_known_addr { host: "127.15.129.3" port: 38789 } }
I20260608 10:00:58.265413 19083 consensus_queue.cc:1048] T 2680033dbbff4bb692ee715ece0f0e72 P 082f7c49cc494ca58a99704664b626ff [LEADER]: Connected to new peer: Peer: permanent_uuid: "413dc8c34c1b4d2a93b3f446130a4a5e" member_type: VOTER last_known_addr { host: "127.15.129.3" port: 38789 }, Status: LMP_MISMATCH, Last received: 0.0, Next index: 1, Last known committed idx: 0, Time since last communication: 0.000s
I20260608 10:00:58.270498 18759 catalog_manager.cc:5696] T 23c4aed73bae4b41a8a3cc8add6ae411 P 413dc8c34c1b4d2a93b3f446130a4a5e reported cstate change: term changed from 0 to 1, leader changed from <none> to 413dc8c34c1b4d2a93b3f446130a4a5e (127.15.129.3). New cstate: current_term: 1 leader_uuid: "413dc8c34c1b4d2a93b3f446130a4a5e" committed_config { opid_index: -1 OBSOLETE_local: false peers { permanent_uuid: "6b1f428c90da4ebea03016e4909c1e47" member_type: VOTER last_known_addr { host: "127.15.129.1" port: 46213 } health_report { overall_health: UNKNOWN } } peers { permanent_uuid: "082f7c49cc494ca58a99704664b626ff" member_type: VOTER last_known_addr { host: "127.15.129.2" port: 42795 } health_report { overall_health: UNKNOWN } } peers { permanent_uuid: "413dc8c34c1b4d2a93b3f446130a4a5e" member_type: VOTER last_known_addr { host: "127.15.129.3" port: 38789 } health_report { overall_health: HEALTHY } } }
I20260608 10:00:58.281420 19104 consensus_queue.cc:1048] T 2680033dbbff4bb692ee715ece0f0e72 P 082f7c49cc494ca58a99704664b626ff [LEADER]: Connected to new peer: Peer: permanent_uuid: "6b1f428c90da4ebea03016e4909c1e47" member_type: VOTER last_known_addr { host: "127.15.129.1" port: 46213 }, Status: LMP_MISMATCH, Last received: 0.0, Next index: 1, Last known committed idx: 0, Time since last communication: 0.001s
I20260608 10:00:58.308012 15876 file_cache.cc:492] Constructed file cache file cache with capacity 419430
W20260608 10:00:58.315081 19116 instance_detector.cc:116] could not retrieve AWS instance metadata: Network error: curl error: HTTP response code said error: The requested URL returned error: 404
W20260608 10:00:58.315166 19117 instance_detector.cc:116] could not retrieve Azure instance metadata: Network error: curl error: HTTP response code said error: The requested URL returned error: 404
W20260608 10:00:58.315688 19119 instance_detector.cc:116] could not retrieve OpenStack instance metadata: Network error: curl error: HTTP response code said error: The requested URL returned error: 404
I20260608 10:00:58.317320 15876 server_base.cc:1061] running on GCE node
I20260608 10:00:58.318228 15876 hybrid_clock.cc:584] initializing the hybrid clock with 'system_unsync' time source
W20260608 10:00:58.318429 15876 system_unsync_time.cc:38] NTP support is disabled. Clock error bounds will not be accurate. This configuration is not suitable for distributed clusters.
I20260608 10:00:58.318569 15876 hybrid_clock.cc:648] HybridClock initialized: now 1780912858318558 us; error 0 us; skew 500 ppm
I20260608 10:00:58.319115 15876 server_base.cc:861] Flag tcmalloc_max_total_thread_cache_bytes is not working since tcmalloc is not enabled.
I20260608 10:00:58.321578 15876 webserver.cc:533] Webserver started at http://127.15.129.4:44457/ using document root <none> and password file <none>
I20260608 10:00:58.322111 15876 fs_manager.cc:362] Metadata directory not provided
I20260608 10:00:58.322307 15876 fs_manager.cc:368] Using write-ahead log directory (fs_wal_dir) as metadata directory
I20260608 10:00:58.322666 15876 server_base.cc:909] This appears to be a new deployment of Kudu; creating new FS layout
I20260608 10:00:58.323933 15876 fs_manager.cc:1068] Generated new instance metadata in path /tmp/dist-test-taskriFEXK/test-tmp/auto_rebalancer-test.0.AutoRebalancerTest.RangeAwareRebalancesNewRangeReplicas.1780912776865777-15876-0/minicluster-data/ts-3-root/instance:
uuid: "d97095e5e6ba4fc8a01b2eb832650cbb"
format_stamp: "Formatted at 2026-06-08 10:00:58 on dist-test-slave-zgcx"
I20260608 10:00:58.328586 15876 fs_manager.cc:696] Time spent creating directory manager: real 0.004s	user 0.006s	sys 0.000s
I20260608 10:00:58.332194 19070 consensus_queue.cc:1048] T 5418bc6af719430db0e82b487ef70c9a P 413dc8c34c1b4d2a93b3f446130a4a5e [LEADER]: Connected to new peer: Peer: permanent_uuid: "6b1f428c90da4ebea03016e4909c1e47" member_type: VOTER last_known_addr { host: "127.15.129.1" port: 46213 }, Status: LMP_MISMATCH, Last received: 0.0, Next index: 1, Last known committed idx: 0, Time since last communication: 0.000s
I20260608 10:00:58.332571 19124 log_block_manager.cc:4031] Time spent loading block containers with low live blocks: real 0.000s	user 0.000s	sys 0.000s
I20260608 10:00:58.333500 15876 fs_manager.cc:730] Time spent opening block manager: real 0.003s	user 0.002s	sys 0.000s
I20260608 10:00:58.333827 15876 fs_manager.cc:647] Opened local filesystem: /tmp/dist-test-taskriFEXK/test-tmp/auto_rebalancer-test.0.AutoRebalancerTest.RangeAwareRebalancesNewRangeReplicas.1780912776865777-15876-0/minicluster-data/ts-3-root
uuid: "d97095e5e6ba4fc8a01b2eb832650cbb"
format_stamp: "Formatted at 2026-06-08 10:00:58 on dist-test-slave-zgcx"
I20260608 10:00:58.334169 15876 fs_report.cc:389] FS layout report
--------------------
wal directory: /tmp/dist-test-taskriFEXK/test-tmp/auto_rebalancer-test.0.AutoRebalancerTest.RangeAwareRebalancesNewRangeReplicas.1780912776865777-15876-0/minicluster-data/ts-3-root
metadata directory: /tmp/dist-test-taskriFEXK/test-tmp/auto_rebalancer-test.0.AutoRebalancerTest.RangeAwareRebalancesNewRangeReplicas.1780912776865777-15876-0/minicluster-data/ts-3-root
1 data directories: /tmp/dist-test-taskriFEXK/test-tmp/auto_rebalancer-test.0.AutoRebalancerTest.RangeAwareRebalancesNewRangeReplicas.1780912776865777-15876-0/minicluster-data/ts-3-root/data
Total live blocks: 0
Total live bytes: 0
Total live bytes (after alignment): 0
Total number of LBM containers: 0 (0 full)
Did not check for missing blocks
Did not check for orphaned blocks
Total full LBM containers with extra space: 0 (0 repaired)
Total full LBM container extra space in bytes: 0 (0 repaired)
Total incomplete LBM containers: 0 (0 repaired)
Total LBM partial records: 0 (0 repaired)
Total corrupted LBM metadata records in RocksDB: 0 (0 repaired)
I20260608 10:00:58.347874 19070 consensus_queue.cc:1048] T 5418bc6af719430db0e82b487ef70c9a P 413dc8c34c1b4d2a93b3f446130a4a5e [LEADER]: Connected to new peer: Peer: permanent_uuid: "082f7c49cc494ca58a99704664b626ff" member_type: VOTER last_known_addr { host: "127.15.129.2" port: 42795 }, Status: LMP_MISMATCH, Last received: 0.0, Next index: 1, Last known committed idx: 0, Time since last communication: 0.001s
I20260608 10:00:58.367941 19068 consensus_queue.cc:1048] T 3cde1acf307a45118b5223d479e5ae95 P 6b1f428c90da4ebea03016e4909c1e47 [LEADER]: Connected to new peer: Peer: permanent_uuid: "082f7c49cc494ca58a99704664b626ff" member_type: VOTER last_known_addr { host: "127.15.129.2" port: 42795 }, Status: LMP_MISMATCH, Last received: 0.0, Next index: 1, Last known committed idx: 0, Time since last communication: 0.000s
I20260608 10:00:58.373966 15876 rpc_server.cc:225] running with OpenSSL 1.1.1  11 Sep 2018
I20260608 10:00:58.375767 15876 kserver.cc:163] Server-wide thread pool size limit: 3276
I20260608 10:00:58.380784 19090 consensus_queue.cc:1048] T 3cde1acf307a45118b5223d479e5ae95 P 6b1f428c90da4ebea03016e4909c1e47 [LEADER]: Connected to new peer: Peer: permanent_uuid: "413dc8c34c1b4d2a93b3f446130a4a5e" member_type: VOTER last_known_addr { host: "127.15.129.3" port: 38789 }, Status: LMP_MISMATCH, Last received: 0.0, Next index: 1, Last known committed idx: 0, Time since last communication: 0.000s
I20260608 10:00:58.390265 15876 txn_system_client.cc:432] TxnSystemClient initialization is disabled...
I20260608 10:00:58.393553 15876 ts_tablet_manager.cc:585] Loaded tablet metadata (0 total tablets, 0 live tablets)
I20260608 10:00:58.393852 15876 ts_tablet_manager.cc:531] Time spent load tablet metadata: real 0.000s	user 0.001s	sys 0.000s
I20260608 10:00:58.394166 15876 ts_tablet_manager.cc:616] Registered 0 tablets
I20260608 10:00:58.394385 15876 ts_tablet_manager.cc:595] Time spent register tablets: real 0.000s	user 0.000s	sys 0.000s
I20260608 10:00:58.437705 15876 rpc_server.cc:307] RPC server started. Bound to: 127.15.129.4:41609
I20260608 10:00:58.437830 19191 acceptor_pool.cc:272] collecting diagnostics on the listening RPC socket 127.15.129.4:41609 every 8 connection(s)
I20260608 10:00:58.444422 18759 catalog_manager.cc:3569] Servicing AlterTable request from {username='slave'} at 127.0.0.1:33372:
table { table_name: "range_aware_rebalance_new_range" } alter_schema_steps { type: ADD_RANGE_PARTITION add_range_partition { range_bounds { rows: "\006\001\n\000\000\000\007\001\024\000\000\000""\006\001\n\000\000\000\007\001\024\000\000\000" indirect_data: """" } } } schema { columns { name: "key" type: INT32 is_key: true is_nullable: false encoding: AUTO_ENCODING compression: DEFAULT_COMPRESSION cfile_block_size: 0 immutable: false } } modify_external_catalogs: true
I20260608 10:00:58.453338 19193 heartbeater.cc:344] Connected to a master server at 127.15.129.62:34795
I20260608 10:00:58.453755 19193 heartbeater.cc:461] Registering TS with master...
I20260608 10:00:58.454463 19193 heartbeater.cc:507] Master 127.15.129.62:34795 requested a full tablet report, sending...
I20260608 10:00:58.456578 18762 ts_manager.cc:194] Registered new tserver with Master: d97095e5e6ba4fc8a01b2eb832650cbb (127.15.129.4:41609)
I20260608 10:00:58.458097 18762 master_service.cc:502] Signed X509 certificate for tserver {username='slave'} at 127.0.0.1:33380
W20260608 10:00:58.465984 18759 catalog_manager.cc:5956] Failed to send alter table request: Not found: failed to reset TS proxy: No leader found: Tablet fb371cfe02fe40c0a772b59d4d977bc7 has no consensus state
W20260608 10:00:58.467388 18759 catalog_manager.cc:5956] Failed to send alter table request: Not found: failed to reset TS proxy: No leader found: Tablet 771f409633fe42c6ad3922bcf533a83c has no consensus state
W20260608 10:00:58.468746 18759 catalog_manager.cc:5956] Failed to send alter table request: Not found: failed to reset TS proxy: No leader found: Tablet ef7040e84b0f4108a7bed9f8bc86d101 has no consensus state
W20260608 10:00:58.470238 18759 catalog_manager.cc:5956] Failed to send alter table request: Not found: failed to reset TS proxy: No leader found: Tablet aea7a80b0f024131a81f65e210449719 has no consensus state
W20260608 10:00:58.471670 18759 catalog_manager.cc:5956] Failed to send alter table request: Not found: failed to reset TS proxy: No leader found: Tablet a8c51aa805ed4b7792da8ccb5a0ab5b3 has no consensus state
W20260608 10:00:58.472913 18759 catalog_manager.cc:5956] Failed to send alter table request: Not found: failed to reset TS proxy: No leader found: Tablet 6ece4377a8324a1a8933478481a39b5c has no consensus state
W20260608 10:00:58.474329 18759 catalog_manager.cc:5956] Failed to send alter table request: Not found: failed to reset TS proxy: No leader found: Tablet ec3608ce7cdb4e6db068130c5064356d has no consensus state
W20260608 10:00:58.475606 18759 catalog_manager.cc:5956] Failed to send alter table request: Not found: failed to reset TS proxy: No leader found: Tablet b29bfd890c164205a06213bb59f9772b has no consensus state
W20260608 10:00:58.488986 18746 catalog_manager.cc:4809] Async tablet task AlterTable RPC for tablet ef7040e84b0f4108a7bed9f8bc86d101 (table range_aware_rebalance_new_range [id=d67231da50ab4e00863c65492fc5aa00], current schema version=0) failed: Not found: failed to reset TS proxy: No leader found: Tablet ef7040e84b0f4108a7bed9f8bc86d101 has no consensus state
I20260608 10:00:58.499049 18850 tablet_service.cc:1511] Processing CreateTablet for tablet fb371cfe02fe40c0a772b59d4d977bc7 (DEFAULT_TABLE table=range_aware_rebalance_new_range [id=d67231da50ab4e00863c65492fc5aa00]), partition=HASH (key) PARTITION 0, RANGE (key) PARTITION 10 <= VALUES < 20
I20260608 10:00:58.500463 18850 data_dirs.cc:400] Could only allocate 1 dirs of requested 3 for tablet fb371cfe02fe40c0a772b59d4d977bc7. 1 dirs total, 0 dirs full, 0 dirs failed
I20260608 10:00:58.503461 18847 tablet_service.cc:1511] Processing CreateTablet for tablet 771f409633fe42c6ad3922bcf533a83c (DEFAULT_TABLE table=range_aware_rebalance_new_range [id=d67231da50ab4e00863c65492fc5aa00]), partition=HASH (key) PARTITION 1, RANGE (key) PARTITION 10 <= VALUES < 20
I20260608 10:00:58.504825 18847 data_dirs.cc:400] Could only allocate 1 dirs of requested 3 for tablet 771f409633fe42c6ad3922bcf533a83c. 1 dirs total, 0 dirs full, 0 dirs failed
I20260608 10:00:58.511586 18854 tablet_service.cc:1511] Processing CreateTablet for tablet aea7a80b0f024131a81f65e210449719 (DEFAULT_TABLE table=range_aware_rebalance_new_range [id=d67231da50ab4e00863c65492fc5aa00]), partition=HASH (key) PARTITION 3, RANGE (key) PARTITION 10 <= VALUES < 20
I20260608 10:00:58.512929 18854 data_dirs.cc:400] Could only allocate 1 dirs of requested 3 for tablet aea7a80b0f024131a81f65e210449719. 1 dirs total, 0 dirs full, 0 dirs failed
I20260608 10:00:58.518831 18852 tablet_service.cc:1511] Processing CreateTablet for tablet a8c51aa805ed4b7792da8ccb5a0ab5b3 (DEFAULT_TABLE table=range_aware_rebalance_new_range [id=d67231da50ab4e00863c65492fc5aa00]), partition=HASH (key) PARTITION 4, RANGE (key) PARTITION 10 <= VALUES < 20
I20260608 10:00:58.520149 18852 data_dirs.cc:400] Could only allocate 1 dirs of requested 3 for tablet a8c51aa805ed4b7792da8ccb5a0ab5b3. 1 dirs total, 0 dirs full, 0 dirs failed
I20260608 10:00:58.522557 19104 consensus_queue.cc:1048] T 7a3a5c5b858949878933d38a5aa75d1e P 082f7c49cc494ca58a99704664b626ff [LEADER]: Connected to new peer: Peer: permanent_uuid: "6b1f428c90da4ebea03016e4909c1e47" member_type: VOTER last_known_addr { host: "127.15.129.1" port: 46213 }, Status: LMP_MISMATCH, Last received: 0.0, Next index: 1, Last known committed idx: 0, Time since last communication: 0.000s
I20260608 10:00:58.523710 18853 tablet_service.cc:1511] Processing CreateTablet for tablet b29bfd890c164205a06213bb59f9772b (DEFAULT_TABLE table=range_aware_rebalance_new_range [id=d67231da50ab4e00863c65492fc5aa00]), partition=HASH (key) PARTITION 7, RANGE (key) PARTITION 10 <= VALUES < 20
I20260608 10:00:58.525012 18853 data_dirs.cc:400] Could only allocate 1 dirs of requested 3 for tablet b29bfd890c164205a06213bb59f9772b. 1 dirs total, 0 dirs full, 0 dirs failed
I20260608 10:00:58.524737 18851 tablet_service.cc:1511] Processing CreateTablet for tablet ec3608ce7cdb4e6db068130c5064356d (DEFAULT_TABLE table=range_aware_rebalance_new_range [id=d67231da50ab4e00863c65492fc5aa00]), partition=HASH (key) PARTITION 6, RANGE (key) PARTITION 10 <= VALUES < 20
I20260608 10:00:58.526110 18851 data_dirs.cc:400] Could only allocate 1 dirs of requested 3 for tablet ec3608ce7cdb4e6db068130c5064356d. 1 dirs total, 0 dirs full, 0 dirs failed
I20260608 10:00:58.533169 19091 consensus_queue.cc:1048] T 0ba5d7fe7ea8492387a7223de7850eb9 P 6b1f428c90da4ebea03016e4909c1e47 [LEADER]: Connected to new peer: Peer: permanent_uuid: "082f7c49cc494ca58a99704664b626ff" member_type: VOTER last_known_addr { host: "127.15.129.2" port: 42795 }, Status: LMP_MISMATCH, Last received: 0.0, Next index: 1, Last known committed idx: 0, Time since last communication: 0.000s
I20260608 10:00:58.548492 19199 tablet_bootstrap.cc:492] T a8c51aa805ed4b7792da8ccb5a0ab5b3 P 6b1f428c90da4ebea03016e4909c1e47: Bootstrap starting.
I20260608 10:00:58.553428 19090 consensus_queue.cc:1048] T 0ba5d7fe7ea8492387a7223de7850eb9 P 6b1f428c90da4ebea03016e4909c1e47 [LEADER]: Connected to new peer: Peer: permanent_uuid: "413dc8c34c1b4d2a93b3f446130a4a5e" member_type: VOTER last_known_addr { host: "127.15.129.3" port: 38789 }, Status: LMP_MISMATCH, Last received: 0.0, Next index: 1, Last known committed idx: 0, Time since last communication: 0.000s
I20260608 10:00:58.555420 19199 tablet_bootstrap.cc:654] T a8c51aa805ed4b7792da8ccb5a0ab5b3 P 6b1f428c90da4ebea03016e4909c1e47: Neither blocks nor log segments found. Creating new log.
I20260608 10:00:58.565830 18927 tablet_service.cc:1511] Processing CreateTablet for tablet fb371cfe02fe40c0a772b59d4d977bc7 (DEFAULT_TABLE table=range_aware_rebalance_new_range [id=d67231da50ab4e00863c65492fc5aa00]), partition=HASH (key) PARTITION 0, RANGE (key) PARTITION 10 <= VALUES < 20
I20260608 10:00:58.567442 18927 data_dirs.cc:400] Could only allocate 1 dirs of requested 3 for tablet fb371cfe02fe40c0a772b59d4d977bc7. 1 dirs total, 0 dirs full, 0 dirs failed
I20260608 10:00:58.568300 19083 consensus_queue.cc:1048] T 7a3a5c5b858949878933d38a5aa75d1e P 082f7c49cc494ca58a99704664b626ff [LEADER]: Connected to new peer: Peer: permanent_uuid: "413dc8c34c1b4d2a93b3f446130a4a5e" member_type: VOTER last_known_addr { host: "127.15.129.3" port: 38789 }, Status: LMP_MISMATCH, Last received: 0.0, Next index: 1, Last known committed idx: 0, Time since last communication: 0.000s
I20260608 10:00:58.569360 18999 tablet_service.cc:1511] Processing CreateTablet for tablet 771f409633fe42c6ad3922bcf533a83c (DEFAULT_TABLE table=range_aware_rebalance_new_range [id=d67231da50ab4e00863c65492fc5aa00]), partition=HASH (key) PARTITION 1, RANGE (key) PARTITION 10 <= VALUES < 20
I20260608 10:00:58.570943 18999 data_dirs.cc:400] Could only allocate 1 dirs of requested 3 for tablet 771f409633fe42c6ad3922bcf533a83c. 1 dirs total, 0 dirs full, 0 dirs failed
I20260608 10:00:58.570662 19004 tablet_service.cc:1511] Processing CreateTablet for tablet ef7040e84b0f4108a7bed9f8bc86d101 (DEFAULT_TABLE table=range_aware_rebalance_new_range [id=d67231da50ab4e00863c65492fc5aa00]), partition=HASH (key) PARTITION 2, RANGE (key) PARTITION 10 <= VALUES < 20
I20260608 10:00:58.574321 18928 tablet_service.cc:1511] Processing CreateTablet for tablet ef7040e84b0f4108a7bed9f8bc86d101 (DEFAULT_TABLE table=range_aware_rebalance_new_range [id=d67231da50ab4e00863c65492fc5aa00]), partition=HASH (key) PARTITION 2, RANGE (key) PARTITION 10 <= VALUES < 20
I20260608 10:00:58.575847 19002 tablet_service.cc:1511] Processing CreateTablet for tablet a8c51aa805ed4b7792da8ccb5a0ab5b3 (DEFAULT_TABLE table=range_aware_rebalance_new_range [id=d67231da50ab4e00863c65492fc5aa00]), partition=HASH (key) PARTITION 4, RANGE (key) PARTITION 10 <= VALUES < 20
I20260608 10:00:58.576501 18925 tablet_service.cc:1511] Processing CreateTablet for tablet aea7a80b0f024131a81f65e210449719 (DEFAULT_TABLE table=range_aware_rebalance_new_range [id=d67231da50ab4e00863c65492fc5aa00]), partition=HASH (key) PARTITION 3, RANGE (key) PARTITION 10 <= VALUES < 20
I20260608 10:00:58.579044 18997 tablet_service.cc:1511] Processing CreateTablet for tablet 6ece4377a8324a1a8933478481a39b5c (DEFAULT_TABLE table=range_aware_rebalance_new_range [id=d67231da50ab4e00863c65492fc5aa00]), partition=HASH (key) PARTITION 5, RANGE (key) PARTITION 10 <= VALUES < 20
I20260608 10:00:58.580629 18928 data_dirs.cc:400] Could only allocate 1 dirs of requested 3 for tablet ef7040e84b0f4108a7bed9f8bc86d101. 1 dirs total, 0 dirs full, 0 dirs failed
I20260608 10:00:58.582465 19004 data_dirs.cc:400] Could only allocate 1 dirs of requested 3 for tablet ef7040e84b0f4108a7bed9f8bc86d101. 1 dirs total, 0 dirs full, 0 dirs failed
I20260608 10:00:58.582149 18998 tablet_service.cc:1511] Processing CreateTablet for tablet b29bfd890c164205a06213bb59f9772b (DEFAULT_TABLE table=range_aware_rebalance_new_range [id=d67231da50ab4e00863c65492fc5aa00]), partition=HASH (key) PARTITION 7, RANGE (key) PARTITION 10 <= VALUES < 20
I20260608 10:00:58.583065 18997 data_dirs.cc:400] Could only allocate 1 dirs of requested 3 for tablet 6ece4377a8324a1a8933478481a39b5c. 1 dirs total, 0 dirs full, 0 dirs failed
I20260608 10:00:58.583700 18925 data_dirs.cc:400] Could only allocate 1 dirs of requested 3 for tablet aea7a80b0f024131a81f65e210449719. 1 dirs total, 0 dirs full, 0 dirs failed
I20260608 10:00:58.586272 18998 data_dirs.cc:400] Could only allocate 1 dirs of requested 3 for tablet b29bfd890c164205a06213bb59f9772b. 1 dirs total, 0 dirs full, 0 dirs failed
I20260608 10:00:58.590166 19002 data_dirs.cc:400] Could only allocate 1 dirs of requested 3 for tablet a8c51aa805ed4b7792da8ccb5a0ab5b3. 1 dirs total, 0 dirs full, 0 dirs failed
I20260608 10:00:58.595273 18922 tablet_service.cc:1511] Processing CreateTablet for tablet 6ece4377a8324a1a8933478481a39b5c (DEFAULT_TABLE table=range_aware_rebalance_new_range [id=d67231da50ab4e00863c65492fc5aa00]), partition=HASH (key) PARTITION 5, RANGE (key) PARTITION 10 <= VALUES < 20
I20260608 10:00:58.596861 18922 data_dirs.cc:400] Could only allocate 1 dirs of requested 3 for tablet 6ece4377a8324a1a8933478481a39b5c. 1 dirs total, 0 dirs full, 0 dirs failed
I20260608 10:00:58.599222 18923 tablet_service.cc:1511] Processing CreateTablet for tablet ec3608ce7cdb4e6db068130c5064356d (DEFAULT_TABLE table=range_aware_rebalance_new_range [id=d67231da50ab4e00863c65492fc5aa00]), partition=HASH (key) PARTITION 6, RANGE (key) PARTITION 10 <= VALUES < 20
I20260608 10:00:58.600536 18923 data_dirs.cc:400] Could only allocate 1 dirs of requested 3 for tablet ec3608ce7cdb4e6db068130c5064356d. 1 dirs total, 0 dirs full, 0 dirs failed
I20260608 10:00:58.625111 19157 tablet_service.cc:1511] Processing CreateTablet for tablet fb371cfe02fe40c0a772b59d4d977bc7 (DEFAULT_TABLE table=range_aware_rebalance_new_range [id=d67231da50ab4e00863c65492fc5aa00]), partition=HASH (key) PARTITION 0, RANGE (key) PARTITION 10 <= VALUES < 20
I20260608 10:00:58.629408 19154 tablet_service.cc:1511] Processing CreateTablet for tablet aea7a80b0f024131a81f65e210449719 (DEFAULT_TABLE table=range_aware_rebalance_new_range [id=d67231da50ab4e00863c65492fc5aa00]), partition=HASH (key) PARTITION 3, RANGE (key) PARTITION 10 <= VALUES < 20
I20260608 10:00:58.632592 19152 tablet_service.cc:1511] Processing CreateTablet for tablet 6ece4377a8324a1a8933478481a39b5c (DEFAULT_TABLE table=range_aware_rebalance_new_range [id=d67231da50ab4e00863c65492fc5aa00]), partition=HASH (key) PARTITION 5, RANGE (key) PARTITION 10 <= VALUES < 20
I20260608 10:00:58.637583 19153 tablet_service.cc:1511] Processing CreateTablet for tablet a8c51aa805ed4b7792da8ccb5a0ab5b3 (DEFAULT_TABLE table=range_aware_rebalance_new_range [id=d67231da50ab4e00863c65492fc5aa00]), partition=HASH (key) PARTITION 4, RANGE (key) PARTITION 10 <= VALUES < 20
I20260608 10:00:58.630028 19157 data_dirs.cc:400] Could only allocate 1 dirs of requested 3 for tablet fb371cfe02fe40c0a772b59d4d977bc7. 1 dirs total, 0 dirs full, 0 dirs failed
I20260608 10:00:58.641707 19155 tablet_service.cc:1511] Processing CreateTablet for tablet ef7040e84b0f4108a7bed9f8bc86d101 (DEFAULT_TABLE table=range_aware_rebalance_new_range [id=d67231da50ab4e00863c65492fc5aa00]), partition=HASH (key) PARTITION 2, RANGE (key) PARTITION 10 <= VALUES < 20
I20260608 10:00:58.653702 19153 data_dirs.cc:400] Could only allocate 1 dirs of requested 3 for tablet a8c51aa805ed4b7792da8ccb5a0ab5b3. 1 dirs total, 0 dirs full, 0 dirs failed
I20260608 10:00:58.658092 19151 tablet_service.cc:1511] Processing CreateTablet for tablet ec3608ce7cdb4e6db068130c5064356d (DEFAULT_TABLE table=range_aware_rebalance_new_range [id=d67231da50ab4e00863c65492fc5aa00]), partition=HASH (key) PARTITION 6, RANGE (key) PARTITION 10 <= VALUES < 20
I20260608 10:00:58.665232 19150 tablet_service.cc:1511] Processing CreateTablet for tablet b29bfd890c164205a06213bb59f9772b (DEFAULT_TABLE table=range_aware_rebalance_new_range [id=d67231da50ab4e00863c65492fc5aa00]), partition=HASH (key) PARTITION 7, RANGE (key) PARTITION 10 <= VALUES < 20
I20260608 10:00:58.648368 19156 tablet_service.cc:1511] Processing CreateTablet for tablet 771f409633fe42c6ad3922bcf533a83c (DEFAULT_TABLE table=range_aware_rebalance_new_range [id=d67231da50ab4e00863c65492fc5aa00]), partition=HASH (key) PARTITION 1, RANGE (key) PARTITION 10 <= VALUES < 20
I20260608 10:00:58.672940 19129 consensus_queue.cc:1048] T 327897cbf2a142d3b39cb9c3294ceb65 P 413dc8c34c1b4d2a93b3f446130a4a5e [LEADER]: Connected to new peer: Peer: permanent_uuid: "082f7c49cc494ca58a99704664b626ff" member_type: VOTER last_known_addr { host: "127.15.129.2" port: 42795 }, Status: LMP_MISMATCH, Last received: 0.0, Next index: 1, Last known committed idx: 0, Time since last communication: 0.002s
I20260608 10:00:58.677438 19152 data_dirs.cc:400] Could only allocate 1 dirs of requested 3 for tablet 6ece4377a8324a1a8933478481a39b5c. 1 dirs total, 0 dirs full, 0 dirs failed
I20260608 10:00:58.683523 19151 data_dirs.cc:400] Could only allocate 1 dirs of requested 3 for tablet ec3608ce7cdb4e6db068130c5064356d. 1 dirs total, 0 dirs full, 0 dirs failed
I20260608 10:00:58.684945 19150 data_dirs.cc:400] Could only allocate 1 dirs of requested 3 for tablet b29bfd890c164205a06213bb59f9772b. 1 dirs total, 0 dirs full, 0 dirs failed
I20260608 10:00:58.686515 19204 tablet_bootstrap.cc:492] T fb371cfe02fe40c0a772b59d4d977bc7 P 082f7c49cc494ca58a99704664b626ff: Bootstrap starting.
I20260608 10:00:58.686976 19155 data_dirs.cc:400] Could only allocate 1 dirs of requested 3 for tablet ef7040e84b0f4108a7bed9f8bc86d101. 1 dirs total, 0 dirs full, 0 dirs failed
I20260608 10:00:58.692335 19156 data_dirs.cc:400] Could only allocate 1 dirs of requested 3 for tablet 771f409633fe42c6ad3922bcf533a83c. 1 dirs total, 0 dirs full, 0 dirs failed
I20260608 10:00:58.696961 19129 consensus_queue.cc:1048] T 23c4aed73bae4b41a8a3cc8add6ae411 P 413dc8c34c1b4d2a93b3f446130a4a5e [LEADER]: Connected to new peer: Peer: permanent_uuid: "6b1f428c90da4ebea03016e4909c1e47" member_type: VOTER last_known_addr { host: "127.15.129.1" port: 46213 }, Status: LMP_MISMATCH, Last received: 0.0, Next index: 1, Last known committed idx: 0, Time since last communication: 0.000s
I20260608 10:00:58.705890 19090 consensus_queue.cc:1048] T 9e1689d2db2d44eb87aa326055f9f934 P 6b1f428c90da4ebea03016e4909c1e47 [LEADER]: Connected to new peer: Peer: permanent_uuid: "413dc8c34c1b4d2a93b3f446130a4a5e" member_type: VOTER last_known_addr { host: "127.15.129.3" port: 38789 }, Status: LMP_MISMATCH, Last received: 0.0, Next index: 1, Last known committed idx: 0, Time since last communication: 0.000s
I20260608 10:00:58.719779 19199 tablet_bootstrap.cc:492] T a8c51aa805ed4b7792da8ccb5a0ab5b3 P 6b1f428c90da4ebea03016e4909c1e47: No bootstrap required, opened a new log
I20260608 10:00:58.720350 19199 ts_tablet_manager.cc:1403] T a8c51aa805ed4b7792da8ccb5a0ab5b3 P 6b1f428c90da4ebea03016e4909c1e47: Time spent bootstrapping tablet: real 0.172s	user 0.042s	sys 0.056s
I20260608 10:00:58.722955 19095 consensus_queue.cc:1048] T 327897cbf2a142d3b39cb9c3294ceb65 P 413dc8c34c1b4d2a93b3f446130a4a5e [LEADER]: Connected to new peer: Peer: permanent_uuid: "6b1f428c90da4ebea03016e4909c1e47" member_type: VOTER last_known_addr { host: "127.15.129.1" port: 46213 }, Status: LMP_MISMATCH, Last received: 0.0, Next index: 1, Last known committed idx: 0, Time since last communication: 0.000s
I20260608 10:00:58.726663 19095 consensus_queue.cc:1048] T 23c4aed73bae4b41a8a3cc8add6ae411 P 413dc8c34c1b4d2a93b3f446130a4a5e [LEADER]: Connected to new peer: Peer: permanent_uuid: "082f7c49cc494ca58a99704664b626ff" member_type: VOTER last_known_addr { host: "127.15.129.2" port: 42795 }, Status: LMP_MISMATCH, Last received: 0.0, Next index: 1, Last known committed idx: 0, Time since last communication: 0.000s
I20260608 10:00:58.729957 19154 data_dirs.cc:400] Could only allocate 1 dirs of requested 3 for tablet aea7a80b0f024131a81f65e210449719. 1 dirs total, 0 dirs full, 0 dirs failed
I20260608 10:00:58.738150 19199 raft_consensus.cc:359] T a8c51aa805ed4b7792da8ccb5a0ab5b3 P 6b1f428c90da4ebea03016e4909c1e47 [term 0 FOLLOWER]: Replica starting. Triggering 0 pending ops. Active config: opid_index: -1 OBSOLETE_local: false peers { permanent_uuid: "d97095e5e6ba4fc8a01b2eb832650cbb" member_type: VOTER last_known_addr { host: "127.15.129.4" port: 41609 } } peers { permanent_uuid: "6b1f428c90da4ebea03016e4909c1e47" member_type: VOTER last_known_addr { host: "127.15.129.1" port: 46213 } } peers { permanent_uuid: "413dc8c34c1b4d2a93b3f446130a4a5e" member_type: VOTER last_known_addr { host: "127.15.129.3" port: 38789 } }
I20260608 10:00:58.738878 19199 raft_consensus.cc:385] T a8c51aa805ed4b7792da8ccb5a0ab5b3 P 6b1f428c90da4ebea03016e4909c1e47 [term 0 FOLLOWER]: Consensus starting up: Expiring failure detector timer to make a prompt election more likely
I20260608 10:00:58.739154 19199 raft_consensus.cc:740] T a8c51aa805ed4b7792da8ccb5a0ab5b3 P 6b1f428c90da4ebea03016e4909c1e47 [term 0 FOLLOWER]: Becoming Follower/Learner. State: Replica: 6b1f428c90da4ebea03016e4909c1e47, State: Initialized, Role: FOLLOWER
I20260608 10:00:58.741305 19199 consensus_queue.cc:260] T a8c51aa805ed4b7792da8ccb5a0ab5b3 P 6b1f428c90da4ebea03016e4909c1e47 [NON_LEADER]: Queue going to NON_LEADER mode. State: All replicated index: 0, Majority replicated index: 0, Committed index: 0, Last appended: 0.0, Last appended by leader: 0, Current term: 0, Majority size: -1, State: 0, Mode: NON_LEADER, active raft config: opid_index: -1 OBSOLETE_local: false peers { permanent_uuid: "d97095e5e6ba4fc8a01b2eb832650cbb" member_type: VOTER last_known_addr { host: "127.15.129.4" port: 41609 } } peers { permanent_uuid: "6b1f428c90da4ebea03016e4909c1e47" member_type: VOTER last_known_addr { host: "127.15.129.1" port: 46213 } } peers { permanent_uuid: "413dc8c34c1b4d2a93b3f446130a4a5e" member_type: VOTER last_known_addr { host: "127.15.129.3" port: 38789 } }
I20260608 10:00:58.744604 19199 ts_tablet_manager.cc:1434] T a8c51aa805ed4b7792da8ccb5a0ab5b3 P 6b1f428c90da4ebea03016e4909c1e47: Time spent starting tablet: real 0.024s	user 0.000s	sys 0.007s
I20260608 10:00:58.746747 19199 tablet_bootstrap.cc:492] T b29bfd890c164205a06213bb59f9772b P 6b1f428c90da4ebea03016e4909c1e47: Bootstrap starting.
I20260608 10:00:58.753675 19204 tablet_bootstrap.cc:654] T fb371cfe02fe40c0a772b59d4d977bc7 P 082f7c49cc494ca58a99704664b626ff: Neither blocks nor log segments found. Creating new log.
I20260608 10:00:58.754048 19199 tablet_bootstrap.cc:654] T b29bfd890c164205a06213bb59f9772b P 6b1f428c90da4ebea03016e4909c1e47: Neither blocks nor log segments found. Creating new log.
I20260608 10:00:58.779726 19090 consensus_queue.cc:1048] T 9e1689d2db2d44eb87aa326055f9f934 P 6b1f428c90da4ebea03016e4909c1e47 [LEADER]: Connected to new peer: Peer: permanent_uuid: "082f7c49cc494ca58a99704664b626ff" member_type: VOTER last_known_addr { host: "127.15.129.2" port: 42795 }, Status: LMP_MISMATCH, Last received: 0.0, Next index: 1, Last known committed idx: 0, Time since last communication: 0.001s
I20260608 10:00:58.779773 19207 tablet_bootstrap.cc:492] T 771f409633fe42c6ad3922bcf533a83c P 413dc8c34c1b4d2a93b3f446130a4a5e: Bootstrap starting.
I20260608 10:00:58.830605 19207 tablet_bootstrap.cc:654] T 771f409633fe42c6ad3922bcf533a83c P 413dc8c34c1b4d2a93b3f446130a4a5e: Neither blocks nor log segments found. Creating new log.
I20260608 10:00:58.899420 19204 tablet_bootstrap.cc:492] T fb371cfe02fe40c0a772b59d4d977bc7 P 082f7c49cc494ca58a99704664b626ff: No bootstrap required, opened a new log
I20260608 10:00:58.899852 19204 ts_tablet_manager.cc:1403] T fb371cfe02fe40c0a772b59d4d977bc7 P 082f7c49cc494ca58a99704664b626ff: Time spent bootstrapping tablet: real 0.239s	user 0.016s	sys 0.018s
