I20260608 09:59:41.624650 28094 raft_consensus.cc:606] T 0b5f7cb1934440a79821c1ac301821ae P a487ba163d5d4d1db56d9c796a7e8802 [term 2 LEADER]: Received request to transfer leadership to TS a528afc74d9f4224937124ed3e6e6d2c
I20260608 09:59:41.625972 27970 auto_leader_rebalancer.cc:388] table: test-workload, leader rebalance finish, leader transfer count: 1
I20260608 09:59:41.626428 27970 auto_leader_rebalancer.cc:451] All tables' leader rebalancing finished this round
I20260608 09:59:41.781101 28403 raft_consensus.cc:993] T 0b5f7cb1934440a79821c1ac301821ae P a487ba163d5d4d1db56d9c796a7e8802: : Instructing follower a528afc74d9f4224937124ed3e6e6d2c to start an election
I20260608 09:59:41.781692 28383 raft_consensus.cc:1081] T 0b5f7cb1934440a79821c1ac301821ae P a487ba163d5d4d1db56d9c796a7e8802 [term 2 LEADER]: Signalling peer a528afc74d9f4224937124ed3e6e6d2c to start an election
I20260608 09:59:41.783635 28168 tablet_service.cc:2044] Received Run Leader Election RPC: tablet_id: "0b5f7cb1934440a79821c1ac301821ae"
dest_uuid: "a528afc74d9f4224937124ed3e6e6d2c"
 from {username='slave'} at 127.0.0.1:55516
I20260608 09:59:41.784327 28168 raft_consensus.cc:493] T 0b5f7cb1934440a79821c1ac301821ae P a528afc74d9f4224937124ed3e6e6d2c [term 2 FOLLOWER]: Starting forced leader election (received explicit request)
I20260608 09:59:41.784742 28168 raft_consensus.cc:3060] T 0b5f7cb1934440a79821c1ac301821ae P a528afc74d9f4224937124ed3e6e6d2c [term 2 FOLLOWER]: Advancing to term 3
I20260608 09:59:41.791620 28168 raft_consensus.cc:515] T 0b5f7cb1934440a79821c1ac301821ae P a528afc74d9f4224937124ed3e6e6d2c [term 3 FOLLOWER]: Starting forced leader election with config: opid_index: -1 OBSOLETE_local: false peers { permanent_uuid: "8c2858d316a64619a902aff2b7563033" member_type: VOTER last_known_addr { host: "127.26.181.193" port: 38795 } } peers { permanent_uuid: "a487ba163d5d4d1db56d9c796a7e8802" member_type: VOTER last_known_addr { host: "127.26.181.194" port: 42657 } } peers { permanent_uuid: "a528afc74d9f4224937124ed3e6e6d2c" member_type: VOTER last_known_addr { host: "127.26.181.195" port: 33143 } }
I20260608 09:59:41.793938 28168 leader_election.cc:290] T 0b5f7cb1934440a79821c1ac301821ae P a528afc74d9f4224937124ed3e6e6d2c [CANDIDATE]: Term 3 election: Requested vote from peers 8c2858d316a64619a902aff2b7563033 (127.26.181.193:38795), a487ba163d5d4d1db56d9c796a7e8802 (127.26.181.194:42657)
I20260608 09:59:41.794852 28017 tablet_service.cc:1917] Received RequestConsensusVote() RPC: tablet_id: "0b5f7cb1934440a79821c1ac301821ae" candidate_uuid: "a528afc74d9f4224937124ed3e6e6d2c" candidate_term: 3 candidate_status { last_received { term: 2 index: 2 } } ignore_live_leader: true dest_uuid: "8c2858d316a64619a902aff2b7563033"
I20260608 09:59:41.795473 28017 raft_consensus.cc:3060] T 0b5f7cb1934440a79821c1ac301821ae P 8c2858d316a64619a902aff2b7563033 [term 2 FOLLOWER]: Advancing to term 3
I20260608 09:59:41.795519 28094 tablet_service.cc:1917] Received RequestConsensusVote() RPC: tablet_id: "0b5f7cb1934440a79821c1ac301821ae" candidate_uuid: "a528afc74d9f4224937124ed3e6e6d2c" candidate_term: 3 candidate_status { last_received { term: 2 index: 2 } } ignore_live_leader: true dest_uuid: "a487ba163d5d4d1db56d9c796a7e8802"
I20260608 09:59:41.796185 28094 raft_consensus.cc:3055] T 0b5f7cb1934440a79821c1ac301821ae P a487ba163d5d4d1db56d9c796a7e8802 [term 2 LEADER]: Stepping down as leader of term 2
I20260608 09:59:41.796545 28094 raft_consensus.cc:740] T 0b5f7cb1934440a79821c1ac301821ae P a487ba163d5d4d1db56d9c796a7e8802 [term 2 LEADER]: Becoming Follower/Learner. State: Replica: a487ba163d5d4d1db56d9c796a7e8802, State: Running, Role: LEADER
I20260608 09:59:41.797423 28094 consensus_queue.cc:260] T 0b5f7cb1934440a79821c1ac301821ae P a487ba163d5d4d1db56d9c796a7e8802 [NON_LEADER]: Queue going to NON_LEADER mode. State: All replicated index: 0, Majority replicated index: 2, Committed index: 2, Last appended: 2.2, Last appended by leader: 2, Current term: 2, Majority size: -1, State: 0, Mode: NON_LEADER, active raft config: opid_index: -1 OBSOLETE_local: false peers { permanent_uuid: "8c2858d316a64619a902aff2b7563033" member_type: VOTER last_known_addr { host: "127.26.181.193" port: 38795 } } peers { permanent_uuid: "a487ba163d5d4d1db56d9c796a7e8802" member_type: VOTER last_known_addr { host: "127.26.181.194" port: 42657 } } peers { permanent_uuid: "a528afc74d9f4224937124ed3e6e6d2c" member_type: VOTER last_known_addr { host: "127.26.181.195" port: 33143 } }
I20260608 09:59:41.798653 28094 raft_consensus.cc:3060] T 0b5f7cb1934440a79821c1ac301821ae P a487ba163d5d4d1db56d9c796a7e8802 [term 2 FOLLOWER]: Advancing to term 3
I20260608 09:59:41.802664 28017 raft_consensus.cc:2468] T 0b5f7cb1934440a79821c1ac301821ae P 8c2858d316a64619a902aff2b7563033 [term 3 FOLLOWER]: Leader election vote request: Granting yes vote for candidate a528afc74d9f4224937124ed3e6e6d2c in term 3.
I20260608 09:59:41.803956 28134 leader_election.cc:304] T 0b5f7cb1934440a79821c1ac301821ae P a528afc74d9f4224937124ed3e6e6d2c [CANDIDATE]: Term 3 election: Election decided. Result: candidate won. Election summary: received 2 responses out of 3 voters: 2 yes votes; 0 no votes. yes voters: 8c2858d316a64619a902aff2b7563033, a528afc74d9f4224937124ed3e6e6d2c; no voters: 
I20260608 09:59:41.804867 28388 raft_consensus.cc:2804] T 0b5f7cb1934440a79821c1ac301821ae P a528afc74d9f4224937124ed3e6e6d2c [term 3 FOLLOWER]: Leader election won for term 3
I20260608 09:59:41.805397 28388 raft_consensus.cc:697] T 0b5f7cb1934440a79821c1ac301821ae P a528afc74d9f4224937124ed3e6e6d2c [term 3 LEADER]: Becoming Leader. State: Replica: a528afc74d9f4224937124ed3e6e6d2c, State: Running, Role: LEADER
I20260608 09:59:41.805828 28094 raft_consensus.cc:2468] T 0b5f7cb1934440a79821c1ac301821ae P a487ba163d5d4d1db56d9c796a7e8802 [term 3 FOLLOWER]: Leader election vote request: Granting yes vote for candidate a528afc74d9f4224937124ed3e6e6d2c in term 3.
I20260608 09:59:41.806259 28388 consensus_queue.cc:237] T 0b5f7cb1934440a79821c1ac301821ae P a528afc74d9f4224937124ed3e6e6d2c [LEADER]: Queue going to LEADER mode. State: All replicated index: 0, Majority replicated index: 2, Committed index: 2, Last appended: 2.2, Last appended by leader: 2, Current term: 3, Majority size: 2, State: 0, Mode: LEADER, active raft config: opid_index: -1 OBSOLETE_local: false peers { permanent_uuid: "8c2858d316a64619a902aff2b7563033" member_type: VOTER last_known_addr { host: "127.26.181.193" port: 38795 } } peers { permanent_uuid: "a487ba163d5d4d1db56d9c796a7e8802" member_type: VOTER last_known_addr { host: "127.26.181.194" port: 42657 } } peers { permanent_uuid: "a528afc74d9f4224937124ed3e6e6d2c" member_type: VOTER last_known_addr { host: "127.26.181.195" port: 33143 } }
I20260608 09:59:41.815081 27917 catalog_manager.cc:5696] T 0b5f7cb1934440a79821c1ac301821ae P a528afc74d9f4224937124ed3e6e6d2c reported cstate change: term changed from 2 to 3, leader changed from a487ba163d5d4d1db56d9c796a7e8802 (127.26.181.194) to a528afc74d9f4224937124ed3e6e6d2c (127.26.181.195). New cstate: current_term: 3 leader_uuid: "a528afc74d9f4224937124ed3e6e6d2c" committed_config { opid_index: -1 OBSOLETE_local: false peers { permanent_uuid: "8c2858d316a64619a902aff2b7563033" member_type: VOTER last_known_addr { host: "127.26.181.193" port: 38795 } health_report { overall_health: UNKNOWN } } peers { permanent_uuid: "a487ba163d5d4d1db56d9c796a7e8802" member_type: VOTER last_known_addr { host: "127.26.181.194" port: 42657 } health_report { overall_health: UNKNOWN } } peers { permanent_uuid: "a528afc74d9f4224937124ed3e6e6d2c" member_type: VOTER last_known_addr { host: "127.26.181.195" port: 33143 } health_report { overall_health: HEALTHY } } }
I20260608 09:59:42.311515 28094 raft_consensus.cc:1275] T 0b5f7cb1934440a79821c1ac301821ae P a487ba163d5d4d1db56d9c796a7e8802 [term 3 FOLLOWER]: Refusing update from remote peer a528afc74d9f4224937124ed3e6e6d2c: Log matching property violated. Preceding OpId in replica: term: 2 index: 2. Preceding OpId from leader: term: 3 index: 3. (index mismatch)
I20260608 09:59:42.313135 28408 consensus_queue.cc:1048] T 0b5f7cb1934440a79821c1ac301821ae P a528afc74d9f4224937124ed3e6e6d2c [LEADER]: Connected to new peer: Peer: permanent_uuid: "a487ba163d5d4d1db56d9c796a7e8802" member_type: VOTER last_known_addr { host: "127.26.181.194" port: 42657 }, Status: LMP_MISMATCH, Last received: 0.0, Next index: 3, Last known committed idx: 2, Time since last communication: 0.000s
I20260608 09:59:42.328900 28017 raft_consensus.cc:1275] T 0b5f7cb1934440a79821c1ac301821ae P 8c2858d316a64619a902aff2b7563033 [term 3 FOLLOWER]: Refusing update from remote peer a528afc74d9f4224937124ed3e6e6d2c: Log matching property violated. Preceding OpId in replica: term: 2 index: 2. Preceding OpId from leader: term: 3 index: 3. (index mismatch)
I20260608 09:59:42.335111 28397 consensus_queue.cc:1048] T 0b5f7cb1934440a79821c1ac301821ae P a528afc74d9f4224937124ed3e6e6d2c [LEADER]: Connected to new peer: Peer: permanent_uuid: "8c2858d316a64619a902aff2b7563033" member_type: VOTER last_known_addr { host: "127.26.181.193" port: 38795 }, Status: LMP_MISMATCH, Last received: 0.0, Next index: 3, Last known committed idx: 2, Time since last communication: 0.000s
I20260608 09:59:42.644110 28094 consensus_queue.cc:237] T 2d0eb561daea49feb1457684934f207a P a487ba163d5d4d1db56d9c796a7e8802 [LEADER]: Queue going to LEADER mode. State: All replicated index: 0, Majority replicated index: 1, Committed index: 1, Last appended: 1.1, Last appended by leader: 0, Current term: 1, Majority size: 2, State: 0, Mode: LEADER, active raft config: opid_index: 2 OBSOLETE_local: false peers { permanent_uuid: "8c2858d316a64619a902aff2b7563033" member_type: VOTER last_known_addr { host: "127.26.181.193" port: 38795 } } peers { permanent_uuid: "a487ba163d5d4d1db56d9c796a7e8802" member_type: VOTER last_known_addr { host: "127.26.181.194" port: 42657 } } peers { permanent_uuid: "a528afc74d9f4224937124ed3e6e6d2c" member_type: VOTER last_known_addr { host: "127.26.181.195" port: 33143 } attrs { replace: true } } peers { permanent_uuid: "93b73af1843442ff8c04d1ad9467b2f1" member_type: NON_VOTER last_known_addr { host: "127.26.181.196" port: 44239 } attrs { promote: true } }
I20260608 09:59:42.653218 28168 raft_consensus.cc:1275] T 2d0eb561daea49feb1457684934f207a P a528afc74d9f4224937124ed3e6e6d2c [term 1 FOLLOWER]: Refusing update from remote peer a487ba163d5d4d1db56d9c796a7e8802: Log matching property violated. Preceding OpId in replica: term: 1 index: 1. Preceding OpId from leader: term: 1 index: 2. (index mismatch)
I20260608 09:59:42.655196 28419 consensus_queue.cc:1048] T 2d0eb561daea49feb1457684934f207a P a487ba163d5d4d1db56d9c796a7e8802 [LEADER]: Connected to new peer: Peer: permanent_uuid: "a528afc74d9f4224937124ed3e6e6d2c" member_type: VOTER last_known_addr { host: "127.26.181.195" port: 33143 } attrs { replace: true }, Status: LMP_MISMATCH, Last received: 0.0, Next index: 2, Last known committed idx: 1, Time since last communication: 0.001s
I20260608 09:59:42.655937 28017 raft_consensus.cc:1275] T 2d0eb561daea49feb1457684934f207a P 8c2858d316a64619a902aff2b7563033 [term 1 FOLLOWER]: Refusing update from remote peer a487ba163d5d4d1db56d9c796a7e8802: Log matching property violated. Preceding OpId in replica: term: 1 index: 1. Preceding OpId from leader: term: 1 index: 2. (index mismatch)
I20260608 09:59:42.658775 28383 consensus_queue.cc:1048] T 2d0eb561daea49feb1457684934f207a P a487ba163d5d4d1db56d9c796a7e8802 [LEADER]: Connected to new peer: Peer: permanent_uuid: "8c2858d316a64619a902aff2b7563033" member_type: VOTER last_known_addr { host: "127.26.181.193" port: 38795 }, Status: LMP_MISMATCH, Last received: 0.0, Next index: 2, Last known committed idx: 1, Time since last communication: 0.000s
I20260608 09:59:42.674799 28168 raft_consensus.cc:2955] T 2d0eb561daea49feb1457684934f207a P a528afc74d9f4224937124ed3e6e6d2c [term 1 FOLLOWER]: Committing config change with OpId 1.2: config changed from index -1 to 2, NON_VOTER 93b73af1843442ff8c04d1ad9467b2f1 (127.26.181.196) added. New config: { opid_index: 2 OBSOLETE_local: false peers { permanent_uuid: "8c2858d316a64619a902aff2b7563033" member_type: VOTER last_known_addr { host: "127.26.181.193" port: 38795 } } peers { permanent_uuid: "a487ba163d5d4d1db56d9c796a7e8802" member_type: VOTER last_known_addr { host: "127.26.181.194" port: 42657 } } peers { permanent_uuid: "a528afc74d9f4224937124ed3e6e6d2c" member_type: VOTER last_known_addr { host: "127.26.181.195" port: 33143 } attrs { replace: true } } peers { permanent_uuid: "93b73af1843442ff8c04d1ad9467b2f1" member_type: NON_VOTER last_known_addr { host: "127.26.181.196" port: 44239 } attrs { promote: true } } }
I20260608 09:59:42.673614 28383 raft_consensus.cc:2955] T 2d0eb561daea49feb1457684934f207a P a487ba163d5d4d1db56d9c796a7e8802 [term 1 LEADER]: Committing config change with OpId 1.2: config changed from index -1 to 2, NON_VOTER 93b73af1843442ff8c04d1ad9467b2f1 (127.26.181.196) added. New config: { opid_index: 2 OBSOLETE_local: false peers { permanent_uuid: "8c2858d316a64619a902aff2b7563033" member_type: VOTER last_known_addr { host: "127.26.181.193" port: 38795 } } peers { permanent_uuid: "a487ba163d5d4d1db56d9c796a7e8802" member_type: VOTER last_known_addr { host: "127.26.181.194" port: 42657 } } peers { permanent_uuid: "a528afc74d9f4224937124ed3e6e6d2c" member_type: VOTER last_known_addr { host: "127.26.181.195" port: 33143 } attrs { replace: true } } peers { permanent_uuid: "93b73af1843442ff8c04d1ad9467b2f1" member_type: NON_VOTER last_known_addr { host: "127.26.181.196" port: 44239 } attrs { promote: true } } }
I20260608 09:59:42.674700 28017 raft_consensus.cc:2955] T 2d0eb561daea49feb1457684934f207a P 8c2858d316a64619a902aff2b7563033 [term 1 FOLLOWER]: Committing config change with OpId 1.2: config changed from index -1 to 2, NON_VOTER 93b73af1843442ff8c04d1ad9467b2f1 (127.26.181.196) added. New config: { opid_index: 2 OBSOLETE_local: false peers { permanent_uuid: "8c2858d316a64619a902aff2b7563033" member_type: VOTER last_known_addr { host: "127.26.181.193" port: 38795 } } peers { permanent_uuid: "a487ba163d5d4d1db56d9c796a7e8802" member_type: VOTER last_known_addr { host: "127.26.181.194" port: 42657 } } peers { permanent_uuid: "a528afc74d9f4224937124ed3e6e6d2c" member_type: VOTER last_known_addr { host: "127.26.181.195" port: 33143 } attrs { replace: true } } peers { permanent_uuid: "93b73af1843442ff8c04d1ad9467b2f1" member_type: NON_VOTER last_known_addr { host: "127.26.181.196" port: 44239 } attrs { promote: true } } }
W20260608 09:59:42.677572 28059 consensus_peers.cc:597] T 2d0eb561daea49feb1457684934f207a P a487ba163d5d4d1db56d9c796a7e8802 -> Peer 93b73af1843442ff8c04d1ad9467b2f1 (127.26.181.196:44239): Couldn't send request to peer 93b73af1843442ff8c04d1ad9467b2f1. Error code: TABLET_NOT_FOUND (6). Status: Not found: Tablet not found: 2d0eb561daea49feb1457684934f207a. This is attempt 1: this message will repeat every 5th retry.
I20260608 09:59:42.688098 27917 catalog_manager.cc:5696] T 2d0eb561daea49feb1457684934f207a P a528afc74d9f4224937124ed3e6e6d2c reported cstate change: config changed from index -1 to 2, NON_VOTER 93b73af1843442ff8c04d1ad9467b2f1 (127.26.181.196) added. New cstate: current_term: 1 leader_uuid: "a487ba163d5d4d1db56d9c796a7e8802" committed_config { opid_index: 2 OBSOLETE_local: false peers { permanent_uuid: "8c2858d316a64619a902aff2b7563033" member_type: VOTER last_known_addr { host: "127.26.181.193" port: 38795 } } peers { permanent_uuid: "a487ba163d5d4d1db56d9c796a7e8802" member_type: VOTER last_known_addr { host: "127.26.181.194" port: 42657 } } peers { permanent_uuid: "a528afc74d9f4224937124ed3e6e6d2c" member_type: VOTER last_known_addr { host: "127.26.181.195" port: 33143 } attrs { replace: true } } peers { permanent_uuid: "93b73af1843442ff8c04d1ad9467b2f1" member_type: NON_VOTER last_known_addr { host: "127.26.181.196" port: 44239 } attrs { promote: true } } }
I20260608 09:59:42.704548 28168 consensus_queue.cc:237] T 0b5f7cb1934440a79821c1ac301821ae P a528afc74d9f4224937124ed3e6e6d2c [LEADER]: Queue going to LEADER mode. State: All replicated index: 0, Majority replicated index: 3, Committed index: 3, Last appended: 3.3, Last appended by leader: 2, Current term: 3, Majority size: 2, State: 0, Mode: LEADER, active raft config: opid_index: 4 OBSOLETE_local: false peers { permanent_uuid: "8c2858d316a64619a902aff2b7563033" member_type: VOTER last_known_addr { host: "127.26.181.193" port: 38795 } attrs { replace: true } } peers { permanent_uuid: "a487ba163d5d4d1db56d9c796a7e8802" member_type: VOTER last_known_addr { host: "127.26.181.194" port: 42657 } } peers { permanent_uuid: "a528afc74d9f4224937124ed3e6e6d2c" member_type: VOTER last_known_addr { host: "127.26.181.195" port: 33143 } } peers { permanent_uuid: "93b73af1843442ff8c04d1ad9467b2f1" member_type: NON_VOTER last_known_addr { host: "127.26.181.196" port: 44239 } attrs { promote: true } }
I20260608 09:59:42.711679 28094 raft_consensus.cc:1275] T 0b5f7cb1934440a79821c1ac301821ae P a487ba163d5d4d1db56d9c796a7e8802 [term 3 FOLLOWER]: Refusing update from remote peer a528afc74d9f4224937124ed3e6e6d2c: Log matching property violated. Preceding OpId in replica: term: 3 index: 3. Preceding OpId from leader: term: 3 index: 4. (index mismatch)
I20260608 09:59:42.712981 28413 consensus_queue.cc:1048] T 0b5f7cb1934440a79821c1ac301821ae P a528afc74d9f4224937124ed3e6e6d2c [LEADER]: Connected to new peer: Peer: permanent_uuid: "a487ba163d5d4d1db56d9c796a7e8802" member_type: VOTER last_known_addr { host: "127.26.181.194" port: 42657 }, Status: LMP_MISMATCH, Last received: 0.0, Next index: 4, Last known committed idx: 3, Time since last communication: 0.000s
I20260608 09:59:42.713440 28017 raft_consensus.cc:1275] T 0b5f7cb1934440a79821c1ac301821ae P 8c2858d316a64619a902aff2b7563033 [term 3 FOLLOWER]: Refusing update from remote peer a528afc74d9f4224937124ed3e6e6d2c: Log matching property violated. Preceding OpId in replica: term: 3 index: 3. Preceding OpId from leader: term: 3 index: 4. (index mismatch)
I20260608 09:59:42.715274 28413 consensus_queue.cc:1048] T 0b5f7cb1934440a79821c1ac301821ae P a528afc74d9f4224937124ed3e6e6d2c [LEADER]: Connected to new peer: Peer: permanent_uuid: "8c2858d316a64619a902aff2b7563033" member_type: VOTER last_known_addr { host: "127.26.181.193" port: 38795 } attrs { replace: true }, Status: LMP_MISMATCH, Last received: 0.0, Next index: 4, Last known committed idx: 3, Time since last communication: 0.000s
I20260608 09:59:42.719432 28408 raft_consensus.cc:2955] T 0b5f7cb1934440a79821c1ac301821ae P a528afc74d9f4224937124ed3e6e6d2c [term 3 LEADER]: Committing config change with OpId 3.4: config changed from index -1 to 4, NON_VOTER 93b73af1843442ff8c04d1ad9467b2f1 (127.26.181.196) added. New config: { opid_index: 4 OBSOLETE_local: false peers { permanent_uuid: "8c2858d316a64619a902aff2b7563033" member_type: VOTER last_known_addr { host: "127.26.181.193" port: 38795 } attrs { replace: true } } peers { permanent_uuid: "a487ba163d5d4d1db56d9c796a7e8802" member_type: VOTER last_known_addr { host: "127.26.181.194" port: 42657 } } peers { permanent_uuid: "a528afc74d9f4224937124ed3e6e6d2c" member_type: VOTER last_known_addr { host: "127.26.181.195" port: 33143 } } peers { permanent_uuid: "93b73af1843442ff8c04d1ad9467b2f1" member_type: NON_VOTER last_known_addr { host: "127.26.181.196" port: 44239 } attrs { promote: true } } }
I20260608 09:59:42.723769 28017 raft_consensus.cc:2955] T 0b5f7cb1934440a79821c1ac301821ae P 8c2858d316a64619a902aff2b7563033 [term 3 FOLLOWER]: Committing config change with OpId 3.4: config changed from index -1 to 4, NON_VOTER 93b73af1843442ff8c04d1ad9467b2f1 (127.26.181.196) added. New config: { opid_index: 4 OBSOLETE_local: false peers { permanent_uuid: "8c2858d316a64619a902aff2b7563033" member_type: VOTER last_known_addr { host: "127.26.181.193" port: 38795 } attrs { replace: true } } peers { permanent_uuid: "a487ba163d5d4d1db56d9c796a7e8802" member_type: VOTER last_known_addr { host: "127.26.181.194" port: 42657 } } peers { permanent_uuid: "a528afc74d9f4224937124ed3e6e6d2c" member_type: VOTER last_known_addr { host: "127.26.181.195" port: 33143 } } peers { permanent_uuid: "93b73af1843442ff8c04d1ad9467b2f1" member_type: NON_VOTER last_known_addr { host: "127.26.181.196" port: 44239 } attrs { promote: true } } }
I20260608 09:59:42.729552 28094 raft_consensus.cc:2955] T 0b5f7cb1934440a79821c1ac301821ae P a487ba163d5d4d1db56d9c796a7e8802 [term 3 FOLLOWER]: Committing config change with OpId 3.4: config changed from index -1 to 4, NON_VOTER 93b73af1843442ff8c04d1ad9467b2f1 (127.26.181.196) added. New config: { opid_index: 4 OBSOLETE_local: false peers { permanent_uuid: "8c2858d316a64619a902aff2b7563033" member_type: VOTER last_known_addr { host: "127.26.181.193" port: 38795 } attrs { replace: true } } peers { permanent_uuid: "a487ba163d5d4d1db56d9c796a7e8802" member_type: VOTER last_known_addr { host: "127.26.181.194" port: 42657 } } peers { permanent_uuid: "a528afc74d9f4224937124ed3e6e6d2c" member_type: VOTER last_known_addr { host: "127.26.181.195" port: 33143 } } peers { permanent_uuid: "93b73af1843442ff8c04d1ad9467b2f1" member_type: NON_VOTER last_known_addr { host: "127.26.181.196" port: 44239 } attrs { promote: true } } }
W20260608 09:59:42.732193 28133 consensus_peers.cc:597] T 0b5f7cb1934440a79821c1ac301821ae P a528afc74d9f4224937124ed3e6e6d2c -> Peer 93b73af1843442ff8c04d1ad9467b2f1 (127.26.181.196:44239): Couldn't send request to peer 93b73af1843442ff8c04d1ad9467b2f1. Error code: TABLET_NOT_FOUND (6). Status: Not found: Tablet not found: 0b5f7cb1934440a79821c1ac301821ae. This is attempt 1: this message will repeat every 5th retry.
I20260608 09:59:42.734719 27916 catalog_manager.cc:5696] T 0b5f7cb1934440a79821c1ac301821ae P a528afc74d9f4224937124ed3e6e6d2c reported cstate change: config changed from index -1 to 4, NON_VOTER 93b73af1843442ff8c04d1ad9467b2f1 (127.26.181.196) added. New cstate: current_term: 3 leader_uuid: "a528afc74d9f4224937124ed3e6e6d2c" committed_config { opid_index: 4 OBSOLETE_local: false peers { permanent_uuid: "8c2858d316a64619a902aff2b7563033" member_type: VOTER last_known_addr { host: "127.26.181.193" port: 38795 } attrs { replace: true } health_report { overall_health: HEALTHY } } peers { permanent_uuid: "a487ba163d5d4d1db56d9c796a7e8802" member_type: VOTER last_known_addr { host: "127.26.181.194" port: 42657 } health_report { overall_health: HEALTHY } } peers { permanent_uuid: "a528afc74d9f4224937124ed3e6e6d2c" member_type: VOTER last_known_addr { host: "127.26.181.195" port: 33143 } health_report { overall_health: HEALTHY } } peers { permanent_uuid: "93b73af1843442ff8c04d1ad9467b2f1" member_type: NON_VOTER last_known_addr { host: "127.26.181.196" port: 44239 } attrs { promote: true } health_report { overall_health: UNKNOWN } } }
I20260608 09:59:42.753504 28017 consensus_queue.cc:237] T 346fb660949b4a2780c5762db3f59903 P 8c2858d316a64619a902aff2b7563033 [LEADER]: Queue going to LEADER mode. State: All replicated index: 0, Majority replicated index: 1, Committed index: 1, Last appended: 1.1, Last appended by leader: 0, Current term: 1, Majority size: 2, State: 0, Mode: LEADER, active raft config: opid_index: 2 OBSOLETE_local: false peers { permanent_uuid: "a487ba163d5d4d1db56d9c796a7e8802" member_type: VOTER last_known_addr { host: "127.26.181.194" port: 42657 } attrs { replace: true } } peers { permanent_uuid: "8c2858d316a64619a902aff2b7563033" member_type: VOTER last_known_addr { host: "127.26.181.193" port: 38795 } } peers { permanent_uuid: "a528afc74d9f4224937124ed3e6e6d2c" member_type: VOTER last_known_addr { host: "127.26.181.195" port: 33143 } } peers { permanent_uuid: "93b73af1843442ff8c04d1ad9467b2f1" member_type: NON_VOTER last_known_addr { host: "127.26.181.196" port: 44239 } attrs { promote: true } }
I20260608 09:59:42.760809 28168 raft_consensus.cc:1275] T 346fb660949b4a2780c5762db3f59903 P a528afc74d9f4224937124ed3e6e6d2c [term 1 FOLLOWER]: Refusing update from remote peer 8c2858d316a64619a902aff2b7563033: Log matching property violated. Preceding OpId in replica: term: 1 index: 1. Preceding OpId from leader: term: 1 index: 2. (index mismatch)
I20260608 09:59:42.762271 28432 consensus_queue.cc:1048] T 346fb660949b4a2780c5762db3f59903 P 8c2858d316a64619a902aff2b7563033 [LEADER]: Connected to new peer: Peer: permanent_uuid: "a528afc74d9f4224937124ed3e6e6d2c" member_type: VOTER last_known_addr { host: "127.26.181.195" port: 33143 }, Status: LMP_MISMATCH, Last received: 0.0, Next index: 2, Last known committed idx: 1, Time since last communication: 0.001s
I20260608 09:59:42.762619 28094 raft_consensus.cc:1275] T 346fb660949b4a2780c5762db3f59903 P a487ba163d5d4d1db56d9c796a7e8802 [term 1 FOLLOWER]: Refusing update from remote peer 8c2858d316a64619a902aff2b7563033: Log matching property violated. Preceding OpId in replica: term: 1 index: 1. Preceding OpId from leader: term: 1 index: 2. (index mismatch)
I20260608 09:59:42.764155 28369 consensus_queue.cc:1048] T 346fb660949b4a2780c5762db3f59903 P 8c2858d316a64619a902aff2b7563033 [LEADER]: Connected to new peer: Peer: permanent_uuid: "a487ba163d5d4d1db56d9c796a7e8802" member_type: VOTER last_known_addr { host: "127.26.181.194" port: 42657 } attrs { replace: true }, Status: LMP_MISMATCH, Last received: 0.0, Next index: 2, Last known committed idx: 1, Time since last communication: 0.000s
W20260608 09:59:42.773473 27984 consensus_peers.cc:597] T 346fb660949b4a2780c5762db3f59903 P 8c2858d316a64619a902aff2b7563033 -> Peer 93b73af1843442ff8c04d1ad9467b2f1 (127.26.181.196:44239): Couldn't send request to peer 93b73af1843442ff8c04d1ad9467b2f1. Error code: TABLET_NOT_FOUND (6). Status: Not found: Tablet not found: 346fb660949b4a2780c5762db3f59903. This is attempt 1: this message will repeat every 5th retry.
I20260608 09:59:42.780002 28432 raft_consensus.cc:2955] T 346fb660949b4a2780c5762db3f59903 P 8c2858d316a64619a902aff2b7563033 [term 1 LEADER]: Committing config change with OpId 1.2: config changed from index -1 to 2, NON_VOTER 93b73af1843442ff8c04d1ad9467b2f1 (127.26.181.196) added. New config: { opid_index: 2 OBSOLETE_local: false peers { permanent_uuid: "a487ba163d5d4d1db56d9c796a7e8802" member_type: VOTER last_known_addr { host: "127.26.181.194" port: 42657 } attrs { replace: true } } peers { permanent_uuid: "8c2858d316a64619a902aff2b7563033" member_type: VOTER last_known_addr { host: "127.26.181.193" port: 38795 } } peers { permanent_uuid: "a528afc74d9f4224937124ed3e6e6d2c" member_type: VOTER last_known_addr { host: "127.26.181.195" port: 33143 } } peers { permanent_uuid: "93b73af1843442ff8c04d1ad9467b2f1" member_type: NON_VOTER last_known_addr { host: "127.26.181.196" port: 44239 } attrs { promote: true } } }
I20260608 09:59:42.782729 28094 raft_consensus.cc:2955] T 346fb660949b4a2780c5762db3f59903 P a487ba163d5d4d1db56d9c796a7e8802 [term 1 FOLLOWER]: Committing config change with OpId 1.2: config changed from index -1 to 2, NON_VOTER 93b73af1843442ff8c04d1ad9467b2f1 (127.26.181.196) added. New config: { opid_index: 2 OBSOLETE_local: false peers { permanent_uuid: "a487ba163d5d4d1db56d9c796a7e8802" member_type: VOTER last_known_addr { host: "127.26.181.194" port: 42657 } attrs { replace: true } } peers { permanent_uuid: "8c2858d316a64619a902aff2b7563033" member_type: VOTER last_known_addr { host: "127.26.181.193" port: 38795 } } peers { permanent_uuid: "a528afc74d9f4224937124ed3e6e6d2c" member_type: VOTER last_known_addr { host: "127.26.181.195" port: 33143 } } peers { permanent_uuid: "93b73af1843442ff8c04d1ad9467b2f1" member_type: NON_VOTER last_known_addr { host: "127.26.181.196" port: 44239 } attrs { promote: true } } }
I20260608 09:59:42.786749 28168 raft_consensus.cc:2955] T 346fb660949b4a2780c5762db3f59903 P a528afc74d9f4224937124ed3e6e6d2c [term 1 FOLLOWER]: Committing config change with OpId 1.2: config changed from index -1 to 2, NON_VOTER 93b73af1843442ff8c04d1ad9467b2f1 (127.26.181.196) added. New config: { opid_index: 2 OBSOLETE_local: false peers { permanent_uuid: "a487ba163d5d4d1db56d9c796a7e8802" member_type: VOTER last_known_addr { host: "127.26.181.194" port: 42657 } attrs { replace: true } } peers { permanent_uuid: "8c2858d316a64619a902aff2b7563033" member_type: VOTER last_known_addr { host: "127.26.181.193" port: 38795 } } peers { permanent_uuid: "a528afc74d9f4224937124ed3e6e6d2c" member_type: VOTER last_known_addr { host: "127.26.181.195" port: 33143 } } peers { permanent_uuid: "93b73af1843442ff8c04d1ad9467b2f1" member_type: NON_VOTER last_known_addr { host: "127.26.181.196" port: 44239 } attrs { promote: true } } }
I20260608 09:59:42.795081 28017 consensus_queue.cc:237] T bb52919578f2453d9efc85088bb5bbc9 P 8c2858d316a64619a902aff2b7563033 [LEADER]: Queue going to LEADER mode. State: All replicated index: 0, Majority replicated index: 1, Committed index: 1, Last appended: 1.1, Last appended by leader: 0, Current term: 1, Majority size: 2, State: 0, Mode: LEADER, active raft config: opid_index: 2 OBSOLETE_local: false peers { permanent_uuid: "8c2858d316a64619a902aff2b7563033" member_type: VOTER last_known_addr { host: "127.26.181.193" port: 38795 } } peers { permanent_uuid: "a487ba163d5d4d1db56d9c796a7e8802" member_type: VOTER last_known_addr { host: "127.26.181.194" port: 42657 } attrs { replace: true } } peers { permanent_uuid: "a528afc74d9f4224937124ed3e6e6d2c" member_type: VOTER last_known_addr { host: "127.26.181.195" port: 33143 } } peers { permanent_uuid: "93b73af1843442ff8c04d1ad9467b2f1" member_type: NON_VOTER last_known_addr { host: "127.26.181.196" port: 44239 } attrs { promote: true } }
I20260608 09:59:42.794864 27917 catalog_manager.cc:5696] T 346fb660949b4a2780c5762db3f59903 P 8c2858d316a64619a902aff2b7563033 reported cstate change: config changed from index -1 to 2, NON_VOTER 93b73af1843442ff8c04d1ad9467b2f1 (127.26.181.196) added. New cstate: current_term: 1 leader_uuid: "8c2858d316a64619a902aff2b7563033" committed_config { opid_index: 2 OBSOLETE_local: false peers { permanent_uuid: "a487ba163d5d4d1db56d9c796a7e8802" member_type: VOTER last_known_addr { host: "127.26.181.194" port: 42657 } attrs { replace: true } health_report { overall_health: HEALTHY } } peers { permanent_uuid: "8c2858d316a64619a902aff2b7563033" member_type: VOTER last_known_addr { host: "127.26.181.193" port: 38795 } health_report { overall_health: HEALTHY } } peers { permanent_uuid: "a528afc74d9f4224937124ed3e6e6d2c" member_type: VOTER last_known_addr { host: "127.26.181.195" port: 33143 } health_report { overall_health: HEALTHY } } peers { permanent_uuid: "93b73af1843442ff8c04d1ad9467b2f1" member_type: NON_VOTER last_known_addr { host: "127.26.181.196" port: 44239 } attrs { promote: true } health_report { overall_health: UNKNOWN } } }
I20260608 09:59:42.803140 28168 raft_consensus.cc:1275] T bb52919578f2453d9efc85088bb5bbc9 P a528afc74d9f4224937124ed3e6e6d2c [term 1 FOLLOWER]: Refusing update from remote peer 8c2858d316a64619a902aff2b7563033: Log matching property violated. Preceding OpId in replica: term: 1 index: 1. Preceding OpId from leader: term: 1 index: 2. (index mismatch)
I20260608 09:59:42.806162 28094 raft_consensus.cc:1275] T bb52919578f2453d9efc85088bb5bbc9 P a487ba163d5d4d1db56d9c796a7e8802 [term 1 FOLLOWER]: Refusing update from remote peer 8c2858d316a64619a902aff2b7563033: Log matching property violated. Preceding OpId in replica: term: 1 index: 1. Preceding OpId from leader: term: 1 index: 2. (index mismatch)
I20260608 09:59:42.807333 28369 consensus_queue.cc:1048] T bb52919578f2453d9efc85088bb5bbc9 P 8c2858d316a64619a902aff2b7563033 [LEADER]: Connected to new peer: Peer: permanent_uuid: "a528afc74d9f4224937124ed3e6e6d2c" member_type: VOTER last_known_addr { host: "127.26.181.195" port: 33143 }, Status: LMP_MISMATCH, Last received: 0.0, Next index: 2, Last known committed idx: 1, Time since last communication: 0.000s
I20260608 09:59:42.808718 28436 consensus_queue.cc:1048] T bb52919578f2453d9efc85088bb5bbc9 P 8c2858d316a64619a902aff2b7563033 [LEADER]: Connected to new peer: Peer: permanent_uuid: "a487ba163d5d4d1db56d9c796a7e8802" member_type: VOTER last_known_addr { host: "127.26.181.194" port: 42657 } attrs { replace: true }, Status: LMP_MISMATCH, Last received: 0.0, Next index: 2, Last known committed idx: 1, Time since last communication: 0.001s
W20260608 09:59:42.817430 27984 consensus_peers.cc:597] T bb52919578f2453d9efc85088bb5bbc9 P 8c2858d316a64619a902aff2b7563033 -> Peer 93b73af1843442ff8c04d1ad9467b2f1 (127.26.181.196:44239): Couldn't send request to peer 93b73af1843442ff8c04d1ad9467b2f1. Error code: TABLET_NOT_FOUND (6). Status: Not found: Tablet not found: bb52919578f2453d9efc85088bb5bbc9. This is attempt 1: this message will repeat every 5th retry.
I20260608 09:59:42.819408 28432 raft_consensus.cc:2955] T bb52919578f2453d9efc85088bb5bbc9 P 8c2858d316a64619a902aff2b7563033 [term 1 LEADER]: Committing config change with OpId 1.2: config changed from index -1 to 2, NON_VOTER 93b73af1843442ff8c04d1ad9467b2f1 (127.26.181.196) added. New config: { opid_index: 2 OBSOLETE_local: false peers { permanent_uuid: "8c2858d316a64619a902aff2b7563033" member_type: VOTER last_known_addr { host: "127.26.181.193" port: 38795 } } peers { permanent_uuid: "a487ba163d5d4d1db56d9c796a7e8802" member_type: VOTER last_known_addr { host: "127.26.181.194" port: 42657 } attrs { replace: true } } peers { permanent_uuid: "a528afc74d9f4224937124ed3e6e6d2c" member_type: VOTER last_known_addr { host: "127.26.181.195" port: 33143 } } peers { permanent_uuid: "93b73af1843442ff8c04d1ad9467b2f1" member_type: NON_VOTER last_known_addr { host: "127.26.181.196" port: 44239 } attrs { promote: true } } }
I20260608 09:59:42.821209 28094 raft_consensus.cc:2955] T bb52919578f2453d9efc85088bb5bbc9 P a487ba163d5d4d1db56d9c796a7e8802 [term 1 FOLLOWER]: Committing config change with OpId 1.2: config changed from index -1 to 2, NON_VOTER 93b73af1843442ff8c04d1ad9467b2f1 (127.26.181.196) added. New config: { opid_index: 2 OBSOLETE_local: false peers { permanent_uuid: "8c2858d316a64619a902aff2b7563033" member_type: VOTER last_known_addr { host: "127.26.181.193" port: 38795 } } peers { permanent_uuid: "a487ba163d5d4d1db56d9c796a7e8802" member_type: VOTER last_known_addr { host: "127.26.181.194" port: 42657 } attrs { replace: true } } peers { permanent_uuid: "a528afc74d9f4224937124ed3e6e6d2c" member_type: VOTER last_known_addr { host: "127.26.181.195" port: 33143 } } peers { permanent_uuid: "93b73af1843442ff8c04d1ad9467b2f1" member_type: NON_VOTER last_known_addr { host: "127.26.181.196" port: 44239 } attrs { promote: true } } }
I20260608 09:59:42.823168 28168 raft_consensus.cc:2955] T bb52919578f2453d9efc85088bb5bbc9 P a528afc74d9f4224937124ed3e6e6d2c [term 1 FOLLOWER]: Committing config change with OpId 1.2: config changed from index -1 to 2, NON_VOTER 93b73af1843442ff8c04d1ad9467b2f1 (127.26.181.196) added. New config: { opid_index: 2 OBSOLETE_local: false peers { permanent_uuid: "8c2858d316a64619a902aff2b7563033" member_type: VOTER last_known_addr { host: "127.26.181.193" port: 38795 } } peers { permanent_uuid: "a487ba163d5d4d1db56d9c796a7e8802" member_type: VOTER last_known_addr { host: "127.26.181.194" port: 42657 } attrs { replace: true } } peers { permanent_uuid: "a528afc74d9f4224937124ed3e6e6d2c" member_type: VOTER last_known_addr { host: "127.26.181.195" port: 33143 } } peers { permanent_uuid: "93b73af1843442ff8c04d1ad9467b2f1" member_type: NON_VOTER last_known_addr { host: "127.26.181.196" port: 44239 } attrs { promote: true } } }
I20260608 09:59:42.835811 27915 catalog_manager.cc:5696] T bb52919578f2453d9efc85088bb5bbc9 P a528afc74d9f4224937124ed3e6e6d2c reported cstate change: config changed from index -1 to 2, NON_VOTER 93b73af1843442ff8c04d1ad9467b2f1 (127.26.181.196) added. New cstate: current_term: 1 leader_uuid: "8c2858d316a64619a902aff2b7563033" committed_config { opid_index: 2 OBSOLETE_local: false peers { permanent_uuid: "8c2858d316a64619a902aff2b7563033" member_type: VOTER last_known_addr { host: "127.26.181.193" port: 38795 } } peers { permanent_uuid: "a487ba163d5d4d1db56d9c796a7e8802" member_type: VOTER last_known_addr { host: "127.26.181.194" port: 42657 } attrs { replace: true } } peers { permanent_uuid: "a528afc74d9f4224937124ed3e6e6d2c" member_type: VOTER last_known_addr { host: "127.26.181.195" port: 33143 } } peers { permanent_uuid: "93b73af1843442ff8c04d1ad9467b2f1" member_type: NON_VOTER last_known_addr { host: "127.26.181.196" port: 44239 } attrs { promote: true } } }
I20260608 09:59:43.122555 28441 ts_tablet_manager.cc:933] T 2d0eb561daea49feb1457684934f207a P 93b73af1843442ff8c04d1ad9467b2f1: Initiating tablet copy from peer a487ba163d5d4d1db56d9c796a7e8802 (127.26.181.194:42657)
I20260608 09:59:43.124643 28441 tablet_copy_client.cc:323] T 2d0eb561daea49feb1457684934f207a P 93b73af1843442ff8c04d1ad9467b2f1: tablet copy: Beginning tablet copy session from remote peer at address 127.26.181.194:42657
I20260608 09:59:43.135619 28104 tablet_copy_service.cc:140] P a487ba163d5d4d1db56d9c796a7e8802: Received BeginTabletCopySession request for tablet 2d0eb561daea49feb1457684934f207a from peer 93b73af1843442ff8c04d1ad9467b2f1 ({username='slave'} at 127.0.0.1:37226)
I20260608 09:59:43.136174 28104 tablet_copy_service.cc:161] P a487ba163d5d4d1db56d9c796a7e8802: Beginning new tablet copy session on tablet 2d0eb561daea49feb1457684934f207a from peer 93b73af1843442ff8c04d1ad9467b2f1 at {username='slave'} at 127.0.0.1:37226: session id = 93b73af1843442ff8c04d1ad9467b2f1-2d0eb561daea49feb1457684934f207a
I20260608 09:59:43.142789 28104 tablet_copy_source_session.cc:215] T 2d0eb561daea49feb1457684934f207a P a487ba163d5d4d1db56d9c796a7e8802: Tablet Copy: opened 0 blocks and 1 log segments
I20260608 09:59:43.147523 28441 data_dirs.cc:400] Could only allocate 1 dirs of requested 3 for tablet 2d0eb561daea49feb1457684934f207a. 1 dirs total, 0 dirs full, 0 dirs failed
I20260608 09:59:43.148319 28444 ts_tablet_manager.cc:933] T 346fb660949b4a2780c5762db3f59903 P 93b73af1843442ff8c04d1ad9467b2f1: Initiating tablet copy from peer 8c2858d316a64619a902aff2b7563033 (127.26.181.193:38795)
I20260608 09:59:43.150606 28444 tablet_copy_client.cc:323] T 346fb660949b4a2780c5762db3f59903 P 93b73af1843442ff8c04d1ad9467b2f1: tablet copy: Beginning tablet copy session from remote peer at address 127.26.181.193:38795
I20260608 09:59:43.163230 28441 tablet_copy_client.cc:806] T 2d0eb561daea49feb1457684934f207a P 93b73af1843442ff8c04d1ad9467b2f1: tablet copy: Starting download of 0 data blocks...
I20260608 09:59:43.163336 28029 tablet_copy_service.cc:140] P 8c2858d316a64619a902aff2b7563033: Received BeginTabletCopySession request for tablet 346fb660949b4a2780c5762db3f59903 from peer 93b73af1843442ff8c04d1ad9467b2f1 ({username='slave'} at 127.0.0.1:52562)
I20260608 09:59:43.164041 28441 tablet_copy_client.cc:670] T 2d0eb561daea49feb1457684934f207a P 93b73af1843442ff8c04d1ad9467b2f1: tablet copy: Starting download of 1 WAL segments...
I20260608 09:59:43.164086 28029 tablet_copy_service.cc:161] P 8c2858d316a64619a902aff2b7563033: Beginning new tablet copy session on tablet 346fb660949b4a2780c5762db3f59903 from peer 93b73af1843442ff8c04d1ad9467b2f1 at {username='slave'} at 127.0.0.1:52562: session id = 93b73af1843442ff8c04d1ad9467b2f1-346fb660949b4a2780c5762db3f59903
I20260608 09:59:43.168244 28441 tablet_copy_client.cc:538] T 2d0eb561daea49feb1457684934f207a P 93b73af1843442ff8c04d1ad9467b2f1: tablet copy: Tablet Copy complete. Replacing tablet superblock.
I20260608 09:59:43.172762 28029 tablet_copy_source_session.cc:215] T 346fb660949b4a2780c5762db3f59903 P 8c2858d316a64619a902aff2b7563033: Tablet Copy: opened 0 blocks and 1 log segments
I20260608 09:59:43.175289 28441 tablet_bootstrap.cc:492] T 2d0eb561daea49feb1457684934f207a P 93b73af1843442ff8c04d1ad9467b2f1: Bootstrap starting.
I20260608 09:59:43.176803 28444 data_dirs.cc:400] Could only allocate 1 dirs of requested 3 for tablet 346fb660949b4a2780c5762db3f59903. 1 dirs total, 0 dirs full, 0 dirs failed
I20260608 09:59:43.195169 28444 tablet_copy_client.cc:806] T 346fb660949b4a2780c5762db3f59903 P 93b73af1843442ff8c04d1ad9467b2f1: tablet copy: Starting download of 0 data blocks...
I20260608 09:59:43.195824 28444 tablet_copy_client.cc:670] T 346fb660949b4a2780c5762db3f59903 P 93b73af1843442ff8c04d1ad9467b2f1: tablet copy: Starting download of 1 WAL segments...
I20260608 09:59:43.196653 28441 tablet_bootstrap.cc:492] T 2d0eb561daea49feb1457684934f207a P 93b73af1843442ff8c04d1ad9467b2f1: Bootstrap replayed 1/1 log segments. Stats: ops{read=2 overwritten=0 applied=2 ignored=0} inserts{seen=0 ignored=0} mutations{seen=0 ignored=0} orphaned_commits=0. Pending: 0 replicates
I20260608 09:59:43.197757 28441 tablet_bootstrap.cc:492] T 2d0eb561daea49feb1457684934f207a P 93b73af1843442ff8c04d1ad9467b2f1: Bootstrap complete.
I20260608 09:59:43.198553 28441 ts_tablet_manager.cc:1403] T 2d0eb561daea49feb1457684934f207a P 93b73af1843442ff8c04d1ad9467b2f1: Time spent bootstrapping tablet: real 0.023s	user 0.013s	sys 0.012s
I20260608 09:59:43.198770 28447 ts_tablet_manager.cc:933] T 0b5f7cb1934440a79821c1ac301821ae P 93b73af1843442ff8c04d1ad9467b2f1: Initiating tablet copy from peer a528afc74d9f4224937124ed3e6e6d2c (127.26.181.195:33143)
I20260608 09:59:43.201241 28444 tablet_copy_client.cc:538] T 346fb660949b4a2780c5762db3f59903 P 93b73af1843442ff8c04d1ad9467b2f1: tablet copy: Tablet Copy complete. Replacing tablet superblock.
I20260608 09:59:43.202612 28441 raft_consensus.cc:359] T 2d0eb561daea49feb1457684934f207a P 93b73af1843442ff8c04d1ad9467b2f1 [term 1 LEARNER]: Replica starting. Triggering 0 pending ops. Active config: opid_index: 2 OBSOLETE_local: false peers { permanent_uuid: "8c2858d316a64619a902aff2b7563033" member_type: VOTER last_known_addr { host: "127.26.181.193" port: 38795 } } peers { permanent_uuid: "a487ba163d5d4d1db56d9c796a7e8802" member_type: VOTER last_known_addr { host: "127.26.181.194" port: 42657 } } peers { permanent_uuid: "a528afc74d9f4224937124ed3e6e6d2c" member_type: VOTER last_known_addr { host: "127.26.181.195" port: 33143 } attrs { replace: true } } peers { permanent_uuid: "93b73af1843442ff8c04d1ad9467b2f1" member_type: NON_VOTER last_known_addr { host: "127.26.181.196" port: 44239 } attrs { promote: true } }
I20260608 09:59:43.203584 28441 raft_consensus.cc:740] T 2d0eb561daea49feb1457684934f207a P 93b73af1843442ff8c04d1ad9467b2f1 [term 1 LEARNER]: Becoming Follower/Learner. State: Replica: 93b73af1843442ff8c04d1ad9467b2f1, State: Initialized, Role: LEARNER
I20260608 09:59:43.204432 28441 consensus_queue.cc:260] T 2d0eb561daea49feb1457684934f207a P 93b73af1843442ff8c04d1ad9467b2f1 [NON_LEADER]: Queue going to NON_LEADER mode. State: All replicated index: 0, Majority replicated index: 0, Committed index: 2, Last appended: 1.2, Last appended by leader: 2, Current term: 0, Majority size: -1, State: 0, Mode: NON_LEADER, active raft config: opid_index: 2 OBSOLETE_local: false peers { permanent_uuid: "8c2858d316a64619a902aff2b7563033" member_type: VOTER last_known_addr { host: "127.26.181.193" port: 38795 } } peers { permanent_uuid: "a487ba163d5d4d1db56d9c796a7e8802" member_type: VOTER last_known_addr { host: "127.26.181.194" port: 42657 } } peers { permanent_uuid: "a528afc74d9f4224937124ed3e6e6d2c" member_type: VOTER last_known_addr { host: "127.26.181.195" port: 33143 } attrs { replace: true } } peers { permanent_uuid: "93b73af1843442ff8c04d1ad9467b2f1" member_type: NON_VOTER last_known_addr { host: "127.26.181.196" port: 44239 } attrs { promote: true } }
I20260608 09:59:43.211676 28450 ts_tablet_manager.cc:933] T bb52919578f2453d9efc85088bb5bbc9 P 93b73af1843442ff8c04d1ad9467b2f1: Initiating tablet copy from peer 8c2858d316a64619a902aff2b7563033 (127.26.181.193:38795)
I20260608 09:59:43.212569 28444 tablet_bootstrap.cc:492] T 346fb660949b4a2780c5762db3f59903 P 93b73af1843442ff8c04d1ad9467b2f1: Bootstrap starting.
I20260608 09:59:43.215018 28447 tablet_copy_client.cc:323] T 0b5f7cb1934440a79821c1ac301821ae P 93b73af1843442ff8c04d1ad9467b2f1: tablet copy: Beginning tablet copy session from remote peer at address 127.26.181.195:33143
I20260608 09:59:43.222416 28441 ts_tablet_manager.cc:1434] T 2d0eb561daea49feb1457684934f207a P 93b73af1843442ff8c04d1ad9467b2f1: Time spent starting tablet: real 0.023s	user 0.006s	sys 0.009s
I20260608 09:59:43.231308 28104 tablet_copy_service.cc:342] P a487ba163d5d4d1db56d9c796a7e8802: Request end of tablet copy session 93b73af1843442ff8c04d1ad9467b2f1-2d0eb561daea49feb1457684934f207a received from {username='slave'} at 127.0.0.1:37226
I20260608 09:59:43.231833 28104 tablet_copy_service.cc:434] P a487ba163d5d4d1db56d9c796a7e8802: ending tablet copy session 93b73af1843442ff8c04d1ad9467b2f1-2d0eb561daea49feb1457684934f207a on tablet 2d0eb561daea49feb1457684934f207a with peer 93b73af1843442ff8c04d1ad9467b2f1
I20260608 09:59:43.247018 28450 tablet_copy_client.cc:323] T bb52919578f2453d9efc85088bb5bbc9 P 93b73af1843442ff8c04d1ad9467b2f1: tablet copy: Beginning tablet copy session from remote peer at address 127.26.181.193:38795
I20260608 09:59:43.250046 28029 tablet_copy_service.cc:140] P 8c2858d316a64619a902aff2b7563033: Received BeginTabletCopySession request for tablet bb52919578f2453d9efc85088bb5bbc9 from peer 93b73af1843442ff8c04d1ad9467b2f1 ({username='slave'} at 127.0.0.1:52562)
I20260608 09:59:43.250686 28029 tablet_copy_service.cc:161] P 8c2858d316a64619a902aff2b7563033: Beginning new tablet copy session on tablet bb52919578f2453d9efc85088bb5bbc9 from peer 93b73af1843442ff8c04d1ad9467b2f1 at {username='slave'} at 127.0.0.1:52562: session id = 93b73af1843442ff8c04d1ad9467b2f1-bb52919578f2453d9efc85088bb5bbc9
I20260608 09:59:43.256639 28178 tablet_copy_service.cc:140] P a528afc74d9f4224937124ed3e6e6d2c: Received BeginTabletCopySession request for tablet 0b5f7cb1934440a79821c1ac301821ae from peer 93b73af1843442ff8c04d1ad9467b2f1 ({username='slave'} at 127.0.0.1:58350)
I20260608 09:59:43.257226 28178 tablet_copy_service.cc:161] P a528afc74d9f4224937124ed3e6e6d2c: Beginning new tablet copy session on tablet 0b5f7cb1934440a79821c1ac301821ae from peer 93b73af1843442ff8c04d1ad9467b2f1 at {username='slave'} at 127.0.0.1:58350: session id = 93b73af1843442ff8c04d1ad9467b2f1-0b5f7cb1934440a79821c1ac301821ae
I20260608 09:59:43.257786 28444 tablet_bootstrap.cc:492] T 346fb660949b4a2780c5762db3f59903 P 93b73af1843442ff8c04d1ad9467b2f1: Bootstrap replayed 1/1 log segments. Stats: ops{read=2 overwritten=0 applied=2 ignored=0} inserts{seen=0 ignored=0} mutations{seen=0 ignored=0} orphaned_commits=0. Pending: 0 replicates
I20260608 09:59:43.258378 28029 tablet_copy_source_session.cc:215] T bb52919578f2453d9efc85088bb5bbc9 P 8c2858d316a64619a902aff2b7563033: Tablet Copy: opened 0 blocks and 1 log segments
I20260608 09:59:43.258843 28444 tablet_bootstrap.cc:492] T 346fb660949b4a2780c5762db3f59903 P 93b73af1843442ff8c04d1ad9467b2f1: Bootstrap complete.
I20260608 09:59:43.259557 28444 ts_tablet_manager.cc:1403] T 346fb660949b4a2780c5762db3f59903 P 93b73af1843442ff8c04d1ad9467b2f1: Time spent bootstrapping tablet: real 0.047s	user 0.020s	sys 0.004s
I20260608 09:59:43.262508 28450 data_dirs.cc:400] Could only allocate 1 dirs of requested 3 for tablet bb52919578f2453d9efc85088bb5bbc9. 1 dirs total, 0 dirs full, 0 dirs failed
I20260608 09:59:43.263235 28444 raft_consensus.cc:359] T 346fb660949b4a2780c5762db3f59903 P 93b73af1843442ff8c04d1ad9467b2f1 [term 1 LEARNER]: Replica starting. Triggering 0 pending ops. Active config: opid_index: 2 OBSOLETE_local: false peers { permanent_uuid: "a487ba163d5d4d1db56d9c796a7e8802" member_type: VOTER last_known_addr { host: "127.26.181.194" port: 42657 } attrs { replace: true } } peers { permanent_uuid: "8c2858d316a64619a902aff2b7563033" member_type: VOTER last_known_addr { host: "127.26.181.193" port: 38795 } } peers { permanent_uuid: "a528afc74d9f4224937124ed3e6e6d2c" member_type: VOTER last_known_addr { host: "127.26.181.195" port: 33143 } } peers { permanent_uuid: "93b73af1843442ff8c04d1ad9467b2f1" member_type: NON_VOTER last_known_addr { host: "127.26.181.196" port: 44239 } attrs { promote: true } }
I20260608 09:59:43.264043 28444 raft_consensus.cc:740] T 346fb660949b4a2780c5762db3f59903 P 93b73af1843442ff8c04d1ad9467b2f1 [term 1 LEARNER]: Becoming Follower/Learner. State: Replica: 93b73af1843442ff8c04d1ad9467b2f1, State: Initialized, Role: LEARNER
I20260608 09:59:43.264760 28444 consensus_queue.cc:260] T 346fb660949b4a2780c5762db3f59903 P 93b73af1843442ff8c04d1ad9467b2f1 [NON_LEADER]: Queue going to NON_LEADER mode. State: All replicated index: 0, Majority replicated index: 0, Committed index: 2, Last appended: 1.2, Last appended by leader: 2, Current term: 0, Majority size: -1, State: 0, Mode: NON_LEADER, active raft config: opid_index: 2 OBSOLETE_local: false peers { permanent_uuid: "a487ba163d5d4d1db56d9c796a7e8802" member_type: VOTER last_known_addr { host: "127.26.181.194" port: 42657 } attrs { replace: true } } peers { permanent_uuid: "8c2858d316a64619a902aff2b7563033" member_type: VOTER last_known_addr { host: "127.26.181.193" port: 38795 } } peers { permanent_uuid: "a528afc74d9f4224937124ed3e6e6d2c" member_type: VOTER last_known_addr { host: "127.26.181.195" port: 33143 } } peers { permanent_uuid: "93b73af1843442ff8c04d1ad9467b2f1" member_type: NON_VOTER last_known_addr { host: "127.26.181.196" port: 44239 } attrs { promote: true } }
I20260608 09:59:43.267480 28444 ts_tablet_manager.cc:1434] T 346fb660949b4a2780c5762db3f59903 P 93b73af1843442ff8c04d1ad9467b2f1: Time spent starting tablet: real 0.008s	user 0.007s	sys 0.000s
I20260608 09:59:43.267998 28178 tablet_copy_source_session.cc:215] T 0b5f7cb1934440a79821c1ac301821ae P a528afc74d9f4224937124ed3e6e6d2c: Tablet Copy: opened 0 blocks and 1 log segments
