I20260608 10:01:26.666919 26928 raft_consensus.cc:2468] T 498020ac05654ea0839bf97e4379b0a2 P 36a2331839024c2989bc47cfd25370e9 [term 1 FOLLOWER]: Leader election vote request: Granting yes vote for candidate b4beab718ab4462cbca5ee9b68de3642 in term 1.
I20260608 10:01:26.670096 26778 tablet_service.cc:1917] Received RequestConsensusVote() RPC: tablet_id: "fe88f0ef3faf4d7e845a259d96fb394f" candidate_uuid: "b4beab718ab4462cbca5ee9b68de3642" candidate_term: 1 candidate_status { last_received { term: 0 index: 0 } } ignore_live_leader: false dest_uuid: "9d06a85faa8844719db702016b16c79b" is_pre_election: true
I20260608 10:01:26.670142 26927 tablet_service.cc:1917] Received RequestConsensusVote() RPC: tablet_id: "754b24bfae3f47cc9a5f1be2be9d7c96" candidate_uuid: "9d06a85faa8844719db702016b16c79b" candidate_term: 1 candidate_status { last_received { term: 0 index: 0 } } ignore_live_leader: false dest_uuid: "36a2331839024c2989bc47cfd25370e9" is_pre_election: true
I20260608 10:01:26.670894 26778 raft_consensus.cc:2468] T fe88f0ef3faf4d7e845a259d96fb394f P 9d06a85faa8844719db702016b16c79b [term 0 FOLLOWER]: Leader pre-election vote request: Granting yes vote for candidate b4beab718ab4462cbca5ee9b68de3642 in term 0.
I20260608 10:01:26.671008 26927 raft_consensus.cc:2468] T 754b24bfae3f47cc9a5f1be2be9d7c96 P 36a2331839024c2989bc47cfd25370e9 [term 0 FOLLOWER]: Leader pre-election vote request: Granting yes vote for candidate 9d06a85faa8844719db702016b16c79b in term 0.
I20260608 10:01:26.672233 26820 leader_election.cc:304] T fe88f0ef3faf4d7e845a259d96fb394f P b4beab718ab4462cbca5ee9b68de3642 [CANDIDATE]: Term 1 pre-election: Election decided. Result: candidate won. Election summary: received 2 responses out of 3 voters: 2 yes votes; 0 no votes. yes voters: 9d06a85faa8844719db702016b16c79b, b4beab718ab4462cbca5ee9b68de3642; no voters: 
I20260608 10:01:26.672413 26983 raft_consensus.cc:515] T 754b24bfae3f47cc9a5f1be2be9d7c96 P 9d06a85faa8844719db702016b16c79b [term 1 FOLLOWER]: Starting leader election with config: opid_index: -1 OBSOLETE_local: false peers { permanent_uuid: "9d06a85faa8844719db702016b16c79b" member_type: VOTER last_known_addr { host: "127.21.188.193" port: 43901 } } peers { permanent_uuid: "b4beab718ab4462cbca5ee9b68de3642" member_type: VOTER last_known_addr { host: "127.21.188.194" port: 40161 } } peers { permanent_uuid: "36a2331839024c2989bc47cfd25370e9" member_type: VOTER last_known_addr { host: "127.21.188.195" port: 45109 } }
I20260608 10:01:26.674970 26973 tablet_bootstrap.cc:492] T fe88f0ef3faf4d7e845a259d96fb394f P 36a2331839024c2989bc47cfd25370e9: Bootstrap starting.
I20260608 10:01:26.675623 26853 tablet_service.cc:1917] Received RequestConsensusVote() RPC: tablet_id: "754b24bfae3f47cc9a5f1be2be9d7c96" candidate_uuid: "9d06a85faa8844719db702016b16c79b" candidate_term: 1 candidate_status { last_received { term: 0 index: 0 } } ignore_live_leader: false dest_uuid: "b4beab718ab4462cbca5ee9b68de3642"
I20260608 10:01:26.676245 26853 raft_consensus.cc:3060] T 754b24bfae3f47cc9a5f1be2be9d7c96 P b4beab718ab4462cbca5ee9b68de3642 [term 0 FOLLOWER]: Advancing to term 1
I20260608 10:01:26.677476 26926 tablet_service.cc:1917] Received RequestConsensusVote() RPC: tablet_id: "754b24bfae3f47cc9a5f1be2be9d7c96" candidate_uuid: "9d06a85faa8844719db702016b16c79b" candidate_term: 1 candidate_status { last_received { term: 0 index: 0 } } ignore_live_leader: false dest_uuid: "36a2331839024c2989bc47cfd25370e9"
I20260608 10:01:26.678156 26926 raft_consensus.cc:3060] T 754b24bfae3f47cc9a5f1be2be9d7c96 P 36a2331839024c2989bc47cfd25370e9 [term 0 FOLLOWER]: Advancing to term 1
I20260608 10:01:26.682168 26927 tablet_service.cc:1917] Received RequestConsensusVote() RPC: tablet_id: "fe88f0ef3faf4d7e845a259d96fb394f" candidate_uuid: "b4beab718ab4462cbca5ee9b68de3642" candidate_term: 1 candidate_status { last_received { term: 0 index: 0 } } ignore_live_leader: false dest_uuid: "36a2331839024c2989bc47cfd25370e9" is_pre_election: true
I20260608 10:01:26.683027 26972 tablet_bootstrap.cc:492] T e232a4ecb02e4d0aacabebd26dff07a3 P b4beab718ab4462cbca5ee9b68de3642: No bootstrap required, opened a new log
I20260608 10:01:26.674933 26983 leader_election.cc:290] T 754b24bfae3f47cc9a5f1be2be9d7c96 P 9d06a85faa8844719db702016b16c79b [CANDIDATE]: Term 1 election: Requested vote from peers b4beab718ab4462cbca5ee9b68de3642 (127.21.188.194:40161), 36a2331839024c2989bc47cfd25370e9 (127.21.188.195:45109)
I20260608 10:01:26.683606 26972 ts_tablet_manager.cc:1403] T e232a4ecb02e4d0aacabebd26dff07a3 P b4beab718ab4462cbca5ee9b68de3642: Time spent bootstrapping tablet: real 0.122s	user 0.011s	sys 0.006s
I20260608 10:01:26.687409 26972 raft_consensus.cc:359] T e232a4ecb02e4d0aacabebd26dff07a3 P b4beab718ab4462cbca5ee9b68de3642 [term 0 FOLLOWER]: Replica starting. Triggering 0 pending ops. Active config: opid_index: -1 OBSOLETE_local: false peers { permanent_uuid: "9d06a85faa8844719db702016b16c79b" member_type: VOTER last_known_addr { host: "127.21.188.193" port: 43901 } } peers { permanent_uuid: "b4beab718ab4462cbca5ee9b68de3642" member_type: VOTER last_known_addr { host: "127.21.188.194" port: 40161 } } peers { permanent_uuid: "36a2331839024c2989bc47cfd25370e9" member_type: VOTER last_known_addr { host: "127.21.188.195" port: 45109 } }
W20260608 10:01:26.688387 26818 leader_election.cc:343] T fe88f0ef3faf4d7e845a259d96fb394f P b4beab718ab4462cbca5ee9b68de3642 [CANDIDATE]: Term 1 pre-election: Tablet error from VoteRequest() call to peer 36a2331839024c2989bc47cfd25370e9 (127.21.188.195:45109): Illegal state: must be running to vote when last-logged opid is not known
I20260608 10:01:26.687958 26926 raft_consensus.cc:2468] T 754b24bfae3f47cc9a5f1be2be9d7c96 P 36a2331839024c2989bc47cfd25370e9 [term 1 FOLLOWER]: Leader election vote request: Granting yes vote for candidate 9d06a85faa8844719db702016b16c79b in term 1.
I20260608 10:01:26.682189 27012 raft_consensus.cc:2804] T fe88f0ef3faf4d7e845a259d96fb394f P b4beab718ab4462cbca5ee9b68de3642 [term 0 FOLLOWER]: Leader pre-election won for term 1
I20260608 10:01:26.690725 27012 raft_consensus.cc:493] T fe88f0ef3faf4d7e845a259d96fb394f P b4beab718ab4462cbca5ee9b68de3642 [term 0 FOLLOWER]: Starting leader election (no leader contacted us within the election timeout)
I20260608 10:01:26.691236 26743 leader_election.cc:304] T 754b24bfae3f47cc9a5f1be2be9d7c96 P 9d06a85faa8844719db702016b16c79b [CANDIDATE]: Term 1 election: Election decided. Result: candidate won. Election summary: received 2 responses out of 3 voters: 2 yes votes; 0 no votes. yes voters: 36a2331839024c2989bc47cfd25370e9, 9d06a85faa8844719db702016b16c79b; no voters: 
I20260608 10:01:26.689422 26853 raft_consensus.cc:2468] T 754b24bfae3f47cc9a5f1be2be9d7c96 P b4beab718ab4462cbca5ee9b68de3642 [term 1 FOLLOWER]: Leader election vote request: Granting yes vote for candidate 9d06a85faa8844719db702016b16c79b in term 1.
I20260608 10:01:26.692391 26983 raft_consensus.cc:2804] T 754b24bfae3f47cc9a5f1be2be9d7c96 P 9d06a85faa8844719db702016b16c79b [term 1 FOLLOWER]: Leader election won for term 1
I20260608 10:01:26.692008 26677 catalog_manager.cc:5696] T 498020ac05654ea0839bf97e4379b0a2 P b4beab718ab4462cbca5ee9b68de3642 reported cstate change: term changed from 0 to 1, leader changed from <none> to b4beab718ab4462cbca5ee9b68de3642 (127.21.188.194). New cstate: current_term: 1 leader_uuid: "b4beab718ab4462cbca5ee9b68de3642" committed_config { opid_index: -1 OBSOLETE_local: false peers { permanent_uuid: "9d06a85faa8844719db702016b16c79b" member_type: VOTER last_known_addr { host: "127.21.188.193" port: 43901 } health_report { overall_health: UNKNOWN } } peers { permanent_uuid: "b4beab718ab4462cbca5ee9b68de3642" member_type: VOTER last_known_addr { host: "127.21.188.194" port: 40161 } health_report { overall_health: HEALTHY } } peers { permanent_uuid: "36a2331839024c2989bc47cfd25370e9" member_type: VOTER last_known_addr { host: "127.21.188.195" port: 45109 } health_report { overall_health: UNKNOWN } } }
I20260608 10:01:26.691422 27012 raft_consensus.cc:3060] T fe88f0ef3faf4d7e845a259d96fb394f P b4beab718ab4462cbca5ee9b68de3642 [term 0 FOLLOWER]: Advancing to term 1
I20260608 10:01:26.689291 26973 tablet_bootstrap.cc:654] T fe88f0ef3faf4d7e845a259d96fb394f P 36a2331839024c2989bc47cfd25370e9: Neither blocks nor log segments found. Creating new log.
I20260608 10:01:26.697844 26983 raft_consensus.cc:697] T 754b24bfae3f47cc9a5f1be2be9d7c96 P 9d06a85faa8844719db702016b16c79b [term 1 LEADER]: Becoming Leader. State: Replica: 9d06a85faa8844719db702016b16c79b, State: Running, Role: LEADER
I20260608 10:01:26.698776 26983 consensus_queue.cc:237] T 754b24bfae3f47cc9a5f1be2be9d7c96 P 9d06a85faa8844719db702016b16c79b [LEADER]: Queue going to LEADER mode. State: All replicated index: 0, Majority replicated index: 0, Committed index: 0, Last appended: 0.0, Last appended by leader: 0, Current term: 1, Majority size: 2, State: 0, Mode: LEADER, active raft config: opid_index: -1 OBSOLETE_local: false peers { permanent_uuid: "9d06a85faa8844719db702016b16c79b" member_type: VOTER last_known_addr { host: "127.21.188.193" port: 43901 } } peers { permanent_uuid: "b4beab718ab4462cbca5ee9b68de3642" member_type: VOTER last_known_addr { host: "127.21.188.194" port: 40161 } } peers { permanent_uuid: "36a2331839024c2989bc47cfd25370e9" member_type: VOTER last_known_addr { host: "127.21.188.195" port: 45109 } }
I20260608 10:01:26.691267 26972 raft_consensus.cc:385] T e232a4ecb02e4d0aacabebd26dff07a3 P b4beab718ab4462cbca5ee9b68de3642 [term 0 FOLLOWER]: Consensus starting up: Expiring failure detector timer to make a prompt election more likely
I20260608 10:01:26.702185 26972 raft_consensus.cc:740] T e232a4ecb02e4d0aacabebd26dff07a3 P b4beab718ab4462cbca5ee9b68de3642 [term 0 FOLLOWER]: Becoming Follower/Learner. State: Replica: b4beab718ab4462cbca5ee9b68de3642, State: Initialized, Role: FOLLOWER
I20260608 10:01:26.703034 26972 consensus_queue.cc:260] T e232a4ecb02e4d0aacabebd26dff07a3 P b4beab718ab4462cbca5ee9b68de3642 [NON_LEADER]: Queue going to NON_LEADER mode. State: All replicated index: 0, Majority replicated index: 0, Committed index: 0, Last appended: 0.0, Last appended by leader: 0, Current term: 0, Majority size: -1, State: 0, Mode: NON_LEADER, active raft config: opid_index: -1 OBSOLETE_local: false peers { permanent_uuid: "9d06a85faa8844719db702016b16c79b" member_type: VOTER last_known_addr { host: "127.21.188.193" port: 43901 } } peers { permanent_uuid: "b4beab718ab4462cbca5ee9b68de3642" member_type: VOTER last_known_addr { host: "127.21.188.194" port: 40161 } } peers { permanent_uuid: "36a2331839024c2989bc47cfd25370e9" member_type: VOTER last_known_addr { host: "127.21.188.195" port: 45109 } }
I20260608 10:01:26.705650 26974 tablet_bootstrap.cc:492] T 697e2a3df8bc47c6b304ce4b3652a8b0 P 9d06a85faa8844719db702016b16c79b: No bootstrap required, opened a new log
I20260608 10:01:26.705624 27012 raft_consensus.cc:515] T fe88f0ef3faf4d7e845a259d96fb394f P b4beab718ab4462cbca5ee9b68de3642 [term 1 FOLLOWER]: Starting leader election with config: opid_index: -1 OBSOLETE_local: false peers { permanent_uuid: "9d06a85faa8844719db702016b16c79b" member_type: VOTER last_known_addr { host: "127.21.188.193" port: 43901 } } peers { permanent_uuid: "b4beab718ab4462cbca5ee9b68de3642" member_type: VOTER last_known_addr { host: "127.21.188.194" port: 40161 } } peers { permanent_uuid: "36a2331839024c2989bc47cfd25370e9" member_type: VOTER last_known_addr { host: "127.21.188.195" port: 45109 } }
I20260608 10:01:26.706696 26974 ts_tablet_manager.cc:1403] T 697e2a3df8bc47c6b304ce4b3652a8b0 P 9d06a85faa8844719db702016b16c79b: Time spent bootstrapping tablet: real 0.068s	user 0.010s	sys 0.024s
I20260608 10:01:26.705528 26972 ts_tablet_manager.cc:1434] T e232a4ecb02e4d0aacabebd26dff07a3 P b4beab718ab4462cbca5ee9b68de3642: Time spent starting tablet: real 0.021s	user 0.004s	sys 0.000s
I20260608 10:01:26.717592 26972 tablet_bootstrap.cc:492] T 697e2a3df8bc47c6b304ce4b3652a8b0 P b4beab718ab4462cbca5ee9b68de3642: Bootstrap starting.
I20260608 10:01:26.718833 26974 raft_consensus.cc:359] T 697e2a3df8bc47c6b304ce4b3652a8b0 P 9d06a85faa8844719db702016b16c79b [term 0 FOLLOWER]: Replica starting. Triggering 0 pending ops. Active config: opid_index: -1 OBSOLETE_local: false peers { permanent_uuid: "9d06a85faa8844719db702016b16c79b" member_type: VOTER last_known_addr { host: "127.21.188.193" port: 43901 } } peers { permanent_uuid: "b4beab718ab4462cbca5ee9b68de3642" member_type: VOTER last_known_addr { host: "127.21.188.194" port: 40161 } } peers { permanent_uuid: "36a2331839024c2989bc47cfd25370e9" member_type: VOTER last_known_addr { host: "127.21.188.195" port: 45109 } }
I20260608 10:01:26.719696 26974 raft_consensus.cc:385] T 697e2a3df8bc47c6b304ce4b3652a8b0 P 9d06a85faa8844719db702016b16c79b [term 0 FOLLOWER]: Consensus starting up: Expiring failure detector timer to make a prompt election more likely
W20260608 10:01:26.720034 26725 auto_rebalancer.cc:259] Could not retrieve cluster info: Service unavailable: Tablet not running
I20260608 10:01:26.720082 26974 raft_consensus.cc:740] T 697e2a3df8bc47c6b304ce4b3652a8b0 P 9d06a85faa8844719db702016b16c79b [term 0 FOLLOWER]: Becoming Follower/Learner. State: Replica: 9d06a85faa8844719db702016b16c79b, State: Initialized, Role: FOLLOWER
I20260608 10:01:26.721406 26974 consensus_queue.cc:260] T 697e2a3df8bc47c6b304ce4b3652a8b0 P 9d06a85faa8844719db702016b16c79b [NON_LEADER]: Queue going to NON_LEADER mode. State: All replicated index: 0, Majority replicated index: 0, Committed index: 0, Last appended: 0.0, Last appended by leader: 0, Current term: 0, Majority size: -1, State: 0, Mode: NON_LEADER, active raft config: opid_index: -1 OBSOLETE_local: false peers { permanent_uuid: "9d06a85faa8844719db702016b16c79b" member_type: VOTER last_known_addr { host: "127.21.188.193" port: 43901 } } peers { permanent_uuid: "b4beab718ab4462cbca5ee9b68de3642" member_type: VOTER last_known_addr { host: "127.21.188.194" port: 40161 } } peers { permanent_uuid: "36a2331839024c2989bc47cfd25370e9" member_type: VOTER last_known_addr { host: "127.21.188.195" port: 45109 } }
I20260608 10:01:26.723242 26778 tablet_service.cc:1917] Received RequestConsensusVote() RPC: tablet_id: "fe88f0ef3faf4d7e845a259d96fb394f" candidate_uuid: "b4beab718ab4462cbca5ee9b68de3642" candidate_term: 1 candidate_status { last_received { term: 0 index: 0 } } ignore_live_leader: false dest_uuid: "9d06a85faa8844719db702016b16c79b"
I20260608 10:01:26.724000 26778 raft_consensus.cc:3060] T fe88f0ef3faf4d7e845a259d96fb394f P 9d06a85faa8844719db702016b16c79b [term 0 FOLLOWER]: Advancing to term 1
I20260608 10:01:26.724054 26974 ts_tablet_manager.cc:1434] T 697e2a3df8bc47c6b304ce4b3652a8b0 P 9d06a85faa8844719db702016b16c79b: Time spent starting tablet: real 0.017s	user 0.008s	sys 0.007s
I20260608 10:01:26.724686 26972 tablet_bootstrap.cc:654] T 697e2a3df8bc47c6b304ce4b3652a8b0 P b4beab718ab4462cbca5ee9b68de3642: Neither blocks nor log segments found. Creating new log.
I20260608 10:01:26.725416 26974 tablet_bootstrap.cc:492] T e232a4ecb02e4d0aacabebd26dff07a3 P 9d06a85faa8844719db702016b16c79b: Bootstrap starting.
I20260608 10:01:26.730259 26973 tablet_bootstrap.cc:492] T fe88f0ef3faf4d7e845a259d96fb394f P 36a2331839024c2989bc47cfd25370e9: No bootstrap required, opened a new log
I20260608 10:01:26.730845 26973 ts_tablet_manager.cc:1403] T fe88f0ef3faf4d7e845a259d96fb394f P 36a2331839024c2989bc47cfd25370e9: Time spent bootstrapping tablet: real 0.056s	user 0.008s	sys 0.010s
I20260608 10:01:26.734134 26974 tablet_bootstrap.cc:654] T e232a4ecb02e4d0aacabebd26dff07a3 P 9d06a85faa8844719db702016b16c79b: Neither blocks nor log segments found. Creating new log.
I20260608 10:01:26.734100 26973 raft_consensus.cc:359] T fe88f0ef3faf4d7e845a259d96fb394f P 36a2331839024c2989bc47cfd25370e9 [term 0 FOLLOWER]: Replica starting. Triggering 0 pending ops. Active config: opid_index: -1 OBSOLETE_local: false peers { permanent_uuid: "9d06a85faa8844719db702016b16c79b" member_type: VOTER last_known_addr { host: "127.21.188.193" port: 43901 } } peers { permanent_uuid: "b4beab718ab4462cbca5ee9b68de3642" member_type: VOTER last_known_addr { host: "127.21.188.194" port: 40161 } } peers { permanent_uuid: "36a2331839024c2989bc47cfd25370e9" member_type: VOTER last_known_addr { host: "127.21.188.195" port: 45109 } }
I20260608 10:01:26.735044 26973 raft_consensus.cc:385] T fe88f0ef3faf4d7e845a259d96fb394f P 36a2331839024c2989bc47cfd25370e9 [term 0 FOLLOWER]: Consensus starting up: Expiring failure detector timer to make a prompt election more likely
I20260608 10:01:26.735395 26973 raft_consensus.cc:740] T fe88f0ef3faf4d7e845a259d96fb394f P 36a2331839024c2989bc47cfd25370e9 [term 0 FOLLOWER]: Becoming Follower/Learner. State: Replica: 36a2331839024c2989bc47cfd25370e9, State: Initialized, Role: FOLLOWER
I20260608 10:01:26.736515 26973 consensus_queue.cc:260] T fe88f0ef3faf4d7e845a259d96fb394f P 36a2331839024c2989bc47cfd25370e9 [NON_LEADER]: Queue going to NON_LEADER mode. State: All replicated index: 0, Majority replicated index: 0, Committed index: 0, Last appended: 0.0, Last appended by leader: 0, Current term: 0, Majority size: -1, State: 0, Mode: NON_LEADER, active raft config: opid_index: -1 OBSOLETE_local: false peers { permanent_uuid: "9d06a85faa8844719db702016b16c79b" member_type: VOTER last_known_addr { host: "127.21.188.193" port: 43901 } } peers { permanent_uuid: "b4beab718ab4462cbca5ee9b68de3642" member_type: VOTER last_known_addr { host: "127.21.188.194" port: 40161 } } peers { permanent_uuid: "36a2331839024c2989bc47cfd25370e9" member_type: VOTER last_known_addr { host: "127.21.188.195" port: 45109 } }
I20260608 10:01:26.738976 26677 catalog_manager.cc:5696] T 754b24bfae3f47cc9a5f1be2be9d7c96 P 9d06a85faa8844719db702016b16c79b reported cstate change: term changed from 0 to 1, leader changed from <none> to 9d06a85faa8844719db702016b16c79b (127.21.188.193). New cstate: current_term: 1 leader_uuid: "9d06a85faa8844719db702016b16c79b" committed_config { opid_index: -1 OBSOLETE_local: false peers { permanent_uuid: "9d06a85faa8844719db702016b16c79b" member_type: VOTER last_known_addr { host: "127.21.188.193" port: 43901 } health_report { overall_health: HEALTHY } } peers { permanent_uuid: "b4beab718ab4462cbca5ee9b68de3642" member_type: VOTER last_known_addr { host: "127.21.188.194" port: 40161 } health_report { overall_health: UNKNOWN } } peers { permanent_uuid: "36a2331839024c2989bc47cfd25370e9" member_type: VOTER last_known_addr { host: "127.21.188.195" port: 45109 } health_report { overall_health: UNKNOWN } } }
I20260608 10:01:26.744515 26973 ts_tablet_manager.cc:1434] T fe88f0ef3faf4d7e845a259d96fb394f P 36a2331839024c2989bc47cfd25370e9: Time spent starting tablet: real 0.013s	user 0.005s	sys 0.003s
I20260608 10:01:26.744454 26778 raft_consensus.cc:2468] T fe88f0ef3faf4d7e845a259d96fb394f P 9d06a85faa8844719db702016b16c79b [term 1 FOLLOWER]: Leader election vote request: Granting yes vote for candidate b4beab718ab4462cbca5ee9b68de3642 in term 1.
I20260608 10:01:26.745852 26973 tablet_bootstrap.cc:492] T e232a4ecb02e4d0aacabebd26dff07a3 P 36a2331839024c2989bc47cfd25370e9: Bootstrap starting.
I20260608 10:01:26.748061 26820 leader_election.cc:304] T fe88f0ef3faf4d7e845a259d96fb394f P b4beab718ab4462cbca5ee9b68de3642 [CANDIDATE]: Term 1 election: Election decided. Result: candidate won. Election summary: received 2 responses out of 3 voters: 2 yes votes; 0 no votes. yes voters: 9d06a85faa8844719db702016b16c79b, b4beab718ab4462cbca5ee9b68de3642; no voters: 
I20260608 10:01:26.749387 27008 raft_consensus.cc:2804] T fe88f0ef3faf4d7e845a259d96fb394f P b4beab718ab4462cbca5ee9b68de3642 [term 1 FOLLOWER]: Leader election won for term 1
I20260608 10:01:26.750058 27008 raft_consensus.cc:697] T fe88f0ef3faf4d7e845a259d96fb394f P b4beab718ab4462cbca5ee9b68de3642 [term 1 LEADER]: Becoming Leader. State: Replica: b4beab718ab4462cbca5ee9b68de3642, State: Running, Role: LEADER
I20260608 10:01:26.751209 27008 consensus_queue.cc:237] T fe88f0ef3faf4d7e845a259d96fb394f P b4beab718ab4462cbca5ee9b68de3642 [LEADER]: Queue going to LEADER mode. State: All replicated index: 0, Majority replicated index: 0, Committed index: 0, Last appended: 0.0, Last appended by leader: 0, Current term: 1, Majority size: 2, State: 0, Mode: LEADER, active raft config: opid_index: -1 OBSOLETE_local: false peers { permanent_uuid: "9d06a85faa8844719db702016b16c79b" member_type: VOTER last_known_addr { host: "127.21.188.193" port: 43901 } } peers { permanent_uuid: "b4beab718ab4462cbca5ee9b68de3642" member_type: VOTER last_known_addr { host: "127.21.188.194" port: 40161 } } peers { permanent_uuid: "36a2331839024c2989bc47cfd25370e9" member_type: VOTER last_known_addr { host: "127.21.188.195" port: 45109 } }
I20260608 10:01:26.755117 27012 leader_election.cc:290] T fe88f0ef3faf4d7e845a259d96fb394f P b4beab718ab4462cbca5ee9b68de3642 [CANDIDATE]: Term 1 election: Requested vote from peers 9d06a85faa8844719db702016b16c79b (127.21.188.193:43901), 36a2331839024c2989bc47cfd25370e9 (127.21.188.195:45109)
I20260608 10:01:26.756888 26926 tablet_service.cc:1917] Received RequestConsensusVote() RPC: tablet_id: "fe88f0ef3faf4d7e845a259d96fb394f" candidate_uuid: "b4beab718ab4462cbca5ee9b68de3642" candidate_term: 1 candidate_status { last_received { term: 0 index: 0 } } ignore_live_leader: false dest_uuid: "36a2331839024c2989bc47cfd25370e9"
I20260608 10:01:26.757814 26926 raft_consensus.cc:3060] T fe88f0ef3faf4d7e845a259d96fb394f P 36a2331839024c2989bc47cfd25370e9 [term 0 FOLLOWER]: Advancing to term 1
I20260608 10:01:26.763635 26974 tablet_bootstrap.cc:492] T e232a4ecb02e4d0aacabebd26dff07a3 P 9d06a85faa8844719db702016b16c79b: No bootstrap required, opened a new log
I20260608 10:01:26.764213 26974 ts_tablet_manager.cc:1403] T e232a4ecb02e4d0aacabebd26dff07a3 P 9d06a85faa8844719db702016b16c79b: Time spent bootstrapping tablet: real 0.039s	user 0.012s	sys 0.013s
I20260608 10:01:26.767532 26974 raft_consensus.cc:359] T e232a4ecb02e4d0aacabebd26dff07a3 P 9d06a85faa8844719db702016b16c79b [term 0 FOLLOWER]: Replica starting. Triggering 0 pending ops. Active config: opid_index: -1 OBSOLETE_local: false peers { permanent_uuid: "9d06a85faa8844719db702016b16c79b" member_type: VOTER last_known_addr { host: "127.21.188.193" port: 43901 } } peers { permanent_uuid: "b4beab718ab4462cbca5ee9b68de3642" member_type: VOTER last_known_addr { host: "127.21.188.194" port: 40161 } } peers { permanent_uuid: "36a2331839024c2989bc47cfd25370e9" member_type: VOTER last_known_addr { host: "127.21.188.195" port: 45109 } }
I20260608 10:01:26.768266 26974 raft_consensus.cc:385] T e232a4ecb02e4d0aacabebd26dff07a3 P 9d06a85faa8844719db702016b16c79b [term 0 FOLLOWER]: Consensus starting up: Expiring failure detector timer to make a prompt election more likely
I20260608 10:01:26.768153 26926 raft_consensus.cc:2468] T fe88f0ef3faf4d7e845a259d96fb394f P 36a2331839024c2989bc47cfd25370e9 [term 1 FOLLOWER]: Leader election vote request: Granting yes vote for candidate b4beab718ab4462cbca5ee9b68de3642 in term 1.
I20260608 10:01:26.768879 26974 raft_consensus.cc:740] T e232a4ecb02e4d0aacabebd26dff07a3 P 9d06a85faa8844719db702016b16c79b [term 0 FOLLOWER]: Becoming Follower/Learner. State: Replica: 9d06a85faa8844719db702016b16c79b, State: Initialized, Role: FOLLOWER
I20260608 10:01:26.771185 26974 consensus_queue.cc:260] T e232a4ecb02e4d0aacabebd26dff07a3 P 9d06a85faa8844719db702016b16c79b [NON_LEADER]: Queue going to NON_LEADER mode. State: All replicated index: 0, Majority replicated index: 0, Committed index: 0, Last appended: 0.0, Last appended by leader: 0, Current term: 0, Majority size: -1, State: 0, Mode: NON_LEADER, active raft config: opid_index: -1 OBSOLETE_local: false peers { permanent_uuid: "9d06a85faa8844719db702016b16c79b" member_type: VOTER last_known_addr { host: "127.21.188.193" port: 43901 } } peers { permanent_uuid: "b4beab718ab4462cbca5ee9b68de3642" member_type: VOTER last_known_addr { host: "127.21.188.194" port: 40161 } } peers { permanent_uuid: "36a2331839024c2989bc47cfd25370e9" member_type: VOTER last_known_addr { host: "127.21.188.195" port: 45109 } }
I20260608 10:01:26.773072 26973 tablet_bootstrap.cc:654] T e232a4ecb02e4d0aacabebd26dff07a3 P 36a2331839024c2989bc47cfd25370e9: Neither blocks nor log segments found. Creating new log.
I20260608 10:01:26.773646 26974 ts_tablet_manager.cc:1434] T e232a4ecb02e4d0aacabebd26dff07a3 P 9d06a85faa8844719db702016b16c79b: Time spent starting tablet: real 0.009s	user 0.006s	sys 0.000s
I20260608 10:01:26.774664 26974 tablet_bootstrap.cc:492] T fc32914aade44248baecb95a026997b5 P 9d06a85faa8844719db702016b16c79b: Bootstrap starting.
I20260608 10:01:26.780421 26676 catalog_manager.cc:5696] T fe88f0ef3faf4d7e845a259d96fb394f P b4beab718ab4462cbca5ee9b68de3642 reported cstate change: term changed from 0 to 1, leader changed from <none> to b4beab718ab4462cbca5ee9b68de3642 (127.21.188.194). New cstate: current_term: 1 leader_uuid: "b4beab718ab4462cbca5ee9b68de3642" committed_config { opid_index: -1 OBSOLETE_local: false peers { permanent_uuid: "9d06a85faa8844719db702016b16c79b" member_type: VOTER last_known_addr { host: "127.21.188.193" port: 43901 } health_report { overall_health: UNKNOWN } } peers { permanent_uuid: "b4beab718ab4462cbca5ee9b68de3642" member_type: VOTER last_known_addr { host: "127.21.188.194" port: 40161 } health_report { overall_health: HEALTHY } } peers { permanent_uuid: "36a2331839024c2989bc47cfd25370e9" member_type: VOTER last_known_addr { host: "127.21.188.195" port: 45109 } health_report { overall_health: UNKNOWN } } }
I20260608 10:01:26.784010 26974 tablet_bootstrap.cc:654] T fc32914aade44248baecb95a026997b5 P 9d06a85faa8844719db702016b16c79b: Neither blocks nor log segments found. Creating new log.
I20260608 10:01:26.787340 26973 tablet_bootstrap.cc:492] T e232a4ecb02e4d0aacabebd26dff07a3 P 36a2331839024c2989bc47cfd25370e9: No bootstrap required, opened a new log
I20260608 10:01:26.788046 26973 ts_tablet_manager.cc:1403] T e232a4ecb02e4d0aacabebd26dff07a3 P 36a2331839024c2989bc47cfd25370e9: Time spent bootstrapping tablet: real 0.043s	user 0.008s	sys 0.004s
I20260608 10:01:26.788214 26972 tablet_bootstrap.cc:492] T 697e2a3df8bc47c6b304ce4b3652a8b0 P b4beab718ab4462cbca5ee9b68de3642: No bootstrap required, opened a new log
I20260608 10:01:26.788761 26972 ts_tablet_manager.cc:1403] T 697e2a3df8bc47c6b304ce4b3652a8b0 P b4beab718ab4462cbca5ee9b68de3642: Time spent bootstrapping tablet: real 0.071s	user 0.025s	sys 0.015s
I20260608 10:01:26.789882 26974 tablet_bootstrap.cc:492] T fc32914aade44248baecb95a026997b5 P 9d06a85faa8844719db702016b16c79b: No bootstrap required, opened a new log
I20260608 10:01:26.790334 26974 ts_tablet_manager.cc:1403] T fc32914aade44248baecb95a026997b5 P 9d06a85faa8844719db702016b16c79b: Time spent bootstrapping tablet: real 0.016s	user 0.011s	sys 0.000s
I20260608 10:01:26.790763 26973 raft_consensus.cc:359] T e232a4ecb02e4d0aacabebd26dff07a3 P 36a2331839024c2989bc47cfd25370e9 [term 0 FOLLOWER]: Replica starting. Triggering 0 pending ops. Active config: opid_index: -1 OBSOLETE_local: false peers { permanent_uuid: "9d06a85faa8844719db702016b16c79b" member_type: VOTER last_known_addr { host: "127.21.188.193" port: 43901 } } peers { permanent_uuid: "b4beab718ab4462cbca5ee9b68de3642" member_type: VOTER last_known_addr { host: "127.21.188.194" port: 40161 } } peers { permanent_uuid: "36a2331839024c2989bc47cfd25370e9" member_type: VOTER last_known_addr { host: "127.21.188.195" port: 45109 } }
I20260608 10:01:26.791355 26973 raft_consensus.cc:385] T e232a4ecb02e4d0aacabebd26dff07a3 P 36a2331839024c2989bc47cfd25370e9 [term 0 FOLLOWER]: Consensus starting up: Expiring failure detector timer to make a prompt election more likely
I20260608 10:01:26.791613 26973 raft_consensus.cc:740] T e232a4ecb02e4d0aacabebd26dff07a3 P 36a2331839024c2989bc47cfd25370e9 [term 0 FOLLOWER]: Becoming Follower/Learner. State: Replica: 36a2331839024c2989bc47cfd25370e9, State: Initialized, Role: FOLLOWER
I20260608 10:01:26.791553 26972 raft_consensus.cc:359] T 697e2a3df8bc47c6b304ce4b3652a8b0 P b4beab718ab4462cbca5ee9b68de3642 [term 0 FOLLOWER]: Replica starting. Triggering 0 pending ops. Active config: opid_index: -1 OBSOLETE_local: false peers { permanent_uuid: "9d06a85faa8844719db702016b16c79b" member_type: VOTER last_known_addr { host: "127.21.188.193" port: 43901 } } peers { permanent_uuid: "b4beab718ab4462cbca5ee9b68de3642" member_type: VOTER last_known_addr { host: "127.21.188.194" port: 40161 } } peers { permanent_uuid: "36a2331839024c2989bc47cfd25370e9" member_type: VOTER last_known_addr { host: "127.21.188.195" port: 45109 } }
I20260608 10:01:26.792318 26972 raft_consensus.cc:385] T 697e2a3df8bc47c6b304ce4b3652a8b0 P b4beab718ab4462cbca5ee9b68de3642 [term 0 FOLLOWER]: Consensus starting up: Expiring failure detector timer to make a prompt election more likely
I20260608 10:01:26.792616 26972 raft_consensus.cc:740] T 697e2a3df8bc47c6b304ce4b3652a8b0 P b4beab718ab4462cbca5ee9b68de3642 [term 0 FOLLOWER]: Becoming Follower/Learner. State: Replica: b4beab718ab4462cbca5ee9b68de3642, State: Initialized, Role: FOLLOWER
I20260608 10:01:26.793025 26973 consensus_queue.cc:260] T e232a4ecb02e4d0aacabebd26dff07a3 P 36a2331839024c2989bc47cfd25370e9 [NON_LEADER]: Queue going to NON_LEADER mode. State: All replicated index: 0, Majority replicated index: 0, Committed index: 0, Last appended: 0.0, Last appended by leader: 0, Current term: 0, Majority size: -1, State: 0, Mode: NON_LEADER, active raft config: opid_index: -1 OBSOLETE_local: false peers { permanent_uuid: "9d06a85faa8844719db702016b16c79b" member_type: VOTER last_known_addr { host: "127.21.188.193" port: 43901 } } peers { permanent_uuid: "b4beab718ab4462cbca5ee9b68de3642" member_type: VOTER last_known_addr { host: "127.21.188.194" port: 40161 } } peers { permanent_uuid: "36a2331839024c2989bc47cfd25370e9" member_type: VOTER last_known_addr { host: "127.21.188.195" port: 45109 } }
I20260608 10:01:26.793073 26974 raft_consensus.cc:359] T fc32914aade44248baecb95a026997b5 P 9d06a85faa8844719db702016b16c79b [term 0 FOLLOWER]: Replica starting. Triggering 0 pending ops. Active config: opid_index: -1 OBSOLETE_local: false peers { permanent_uuid: "9d06a85faa8844719db702016b16c79b" member_type: VOTER last_known_addr { host: "127.21.188.193" port: 43901 } } peers { permanent_uuid: "b4beab718ab4462cbca5ee9b68de3642" member_type: VOTER last_known_addr { host: "127.21.188.194" port: 40161 } } peers { permanent_uuid: "36a2331839024c2989bc47cfd25370e9" member_type: VOTER last_known_addr { host: "127.21.188.195" port: 45109 } }
I20260608 10:01:26.793359 26972 consensus_queue.cc:260] T 697e2a3df8bc47c6b304ce4b3652a8b0 P b4beab718ab4462cbca5ee9b68de3642 [NON_LEADER]: Queue going to NON_LEADER mode. State: All replicated index: 0, Majority replicated index: 0, Committed index: 0, Last appended: 0.0, Last appended by leader: 0, Current term: 0, Majority size: -1, State: 0, Mode: NON_LEADER, active raft config: opid_index: -1 OBSOLETE_local: false peers { permanent_uuid: "9d06a85faa8844719db702016b16c79b" member_type: VOTER last_known_addr { host: "127.21.188.193" port: 43901 } } peers { permanent_uuid: "b4beab718ab4462cbca5ee9b68de3642" member_type: VOTER last_known_addr { host: "127.21.188.194" port: 40161 } } peers { permanent_uuid: "36a2331839024c2989bc47cfd25370e9" member_type: VOTER last_known_addr { host: "127.21.188.195" port: 45109 } }
I20260608 10:01:26.793864 26974 raft_consensus.cc:385] T fc32914aade44248baecb95a026997b5 P 9d06a85faa8844719db702016b16c79b [term 0 FOLLOWER]: Consensus starting up: Expiring failure detector timer to make a prompt election more likely
I20260608 10:01:26.794152 26974 raft_consensus.cc:740] T fc32914aade44248baecb95a026997b5 P 9d06a85faa8844719db702016b16c79b [term 0 FOLLOWER]: Becoming Follower/Learner. State: Replica: 9d06a85faa8844719db702016b16c79b, State: Initialized, Role: FOLLOWER
I20260608 10:01:26.794809 26974 consensus_queue.cc:260] T fc32914aade44248baecb95a026997b5 P 9d06a85faa8844719db702016b16c79b [NON_LEADER]: Queue going to NON_LEADER mode. State: All replicated index: 0, Majority replicated index: 0, Committed index: 0, Last appended: 0.0, Last appended by leader: 0, Current term: 0, Majority size: -1, State: 0, Mode: NON_LEADER, active raft config: opid_index: -1 OBSOLETE_local: false peers { permanent_uuid: "9d06a85faa8844719db702016b16c79b" member_type: VOTER last_known_addr { host: "127.21.188.193" port: 43901 } } peers { permanent_uuid: "b4beab718ab4462cbca5ee9b68de3642" member_type: VOTER last_known_addr { host: "127.21.188.194" port: 40161 } } peers { permanent_uuid: "36a2331839024c2989bc47cfd25370e9" member_type: VOTER last_known_addr { host: "127.21.188.195" port: 45109 } }
I20260608 10:01:26.795773 26972 ts_tablet_manager.cc:1434] T 697e2a3df8bc47c6b304ce4b3652a8b0 P b4beab718ab4462cbca5ee9b68de3642: Time spent starting tablet: real 0.007s	user 0.008s	sys 0.000s
I20260608 10:01:26.796718 26972 tablet_bootstrap.cc:492] T 9f4b087e240c48f697ff13c061ffc379 P b4beab718ab4462cbca5ee9b68de3642: Bootstrap starting.
I20260608 10:01:26.796775 26974 ts_tablet_manager.cc:1434] T fc32914aade44248baecb95a026997b5 P 9d06a85faa8844719db702016b16c79b: Time spent starting tablet: real 0.006s	user 0.004s	sys 0.000s
I20260608 10:01:26.801620 26974 tablet_bootstrap.cc:492] T 9f4b087e240c48f697ff13c061ffc379 P 9d06a85faa8844719db702016b16c79b: Bootstrap starting.
I20260608 10:01:26.811498 27015 raft_consensus.cc:493] T e232a4ecb02e4d0aacabebd26dff07a3 P 9d06a85faa8844719db702016b16c79b [term 0 FOLLOWER]: Starting pre-election (no leader contacted us within the election timeout)
I20260608 10:01:26.812040 27015 raft_consensus.cc:515] T e232a4ecb02e4d0aacabebd26dff07a3 P 9d06a85faa8844719db702016b16c79b [term 0 FOLLOWER]: Starting pre-election with config: opid_index: -1 OBSOLETE_local: false peers { permanent_uuid: "9d06a85faa8844719db702016b16c79b" member_type: VOTER last_known_addr { host: "127.21.188.193" port: 43901 } } peers { permanent_uuid: "b4beab718ab4462cbca5ee9b68de3642" member_type: VOTER last_known_addr { host: "127.21.188.194" port: 40161 } } peers { permanent_uuid: "36a2331839024c2989bc47cfd25370e9" member_type: VOTER last_known_addr { host: "127.21.188.195" port: 45109 } }
I20260608 10:01:26.814043 27015 leader_election.cc:290] T e232a4ecb02e4d0aacabebd26dff07a3 P 9d06a85faa8844719db702016b16c79b [CANDIDATE]: Term 1 pre-election: Requested pre-vote from peers b4beab718ab4462cbca5ee9b68de3642 (127.21.188.194:40161), 36a2331839024c2989bc47cfd25370e9 (127.21.188.195:45109)
I20260608 10:01:26.810212 26973 ts_tablet_manager.cc:1434] T e232a4ecb02e4d0aacabebd26dff07a3 P 36a2331839024c2989bc47cfd25370e9: Time spent starting tablet: real 0.022s	user 0.009s	sys 0.000s
I20260608 10:01:26.815218 26926 tablet_service.cc:1917] Received RequestConsensusVote() RPC: tablet_id: "e232a4ecb02e4d0aacabebd26dff07a3" candidate_uuid: "9d06a85faa8844719db702016b16c79b" candidate_term: 1 candidate_status { last_received { term: 0 index: 0 } } ignore_live_leader: false dest_uuid: "36a2331839024c2989bc47cfd25370e9" is_pre_election: true
I20260608 10:01:26.815676 26974 tablet_bootstrap.cc:654] T 9f4b087e240c48f697ff13c061ffc379 P 9d06a85faa8844719db702016b16c79b: Neither blocks nor log segments found. Creating new log.
I20260608 10:01:26.815896 26926 raft_consensus.cc:2468] T e232a4ecb02e4d0aacabebd26dff07a3 P 36a2331839024c2989bc47cfd25370e9 [term 0 FOLLOWER]: Leader pre-election vote request: Granting yes vote for candidate 9d06a85faa8844719db702016b16c79b in term 0.
I20260608 10:01:26.816650 26973 tablet_bootstrap.cc:492] T 697e2a3df8bc47c6b304ce4b3652a8b0 P 36a2331839024c2989bc47cfd25370e9: Bootstrap starting.
I20260608 10:01:26.814606 26972 tablet_bootstrap.cc:654] T 9f4b087e240c48f697ff13c061ffc379 P b4beab718ab4462cbca5ee9b68de3642: Neither blocks nor log segments found. Creating new log.
I20260608 10:01:26.817198 26743 leader_election.cc:304] T e232a4ecb02e4d0aacabebd26dff07a3 P 9d06a85faa8844719db702016b16c79b [CANDIDATE]: Term 1 pre-election: Election decided. Result: candidate won. Election summary: received 2 responses out of 3 voters: 2 yes votes; 0 no votes. yes voters: 36a2331839024c2989bc47cfd25370e9, 9d06a85faa8844719db702016b16c79b; no voters: 
I20260608 10:01:26.818073 27015 raft_consensus.cc:2804] T e232a4ecb02e4d0aacabebd26dff07a3 P 9d06a85faa8844719db702016b16c79b [term 0 FOLLOWER]: Leader pre-election won for term 1
I20260608 10:01:26.818441 27015 raft_consensus.cc:493] T e232a4ecb02e4d0aacabebd26dff07a3 P 9d06a85faa8844719db702016b16c79b [term 0 FOLLOWER]: Starting leader election (no leader contacted us within the election timeout)
I20260608 10:01:26.818769 27015 raft_consensus.cc:3060] T e232a4ecb02e4d0aacabebd26dff07a3 P 9d06a85faa8844719db702016b16c79b [term 0 FOLLOWER]: Advancing to term 1
I20260608 10:01:26.814815 26853 tablet_service.cc:1917] Received RequestConsensusVote() RPC: tablet_id: "e232a4ecb02e4d0aacabebd26dff07a3" candidate_uuid: "9d06a85faa8844719db702016b16c79b" candidate_term: 1 candidate_status { last_received { term: 0 index: 0 } } ignore_live_leader: false dest_uuid: "b4beab718ab4462cbca5ee9b68de3642" is_pre_election: true
I20260608 10:01:26.820153 26853 raft_consensus.cc:2468] T e232a4ecb02e4d0aacabebd26dff07a3 P b4beab718ab4462cbca5ee9b68de3642 [term 0 FOLLOWER]: Leader pre-election vote request: Granting yes vote for candidate 9d06a85faa8844719db702016b16c79b in term 0.
I20260608 10:01:26.822851 26983 raft_consensus.cc:493] T fc32914aade44248baecb95a026997b5 P 9d06a85faa8844719db702016b16c79b [term 0 FOLLOWER]: Starting pre-election (no leader contacted us within the election timeout)
I20260608 10:01:26.823339 26983 raft_consensus.cc:515] T fc32914aade44248baecb95a026997b5 P 9d06a85faa8844719db702016b16c79b [term 0 FOLLOWER]: Starting pre-election with config: opid_index: -1 OBSOLETE_local: false peers { permanent_uuid: "9d06a85faa8844719db702016b16c79b" member_type: VOTER last_known_addr { host: "127.21.188.193" port: 43901 } } peers { permanent_uuid: "b4beab718ab4462cbca5ee9b68de3642" member_type: VOTER last_known_addr { host: "127.21.188.194" port: 40161 } } peers { permanent_uuid: "36a2331839024c2989bc47cfd25370e9" member_type: VOTER last_known_addr { host: "127.21.188.195" port: 45109 } }
I20260608 10:01:26.825657 26983 leader_election.cc:290] T fc32914aade44248baecb95a026997b5 P 9d06a85faa8844719db702016b16c79b [CANDIDATE]: Term 1 pre-election: Requested pre-vote from peers b4beab718ab4462cbca5ee9b68de3642 (127.21.188.194:40161), 36a2331839024c2989bc47cfd25370e9 (127.21.188.195:45109)
I20260608 10:01:26.827284 26926 tablet_service.cc:1917] Received RequestConsensusVote() RPC: tablet_id: "fc32914aade44248baecb95a026997b5" candidate_uuid: "9d06a85faa8844719db702016b16c79b" candidate_term: 1 candidate_status { last_received { term: 0 index: 0 } } ignore_live_leader: false dest_uuid: "36a2331839024c2989bc47cfd25370e9" is_pre_election: true
W20260608 10:01:26.828847 26743 leader_election.cc:343] T fc32914aade44248baecb95a026997b5 P 9d06a85faa8844719db702016b16c79b [CANDIDATE]: Term 1 pre-election: Tablet error from VoteRequest() call to peer 36a2331839024c2989bc47cfd25370e9 (127.21.188.195:45109): Illegal state: must be running to vote when last-logged opid is not known
I20260608 10:01:26.828691 27015 raft_consensus.cc:515] T e232a4ecb02e4d0aacabebd26dff07a3 P 9d06a85faa8844719db702016b16c79b [term 1 FOLLOWER]: Starting leader election with config: opid_index: -1 OBSOLETE_local: false peers { permanent_uuid: "9d06a85faa8844719db702016b16c79b" member_type: VOTER last_known_addr { host: "127.21.188.193" port: 43901 } } peers { permanent_uuid: "b4beab718ab4462cbca5ee9b68de3642" member_type: VOTER last_known_addr { host: "127.21.188.194" port: 40161 } } peers { permanent_uuid: "36a2331839024c2989bc47cfd25370e9" member_type: VOTER last_known_addr { host: "127.21.188.195" port: 45109 } }
I20260608 10:01:26.827329 26853 tablet_service.cc:1917] Received RequestConsensusVote() RPC: tablet_id: "fc32914aade44248baecb95a026997b5" candidate_uuid: "9d06a85faa8844719db702016b16c79b" candidate_term: 1 candidate_status { last_received { term: 0 index: 0 } } ignore_live_leader: false dest_uuid: "b4beab718ab4462cbca5ee9b68de3642" is_pre_election: true
W20260608 10:01:26.831437 26742 leader_election.cc:343] T fc32914aade44248baecb95a026997b5 P 9d06a85faa8844719db702016b16c79b [CANDIDATE]: Term 1 pre-election: Tablet error from VoteRequest() call to peer b4beab718ab4462cbca5ee9b68de3642 (127.21.188.194:40161): Illegal state: must be running to vote when last-logged opid is not known
I20260608 10:01:26.831993 26972 tablet_bootstrap.cc:492] T 9f4b087e240c48f697ff13c061ffc379 P b4beab718ab4462cbca5ee9b68de3642: No bootstrap required, opened a new log
I20260608 10:01:26.831943 26742 leader_election.cc:304] T fc32914aade44248baecb95a026997b5 P 9d06a85faa8844719db702016b16c79b [CANDIDATE]: Term 1 pre-election: Election decided. Result: candidate lost. Election summary: received 3 responses out of 3 voters: 1 yes votes; 2 no votes. yes voters: 9d06a85faa8844719db702016b16c79b; no voters: 36a2331839024c2989bc47cfd25370e9, b4beab718ab4462cbca5ee9b68de3642
I20260608 10:01:26.832620 26972 ts_tablet_manager.cc:1403] T 9f4b087e240c48f697ff13c061ffc379 P b4beab718ab4462cbca5ee9b68de3642: Time spent bootstrapping tablet: real 0.036s	user 0.018s	sys 0.007s
I20260608 10:01:26.832953 26983 raft_consensus.cc:2749] T fc32914aade44248baecb95a026997b5 P 9d06a85faa8844719db702016b16c79b [term 0 FOLLOWER]: Leader pre-election lost for term 1. Reason: could not achieve majority
I20260608 10:01:26.833895 26853 tablet_service.cc:1917] Received RequestConsensusVote() RPC: tablet_id: "e232a4ecb02e4d0aacabebd26dff07a3" candidate_uuid: "9d06a85faa8844719db702016b16c79b" candidate_term: 1 candidate_status { last_received { term: 0 index: 0 } } ignore_live_leader: false dest_uuid: "b4beab718ab4462cbca5ee9b68de3642"
I20260608 10:01:26.834556 26853 raft_consensus.cc:3060] T e232a4ecb02e4d0aacabebd26dff07a3 P b4beab718ab4462cbca5ee9b68de3642 [term 0 FOLLOWER]: Advancing to term 1
I20260608 10:01:26.835237 26972 raft_consensus.cc:359] T 9f4b087e240c48f697ff13c061ffc379 P b4beab718ab4462cbca5ee9b68de3642 [term 0 FOLLOWER]: Replica starting. Triggering 0 pending ops. Active config: opid_index: -1 OBSOLETE_local: false peers { permanent_uuid: "9d06a85faa8844719db702016b16c79b" member_type: VOTER last_known_addr { host: "127.21.188.193" port: 43901 } } peers { permanent_uuid: "b4beab718ab4462cbca5ee9b68de3642" member_type: VOTER last_known_addr { host: "127.21.188.194" port: 40161 } } peers { permanent_uuid: "36a2331839024c2989bc47cfd25370e9" member_type: VOTER last_known_addr { host: "127.21.188.195" port: 45109 } }
I20260608 10:01:26.835889 26972 raft_consensus.cc:385] T 9f4b087e240c48f697ff13c061ffc379 P b4beab718ab4462cbca5ee9b68de3642 [term 0 FOLLOWER]: Consensus starting up: Expiring failure detector timer to make a prompt election more likely
I20260608 10:01:26.836208 26972 raft_consensus.cc:740] T 9f4b087e240c48f697ff13c061ffc379 P b4beab718ab4462cbca5ee9b68de3642 [term 0 FOLLOWER]: Becoming Follower/Learner. State: Replica: b4beab718ab4462cbca5ee9b68de3642, State: Initialized, Role: FOLLOWER
I20260608 10:01:26.836941 26972 consensus_queue.cc:260] T 9f4b087e240c48f697ff13c061ffc379 P b4beab718ab4462cbca5ee9b68de3642 [NON_LEADER]: Queue going to NON_LEADER mode. State: All replicated index: 0, Majority replicated index: 0, Committed index: 0, Last appended: 0.0, Last appended by leader: 0, Current term: 0, Majority size: -1, State: 0, Mode: NON_LEADER, active raft config: opid_index: -1 OBSOLETE_local: false peers { permanent_uuid: "9d06a85faa8844719db702016b16c79b" member_type: VOTER last_known_addr { host: "127.21.188.193" port: 43901 } } peers { permanent_uuid: "b4beab718ab4462cbca5ee9b68de3642" member_type: VOTER last_known_addr { host: "127.21.188.194" port: 40161 } } peers { permanent_uuid: "36a2331839024c2989bc47cfd25370e9" member_type: VOTER last_known_addr { host: "127.21.188.195" port: 45109 } }
I20260608 10:01:26.837525 26973 tablet_bootstrap.cc:654] T 697e2a3df8bc47c6b304ce4b3652a8b0 P 36a2331839024c2989bc47cfd25370e9: Neither blocks nor log segments found. Creating new log.
I20260608 10:01:26.838641 26972 ts_tablet_manager.cc:1434] T 9f4b087e240c48f697ff13c061ffc379 P b4beab718ab4462cbca5ee9b68de3642: Time spent starting tablet: real 0.006s	user 0.006s	sys 0.000s
I20260608 10:01:26.839416 26972 tablet_bootstrap.cc:492] T fc32914aade44248baecb95a026997b5 P b4beab718ab4462cbca5ee9b68de3642: Bootstrap starting.
I20260608 10:01:26.840683 27015 leader_election.cc:290] T e232a4ecb02e4d0aacabebd26dff07a3 P 9d06a85faa8844719db702016b16c79b [CANDIDATE]: Term 1 election: Requested vote from peers b4beab718ab4462cbca5ee9b68de3642 (127.21.188.194:40161), 36a2331839024c2989bc47cfd25370e9 (127.21.188.195:45109)
I20260608 10:01:26.831954 26974 tablet_bootstrap.cc:492] T 9f4b087e240c48f697ff13c061ffc379 P 9d06a85faa8844719db702016b16c79b: No bootstrap required, opened a new log
I20260608 10:01:26.841981 26853 raft_consensus.cc:2468] T e232a4ecb02e4d0aacabebd26dff07a3 P b4beab718ab4462cbca5ee9b68de3642 [term 1 FOLLOWER]: Leader election vote request: Granting yes vote for candidate 9d06a85faa8844719db702016b16c79b in term 1.
I20260608 10:01:26.842060 26926 tablet_service.cc:1917] Received RequestConsensusVote() RPC: tablet_id: "e232a4ecb02e4d0aacabebd26dff07a3" candidate_uuid: "9d06a85faa8844719db702016b16c79b" candidate_term: 1 candidate_status { last_received { term: 0 index: 0 } } ignore_live_leader: false dest_uuid: "36a2331839024c2989bc47cfd25370e9"
I20260608 10:01:26.842832 26926 raft_consensus.cc:3060] T e232a4ecb02e4d0aacabebd26dff07a3 P 36a2331839024c2989bc47cfd25370e9 [term 0 FOLLOWER]: Advancing to term 1
I20260608 10:01:26.842263 26974 ts_tablet_manager.cc:1403] T 9f4b087e240c48f697ff13c061ffc379 P 9d06a85faa8844719db702016b16c79b: Time spent bootstrapping tablet: real 0.041s	user 0.014s	sys 0.010s
I20260608 10:01:26.846897 26973 tablet_bootstrap.cc:492] T 697e2a3df8bc47c6b304ce4b3652a8b0 P 36a2331839024c2989bc47cfd25370e9: No bootstrap required, opened a new log
I20260608 10:01:26.846617 26742 leader_election.cc:304] T e232a4ecb02e4d0aacabebd26dff07a3 P 9d06a85faa8844719db702016b16c79b [CANDIDATE]: Term 1 election: Election decided. Result: candidate won. Election summary: received 2 responses out of 3 voters: 2 yes votes; 0 no votes. yes voters: 9d06a85faa8844719db702016b16c79b, b4beab718ab4462cbca5ee9b68de3642; no voters: 
I20260608 10:01:26.847402 26973 ts_tablet_manager.cc:1403] T 697e2a3df8bc47c6b304ce4b3652a8b0 P 36a2331839024c2989bc47cfd25370e9: Time spent bootstrapping tablet: real 0.031s	user 0.010s	sys 0.000s
I20260608 10:01:26.848219 27015 raft_consensus.cc:2804] T e232a4ecb02e4d0aacabebd26dff07a3 P 9d06a85faa8844719db702016b16c79b [term 1 FOLLOWER]: Leader election won for term 1
I20260608 10:01:26.848724 27015 raft_consensus.cc:697] T e232a4ecb02e4d0aacabebd26dff07a3 P 9d06a85faa8844719db702016b16c79b [term 1 LEADER]: Becoming Leader. State: Replica: 9d06a85faa8844719db702016b16c79b, State: Running, Role: LEADER
I20260608 10:01:26.849577 27015 consensus_queue.cc:237] T e232a4ecb02e4d0aacabebd26dff07a3 P 9d06a85faa8844719db702016b16c79b [LEADER]: Queue going to LEADER mode. State: All replicated index: 0, Majority replicated index: 0, Committed index: 0, Last appended: 0.0, Last appended by leader: 0, Current term: 1, Majority size: 2, State: 0, Mode: LEADER, active raft config: opid_index: -1 OBSOLETE_local: false peers { permanent_uuid: "9d06a85faa8844719db702016b16c79b" member_type: VOTER last_known_addr { host: "127.21.188.193" port: 43901 } } peers { permanent_uuid: "b4beab718ab4462cbca5ee9b68de3642" member_type: VOTER last_known_addr { host: "127.21.188.194" port: 40161 } } peers { permanent_uuid: "36a2331839024c2989bc47cfd25370e9" member_type: VOTER last_known_addr { host: "127.21.188.195" port: 45109 } }
I20260608 10:01:26.851253 26926 raft_consensus.cc:2468] T e232a4ecb02e4d0aacabebd26dff07a3 P 36a2331839024c2989bc47cfd25370e9 [term 1 FOLLOWER]: Leader election vote request: Granting yes vote for candidate 9d06a85faa8844719db702016b16c79b in term 1.
I20260608 10:01:26.851851 26972 tablet_bootstrap.cc:654] T fc32914aade44248baecb95a026997b5 P b4beab718ab4462cbca5ee9b68de3642: Neither blocks nor log segments found. Creating new log.
I20260608 10:01:26.847949 26974 raft_consensus.cc:359] T 9f4b087e240c48f697ff13c061ffc379 P 9d06a85faa8844719db702016b16c79b [term 0 FOLLOWER]: Replica starting. Triggering 0 pending ops. Active config: opid_index: -1 OBSOLETE_local: false peers { permanent_uuid: "9d06a85faa8844719db702016b16c79b" member_type: VOTER last_known_addr { host: "127.21.188.193" port: 43901 } } peers { permanent_uuid: "b4beab718ab4462cbca5ee9b68de3642" member_type: VOTER last_known_addr { host: "127.21.188.194" port: 40161 } } peers { permanent_uuid: "36a2331839024c2989bc47cfd25370e9" member_type: VOTER last_known_addr { host: "127.21.188.195" port: 45109 } }
I20260608 10:01:26.851236 26973 raft_consensus.cc:359] T 697e2a3df8bc47c6b304ce4b3652a8b0 P 36a2331839024c2989bc47cfd25370e9 [term 0 FOLLOWER]: Replica starting. Triggering 0 pending ops. Active config: opid_index: -1 OBSOLETE_local: false peers { permanent_uuid: "9d06a85faa8844719db702016b16c79b" member_type: VOTER last_known_addr { host: "127.21.188.193" port: 43901 } } peers { permanent_uuid: "b4beab718ab4462cbca5ee9b68de3642" member_type: VOTER last_known_addr { host: "127.21.188.194" port: 40161 } } peers { permanent_uuid: "36a2331839024c2989bc47cfd25370e9" member_type: VOTER last_known_addr { host: "127.21.188.195" port: 45109 } }
I20260608 10:01:26.853991 26974 raft_consensus.cc:385] T 9f4b087e240c48f697ff13c061ffc379 P 9d06a85faa8844719db702016b16c79b [term 0 FOLLOWER]: Consensus starting up: Expiring failure detector timer to make a prompt election more likely
