I20260608 10:00:35.944759 19770 catalog_manager.cc:5696] T d5a51ebd3b4340f785e159e677d12fb3 P 9cb78701520e4d1997cc87da388b577b reported cstate change: term changed from 0 to 1, leader changed from <none> to 9cb78701520e4d1997cc87da388b577b (127.16.130.194). New cstate: current_term: 1 leader_uuid: "9cb78701520e4d1997cc87da388b577b" committed_config { opid_index: -1 OBSOLETE_local: false peers { permanent_uuid: "6ee6c6aed4394984ab04075d325567ac" member_type: VOTER last_known_addr { host: "127.16.130.193" port: 46709 } health_report { overall_health: UNKNOWN } } peers { permanent_uuid: "9cb78701520e4d1997cc87da388b577b" member_type: VOTER last_known_addr { host: "127.16.130.194" port: 42065 } health_report { overall_health: HEALTHY } } peers { permanent_uuid: "0024745be5664f30842005e3c9231da9" member_type: VOTER last_known_addr { host: "127.16.130.195" port: 33959 } health_report { overall_health: UNKNOWN } } }
I20260608 10:00:35.949425 20071 ts_tablet_manager.cc:1434] T 7dbbbee8e5c74a32929bc5ce61624f5a P 6ee6c6aed4394984ab04075d325567ac: Time spent starting tablet: real 0.013s	user 0.004s	sys 0.003s
I20260608 10:00:35.950104 20067 tablet_bootstrap.cc:654] T 7dbbbee8e5c74a32929bc5ce61624f5a P 0024745be5664f30842005e3c9231da9: Neither blocks nor log segments found. Creating new log.
I20260608 10:00:35.954880 20071 tablet_bootstrap.cc:492] T c79126c150d442c0af66d72e9f56b473 P 6ee6c6aed4394984ab04075d325567ac: Bootstrap starting.
I20260608 10:00:35.960559 20073 raft_consensus.cc:515] T f13c28fe35f9434e9f3f675d3010f485 P 0024745be5664f30842005e3c9231da9 [term 1 FOLLOWER]: Starting leader election with config: opid_index: -1 OBSOLETE_local: false peers { permanent_uuid: "0024745be5664f30842005e3c9231da9" member_type: VOTER last_known_addr { host: "127.16.130.195" port: 33959 } } peers { permanent_uuid: "6ee6c6aed4394984ab04075d325567ac" member_type: VOTER last_known_addr { host: "127.16.130.193" port: 46709 } } peers { permanent_uuid: "9cb78701520e4d1997cc87da388b577b" member_type: VOTER last_known_addr { host: "127.16.130.194" port: 42065 } }
I20260608 10:00:35.961871 20071 tablet_bootstrap.cc:654] T c79126c150d442c0af66d72e9f56b473 P 6ee6c6aed4394984ab04075d325567ac: Neither blocks nor log segments found. Creating new log.
I20260608 10:00:35.962893 20073 leader_election.cc:290] T f13c28fe35f9434e9f3f675d3010f485 P 0024745be5664f30842005e3c9231da9 [CANDIDATE]: Term 1 election: Requested vote from peers 6ee6c6aed4394984ab04075d325567ac (127.16.130.193:46709), 9cb78701520e4d1997cc87da388b577b (127.16.130.194:42065)
I20260608 10:00:35.964031 19872 tablet_service.cc:1917] Received RequestConsensusVote() RPC: tablet_id: "f13c28fe35f9434e9f3f675d3010f485" candidate_uuid: "0024745be5664f30842005e3c9231da9" candidate_term: 1 candidate_status { last_received { term: 0 index: 0 } } ignore_live_leader: false dest_uuid: "6ee6c6aed4394984ab04075d325567ac"
I20260608 10:00:35.964779 19948 tablet_service.cc:1917] Received RequestConsensusVote() RPC: tablet_id: "f13c28fe35f9434e9f3f675d3010f485" candidate_uuid: "0024745be5664f30842005e3c9231da9" candidate_term: 1 candidate_status { last_received { term: 0 index: 0 } } ignore_live_leader: false dest_uuid: "9cb78701520e4d1997cc87da388b577b"
I20260608 10:00:35.965386 19948 raft_consensus.cc:3060] T f13c28fe35f9434e9f3f675d3010f485 P 9cb78701520e4d1997cc87da388b577b [term 0 FOLLOWER]: Advancing to term 1
W20260608 10:00:35.966394 19987 leader_election.cc:343] T f13c28fe35f9434e9f3f675d3010f485 P 0024745be5664f30842005e3c9231da9 [CANDIDATE]: Term 1 election: Tablet error from VoteRequest() call to peer 6ee6c6aed4394984ab04075d325567ac (127.16.130.193:46709): Illegal state: must be running to vote when last-logged opid is not known
I20260608 10:00:35.967965 20071 tablet_bootstrap.cc:492] T c79126c150d442c0af66d72e9f56b473 P 6ee6c6aed4394984ab04075d325567ac: No bootstrap required, opened a new log
I20260608 10:00:35.968498 20071 ts_tablet_manager.cc:1403] T c79126c150d442c0af66d72e9f56b473 P 6ee6c6aed4394984ab04075d325567ac: Time spent bootstrapping tablet: real 0.018s	user 0.010s	sys 0.000s
I20260608 10:00:35.971118 20067 tablet_bootstrap.cc:492] T 7dbbbee8e5c74a32929bc5ce61624f5a P 0024745be5664f30842005e3c9231da9: No bootstrap required, opened a new log
I20260608 10:00:35.971125 20071 raft_consensus.cc:359] T c79126c150d442c0af66d72e9f56b473 P 6ee6c6aed4394984ab04075d325567ac [term 0 FOLLOWER]: Replica starting. Triggering 0 pending ops. Active config: opid_index: -1 OBSOLETE_local: false peers { permanent_uuid: "9cb78701520e4d1997cc87da388b577b" member_type: VOTER last_known_addr { host: "127.16.130.194" port: 42065 } } peers { permanent_uuid: "6ee6c6aed4394984ab04075d325567ac" member_type: VOTER last_known_addr { host: "127.16.130.193" port: 46709 } } peers { permanent_uuid: "0024745be5664f30842005e3c9231da9" member_type: VOTER last_known_addr { host: "127.16.130.195" port: 33959 } }
I20260608 10:00:35.971763 20067 ts_tablet_manager.cc:1403] T 7dbbbee8e5c74a32929bc5ce61624f5a P 0024745be5664f30842005e3c9231da9: Time spent bootstrapping tablet: real 0.029s	user 0.014s	sys 0.008s
I20260608 10:00:35.971915 20071 raft_consensus.cc:385] T c79126c150d442c0af66d72e9f56b473 P 6ee6c6aed4394984ab04075d325567ac [term 0 FOLLOWER]: Consensus starting up: Expiring failure detector timer to make a prompt election more likely
I20260608 10:00:35.971969 19948 raft_consensus.cc:2468] T f13c28fe35f9434e9f3f675d3010f485 P 9cb78701520e4d1997cc87da388b577b [term 1 FOLLOWER]: Leader election vote request: Granting yes vote for candidate 0024745be5664f30842005e3c9231da9 in term 1.
I20260608 10:00:35.972321 20071 raft_consensus.cc:740] T c79126c150d442c0af66d72e9f56b473 P 6ee6c6aed4394984ab04075d325567ac [term 0 FOLLOWER]: Becoming Follower/Learner. State: Replica: 6ee6c6aed4394984ab04075d325567ac, State: Initialized, Role: FOLLOWER
I20260608 10:00:35.973214 19987 leader_election.cc:304] T f13c28fe35f9434e9f3f675d3010f485 P 0024745be5664f30842005e3c9231da9 [CANDIDATE]: Term 1 election: Election decided. Result: candidate won. Election summary: received 3 responses out of 3 voters: 2 yes votes; 1 no votes. yes voters: 0024745be5664f30842005e3c9231da9, 9cb78701520e4d1997cc87da388b577b; no voters: 6ee6c6aed4394984ab04075d325567ac
I20260608 10:00:35.973249 20071 consensus_queue.cc:260] T c79126c150d442c0af66d72e9f56b473 P 6ee6c6aed4394984ab04075d325567ac [NON_LEADER]: Queue going to NON_LEADER mode. State: All replicated index: 0, Majority replicated index: 0, Committed index: 0, Last appended: 0.0, Last appended by leader: 0, Current term: 0, Majority size: -1, State: 0, Mode: NON_LEADER, active raft config: opid_index: -1 OBSOLETE_local: false peers { permanent_uuid: "9cb78701520e4d1997cc87da388b577b" member_type: VOTER last_known_addr { host: "127.16.130.194" port: 42065 } } peers { permanent_uuid: "6ee6c6aed4394984ab04075d325567ac" member_type: VOTER last_known_addr { host: "127.16.130.193" port: 46709 } } peers { permanent_uuid: "0024745be5664f30842005e3c9231da9" member_type: VOTER last_known_addr { host: "127.16.130.195" port: 33959 } }
I20260608 10:00:35.974187 20067 raft_consensus.cc:359] T 7dbbbee8e5c74a32929bc5ce61624f5a P 0024745be5664f30842005e3c9231da9 [term 0 FOLLOWER]: Replica starting. Triggering 0 pending ops. Active config: opid_index: -1 OBSOLETE_local: false peers { permanent_uuid: "9cb78701520e4d1997cc87da388b577b" member_type: VOTER last_known_addr { host: "127.16.130.194" port: 42065 } } peers { permanent_uuid: "6ee6c6aed4394984ab04075d325567ac" member_type: VOTER last_known_addr { host: "127.16.130.193" port: 46709 } } peers { permanent_uuid: "0024745be5664f30842005e3c9231da9" member_type: VOTER last_known_addr { host: "127.16.130.195" port: 33959 } }
I20260608 10:00:35.974556 20073 raft_consensus.cc:2804] T f13c28fe35f9434e9f3f675d3010f485 P 0024745be5664f30842005e3c9231da9 [term 1 FOLLOWER]: Leader election won for term 1
I20260608 10:00:35.974797 20067 raft_consensus.cc:385] T 7dbbbee8e5c74a32929bc5ce61624f5a P 0024745be5664f30842005e3c9231da9 [term 0 FOLLOWER]: Consensus starting up: Expiring failure detector timer to make a prompt election more likely
I20260608 10:00:35.975088 20073 raft_consensus.cc:697] T f13c28fe35f9434e9f3f675d3010f485 P 0024745be5664f30842005e3c9231da9 [term 1 LEADER]: Becoming Leader. State: Replica: 0024745be5664f30842005e3c9231da9, State: Running, Role: LEADER
I20260608 10:00:35.975106 20067 raft_consensus.cc:740] T 7dbbbee8e5c74a32929bc5ce61624f5a P 0024745be5664f30842005e3c9231da9 [term 0 FOLLOWER]: Becoming Follower/Learner. State: Replica: 0024745be5664f30842005e3c9231da9, State: Initialized, Role: FOLLOWER
I20260608 10:00:35.975703 20071 ts_tablet_manager.cc:1434] T c79126c150d442c0af66d72e9f56b473 P 6ee6c6aed4394984ab04075d325567ac: Time spent starting tablet: real 0.007s	user 0.004s	sys 0.000s
I20260608 10:00:35.975960 20073 consensus_queue.cc:237] T f13c28fe35f9434e9f3f675d3010f485 P 0024745be5664f30842005e3c9231da9 [LEADER]: Queue going to LEADER mode. State: All replicated index: 0, Majority replicated index: 0, Committed index: 0, Last appended: 0.0, Last appended by leader: 0, Current term: 1, Majority size: 2, State: 0, Mode: LEADER, active raft config: opid_index: -1 OBSOLETE_local: false peers { permanent_uuid: "0024745be5664f30842005e3c9231da9" member_type: VOTER last_known_addr { host: "127.16.130.195" port: 33959 } } peers { permanent_uuid: "6ee6c6aed4394984ab04075d325567ac" member_type: VOTER last_known_addr { host: "127.16.130.193" port: 46709 } } peers { permanent_uuid: "9cb78701520e4d1997cc87da388b577b" member_type: VOTER last_known_addr { host: "127.16.130.194" port: 42065 } }
I20260608 10:00:35.976307 20067 consensus_queue.cc:260] T 7dbbbee8e5c74a32929bc5ce61624f5a P 0024745be5664f30842005e3c9231da9 [NON_LEADER]: Queue going to NON_LEADER mode. State: All replicated index: 0, Majority replicated index: 0, Committed index: 0, Last appended: 0.0, Last appended by leader: 0, Current term: 0, Majority size: -1, State: 0, Mode: NON_LEADER, active raft config: opid_index: -1 OBSOLETE_local: false peers { permanent_uuid: "9cb78701520e4d1997cc87da388b577b" member_type: VOTER last_known_addr { host: "127.16.130.194" port: 42065 } } peers { permanent_uuid: "6ee6c6aed4394984ab04075d325567ac" member_type: VOTER last_known_addr { host: "127.16.130.193" port: 46709 } } peers { permanent_uuid: "0024745be5664f30842005e3c9231da9" member_type: VOTER last_known_addr { host: "127.16.130.195" port: 33959 } }
I20260608 10:00:35.978168 20071 tablet_bootstrap.cc:492] T f13c28fe35f9434e9f3f675d3010f485 P 6ee6c6aed4394984ab04075d325567ac: Bootstrap starting.
I20260608 10:00:35.980640 20067 ts_tablet_manager.cc:1434] T 7dbbbee8e5c74a32929bc5ce61624f5a P 0024745be5664f30842005e3c9231da9: Time spent starting tablet: real 0.009s	user 0.005s	sys 0.000s
I20260608 10:00:35.985230 20071 tablet_bootstrap.cc:654] T f13c28fe35f9434e9f3f675d3010f485 P 6ee6c6aed4394984ab04075d325567ac: Neither blocks nor log segments found. Creating new log.
I20260608 10:00:35.988497 19768 catalog_manager.cc:5696] T f13c28fe35f9434e9f3f675d3010f485 P 0024745be5664f30842005e3c9231da9 reported cstate change: term changed from 0 to 1, leader changed from <none> to 0024745be5664f30842005e3c9231da9 (127.16.130.195). New cstate: current_term: 1 leader_uuid: "0024745be5664f30842005e3c9231da9" committed_config { opid_index: -1 OBSOLETE_local: false peers { permanent_uuid: "0024745be5664f30842005e3c9231da9" member_type: VOTER last_known_addr { host: "127.16.130.195" port: 33959 } health_report { overall_health: HEALTHY } } peers { permanent_uuid: "6ee6c6aed4394984ab04075d325567ac" member_type: VOTER last_known_addr { host: "127.16.130.193" port: 46709 } health_report { overall_health: UNKNOWN } } peers { permanent_uuid: "9cb78701520e4d1997cc87da388b577b" member_type: VOTER last_known_addr { host: "127.16.130.194" port: 42065 } health_report { overall_health: UNKNOWN } } }
I20260608 10:00:35.990377 20071 tablet_bootstrap.cc:492] T f13c28fe35f9434e9f3f675d3010f485 P 6ee6c6aed4394984ab04075d325567ac: No bootstrap required, opened a new log
I20260608 10:00:35.990877 20071 ts_tablet_manager.cc:1403] T f13c28fe35f9434e9f3f675d3010f485 P 6ee6c6aed4394984ab04075d325567ac: Time spent bootstrapping tablet: real 0.013s	user 0.009s	sys 0.001s
I20260608 10:00:35.993284 20071 raft_consensus.cc:359] T f13c28fe35f9434e9f3f675d3010f485 P 6ee6c6aed4394984ab04075d325567ac [term 0 FOLLOWER]: Replica starting. Triggering 0 pending ops. Active config: opid_index: -1 OBSOLETE_local: false peers { permanent_uuid: "0024745be5664f30842005e3c9231da9" member_type: VOTER last_known_addr { host: "127.16.130.195" port: 33959 } } peers { permanent_uuid: "6ee6c6aed4394984ab04075d325567ac" member_type: VOTER last_known_addr { host: "127.16.130.193" port: 46709 } } peers { permanent_uuid: "9cb78701520e4d1997cc87da388b577b" member_type: VOTER last_known_addr { host: "127.16.130.194" port: 42065 } }
I20260608 10:00:35.993795 20071 raft_consensus.cc:385] T f13c28fe35f9434e9f3f675d3010f485 P 6ee6c6aed4394984ab04075d325567ac [term 0 FOLLOWER]: Consensus starting up: Expiring failure detector timer to make a prompt election more likely
I20260608 10:00:35.994027 20071 raft_consensus.cc:740] T f13c28fe35f9434e9f3f675d3010f485 P 6ee6c6aed4394984ab04075d325567ac [term 0 FOLLOWER]: Becoming Follower/Learner. State: Replica: 6ee6c6aed4394984ab04075d325567ac, State: Initialized, Role: FOLLOWER
I20260608 10:00:35.994614 20071 consensus_queue.cc:260] T f13c28fe35f9434e9f3f675d3010f485 P 6ee6c6aed4394984ab04075d325567ac [NON_LEADER]: Queue going to NON_LEADER mode. State: All replicated index: 0, Majority replicated index: 0, Committed index: 0, Last appended: 0.0, Last appended by leader: 0, Current term: 0, Majority size: -1, State: 0, Mode: NON_LEADER, active raft config: opid_index: -1 OBSOLETE_local: false peers { permanent_uuid: "0024745be5664f30842005e3c9231da9" member_type: VOTER last_known_addr { host: "127.16.130.195" port: 33959 } } peers { permanent_uuid: "6ee6c6aed4394984ab04075d325567ac" member_type: VOTER last_known_addr { host: "127.16.130.193" port: 46709 } } peers { permanent_uuid: "9cb78701520e4d1997cc87da388b577b" member_type: VOTER last_known_addr { host: "127.16.130.194" port: 42065 } }
I20260608 10:00:35.996730 20071 ts_tablet_manager.cc:1434] T f13c28fe35f9434e9f3f675d3010f485 P 6ee6c6aed4394984ab04075d325567ac: Time spent starting tablet: real 0.006s	user 0.008s	sys 0.000s
I20260608 10:00:35.997771 20071 tablet_bootstrap.cc:492] T eaaad97e86734facbe3f4b52bdf5cfb5 P 6ee6c6aed4394984ab04075d325567ac: Bootstrap starting.
I20260608 10:00:36.003247 20071 tablet_bootstrap.cc:654] T eaaad97e86734facbe3f4b52bdf5cfb5 P 6ee6c6aed4394984ab04075d325567ac: Neither blocks nor log segments found. Creating new log.
I20260608 10:00:36.007822 20071 tablet_bootstrap.cc:492] T eaaad97e86734facbe3f4b52bdf5cfb5 P 6ee6c6aed4394984ab04075d325567ac: No bootstrap required, opened a new log
I20260608 10:00:36.008167 20071 ts_tablet_manager.cc:1403] T eaaad97e86734facbe3f4b52bdf5cfb5 P 6ee6c6aed4394984ab04075d325567ac: Time spent bootstrapping tablet: real 0.011s	user 0.008s	sys 0.000s
I20260608 10:00:36.010047 20071 raft_consensus.cc:359] T eaaad97e86734facbe3f4b52bdf5cfb5 P 6ee6c6aed4394984ab04075d325567ac [term 0 FOLLOWER]: Replica starting. Triggering 0 pending ops. Active config: opid_index: -1 OBSOLETE_local: false peers { permanent_uuid: "9cb78701520e4d1997cc87da388b577b" member_type: VOTER last_known_addr { host: "127.16.130.194" port: 42065 } } peers { permanent_uuid: "6ee6c6aed4394984ab04075d325567ac" member_type: VOTER last_known_addr { host: "127.16.130.193" port: 46709 } } peers { permanent_uuid: "0024745be5664f30842005e3c9231da9" member_type: VOTER last_known_addr { host: "127.16.130.195" port: 33959 } }
I20260608 10:00:36.010495 20071 raft_consensus.cc:385] T eaaad97e86734facbe3f4b52bdf5cfb5 P 6ee6c6aed4394984ab04075d325567ac [term 0 FOLLOWER]: Consensus starting up: Expiring failure detector timer to make a prompt election more likely
I20260608 10:00:36.010668 20071 raft_consensus.cc:740] T eaaad97e86734facbe3f4b52bdf5cfb5 P 6ee6c6aed4394984ab04075d325567ac [term 0 FOLLOWER]: Becoming Follower/Learner. State: Replica: 6ee6c6aed4394984ab04075d325567ac, State: Initialized, Role: FOLLOWER
I20260608 10:00:36.011114 20071 consensus_queue.cc:260] T eaaad97e86734facbe3f4b52bdf5cfb5 P 6ee6c6aed4394984ab04075d325567ac [NON_LEADER]: Queue going to NON_LEADER mode. State: All replicated index: 0, Majority replicated index: 0, Committed index: 0, Last appended: 0.0, Last appended by leader: 0, Current term: 0, Majority size: -1, State: 0, Mode: NON_LEADER, active raft config: opid_index: -1 OBSOLETE_local: false peers { permanent_uuid: "9cb78701520e4d1997cc87da388b577b" member_type: VOTER last_known_addr { host: "127.16.130.194" port: 42065 } } peers { permanent_uuid: "6ee6c6aed4394984ab04075d325567ac" member_type: VOTER last_known_addr { host: "127.16.130.193" port: 46709 } } peers { permanent_uuid: "0024745be5664f30842005e3c9231da9" member_type: VOTER last_known_addr { host: "127.16.130.195" port: 33959 } }
I20260608 10:00:36.012771 20071 ts_tablet_manager.cc:1434] T eaaad97e86734facbe3f4b52bdf5cfb5 P 6ee6c6aed4394984ab04075d325567ac: Time spent starting tablet: real 0.004s	user 0.003s	sys 0.003s
I20260608 10:00:36.013339 20081 raft_consensus.cc:493] T b76effa025c14e9483d0c0bc8118e362 P 6ee6c6aed4394984ab04075d325567ac [term 0 FOLLOWER]: Starting pre-election (no leader contacted us within the election timeout)
I20260608 10:00:36.013808 20081 raft_consensus.cc:515] T b76effa025c14e9483d0c0bc8118e362 P 6ee6c6aed4394984ab04075d325567ac [term 0 FOLLOWER]: Starting pre-election with config: opid_index: -1 OBSOLETE_local: false peers { permanent_uuid: "6ee6c6aed4394984ab04075d325567ac" member_type: VOTER last_known_addr { host: "127.16.130.193" port: 46709 } } peers { permanent_uuid: "9cb78701520e4d1997cc87da388b577b" member_type: VOTER last_known_addr { host: "127.16.130.194" port: 42065 } } peers { permanent_uuid: "0024745be5664f30842005e3c9231da9" member_type: VOTER last_known_addr { host: "127.16.130.195" port: 33959 } }
I20260608 10:00:36.015837 20081 leader_election.cc:290] T b76effa025c14e9483d0c0bc8118e362 P 6ee6c6aed4394984ab04075d325567ac [CANDIDATE]: Term 1 pre-election: Requested pre-vote from peers 9cb78701520e4d1997cc87da388b577b (127.16.130.194:42065), 0024745be5664f30842005e3c9231da9 (127.16.130.195:33959)
I20260608 10:00:36.016426 19948 tablet_service.cc:1917] Received RequestConsensusVote() RPC: tablet_id: "b76effa025c14e9483d0c0bc8118e362" candidate_uuid: "6ee6c6aed4394984ab04075d325567ac" candidate_term: 1 candidate_status { last_received { term: 0 index: 0 } } ignore_live_leader: false dest_uuid: "9cb78701520e4d1997cc87da388b577b" is_pre_election: true
I20260608 10:00:36.016844 20022 tablet_service.cc:1917] Received RequestConsensusVote() RPC: tablet_id: "b76effa025c14e9483d0c0bc8118e362" candidate_uuid: "6ee6c6aed4394984ab04075d325567ac" candidate_term: 1 candidate_status { last_received { term: 0 index: 0 } } ignore_live_leader: false dest_uuid: "0024745be5664f30842005e3c9231da9" is_pre_election: true
I20260608 10:00:36.017112 19948 raft_consensus.cc:2468] T b76effa025c14e9483d0c0bc8118e362 P 9cb78701520e4d1997cc87da388b577b [term 0 FOLLOWER]: Leader pre-election vote request: Granting yes vote for candidate 6ee6c6aed4394984ab04075d325567ac in term 0.
I20260608 10:00:36.017431 20022 raft_consensus.cc:2468] T b76effa025c14e9483d0c0bc8118e362 P 0024745be5664f30842005e3c9231da9 [term 0 FOLLOWER]: Leader pre-election vote request: Granting yes vote for candidate 6ee6c6aed4394984ab04075d325567ac in term 0.
I20260608 10:00:36.018193 19838 leader_election.cc:304] T b76effa025c14e9483d0c0bc8118e362 P 6ee6c6aed4394984ab04075d325567ac [CANDIDATE]: Term 1 pre-election: Election decided. Result: candidate won. Election summary: received 2 responses out of 3 voters: 2 yes votes; 0 no votes. yes voters: 6ee6c6aed4394984ab04075d325567ac, 9cb78701520e4d1997cc87da388b577b; no voters: 
I20260608 10:00:36.018863 20081 raft_consensus.cc:2804] T b76effa025c14e9483d0c0bc8118e362 P 6ee6c6aed4394984ab04075d325567ac [term 0 FOLLOWER]: Leader pre-election won for term 1
I20260608 10:00:36.019121 20081 raft_consensus.cc:493] T b76effa025c14e9483d0c0bc8118e362 P 6ee6c6aed4394984ab04075d325567ac [term 0 FOLLOWER]: Starting leader election (no leader contacted us within the election timeout)
I20260608 10:00:36.019410 20081 raft_consensus.cc:3060] T b76effa025c14e9483d0c0bc8118e362 P 6ee6c6aed4394984ab04075d325567ac [term 0 FOLLOWER]: Advancing to term 1
I20260608 10:00:36.025822 20081 raft_consensus.cc:515] T b76effa025c14e9483d0c0bc8118e362 P 6ee6c6aed4394984ab04075d325567ac [term 1 FOLLOWER]: Starting leader election with config: opid_index: -1 OBSOLETE_local: false peers { permanent_uuid: "6ee6c6aed4394984ab04075d325567ac" member_type: VOTER last_known_addr { host: "127.16.130.193" port: 46709 } } peers { permanent_uuid: "9cb78701520e4d1997cc87da388b577b" member_type: VOTER last_known_addr { host: "127.16.130.194" port: 42065 } } peers { permanent_uuid: "0024745be5664f30842005e3c9231da9" member_type: VOTER last_known_addr { host: "127.16.130.195" port: 33959 } }
I20260608 10:00:36.027429 20081 leader_election.cc:290] T b76effa025c14e9483d0c0bc8118e362 P 6ee6c6aed4394984ab04075d325567ac [CANDIDATE]: Term 1 election: Requested vote from peers 9cb78701520e4d1997cc87da388b577b (127.16.130.194:42065), 0024745be5664f30842005e3c9231da9 (127.16.130.195:33959)
I20260608 10:00:36.028285 19948 tablet_service.cc:1917] Received RequestConsensusVote() RPC: tablet_id: "b76effa025c14e9483d0c0bc8118e362" candidate_uuid: "6ee6c6aed4394984ab04075d325567ac" candidate_term: 1 candidate_status { last_received { term: 0 index: 0 } } ignore_live_leader: false dest_uuid: "9cb78701520e4d1997cc87da388b577b"
I20260608 10:00:36.028412 20022 tablet_service.cc:1917] Received RequestConsensusVote() RPC: tablet_id: "b76effa025c14e9483d0c0bc8118e362" candidate_uuid: "6ee6c6aed4394984ab04075d325567ac" candidate_term: 1 candidate_status { last_received { term: 0 index: 0 } } ignore_live_leader: false dest_uuid: "0024745be5664f30842005e3c9231da9"
I20260608 10:00:36.028776 19948 raft_consensus.cc:3060] T b76effa025c14e9483d0c0bc8118e362 P 9cb78701520e4d1997cc87da388b577b [term 0 FOLLOWER]: Advancing to term 1
I20260608 10:00:36.028950 20022 raft_consensus.cc:3060] T b76effa025c14e9483d0c0bc8118e362 P 0024745be5664f30842005e3c9231da9 [term 0 FOLLOWER]: Advancing to term 1
I20260608 10:00:36.033392 20022 raft_consensus.cc:2468] T b76effa025c14e9483d0c0bc8118e362 P 0024745be5664f30842005e3c9231da9 [term 1 FOLLOWER]: Leader election vote request: Granting yes vote for candidate 6ee6c6aed4394984ab04075d325567ac in term 1.
I20260608 10:00:36.033783 19948 raft_consensus.cc:2468] T b76effa025c14e9483d0c0bc8118e362 P 9cb78701520e4d1997cc87da388b577b [term 1 FOLLOWER]: Leader election vote request: Granting yes vote for candidate 6ee6c6aed4394984ab04075d325567ac in term 1.
I20260608 10:00:36.034340 19836 leader_election.cc:304] T b76effa025c14e9483d0c0bc8118e362 P 6ee6c6aed4394984ab04075d325567ac [CANDIDATE]: Term 1 election: Election decided. Result: candidate won. Election summary: received 2 responses out of 3 voters: 2 yes votes; 0 no votes. yes voters: 0024745be5664f30842005e3c9231da9, 6ee6c6aed4394984ab04075d325567ac; no voters: 
I20260608 10:00:36.035204 20081 raft_consensus.cc:2804] T b76effa025c14e9483d0c0bc8118e362 P 6ee6c6aed4394984ab04075d325567ac [term 1 FOLLOWER]: Leader election won for term 1
I20260608 10:00:36.035727 20081 raft_consensus.cc:697] T b76effa025c14e9483d0c0bc8118e362 P 6ee6c6aed4394984ab04075d325567ac [term 1 LEADER]: Becoming Leader. State: Replica: 6ee6c6aed4394984ab04075d325567ac, State: Running, Role: LEADER
I20260608 10:00:36.036475 20081 consensus_queue.cc:237] T b76effa025c14e9483d0c0bc8118e362 P 6ee6c6aed4394984ab04075d325567ac [LEADER]: Queue going to LEADER mode. State: All replicated index: 0, Majority replicated index: 0, Committed index: 0, Last appended: 0.0, Last appended by leader: 0, Current term: 1, Majority size: 2, State: 0, Mode: LEADER, active raft config: opid_index: -1 OBSOLETE_local: false peers { permanent_uuid: "6ee6c6aed4394984ab04075d325567ac" member_type: VOTER last_known_addr { host: "127.16.130.193" port: 46709 } } peers { permanent_uuid: "9cb78701520e4d1997cc87da388b577b" member_type: VOTER last_known_addr { host: "127.16.130.194" port: 42065 } } peers { permanent_uuid: "0024745be5664f30842005e3c9231da9" member_type: VOTER last_known_addr { host: "127.16.130.195" port: 33959 } }
I20260608 10:00:36.043090 19769 catalog_manager.cc:5696] T b76effa025c14e9483d0c0bc8118e362 P 6ee6c6aed4394984ab04075d325567ac reported cstate change: term changed from 0 to 1, leader changed from <none> to 6ee6c6aed4394984ab04075d325567ac (127.16.130.193). New cstate: current_term: 1 leader_uuid: "6ee6c6aed4394984ab04075d325567ac" committed_config { opid_index: -1 OBSOLETE_local: false peers { permanent_uuid: "6ee6c6aed4394984ab04075d325567ac" member_type: VOTER last_known_addr { host: "127.16.130.193" port: 46709 } health_report { overall_health: HEALTHY } } peers { permanent_uuid: "9cb78701520e4d1997cc87da388b577b" member_type: VOTER last_known_addr { host: "127.16.130.194" port: 42065 } health_report { overall_health: UNKNOWN } } peers { permanent_uuid: "0024745be5664f30842005e3c9231da9" member_type: VOTER last_known_addr { host: "127.16.130.195" port: 33959 } health_report { overall_health: UNKNOWN } } }
I20260608 10:00:36.056988 20072 raft_consensus.cc:493] T eaaad97e86734facbe3f4b52bdf5cfb5 P 9cb78701520e4d1997cc87da388b577b [term 0 FOLLOWER]: Starting pre-election (no leader contacted us within the election timeout)
I20260608 10:00:36.057439 20072 raft_consensus.cc:515] T eaaad97e86734facbe3f4b52bdf5cfb5 P 9cb78701520e4d1997cc87da388b577b [term 0 FOLLOWER]: Starting pre-election with config: opid_index: -1 OBSOLETE_local: false peers { permanent_uuid: "9cb78701520e4d1997cc87da388b577b" member_type: VOTER last_known_addr { host: "127.16.130.194" port: 42065 } } peers { permanent_uuid: "6ee6c6aed4394984ab04075d325567ac" member_type: VOTER last_known_addr { host: "127.16.130.193" port: 46709 } } peers { permanent_uuid: "0024745be5664f30842005e3c9231da9" member_type: VOTER last_known_addr { host: "127.16.130.195" port: 33959 } }
I20260608 10:00:36.059224 20072 leader_election.cc:290] T eaaad97e86734facbe3f4b52bdf5cfb5 P 9cb78701520e4d1997cc87da388b577b [CANDIDATE]: Term 1 pre-election: Requested pre-vote from peers 6ee6c6aed4394984ab04075d325567ac (127.16.130.193:46709), 0024745be5664f30842005e3c9231da9 (127.16.130.195:33959)
I20260608 10:00:36.059945 19872 tablet_service.cc:1917] Received RequestConsensusVote() RPC: tablet_id: "eaaad97e86734facbe3f4b52bdf5cfb5" candidate_uuid: "9cb78701520e4d1997cc87da388b577b" candidate_term: 1 candidate_status { last_received { term: 0 index: 0 } } ignore_live_leader: false dest_uuid: "6ee6c6aed4394984ab04075d325567ac" is_pre_election: true
I20260608 10:00:36.060299 20022 tablet_service.cc:1917] Received RequestConsensusVote() RPC: tablet_id: "eaaad97e86734facbe3f4b52bdf5cfb5" candidate_uuid: "9cb78701520e4d1997cc87da388b577b" candidate_term: 1 candidate_status { last_received { term: 0 index: 0 } } ignore_live_leader: false dest_uuid: "0024745be5664f30842005e3c9231da9" is_pre_election: true
I20260608 10:00:36.060613 19872 raft_consensus.cc:2468] T eaaad97e86734facbe3f4b52bdf5cfb5 P 6ee6c6aed4394984ab04075d325567ac [term 0 FOLLOWER]: Leader pre-election vote request: Granting yes vote for candidate 9cb78701520e4d1997cc87da388b577b in term 0.
I20260608 10:00:36.060983 20022 raft_consensus.cc:2468] T eaaad97e86734facbe3f4b52bdf5cfb5 P 0024745be5664f30842005e3c9231da9 [term 0 FOLLOWER]: Leader pre-election vote request: Granting yes vote for candidate 9cb78701520e4d1997cc87da388b577b in term 0.
I20260608 10:00:36.061816 19913 leader_election.cc:304] T eaaad97e86734facbe3f4b52bdf5cfb5 P 9cb78701520e4d1997cc87da388b577b [CANDIDATE]: Term 1 pre-election: Election decided. Result: candidate won. Election summary: received 2 responses out of 3 voters: 2 yes votes; 0 no votes. yes voters: 6ee6c6aed4394984ab04075d325567ac, 9cb78701520e4d1997cc87da388b577b; no voters: 
I20260608 10:00:36.062448 20072 raft_consensus.cc:2804] T eaaad97e86734facbe3f4b52bdf5cfb5 P 9cb78701520e4d1997cc87da388b577b [term 0 FOLLOWER]: Leader pre-election won for term 1
I20260608 10:00:36.062733 20072 raft_consensus.cc:493] T eaaad97e86734facbe3f4b52bdf5cfb5 P 9cb78701520e4d1997cc87da388b577b [term 0 FOLLOWER]: Starting leader election (no leader contacted us within the election timeout)
I20260608 10:00:36.063014 20072 raft_consensus.cc:3060] T eaaad97e86734facbe3f4b52bdf5cfb5 P 9cb78701520e4d1997cc87da388b577b [term 0 FOLLOWER]: Advancing to term 1
I20260608 10:00:36.067456 20072 raft_consensus.cc:515] T eaaad97e86734facbe3f4b52bdf5cfb5 P 9cb78701520e4d1997cc87da388b577b [term 1 FOLLOWER]: Starting leader election with config: opid_index: -1 OBSOLETE_local: false peers { permanent_uuid: "9cb78701520e4d1997cc87da388b577b" member_type: VOTER last_known_addr { host: "127.16.130.194" port: 42065 } } peers { permanent_uuid: "6ee6c6aed4394984ab04075d325567ac" member_type: VOTER last_known_addr { host: "127.16.130.193" port: 46709 } } peers { permanent_uuid: "0024745be5664f30842005e3c9231da9" member_type: VOTER last_known_addr { host: "127.16.130.195" port: 33959 } }
I20260608 10:00:36.069054 20072 leader_election.cc:290] T eaaad97e86734facbe3f4b52bdf5cfb5 P 9cb78701520e4d1997cc87da388b577b [CANDIDATE]: Term 1 election: Requested vote from peers 6ee6c6aed4394984ab04075d325567ac (127.16.130.193:46709), 0024745be5664f30842005e3c9231da9 (127.16.130.195:33959)
I20260608 10:00:36.069732 19872 tablet_service.cc:1917] Received RequestConsensusVote() RPC: tablet_id: "eaaad97e86734facbe3f4b52bdf5cfb5" candidate_uuid: "9cb78701520e4d1997cc87da388b577b" candidate_term: 1 candidate_status { last_received { term: 0 index: 0 } } ignore_live_leader: false dest_uuid: "6ee6c6aed4394984ab04075d325567ac"
I20260608 10:00:36.070254 19872 raft_consensus.cc:3060] T eaaad97e86734facbe3f4b52bdf5cfb5 P 6ee6c6aed4394984ab04075d325567ac [term 0 FOLLOWER]: Advancing to term 1
I20260608 10:00:36.070201 20022 tablet_service.cc:1917] Received RequestConsensusVote() RPC: tablet_id: "eaaad97e86734facbe3f4b52bdf5cfb5" candidate_uuid: "9cb78701520e4d1997cc87da388b577b" candidate_term: 1 candidate_status { last_received { term: 0 index: 0 } } ignore_live_leader: false dest_uuid: "0024745be5664f30842005e3c9231da9"
I20260608 10:00:36.070806 20022 raft_consensus.cc:3060] T eaaad97e86734facbe3f4b52bdf5cfb5 P 0024745be5664f30842005e3c9231da9 [term 0 FOLLOWER]: Advancing to term 1
I20260608 10:00:36.074652 19872 raft_consensus.cc:2468] T eaaad97e86734facbe3f4b52bdf5cfb5 P 6ee6c6aed4394984ab04075d325567ac [term 1 FOLLOWER]: Leader election vote request: Granting yes vote for candidate 9cb78701520e4d1997cc87da388b577b in term 1.
I20260608 10:00:36.075121 20022 raft_consensus.cc:2468] T eaaad97e86734facbe3f4b52bdf5cfb5 P 0024745be5664f30842005e3c9231da9 [term 1 FOLLOWER]: Leader election vote request: Granting yes vote for candidate 9cb78701520e4d1997cc87da388b577b in term 1.
I20260608 10:00:36.075676 19913 leader_election.cc:304] T eaaad97e86734facbe3f4b52bdf5cfb5 P 9cb78701520e4d1997cc87da388b577b [CANDIDATE]: Term 1 election: Election decided. Result: candidate won. Election summary: received 2 responses out of 3 voters: 2 yes votes; 0 no votes. yes voters: 6ee6c6aed4394984ab04075d325567ac, 9cb78701520e4d1997cc87da388b577b; no voters: 
I20260608 10:00:36.076470 20072 raft_consensus.cc:2804] T eaaad97e86734facbe3f4b52bdf5cfb5 P 9cb78701520e4d1997cc87da388b577b [term 1 FOLLOWER]: Leader election won for term 1
I20260608 10:00:36.076886 20072 raft_consensus.cc:697] T eaaad97e86734facbe3f4b52bdf5cfb5 P 9cb78701520e4d1997cc87da388b577b [term 1 LEADER]: Becoming Leader. State: Replica: 9cb78701520e4d1997cc87da388b577b, State: Running, Role: LEADER
I20260608 10:00:36.077503 20072 consensus_queue.cc:237] T eaaad97e86734facbe3f4b52bdf5cfb5 P 9cb78701520e4d1997cc87da388b577b [LEADER]: Queue going to LEADER mode. State: All replicated index: 0, Majority replicated index: 0, Committed index: 0, Last appended: 0.0, Last appended by leader: 0, Current term: 1, Majority size: 2, State: 0, Mode: LEADER, active raft config: opid_index: -1 OBSOLETE_local: false peers { permanent_uuid: "9cb78701520e4d1997cc87da388b577b" member_type: VOTER last_known_addr { host: "127.16.130.194" port: 42065 } } peers { permanent_uuid: "6ee6c6aed4394984ab04075d325567ac" member_type: VOTER last_known_addr { host: "127.16.130.193" port: 46709 } } peers { permanent_uuid: "0024745be5664f30842005e3c9231da9" member_type: VOTER last_known_addr { host: "127.16.130.195" port: 33959 } }
I20260608 10:00:36.084550 19769 catalog_manager.cc:5696] T eaaad97e86734facbe3f4b52bdf5cfb5 P 9cb78701520e4d1997cc87da388b577b reported cstate change: term changed from 0 to 1, leader changed from <none> to 9cb78701520e4d1997cc87da388b577b (127.16.130.194). New cstate: current_term: 1 leader_uuid: "9cb78701520e4d1997cc87da388b577b" committed_config { opid_index: -1 OBSOLETE_local: false peers { permanent_uuid: "9cb78701520e4d1997cc87da388b577b" member_type: VOTER last_known_addr { host: "127.16.130.194" port: 42065 } health_report { overall_health: HEALTHY } } peers { permanent_uuid: "6ee6c6aed4394984ab04075d325567ac" member_type: VOTER last_known_addr { host: "127.16.130.193" port: 46709 } health_report { overall_health: UNKNOWN } } peers { permanent_uuid: "0024745be5664f30842005e3c9231da9" member_type: VOTER last_known_addr { host: "127.16.130.195" port: 33959 } health_report { overall_health: UNKNOWN } } }
I20260608 10:00:36.102954 20081 raft_consensus.cc:493] T 7dbbbee8e5c74a32929bc5ce61624f5a P 6ee6c6aed4394984ab04075d325567ac [term 0 FOLLOWER]: Starting pre-election (no leader contacted us within the election timeout)
I20260608 10:00:36.103452 20081 raft_consensus.cc:515] T 7dbbbee8e5c74a32929bc5ce61624f5a P 6ee6c6aed4394984ab04075d325567ac [term 0 FOLLOWER]: Starting pre-election with config: opid_index: -1 OBSOLETE_local: false peers { permanent_uuid: "9cb78701520e4d1997cc87da388b577b" member_type: VOTER last_known_addr { host: "127.16.130.194" port: 42065 } } peers { permanent_uuid: "6ee6c6aed4394984ab04075d325567ac" member_type: VOTER last_known_addr { host: "127.16.130.193" port: 46709 } } peers { permanent_uuid: "0024745be5664f30842005e3c9231da9" member_type: VOTER last_known_addr { host: "127.16.130.195" port: 33959 } }
I20260608 10:00:36.105329 20081 leader_election.cc:290] T 7dbbbee8e5c74a32929bc5ce61624f5a P 6ee6c6aed4394984ab04075d325567ac [CANDIDATE]: Term 1 pre-election: Requested pre-vote from peers 9cb78701520e4d1997cc87da388b577b (127.16.130.194:42065), 0024745be5664f30842005e3c9231da9 (127.16.130.195:33959)
I20260608 10:00:36.106076 19948 tablet_service.cc:1917] Received RequestConsensusVote() RPC: tablet_id: "7dbbbee8e5c74a32929bc5ce61624f5a" candidate_uuid: "6ee6c6aed4394984ab04075d325567ac" candidate_term: 1 candidate_status { last_received { term: 0 index: 0 } } ignore_live_leader: false dest_uuid: "9cb78701520e4d1997cc87da388b577b" is_pre_election: true
I20260608 10:00:36.106397 20022 tablet_service.cc:1917] Received RequestConsensusVote() RPC: tablet_id: "7dbbbee8e5c74a32929bc5ce61624f5a" candidate_uuid: "6ee6c6aed4394984ab04075d325567ac" candidate_term: 1 candidate_status { last_received { term: 0 index: 0 } } ignore_live_leader: false dest_uuid: "0024745be5664f30842005e3c9231da9" is_pre_election: true
I20260608 10:00:36.106738 19948 raft_consensus.cc:2468] T 7dbbbee8e5c74a32929bc5ce61624f5a P 9cb78701520e4d1997cc87da388b577b [term 0 FOLLOWER]: Leader pre-election vote request: Granting yes vote for candidate 6ee6c6aed4394984ab04075d325567ac in term 0.
I20260608 10:00:36.107046 20022 raft_consensus.cc:2468] T 7dbbbee8e5c74a32929bc5ce61624f5a P 0024745be5664f30842005e3c9231da9 [term 0 FOLLOWER]: Leader pre-election vote request: Granting yes vote for candidate 6ee6c6aed4394984ab04075d325567ac in term 0.
I20260608 10:00:36.107898 19838 leader_election.cc:304] T 7dbbbee8e5c74a32929bc5ce61624f5a P 6ee6c6aed4394984ab04075d325567ac [CANDIDATE]: Term 1 pre-election: Election decided. Result: candidate won. Election summary: received 2 responses out of 3 voters: 2 yes votes; 0 no votes. yes voters: 6ee6c6aed4394984ab04075d325567ac, 9cb78701520e4d1997cc87da388b577b; no voters: 
I20260608 10:00:36.108542 20081 raft_consensus.cc:2804] T 7dbbbee8e5c74a32929bc5ce61624f5a P 6ee6c6aed4394984ab04075d325567ac [term 0 FOLLOWER]: Leader pre-election won for term 1
I20260608 10:00:36.108872 20081 raft_consensus.cc:493] T 7dbbbee8e5c74a32929bc5ce61624f5a P 6ee6c6aed4394984ab04075d325567ac [term 0 FOLLOWER]: Starting leader election (no leader contacted us within the election timeout)
I20260608 10:00:36.109148 20081 raft_consensus.cc:3060] T 7dbbbee8e5c74a32929bc5ce61624f5a P 6ee6c6aed4394984ab04075d325567ac [term 0 FOLLOWER]: Advancing to term 1
I20260608 10:00:36.113605 20081 raft_consensus.cc:515] T 7dbbbee8e5c74a32929bc5ce61624f5a P 6ee6c6aed4394984ab04075d325567ac [term 1 FOLLOWER]: Starting leader election with config: opid_index: -1 OBSOLETE_local: false peers { permanent_uuid: "9cb78701520e4d1997cc87da388b577b" member_type: VOTER last_known_addr { host: "127.16.130.194" port: 42065 } } peers { permanent_uuid: "6ee6c6aed4394984ab04075d325567ac" member_type: VOTER last_known_addr { host: "127.16.130.193" port: 46709 } } peers { permanent_uuid: "0024745be5664f30842005e3c9231da9" member_type: VOTER last_known_addr { host: "127.16.130.195" port: 33959 } }
I20260608 10:00:36.115165 20081 leader_election.cc:290] T 7dbbbee8e5c74a32929bc5ce61624f5a P 6ee6c6aed4394984ab04075d325567ac [CANDIDATE]: Term 1 election: Requested vote from peers 9cb78701520e4d1997cc87da388b577b (127.16.130.194:42065), 0024745be5664f30842005e3c9231da9 (127.16.130.195:33959)
I20260608 10:00:36.116019 19948 tablet_service.cc:1917] Received RequestConsensusVote() RPC: tablet_id: "7dbbbee8e5c74a32929bc5ce61624f5a" candidate_uuid: "6ee6c6aed4394984ab04075d325567ac" candidate_term: 1 candidate_status { last_received { term: 0 index: 0 } } ignore_live_leader: false dest_uuid: "9cb78701520e4d1997cc87da388b577b"
I20260608 10:00:36.116235 20022 tablet_service.cc:1917] Received RequestConsensusVote() RPC: tablet_id: "7dbbbee8e5c74a32929bc5ce61624f5a" candidate_uuid: "6ee6c6aed4394984ab04075d325567ac" candidate_term: 1 candidate_status { last_received { term: 0 index: 0 } } ignore_live_leader: false dest_uuid: "0024745be5664f30842005e3c9231da9"
I20260608 10:00:36.116513 19948 raft_consensus.cc:3060] T 7dbbbee8e5c74a32929bc5ce61624f5a P 9cb78701520e4d1997cc87da388b577b [term 0 FOLLOWER]: Advancing to term 1
I20260608 10:00:36.116827 20022 raft_consensus.cc:3060] T 7dbbbee8e5c74a32929bc5ce61624f5a P 0024745be5664f30842005e3c9231da9 [term 0 FOLLOWER]: Advancing to term 1
I20260608 10:00:36.118314 20073 raft_consensus.cc:493] T 77164be13c4346ca86c61886a05d09ef P 0024745be5664f30842005e3c9231da9 [term 0 FOLLOWER]: Starting pre-election (no leader contacted us within the election timeout)
I20260608 10:00:36.118795 20073 raft_consensus.cc:515] T 77164be13c4346ca86c61886a05d09ef P 0024745be5664f30842005e3c9231da9 [term 0 FOLLOWER]: Starting pre-election with config: opid_index: -1 OBSOLETE_local: false peers { permanent_uuid: "6ee6c6aed4394984ab04075d325567ac" member_type: VOTER last_known_addr { host: "127.16.130.193" port: 46709 } } peers { permanent_uuid: "9cb78701520e4d1997cc87da388b577b" member_type: VOTER last_known_addr { host: "127.16.130.194" port: 42065 } } peers { permanent_uuid: "0024745be5664f30842005e3c9231da9" member_type: VOTER last_known_addr { host: "127.16.130.195" port: 33959 } }
I20260608 10:00:36.120900 20073 leader_election.cc:290] T 77164be13c4346ca86c61886a05d09ef P 0024745be5664f30842005e3c9231da9 [CANDIDATE]: Term 1 pre-election: Requested pre-vote from peers 6ee6c6aed4394984ab04075d325567ac (127.16.130.193:46709), 9cb78701520e4d1997cc87da388b577b (127.16.130.194:42065)
I20260608 10:00:36.122705 19947 tablet_service.cc:1917] Received RequestConsensusVote() RPC: tablet_id: "77164be13c4346ca86c61886a05d09ef" candidate_uuid: "0024745be5664f30842005e3c9231da9" candidate_term: 1 candidate_status { last_received { term: 0 index: 0 } } ignore_live_leader: false dest_uuid: "9cb78701520e4d1997cc87da388b577b" is_pre_election: true
I20260608 10:00:36.122790 19872 tablet_service.cc:1917] Received RequestConsensusVote() RPC: tablet_id: "77164be13c4346ca86c61886a05d09ef" candidate_uuid: "0024745be5664f30842005e3c9231da9" candidate_term: 1 candidate_status { last_received { term: 0 index: 0 } } ignore_live_leader: false dest_uuid: "6ee6c6aed4394984ab04075d325567ac" is_pre_election: true
I20260608 10:00:36.123005 19948 raft_consensus.cc:2468] T 7dbbbee8e5c74a32929bc5ce61624f5a P 9cb78701520e4d1997cc87da388b577b [term 1 FOLLOWER]: Leader election vote request: Granting yes vote for candidate 6ee6c6aed4394984ab04075d325567ac in term 1.
I20260608 10:00:36.123538 19947 raft_consensus.cc:2393] T 77164be13c4346ca86c61886a05d09ef P 9cb78701520e4d1997cc87da388b577b [term 1 FOLLOWER]: Leader pre-election vote request: Denying vote to candidate 0024745be5664f30842005e3c9231da9 in current term 1: Already voted for candidate 6ee6c6aed4394984ab04075d325567ac in this term.
I20260608 10:00:36.124191 19838 leader_election.cc:304] T 7dbbbee8e5c74a32929bc5ce61624f5a P 6ee6c6aed4394984ab04075d325567ac [CANDIDATE]: Term 1 election: Election decided. Result: candidate won. Election summary: received 2 responses out of 3 voters: 2 yes votes; 0 no votes. yes voters: 6ee6c6aed4394984ab04075d325567ac, 9cb78701520e4d1997cc87da388b577b; no voters: 
I20260608 10:00:36.123612 20022 raft_consensus.cc:2468] T 7dbbbee8e5c74a32929bc5ce61624f5a P 0024745be5664f30842005e3c9231da9 [term 1 FOLLOWER]: Leader election vote request: Granting yes vote for candidate 6ee6c6aed4394984ab04075d325567ac in term 1.
I20260608 10:00:36.124992 20081 raft_consensus.cc:2804] T 7dbbbee8e5c74a32929bc5ce61624f5a P 6ee6c6aed4394984ab04075d325567ac [term 1 FOLLOWER]: Leader election won for term 1
I20260608 10:00:36.125105 19987 leader_election.cc:304] T 77164be13c4346ca86c61886a05d09ef P 0024745be5664f30842005e3c9231da9 [CANDIDATE]: Term 1 pre-election: Election decided. Result: candidate lost. Election summary: received 3 responses out of 3 voters: 1 yes votes; 2 no votes. yes voters: 0024745be5664f30842005e3c9231da9; no voters: 6ee6c6aed4394984ab04075d325567ac, 9cb78701520e4d1997cc87da388b577b
I20260608 10:00:36.125617 20081 raft_consensus.cc:697] T 7dbbbee8e5c74a32929bc5ce61624f5a P 6ee6c6aed4394984ab04075d325567ac [term 1 LEADER]: Becoming Leader. State: Replica: 6ee6c6aed4394984ab04075d325567ac, State: Running, Role: LEADER
I20260608 10:00:36.126127 20073 raft_consensus.cc:3060] T 77164be13c4346ca86c61886a05d09ef P 0024745be5664f30842005e3c9231da9 [term 0 FOLLOWER]: Advancing to term 1
I20260608 10:00:36.126390 20081 consensus_queue.cc:237] T 7dbbbee8e5c74a32929bc5ce61624f5a P 6ee6c6aed4394984ab04075d325567ac [LEADER]: Queue going to LEADER mode. State: All replicated index: 0, Majority replicated index: 0, Committed index: 0, Last appended: 0.0, Last appended by leader: 0, Current term: 1, Majority size: 2, State: 0, Mode: LEADER, active raft config: opid_index: -1 OBSOLETE_local: false peers { permanent_uuid: "9cb78701520e4d1997cc87da388b577b" member_type: VOTER last_known_addr { host: "127.16.130.194" port: 42065 } } peers { permanent_uuid: "6ee6c6aed4394984ab04075d325567ac" member_type: VOTER last_known_addr { host: "127.16.130.193" port: 46709 } } peers { permanent_uuid: "0024745be5664f30842005e3c9231da9" member_type: VOTER last_known_addr { host: "127.16.130.195" port: 33959 } }
I20260608 10:00:36.131611 20073 raft_consensus.cc:2749] T 77164be13c4346ca86c61886a05d09ef P 0024745be5664f30842005e3c9231da9 [term 1 FOLLOWER]: Leader pre-election lost for term 1. Reason: could not achieve majority
I20260608 10:00:36.134042 19769 catalog_manager.cc:5696] T 7dbbbee8e5c74a32929bc5ce61624f5a P 6ee6c6aed4394984ab04075d325567ac reported cstate change: term changed from 0 to 1, leader changed from <none> to 6ee6c6aed4394984ab04075d325567ac (127.16.130.193). New cstate: current_term: 1 leader_uuid: "6ee6c6aed4394984ab04075d325567ac" committed_config { opid_index: -1 OBSOLETE_local: false peers { permanent_uuid: "9cb78701520e4d1997cc87da388b577b" member_type: VOTER last_known_addr { host: "127.16.130.194" port: 42065 } health_report { overall_health: UNKNOWN } } peers { permanent_uuid: "6ee6c6aed4394984ab04075d325567ac" member_type: VOTER last_known_addr { host: "127.16.130.193" port: 46709 } health_report { overall_health: HEALTHY } } peers { permanent_uuid: "0024745be5664f30842005e3c9231da9" member_type: VOTER last_known_addr { host: "127.16.130.195" port: 33959 } health_report { overall_health: UNKNOWN } } }
I20260608 10:00:36.266371 20081 raft_consensus.cc:493] T c79126c150d442c0af66d72e9f56b473 P 6ee6c6aed4394984ab04075d325567ac [term 0 FOLLOWER]: Starting pre-election (no leader contacted us within the election timeout)
I20260608 10:00:36.266865 20081 raft_consensus.cc:515] T c79126c150d442c0af66d72e9f56b473 P 6ee6c6aed4394984ab04075d325567ac [term 0 FOLLOWER]: Starting pre-election with config: opid_index: -1 OBSOLETE_local: false peers { permanent_uuid: "9cb78701520e4d1997cc87da388b577b" member_type: VOTER last_known_addr { host: "127.16.130.194" port: 42065 } } peers { permanent_uuid: "6ee6c6aed4394984ab04075d325567ac" member_type: VOTER last_known_addr { host: "127.16.130.193" port: 46709 } } peers { permanent_uuid: "0024745be5664f30842005e3c9231da9" member_type: VOTER last_known_addr { host: "127.16.130.195" port: 33959 } }
I20260608 10:00:36.268838 20081 leader_election.cc:290] T c79126c150d442c0af66d72e9f56b473 P 6ee6c6aed4394984ab04075d325567ac [CANDIDATE]: Term 1 pre-election: Requested pre-vote from peers 9cb78701520e4d1997cc87da388b577b (127.16.130.194:42065), 0024745be5664f30842005e3c9231da9 (127.16.130.195:33959)
I20260608 10:00:36.269693 19947 tablet_service.cc:1917] Received RequestConsensusVote() RPC: tablet_id: "c79126c150d442c0af66d72e9f56b473" candidate_uuid: "6ee6c6aed4394984ab04075d325567ac" candidate_term: 1 candidate_status { last_received { term: 0 index: 0 } } ignore_live_leader: false dest_uuid: "9cb78701520e4d1997cc87da388b577b" is_pre_election: true
I20260608 10:00:36.269817 20022 tablet_service.cc:1917] Received RequestConsensusVote() RPC: tablet_id: "c79126c150d442c0af66d72e9f56b473" candidate_uuid: "6ee6c6aed4394984ab04075d325567ac" candidate_term: 1 candidate_status { last_received { term: 0 index: 0 } } ignore_live_leader: false dest_uuid: "0024745be5664f30842005e3c9231da9" is_pre_election: true
I20260608 10:00:36.270361 19947 raft_consensus.cc:2393] T c79126c150d442c0af66d72e9f56b473 P 9cb78701520e4d1997cc87da388b577b [term 1 FOLLOWER]: Leader pre-election vote request: Denying vote to candidate 6ee6c6aed4394984ab04075d325567ac in current term 1: Already voted for candidate 0024745be5664f30842005e3c9231da9 in this term.
I20260608 10:00:36.271251 19838 leader_election.cc:304] T c79126c150d442c0af66d72e9f56b473 P 6ee6c6aed4394984ab04075d325567ac [CANDIDATE]: Term 1 pre-election: Election decided. Result: candidate lost. Election summary: received 3 responses out of 3 voters: 1 yes votes; 2 no votes. yes voters: 6ee6c6aed4394984ab04075d325567ac; no voters: 0024745be5664f30842005e3c9231da9, 9cb78701520e4d1997cc87da388b577b
I20260608 10:00:36.271859 20081 raft_consensus.cc:3060] T c79126c150d442c0af66d72e9f56b473 P 6ee6c6aed4394984ab04075d325567ac [term 0 FOLLOWER]: Advancing to term 1
I20260608 10:00:36.276201 20081 raft_consensus.cc:2749] T c79126c150d442c0af66d72e9f56b473 P 6ee6c6aed4394984ab04075d325567ac [term 1 FOLLOWER]: Leader pre-election lost for term 1. Reason: could not achieve majority
I20260608 10:00:36.283318 20081 consensus_queue.cc:1048] T 77164be13c4346ca86c61886a05d09ef P 6ee6c6aed4394984ab04075d325567ac [LEADER]: Connected to new peer: Peer: permanent_uuid: "0024745be5664f30842005e3c9231da9" member_type: VOTER last_known_addr { host: "127.16.130.195" port: 33959 }, Status: LMP_MISMATCH, Last received: 0.0, Next index: 1, Last known committed idx: 0, Time since last communication: 0.000s
I20260608 10:00:36.292810 20072 consensus_queue.cc:1048] T d5a51ebd3b4340f785e159e677d12fb3 P 9cb78701520e4d1997cc87da388b577b [LEADER]: Connected to new peer: Peer: permanent_uuid: "6ee6c6aed4394984ab04075d325567ac" member_type: VOTER last_known_addr { host: "127.16.130.193" port: 46709 }, Status: LMP_MISMATCH, Last received: 0.0, Next index: 1, Last known committed idx: 0, Time since last communication: 0.000s
I20260608 10:00:36.301792 16907 file_cache.cc:492] Constructed file cache file cache with capacity 419430
I20260608 10:00:36.303411 20098 consensus_queue.cc:1048] T 77164be13c4346ca86c61886a05d09ef P 6ee6c6aed4394984ab04075d325567ac [LEADER]: Connected to new peer: Peer: permanent_uuid: "9cb78701520e4d1997cc87da388b577b" member_type: VOTER last_known_addr { host: "127.16.130.194" port: 42065 }, Status: LMP_MISMATCH, Last received: 0.0, Next index: 1, Last known committed idx: 0, Time since last communication: 0.001s
I20260608 10:00:36.305186 20073 consensus_queue.cc:1048] T c79126c150d442c0af66d72e9f56b473 P 0024745be5664f30842005e3c9231da9 [LEADER]: Connected to new peer: Peer: permanent_uuid: "6ee6c6aed4394984ab04075d325567ac" member_type: VOTER last_known_addr { host: "127.16.130.193" port: 46709 }, Status: LMP_MISMATCH, Last received: 0.0, Next index: 1, Last known committed idx: 0, Time since last communication: 0.000s
