I20260608 09:58:52.099179  9274 tablet_replica.cc:333] T 00000000000000000000000000000000 P 1018755297764443ac8abdb25d724c53: stopping tablet replica
I20260608 09:58:52.119321  9274 master.cc:584] Master@127.9.14.190:36327 shutdown complete.
W20260608 09:58:53.083415 10673 heartbeater.cc:646] Failed to heartbeat to 127.9.14.190:36327 (0 consecutive failures): Network error: Failed to send heartbeat to master: Client connection negotiation failed: client connection to 127.9.14.190:36327: connect: Connection refused (error 111)
I20260608 09:58:53.577200 10891 raft_consensus.cc:493] T 00000000000000000000000000000000 P a4fbd840e8e44eedb4f3de96ba8a84ad [term 1 FOLLOWER]: Starting pre-election (detected failure of leader 1018755297764443ac8abdb25d724c53)
I20260608 09:58:53.577733 10891 raft_consensus.cc:515] T 00000000000000000000000000000000 P a4fbd840e8e44eedb4f3de96ba8a84ad [term 1 FOLLOWER]: Starting pre-election with config: opid_index: -1 OBSOLETE_local: false peers { permanent_uuid: "1018755297764443ac8abdb25d724c53" member_type: VOTER last_known_addr { host: "127.9.14.190" port: 36327 } } peers { permanent_uuid: "a4fbd840e8e44eedb4f3de96ba8a84ad" member_type: VOTER last_known_addr { host: "127.9.14.189" port: 45121 } } peers { permanent_uuid: "40b01359d733406eb9eb64d0cc2dbc18" member_type: VOTER last_known_addr { host: "127.9.14.188" port: 43123 } }
I20260608 09:58:53.579439 10891 leader_election.cc:290] T 00000000000000000000000000000000 P a4fbd840e8e44eedb4f3de96ba8a84ad [CANDIDATE]: Term 2 pre-election: Requested pre-vote from peers 1018755297764443ac8abdb25d724c53 (127.9.14.190:36327), 40b01359d733406eb9eb64d0cc2dbc18 (127.9.14.188:43123)
I20260608 09:58:53.580559 10517 tablet_service.cc:1917] Received RequestConsensusVote() RPC: tablet_id: "00000000000000000000000000000000" candidate_uuid: "a4fbd840e8e44eedb4f3de96ba8a84ad" candidate_term: 2 candidate_status { last_received { term: 1 index: 10 } } ignore_live_leader: false dest_uuid: "40b01359d733406eb9eb64d0cc2dbc18" is_pre_election: true
I20260608 09:58:53.583684 10894 raft_consensus.cc:493] T 00000000000000000000000000000000 P 40b01359d733406eb9eb64d0cc2dbc18 [term 1 FOLLOWER]: Starting pre-election (detected failure of leader 1018755297764443ac8abdb25d724c53)
I20260608 09:58:53.584197 10894 raft_consensus.cc:515] T 00000000000000000000000000000000 P 40b01359d733406eb9eb64d0cc2dbc18 [term 1 FOLLOWER]: Starting pre-election with config: opid_index: -1 OBSOLETE_local: false peers { permanent_uuid: "1018755297764443ac8abdb25d724c53" member_type: VOTER last_known_addr { host: "127.9.14.190" port: 36327 } } peers { permanent_uuid: "a4fbd840e8e44eedb4f3de96ba8a84ad" member_type: VOTER last_known_addr { host: "127.9.14.189" port: 45121 } } peers { permanent_uuid: "40b01359d733406eb9eb64d0cc2dbc18" member_type: VOTER last_known_addr { host: "127.9.14.188" port: 43123 } }
W20260608 09:58:53.585009 10427 leader_election.cc:336] T 00000000000000000000000000000000 P a4fbd840e8e44eedb4f3de96ba8a84ad [CANDIDATE]: Term 2 pre-election: RPC error from VoteRequest() call to peer 1018755297764443ac8abdb25d724c53 (127.9.14.190:36327): Network error: Client connection negotiation failed: client connection to 127.9.14.190:36327: connect: Connection refused (error 111)
I20260608 09:58:53.585526 10427 leader_election.cc:304] T 00000000000000000000000000000000 P a4fbd840e8e44eedb4f3de96ba8a84ad [CANDIDATE]: Term 2 pre-election: Election decided. Result: candidate lost. Election summary: received 3 responses out of 3 voters: 1 yes votes; 2 no votes. yes voters: a4fbd840e8e44eedb4f3de96ba8a84ad; no voters: 1018755297764443ac8abdb25d724c53, 40b01359d733406eb9eb64d0cc2dbc18
I20260608 09:58:53.586371 10891 raft_consensus.cc:2749] T 00000000000000000000000000000000 P a4fbd840e8e44eedb4f3de96ba8a84ad [term 1 FOLLOWER]: Leader pre-election lost for term 2. Reason: could not achieve majority
I20260608 09:58:53.586369 10894 leader_election.cc:290] T 00000000000000000000000000000000 P 40b01359d733406eb9eb64d0cc2dbc18 [CANDIDATE]: Term 2 pre-election: Requested pre-vote from peers 1018755297764443ac8abdb25d724c53 (127.9.14.190:36327), a4fbd840e8e44eedb4f3de96ba8a84ad (127.9.14.189:45121)
I20260608 09:58:53.587517 10451 tablet_service.cc:1917] Received RequestConsensusVote() RPC: tablet_id: "00000000000000000000000000000000" candidate_uuid: "40b01359d733406eb9eb64d0cc2dbc18" candidate_term: 2 candidate_status { last_received { term: 1 index: 10 } } ignore_live_leader: false dest_uuid: "a4fbd840e8e44eedb4f3de96ba8a84ad" is_pre_election: true
I20260608 09:58:53.588063 10451 raft_consensus.cc:2468] T 00000000000000000000000000000000 P a4fbd840e8e44eedb4f3de96ba8a84ad [term 1 FOLLOWER]: Leader pre-election vote request: Granting yes vote for candidate 40b01359d733406eb9eb64d0cc2dbc18 in term 1.
I20260608 09:58:53.589214 10492 leader_election.cc:304] T 00000000000000000000000000000000 P 40b01359d733406eb9eb64d0cc2dbc18 [CANDIDATE]: Term 2 pre-election: Election decided. Result: candidate won. Election summary: received 2 responses out of 3 voters: 2 yes votes; 0 no votes. yes voters: 40b01359d733406eb9eb64d0cc2dbc18, a4fbd840e8e44eedb4f3de96ba8a84ad; no voters: 
I20260608 09:58:53.589934 10894 raft_consensus.cc:2804] T 00000000000000000000000000000000 P 40b01359d733406eb9eb64d0cc2dbc18 [term 1 FOLLOWER]: Leader pre-election won for term 2
I20260608 09:58:53.590245 10894 raft_consensus.cc:493] T 00000000000000000000000000000000 P 40b01359d733406eb9eb64d0cc2dbc18 [term 1 FOLLOWER]: Starting leader election (detected failure of leader 1018755297764443ac8abdb25d724c53)
I20260608 09:58:53.590607 10894 raft_consensus.cc:3060] T 00000000000000000000000000000000 P 40b01359d733406eb9eb64d0cc2dbc18 [term 1 FOLLOWER]: Advancing to term 2
W20260608 09:58:53.591688 10493 leader_election.cc:336] T 00000000000000000000000000000000 P 40b01359d733406eb9eb64d0cc2dbc18 [CANDIDATE]: Term 2 pre-election: RPC error from VoteRequest() call to peer 1018755297764443ac8abdb25d724c53 (127.9.14.190:36327): Network error: Client connection negotiation failed: client connection to 127.9.14.190:36327: connect: Connection refused (error 111)
I20260608 09:58:53.595422 10894 raft_consensus.cc:515] T 00000000000000000000000000000000 P 40b01359d733406eb9eb64d0cc2dbc18 [term 2 FOLLOWER]: Starting leader election with config: opid_index: -1 OBSOLETE_local: false peers { permanent_uuid: "1018755297764443ac8abdb25d724c53" member_type: VOTER last_known_addr { host: "127.9.14.190" port: 36327 } } peers { permanent_uuid: "a4fbd840e8e44eedb4f3de96ba8a84ad" member_type: VOTER last_known_addr { host: "127.9.14.189" port: 45121 } } peers { permanent_uuid: "40b01359d733406eb9eb64d0cc2dbc18" member_type: VOTER last_known_addr { host: "127.9.14.188" port: 43123 } }
I20260608 09:58:53.597122 10894 leader_election.cc:290] T 00000000000000000000000000000000 P 40b01359d733406eb9eb64d0cc2dbc18 [CANDIDATE]: Term 2 election: Requested vote from peers 1018755297764443ac8abdb25d724c53 (127.9.14.190:36327), a4fbd840e8e44eedb4f3de96ba8a84ad (127.9.14.189:45121)
I20260608 09:58:53.598203 10451 tablet_service.cc:1917] Received RequestConsensusVote() RPC: tablet_id: "00000000000000000000000000000000" candidate_uuid: "40b01359d733406eb9eb64d0cc2dbc18" candidate_term: 2 candidate_status { last_received { term: 1 index: 10 } } ignore_live_leader: false dest_uuid: "a4fbd840e8e44eedb4f3de96ba8a84ad"
I20260608 09:58:53.598670 10451 raft_consensus.cc:3060] T 00000000000000000000000000000000 P a4fbd840e8e44eedb4f3de96ba8a84ad [term 1 FOLLOWER]: Advancing to term 2
W20260608 09:58:53.600488 10493 leader_election.cc:336] T 00000000000000000000000000000000 P 40b01359d733406eb9eb64d0cc2dbc18 [CANDIDATE]: Term 2 election: RPC error from VoteRequest() call to peer 1018755297764443ac8abdb25d724c53 (127.9.14.190:36327): Network error: Client connection negotiation failed: client connection to 127.9.14.190:36327: connect: Connection refused (error 111)
I20260608 09:58:53.603442 10451 raft_consensus.cc:2468] T 00000000000000000000000000000000 P a4fbd840e8e44eedb4f3de96ba8a84ad [term 2 FOLLOWER]: Leader election vote request: Granting yes vote for candidate 40b01359d733406eb9eb64d0cc2dbc18 in term 2.
I20260608 09:58:53.604326 10492 leader_election.cc:304] T 00000000000000000000000000000000 P 40b01359d733406eb9eb64d0cc2dbc18 [CANDIDATE]: Term 2 election: Election decided. Result: candidate won. Election summary: received 3 responses out of 3 voters: 2 yes votes; 1 no votes. yes voters: 40b01359d733406eb9eb64d0cc2dbc18, a4fbd840e8e44eedb4f3de96ba8a84ad; no voters: 1018755297764443ac8abdb25d724c53
I20260608 09:58:53.605034 10894 raft_consensus.cc:2804] T 00000000000000000000000000000000 P 40b01359d733406eb9eb64d0cc2dbc18 [term 2 FOLLOWER]: Leader election won for term 2
I20260608 09:58:53.605865 10894 raft_consensus.cc:697] T 00000000000000000000000000000000 P 40b01359d733406eb9eb64d0cc2dbc18 [term 2 LEADER]: Becoming Leader. State: Replica: 40b01359d733406eb9eb64d0cc2dbc18, State: Running, Role: LEADER
I20260608 09:58:53.606521 10894 consensus_queue.cc:237] T 00000000000000000000000000000000 P 40b01359d733406eb9eb64d0cc2dbc18 [LEADER]: Queue going to LEADER mode. State: All replicated index: 0, Majority replicated index: 10, Committed index: 10, Last appended: 1.10, Last appended by leader: 10, Current term: 2, Majority size: 2, State: 0, Mode: LEADER, active raft config: opid_index: -1 OBSOLETE_local: false peers { permanent_uuid: "1018755297764443ac8abdb25d724c53" member_type: VOTER last_known_addr { host: "127.9.14.190" port: 36327 } } peers { permanent_uuid: "a4fbd840e8e44eedb4f3de96ba8a84ad" member_type: VOTER last_known_addr { host: "127.9.14.189" port: 45121 } } peers { permanent_uuid: "40b01359d733406eb9eb64d0cc2dbc18" member_type: VOTER last_known_addr { host: "127.9.14.188" port: 43123 } }
I20260608 09:58:53.610987 10897 sys_catalog.cc:455] T 00000000000000000000000000000000 P 40b01359d733406eb9eb64d0cc2dbc18 [sys.catalog]: SysCatalogTable state changed. Reason: New leader 40b01359d733406eb9eb64d0cc2dbc18. Latest consensus state: current_term: 2 leader_uuid: "40b01359d733406eb9eb64d0cc2dbc18" committed_config { opid_index: -1 OBSOLETE_local: false peers { permanent_uuid: "1018755297764443ac8abdb25d724c53" member_type: VOTER last_known_addr { host: "127.9.14.190" port: 36327 } } peers { permanent_uuid: "a4fbd840e8e44eedb4f3de96ba8a84ad" member_type: VOTER last_known_addr { host: "127.9.14.189" port: 45121 } } peers { permanent_uuid: "40b01359d733406eb9eb64d0cc2dbc18" member_type: VOTER last_known_addr { host: "127.9.14.188" port: 43123 } } }
I20260608 09:58:53.611503 10897 sys_catalog.cc:458] T 00000000000000000000000000000000 P 40b01359d733406eb9eb64d0cc2dbc18 [sys.catalog]: This master's current role is: LEADER
I20260608 09:58:53.612829 10899 catalog_manager.cc:1510] Loading table and tablet metadata into memory...
I20260608 09:58:53.618196 10899 catalog_manager.cc:679] Loaded metadata for table test-workload [id=92d48b772a184b90b1bd8dad5e610efa]
I20260608 09:58:53.622891 10899 tablet_loader.cc:96] loaded metadata for tablet 8fa9f6fdb23b4da7b51586322c068f65 (table test-workload [id=92d48b772a184b90b1bd8dad5e610efa])
I20260608 09:58:53.623867 10899 tablet_loader.cc:96] loaded metadata for tablet c0dbfaaeec414180a8a0dd31be05ad06 (table test-workload [id=92d48b772a184b90b1bd8dad5e610efa])
I20260608 09:58:53.624821 10899 tablet_loader.cc:96] loaded metadata for tablet eb66439a4da141a1ad183c14f6c06df3 (table test-workload [id=92d48b772a184b90b1bd8dad5e610efa])
I20260608 09:58:53.625734 10899 catalog_manager.cc:1519] Initializing Kudu cluster ID...
I20260608 09:58:53.628779 10899 catalog_manager.cc:1294] Loaded cluster ID: 208a35123ab341fd8b1c7a56639ed3c4
I20260608 09:58:53.628988 10899 catalog_manager.cc:1530] Initializing Kudu internal certificate authority...
I20260608 09:58:53.632392 10899 catalog_manager.cc:1539] Loading token signing keys...
I20260608 09:58:53.635247 10899 catalog_manager.cc:6080] T 00000000000000000000000000000000 P 40b01359d733406eb9eb64d0cc2dbc18: Loaded TSK: 0
I20260608 09:58:53.636065 10899 catalog_manager.cc:1549] Initializing in-progress tserver states...
W20260608 09:58:53.728734 10825 debug-util.cc:398] Leaking SignalData structure 0x7b080009dde0 after lost signal to thread 9277
W20260608 09:58:53.729598 10825 debug-util.cc:398] Leaking SignalData structure 0x7b08000a74c0 after lost signal to thread 10476
W20260608 09:58:53.730320 10825 debug-util.cc:398] Leaking SignalData structure 0x7b08000a7b80 after lost signal to thread 10542
W20260608 09:58:53.731261 10825 debug-util.cc:398] Leaking SignalData structure 0x7b0800049be0 after lost signal to thread 10670
W20260608 09:58:53.732048 10825 debug-util.cc:398] Leaking SignalData structure 0x7b08001e8b60 after lost signal to thread 10749
W20260608 09:58:53.732906 10825 debug-util.cc:398] Leaking SignalData structure 0x7b0800112a40 after lost signal to thread 10828
I20260608 09:58:53.797638 10579 auto_leader_rebalancer.cc:140] leader rebalance for table test-workload
I20260608 09:58:53.797989 10579 auto_leader_rebalancer.cc:451] All tables' leader rebalancing finished this round
I20260608 09:58:53.910305  9274 tablet_server.cc:179] TabletServer@127.9.14.129:0 shutting down...
I20260608 09:58:53.931878  9274 ts_tablet_manager.cc:1507] Shutting down tablet manager...
I20260608 09:58:53.932485  9274 tablet_replica.cc:333] T eb66439a4da141a1ad183c14f6c06df3 P aeec19d287714179816c06d1581cc954: stopping tablet replica
I20260608 09:58:53.933082  9274 raft_consensus.cc:2243] T eb66439a4da141a1ad183c14f6c06df3 P aeec19d287714179816c06d1581cc954 [term 1 LEADER]: Raft consensus shutting down.
I20260608 09:58:53.933502  9274 raft_consensus.cc:2272] T eb66439a4da141a1ad183c14f6c06df3 P aeec19d287714179816c06d1581cc954 [term 1 FOLLOWER]: Raft consensus is shut down!
I20260608 09:58:53.951102  9274 tablet_server.cc:196] TabletServer@127.9.14.129:0 shutdown complete.
I20260608 09:58:53.959276  9274 tablet_server.cc:179] TabletServer@127.9.14.130:0 shutting down...
I20260608 09:58:53.982107  9274 ts_tablet_manager.cc:1507] Shutting down tablet manager...
I20260608 09:58:53.982820  9274 tablet_replica.cc:333] T 8fa9f6fdb23b4da7b51586322c068f65 P e5aedcd620fb436689d4c2af11c97630: stopping tablet replica
I20260608 09:58:53.983453  9274 raft_consensus.cc:2243] T 8fa9f6fdb23b4da7b51586322c068f65 P e5aedcd620fb436689d4c2af11c97630 [term 1 LEADER]: Raft consensus shutting down.
I20260608 09:58:53.983982  9274 raft_consensus.cc:2272] T 8fa9f6fdb23b4da7b51586322c068f65 P e5aedcd620fb436689d4c2af11c97630 [term 1 FOLLOWER]: Raft consensus is shut down!
I20260608 09:58:54.002857  9274 tablet_server.cc:196] TabletServer@127.9.14.130:0 shutdown complete.
I20260608 09:58:54.011233  9274 tablet_server.cc:179] TabletServer@127.9.14.131:0 shutting down...
I20260608 09:58:54.031440  9274 ts_tablet_manager.cc:1507] Shutting down tablet manager...
I20260608 09:58:54.032008  9274 tablet_replica.cc:333] T c0dbfaaeec414180a8a0dd31be05ad06 P 962cd772603248fb90c9bc6ac037a697: stopping tablet replica
I20260608 09:58:54.032503  9274 raft_consensus.cc:2243] T c0dbfaaeec414180a8a0dd31be05ad06 P 962cd772603248fb90c9bc6ac037a697 [term 1 LEADER]: Raft consensus shutting down.
I20260608 09:58:54.032958  9274 raft_consensus.cc:2272] T c0dbfaaeec414180a8a0dd31be05ad06 P 962cd772603248fb90c9bc6ac037a697 [term 1 FOLLOWER]: Raft consensus is shut down!
I20260608 09:58:54.044484 10451 raft_consensus.cc:1275] T 00000000000000000000000000000000 P a4fbd840e8e44eedb4f3de96ba8a84ad [term 2 FOLLOWER]: Refusing update from remote peer 40b01359d733406eb9eb64d0cc2dbc18: Log matching property violated. Preceding OpId in replica: term: 1 index: 10. Preceding OpId from leader: term: 2 index: 11. (index mismatch)
I20260608 09:58:54.045876 10897 consensus_queue.cc:1048] T 00000000000000000000000000000000 P 40b01359d733406eb9eb64d0cc2dbc18 [LEADER]: Connected to new peer: Peer: permanent_uuid: "a4fbd840e8e44eedb4f3de96ba8a84ad" member_type: VOTER last_known_addr { host: "127.9.14.189" port: 45121 }, Status: LMP_MISMATCH, Last received: 0.0, Next index: 11, Last known committed idx: 10, Time since last communication: 0.000s
I20260608 09:58:54.050457 10891 sys_catalog.cc:455] T 00000000000000000000000000000000 P a4fbd840e8e44eedb4f3de96ba8a84ad [sys.catalog]: SysCatalogTable state changed. Reason: New leader 40b01359d733406eb9eb64d0cc2dbc18. Latest consensus state: current_term: 2 leader_uuid: "40b01359d733406eb9eb64d0cc2dbc18" committed_config { opid_index: -1 OBSOLETE_local: false peers { permanent_uuid: "1018755297764443ac8abdb25d724c53" member_type: VOTER last_known_addr { host: "127.9.14.190" port: 36327 } } peers { permanent_uuid: "a4fbd840e8e44eedb4f3de96ba8a84ad" member_type: VOTER last_known_addr { host: "127.9.14.189" port: 45121 } } peers { permanent_uuid: "40b01359d733406eb9eb64d0cc2dbc18" member_type: VOTER last_known_addr { host: "127.9.14.188" port: 43123 } } }
I20260608 09:58:54.051146 10891 sys_catalog.cc:458] T 00000000000000000000000000000000 P a4fbd840e8e44eedb4f3de96ba8a84ad [sys.catalog]: This master's current role is: FOLLOWER
I20260608 09:58:54.054049 10894 sys_catalog.cc:455] T 00000000000000000000000000000000 P 40b01359d733406eb9eb64d0cc2dbc18 [sys.catalog]: SysCatalogTable state changed. Reason: Peer health change. Latest consensus state: current_term: 2 leader_uuid: "40b01359d733406eb9eb64d0cc2dbc18" committed_config { opid_index: -1 OBSOLETE_local: false peers { permanent_uuid: "1018755297764443ac8abdb25d724c53" member_type: VOTER last_known_addr { host: "127.9.14.190" port: 36327 } } peers { permanent_uuid: "a4fbd840e8e44eedb4f3de96ba8a84ad" member_type: VOTER last_known_addr { host: "127.9.14.189" port: 45121 } } peers { permanent_uuid: "40b01359d733406eb9eb64d0cc2dbc18" member_type: VOTER last_known_addr { host: "127.9.14.188" port: 43123 } } }
I20260608 09:58:54.054741 10894 sys_catalog.cc:458] T 00000000000000000000000000000000 P 40b01359d733406eb9eb64d0cc2dbc18 [sys.catalog]: This master's current role is: LEADER
W20260608 09:58:54.057236 10493 proxy.cc:239] Call had error, refreshing address and retrying: Network error: Client connection negotiation failed: client connection to 127.9.14.190:36327: connect: Connection refused (error 111) [suppressed 10 similar messages]
W20260608 09:58:54.060750 10493 consensus_peers.cc:597] T 00000000000000000000000000000000 P 40b01359d733406eb9eb64d0cc2dbc18 -> Peer 1018755297764443ac8abdb25d724c53 (127.9.14.190:36327): Couldn't send request to peer 1018755297764443ac8abdb25d724c53. Status: Network error: Client connection negotiation failed: client connection to 127.9.14.190:36327: connect: Connection refused (error 111). This is attempt 1: this message will repeat every 5th retry.
I20260608 09:58:54.063300 10891 sys_catalog.cc:455] T 00000000000000000000000000000000 P a4fbd840e8e44eedb4f3de96ba8a84ad [sys.catalog]: SysCatalogTable state changed. Reason: Replicated consensus-only round. Latest consensus state: current_term: 2 leader_uuid: "40b01359d733406eb9eb64d0cc2dbc18" committed_config { opid_index: -1 OBSOLETE_local: false peers { permanent_uuid: "1018755297764443ac8abdb25d724c53" member_type: VOTER last_known_addr { host: "127.9.14.190" port: 36327 } } peers { permanent_uuid: "a4fbd840e8e44eedb4f3de96ba8a84ad" member_type: VOTER last_known_addr { host: "127.9.14.189" port: 45121 } } peers { permanent_uuid: "40b01359d733406eb9eb64d0cc2dbc18" member_type: VOTER last_known_addr { host: "127.9.14.188" port: 43123 } } }
I20260608 09:58:54.063966 10891 sys_catalog.cc:458] T 00000000000000000000000000000000 P a4fbd840e8e44eedb4f3de96ba8a84ad [sys.catalog]: This master's current role is: FOLLOWER
W20260608 09:58:55.049120  9274 thread.cc:527] Waited for 1000ms trying to join with diag-logger (tid 10825)
I20260608 09:58:55.798897 10579 auto_leader_rebalancer.cc:140] leader rebalance for table test-workload
I20260608 09:58:55.799234 10579 auto_leader_rebalancer.cc:451] All tables' leader rebalancing finished this round
I20260608 09:58:55.929582  9274 tablet_server.cc:196] TabletServer@127.9.14.131:0 shutdown complete.
I20260608 09:58:55.961642  9274 master.cc:562] Master@127.9.14.189:45121 shutting down...
I20260608 09:58:55.979804  9274 raft_consensus.cc:2243] T 00000000000000000000000000000000 P a4fbd840e8e44eedb4f3de96ba8a84ad [term 2 FOLLOWER]: Raft consensus shutting down.
I20260608 09:58:55.981158  9274 raft_consensus.cc:2272] T 00000000000000000000000000000000 P a4fbd840e8e44eedb4f3de96ba8a84ad [term 2 FOLLOWER]: Raft consensus is shut down!
I20260608 09:58:55.981510  9274 tablet_replica.cc:333] T 00000000000000000000000000000000 P a4fbd840e8e44eedb4f3de96ba8a84ad: stopping tablet replica
I20260608 09:58:56.001108  9274 master.cc:584] Master@127.9.14.189:45121 shutdown complete.
I20260608 09:58:56.015367  9274 master.cc:562] Master@127.9.14.188:43123 shutting down...
I20260608 09:58:56.032560  9274 raft_consensus.cc:2243] T 00000000000000000000000000000000 P 40b01359d733406eb9eb64d0cc2dbc18 [term 2 LEADER]: Raft consensus shutting down.
I20260608 09:58:56.033859  9274 raft_consensus.cc:2272] T 00000000000000000000000000000000 P 40b01359d733406eb9eb64d0cc2dbc18 [term 2 FOLLOWER]: Raft consensus is shut down!
I20260608 09:58:56.034201  9274 tablet_replica.cc:333] T 00000000000000000000000000000000 P 40b01359d733406eb9eb64d0cc2dbc18: stopping tablet replica
I20260608 09:58:56.052765  9274 master.cc:584] Master@127.9.14.188:43123 shutdown complete.
[       OK ] AutoRebalancerTest.NextLeaderResumesAutoRebalancing (6642 ms)
[ RUN      ] AutoRebalancerTest.MovesScheduledIfAddTserver
I20260608 09:58:56.085276  9274 internal_mini_cluster.cc:156] Creating distributed mini masters. Addrs: 127.9.14.190:42151
I20260608 09:58:56.086467  9274 file_cache.cc:492] Constructed file cache file cache with capacity 419430
W20260608 09:58:56.092548 10910 instance_detector.cc:116] could not retrieve AWS instance metadata: Network error: curl error: HTTP response code said error: The requested URL returned error: 404
W20260608 09:58:56.092666 10911 instance_detector.cc:116] could not retrieve Azure instance metadata: Network error: curl error: HTTP response code said error: The requested URL returned error: 404
W20260608 09:58:56.092800 10913 instance_detector.cc:116] could not retrieve OpenStack instance metadata: Network error: curl error: HTTP response code said error: The requested URL returned error: 404
I20260608 09:58:56.093848  9274 server_base.cc:1061] running on GCE node
I20260608 09:58:56.094545  9274 hybrid_clock.cc:584] initializing the hybrid clock with 'system_unsync' time source
W20260608 09:58:56.094722  9274 system_unsync_time.cc:38] NTP support is disabled. Clock error bounds will not be accurate. This configuration is not suitable for distributed clusters.
I20260608 09:58:56.094879  9274 hybrid_clock.cc:648] HybridClock initialized: now 1780912736094862 us; error 0 us; skew 500 ppm
I20260608 09:58:56.095409  9274 server_base.cc:861] Flag tcmalloc_max_total_thread_cache_bytes is not working since tcmalloc is not enabled.
I20260608 09:58:56.097919  9274 webserver.cc:533] Webserver started at http://127.9.14.190:43927/ using document root <none> and password file <none>
I20260608 09:58:56.098412  9274 fs_manager.cc:362] Metadata directory not provided
I20260608 09:58:56.098578  9274 fs_manager.cc:368] Using write-ahead log directory (fs_wal_dir) as metadata directory
I20260608 09:58:56.098837  9274 server_base.cc:909] This appears to be a new deployment of Kudu; creating new FS layout
I20260608 09:58:56.099987  9274 fs_manager.cc:1068] Generated new instance metadata in path /tmp/dist-test-taskvbrGII/test-tmp/auto_rebalancer-test.0.AutoRebalancerTest.MovesScheduledIfAddTserver.1780912715714742-9274-0/minicluster-data/master-0-root/instance:
uuid: "d4d743a129154b168e339be08738f73f"
format_stamp: "Formatted at 2026-06-08 09:58:56 on dist-test-slave-j1wq"
I20260608 09:58:56.104334  9274 fs_manager.cc:696] Time spent creating directory manager: real 0.004s	user 0.006s	sys 0.000s
I20260608 09:58:56.107708 10918 log_block_manager.cc:4031] Time spent loading block containers with low live blocks: real 0.000s	user 0.000s	sys 0.000s
I20260608 09:58:56.108471  9274 fs_manager.cc:730] Time spent opening block manager: real 0.002s	user 0.003s	sys 0.000s
I20260608 09:58:56.108764  9274 fs_manager.cc:647] Opened local filesystem: /tmp/dist-test-taskvbrGII/test-tmp/auto_rebalancer-test.0.AutoRebalancerTest.MovesScheduledIfAddTserver.1780912715714742-9274-0/minicluster-data/master-0-root
uuid: "d4d743a129154b168e339be08738f73f"
format_stamp: "Formatted at 2026-06-08 09:58:56 on dist-test-slave-j1wq"
I20260608 09:58:56.109032  9274 fs_report.cc:389] FS layout report
--------------------
wal directory: /tmp/dist-test-taskvbrGII/test-tmp/auto_rebalancer-test.0.AutoRebalancerTest.MovesScheduledIfAddTserver.1780912715714742-9274-0/minicluster-data/master-0-root
metadata directory: /tmp/dist-test-taskvbrGII/test-tmp/auto_rebalancer-test.0.AutoRebalancerTest.MovesScheduledIfAddTserver.1780912715714742-9274-0/minicluster-data/master-0-root
1 data directories: /tmp/dist-test-taskvbrGII/test-tmp/auto_rebalancer-test.0.AutoRebalancerTest.MovesScheduledIfAddTserver.1780912715714742-9274-0/minicluster-data/master-0-root/data
Total live blocks: 0
Total live bytes: 0
Total live bytes (after alignment): 0
Total number of LBM containers: 0 (0 full)
Did not check for missing blocks
Did not check for orphaned blocks
Total full LBM containers with extra space: 0 (0 repaired)
Total full LBM container extra space in bytes: 0 (0 repaired)
Total incomplete LBM containers: 0 (0 repaired)
Total LBM partial records: 0 (0 repaired)
Total corrupted LBM metadata records in RocksDB: 0 (0 repaired)
I20260608 09:58:56.130582  9274 rpc_server.cc:225] running with OpenSSL 1.1.1  11 Sep 2018
I20260608 09:58:56.131856  9274 kserver.cc:163] Server-wide thread pool size limit: 3276
I20260608 09:58:56.168974  9274 rpc_server.cc:307] RPC server started. Bound to: 127.9.14.190:42151
I20260608 09:58:56.169104 10969 acceptor_pool.cc:272] collecting diagnostics on the listening RPC socket 127.9.14.190:42151 every 8 connection(s)
I20260608 09:58:56.173205 10970 data_dirs.cc:400] Could only allocate 1 dirs of requested 3 for tablet 00000000000000000000000000000000. 1 dirs total, 0 dirs full, 0 dirs failed
I20260608 09:58:56.183336 10970 tablet_bootstrap.cc:492] T 00000000000000000000000000000000 P d4d743a129154b168e339be08738f73f: Bootstrap starting.
I20260608 09:58:56.188220 10970 tablet_bootstrap.cc:654] T 00000000000000000000000000000000 P d4d743a129154b168e339be08738f73f: Neither blocks nor log segments found. Creating new log.
I20260608 09:58:56.192315 10970 tablet_bootstrap.cc:492] T 00000000000000000000000000000000 P d4d743a129154b168e339be08738f73f: No bootstrap required, opened a new log
I20260608 09:58:56.194519 10970 raft_consensus.cc:359] T 00000000000000000000000000000000 P d4d743a129154b168e339be08738f73f [term 0 FOLLOWER]: Replica starting. Triggering 0 pending ops. Active config: opid_index: -1 OBSOLETE_local: true peers { permanent_uuid: "d4d743a129154b168e339be08738f73f" member_type: VOTER }
I20260608 09:58:56.194944 10970 raft_consensus.cc:385] T 00000000000000000000000000000000 P d4d743a129154b168e339be08738f73f [term 0 FOLLOWER]: Consensus starting up: Expiring failure detector timer to make a prompt election more likely
I20260608 09:58:56.195158 10970 raft_consensus.cc:740] T 00000000000000000000000000000000 P d4d743a129154b168e339be08738f73f [term 0 FOLLOWER]: Becoming Follower/Learner. State: Replica: d4d743a129154b168e339be08738f73f, State: Initialized, Role: FOLLOWER
I20260608 09:58:56.195744 10970 consensus_queue.cc:260] T 00000000000000000000000000000000 P d4d743a129154b168e339be08738f73f [NON_LEADER]: Queue going to NON_LEADER mode. State: All replicated index: 0, Majority replicated index: 0, Committed index: 0, Last appended: 0.0, Last appended by leader: 0, Current term: 0, Majority size: -1, State: 0, Mode: NON_LEADER, active raft config: opid_index: -1 OBSOLETE_local: true peers { permanent_uuid: "d4d743a129154b168e339be08738f73f" member_type: VOTER }
I20260608 09:58:56.196206 10970 raft_consensus.cc:399] T 00000000000000000000000000000000 P d4d743a129154b168e339be08738f73f [term 0 FOLLOWER]: Only one voter in the Raft config. Triggering election immediately
I20260608 09:58:56.196424 10970 raft_consensus.cc:493] T 00000000000000000000000000000000 P d4d743a129154b168e339be08738f73f [term 0 FOLLOWER]: Starting leader election (initial election of a single-replica configuration)
I20260608 09:58:56.196715 10970 raft_consensus.cc:3060] T 00000000000000000000000000000000 P d4d743a129154b168e339be08738f73f [term 0 FOLLOWER]: Advancing to term 1
I20260608 09:58:56.200659 10970 raft_consensus.cc:515] T 00000000000000000000000000000000 P d4d743a129154b168e339be08738f73f [term 1 FOLLOWER]: Starting leader election with config: opid_index: -1 OBSOLETE_local: true peers { permanent_uuid: "d4d743a129154b168e339be08738f73f" member_type: VOTER }
I20260608 09:58:56.201138 10970 leader_election.cc:304] T 00000000000000000000000000000000 P d4d743a129154b168e339be08738f73f [CANDIDATE]: Term 1 election: Election decided. Result: candidate won. Election summary: received 1 responses out of 1 voters: 1 yes votes; 0 no votes. yes voters: d4d743a129154b168e339be08738f73f; no voters: 
I20260608 09:58:56.202237 10970 leader_election.cc:290] T 00000000000000000000000000000000 P d4d743a129154b168e339be08738f73f [CANDIDATE]: Term 1 election: Requested vote from peers 
I20260608 09:58:56.202566 10973 raft_consensus.cc:2804] T 00000000000000000000000000000000 P d4d743a129154b168e339be08738f73f [term 1 FOLLOWER]: Leader election won for term 1
I20260608 09:58:56.203775 10973 raft_consensus.cc:697] T 00000000000000000000000000000000 P d4d743a129154b168e339be08738f73f [term 1 LEADER]: Becoming Leader. State: Replica: d4d743a129154b168e339be08738f73f, State: Running, Role: LEADER
I20260608 09:58:56.204522 10973 consensus_queue.cc:237] T 00000000000000000000000000000000 P d4d743a129154b168e339be08738f73f [LEADER]: Queue going to LEADER mode. State: All replicated index: 0, Majority replicated index: 0, Committed index: 0, Last appended: 0.0, Last appended by leader: 0, Current term: 1, Majority size: 1, State: 0, Mode: LEADER, active raft config: opid_index: -1 OBSOLETE_local: true peers { permanent_uuid: "d4d743a129154b168e339be08738f73f" member_type: VOTER }
I20260608 09:58:56.205106 10970 sys_catalog.cc:565] T 00000000000000000000000000000000 P d4d743a129154b168e339be08738f73f [sys.catalog]: configured and running, proceeding with master startup.
I20260608 09:58:56.207566 10974 sys_catalog.cc:455] T 00000000000000000000000000000000 P d4d743a129154b168e339be08738f73f [sys.catalog]: SysCatalogTable state changed. Reason: RaftConsensus started. Latest consensus state: current_term: 1 leader_uuid: "d4d743a129154b168e339be08738f73f" committed_config { opid_index: -1 OBSOLETE_local: true peers { permanent_uuid: "d4d743a129154b168e339be08738f73f" member_type: VOTER } }
I20260608 09:58:56.207607 10975 sys_catalog.cc:455] T 00000000000000000000000000000000 P d4d743a129154b168e339be08738f73f [sys.catalog]: SysCatalogTable state changed. Reason: New leader d4d743a129154b168e339be08738f73f. Latest consensus state: current_term: 1 leader_uuid: "d4d743a129154b168e339be08738f73f" committed_config { opid_index: -1 OBSOLETE_local: true peers { permanent_uuid: "d4d743a129154b168e339be08738f73f" member_type: VOTER } }
I20260608 09:58:56.208423 10975 sys_catalog.cc:458] T 00000000000000000000000000000000 P d4d743a129154b168e339be08738f73f [sys.catalog]: This master's current role is: LEADER
I20260608 09:58:56.208390 10974 sys_catalog.cc:458] T 00000000000000000000000000000000 P d4d743a129154b168e339be08738f73f [sys.catalog]: This master's current role is: LEADER
I20260608 09:58:56.212265 10979 catalog_manager.cc:1510] Loading table and tablet metadata into memory...
I20260608 09:58:56.217183 10979 catalog_manager.cc:1519] Initializing Kudu cluster ID...
I20260608 09:58:56.220932  9274 internal_mini_cluster.cc:184] Waiting to initialize catalog manager on master 0
I20260608 09:58:56.226266 10979 catalog_manager.cc:1382] Generated new cluster ID: 29cc2abb0abe4ebeb23a558a2da3c35b
I20260608 09:58:56.226500 10979 catalog_manager.cc:1530] Initializing Kudu internal certificate authority...
I20260608 09:58:56.246541 10979 catalog_manager.cc:1405] Generated new certificate authority record
I20260608 09:58:56.247687 10979 catalog_manager.cc:1539] Loading token signing keys...
I20260608 09:58:56.263881 10979 catalog_manager.cc:6069] T 00000000000000000000000000000000 P d4d743a129154b168e339be08738f73f: Generated new TSK 0
I20260608 09:58:56.264424 10979 catalog_manager.cc:1549] Initializing in-progress tserver states...
I20260608 09:58:56.287358  9274 file_cache.cc:492] Constructed file cache file cache with capacity 419430
W20260608 09:58:56.293491 10992 instance_detector.cc:116] could not retrieve AWS instance metadata: Network error: curl error: HTTP response code said error: The requested URL returned error: 404
W20260608 09:58:56.294636 10993 instance_detector.cc:116] could not retrieve Azure instance metadata: Network error: curl error: HTTP response code said error: The requested URL returned error: 404
I20260608 09:58:56.295907  9274 server_base.cc:1061] running on GCE node
W20260608 09:58:56.295941 10995 instance_detector.cc:116] could not retrieve OpenStack instance metadata: Network error: curl error: HTTP response code said error: The requested URL returned error: 404
I20260608 09:58:56.297001  9274 hybrid_clock.cc:584] initializing the hybrid clock with 'system_unsync' time source
W20260608 09:58:56.297183  9274 system_unsync_time.cc:38] NTP support is disabled. Clock error bounds will not be accurate. This configuration is not suitable for distributed clusters.
I20260608 09:58:56.297305  9274 hybrid_clock.cc:648] HybridClock initialized: now 1780912736297294 us; error 0 us; skew 500 ppm
I20260608 09:58:56.297832  9274 server_base.cc:861] Flag tcmalloc_max_total_thread_cache_bytes is not working since tcmalloc is not enabled.
I20260608 09:58:56.299921  9274 webserver.cc:533] Webserver started at http://127.9.14.129:41181/ using document root <none> and password file <none>
I20260608 09:58:56.300388  9274 fs_manager.cc:362] Metadata directory not provided
I20260608 09:58:56.300545  9274 fs_manager.cc:368] Using write-ahead log directory (fs_wal_dir) as metadata directory
I20260608 09:58:56.300824  9274 server_base.cc:909] This appears to be a new deployment of Kudu; creating new FS layout
I20260608 09:58:56.301898  9274 fs_manager.cc:1068] Generated new instance metadata in path /tmp/dist-test-taskvbrGII/test-tmp/auto_rebalancer-test.0.AutoRebalancerTest.MovesScheduledIfAddTserver.1780912715714742-9274-0/minicluster-data/ts-0-root/instance:
uuid: "1155fa6415b046b088a6dd3526843664"
format_stamp: "Formatted at 2026-06-08 09:58:56 on dist-test-slave-j1wq"
I20260608 09:58:56.306524  9274 fs_manager.cc:696] Time spent creating directory manager: real 0.004s	user 0.005s	sys 0.000s
I20260608 09:58:56.309935 11000 log_block_manager.cc:4031] Time spent loading block containers with low live blocks: real 0.000s	user 0.000s	sys 0.000s
I20260608 09:58:56.310652  9274 fs_manager.cc:730] Time spent opening block manager: real 0.002s	user 0.003s	sys 0.000s
I20260608 09:58:56.310950  9274 fs_manager.cc:647] Opened local filesystem: /tmp/dist-test-taskvbrGII/test-tmp/auto_rebalancer-test.0.AutoRebalancerTest.MovesScheduledIfAddTserver.1780912715714742-9274-0/minicluster-data/ts-0-root
uuid: "1155fa6415b046b088a6dd3526843664"
format_stamp: "Formatted at 2026-06-08 09:58:56 on dist-test-slave-j1wq"
I20260608 09:58:56.311194  9274 fs_report.cc:389] FS layout report
--------------------
wal directory: /tmp/dist-test-taskvbrGII/test-tmp/auto_rebalancer-test.0.AutoRebalancerTest.MovesScheduledIfAddTserver.1780912715714742-9274-0/minicluster-data/ts-0-root
metadata directory: /tmp/dist-test-taskvbrGII/test-tmp/auto_rebalancer-test.0.AutoRebalancerTest.MovesScheduledIfAddTserver.1780912715714742-9274-0/minicluster-data/ts-0-root
1 data directories: /tmp/dist-test-taskvbrGII/test-tmp/auto_rebalancer-test.0.AutoRebalancerTest.MovesScheduledIfAddTserver.1780912715714742-9274-0/minicluster-data/ts-0-root/data
Total live blocks: 0
Total live bytes: 0
Total live bytes (after alignment): 0
Total number of LBM containers: 0 (0 full)
Did not check for missing blocks
Did not check for orphaned blocks
Total full LBM containers with extra space: 0 (0 repaired)
Total full LBM container extra space in bytes: 0 (0 repaired)
Total incomplete LBM containers: 0 (0 repaired)
Total LBM partial records: 0 (0 repaired)
Total corrupted LBM metadata records in RocksDB: 0 (0 repaired)
I20260608 09:58:56.342811  9274 rpc_server.cc:225] running with OpenSSL 1.1.1  11 Sep 2018
I20260608 09:58:56.343923  9274 kserver.cc:163] Server-wide thread pool size limit: 3276
I20260608 09:58:56.345330  9274 txn_system_client.cc:432] TxnSystemClient initialization is disabled...
I20260608 09:58:56.347643  9274 ts_tablet_manager.cc:585] Loaded tablet metadata (0 total tablets, 0 live tablets)
I20260608 09:58:56.347831  9274 ts_tablet_manager.cc:531] Time spent load tablet metadata: real 0.000s	user 0.000s	sys 0.000s
I20260608 09:58:56.348049  9274 ts_tablet_manager.cc:616] Registered 0 tablets
I20260608 09:58:56.348197  9274 ts_tablet_manager.cc:595] Time spent register tablets: real 0.000s	user 0.000s	sys 0.000s
I20260608 09:58:56.387243  9274 rpc_server.cc:307] RPC server started. Bound to: 127.9.14.129:38573
I20260608 09:58:56.387360 11062 acceptor_pool.cc:272] collecting diagnostics on the listening RPC socket 127.9.14.129:38573 every 8 connection(s)
I20260608 09:58:56.392300  9274 file_cache.cc:492] Constructed file cache file cache with capacity 419430
W20260608 09:58:56.399001 11067 instance_detector.cc:116] could not retrieve AWS instance metadata: Network error: curl error: HTTP response code said error: The requested URL returned error: 404
W20260608 09:58:56.400647 11068 instance_detector.cc:116] could not retrieve Azure instance metadata: Network error: curl error: HTTP response code said error: The requested URL returned error: 404
W20260608 09:58:56.401883 11070 instance_detector.cc:116] could not retrieve OpenStack instance metadata: Network error: curl error: HTTP response code said error: The requested URL returned error: 404
I20260608 09:58:56.404934  9274 server_base.cc:1061] running on GCE node
I20260608 09:58:56.406039  9274 hybrid_clock.cc:584] initializing the hybrid clock with 'system_unsync' time source
W20260608 09:58:56.406384  9274 system_unsync_time.cc:38] NTP support is disabled. Clock error bounds will not be accurate. This configuration is not suitable for distributed clusters.
I20260608 09:58:56.406595  9274 hybrid_clock.cc:648] HybridClock initialized: now 1780912736406577 us; error 0 us; skew 500 ppm
I20260608 09:58:56.407338  9274 server_base.cc:861] Flag tcmalloc_max_total_thread_cache_bytes is not working since tcmalloc is not enabled.
I20260608 09:58:56.407902 11063 heartbeater.cc:344] Connected to a master server at 127.9.14.190:42151
I20260608 09:58:56.408236 11063 heartbeater.cc:461] Registering TS with master...
I20260608 09:58:56.409052 11063 heartbeater.cc:507] Master 127.9.14.190:42151 requested a full tablet report, sending...
I20260608 09:58:56.409843  9274 webserver.cc:533] Webserver started at http://127.9.14.130:35061/ using document root <none> and password file <none>
I20260608 09:58:56.410509  9274 fs_manager.cc:362] Metadata directory not provided
I20260608 09:58:56.410701  9274 fs_manager.cc:368] Using write-ahead log directory (fs_wal_dir) as metadata directory
I20260608 09:58:56.411048  9274 server_base.cc:909] This appears to be a new deployment of Kudu; creating new FS layout
I20260608 09:58:56.411574 10935 ts_manager.cc:194] Registered new tserver with Master: 1155fa6415b046b088a6dd3526843664 (127.9.14.129:38573)
I20260608 09:58:56.412655  9274 fs_manager.cc:1068] Generated new instance metadata in path /tmp/dist-test-taskvbrGII/test-tmp/auto_rebalancer-test.0.AutoRebalancerTest.MovesScheduledIfAddTserver.1780912715714742-9274-0/minicluster-data/ts-1-root/instance:
uuid: "2297fc80bc1d42c6bf51b80df7378adb"
format_stamp: "Formatted at 2026-06-08 09:58:56 on dist-test-slave-j1wq"
I20260608 09:58:56.414281 10935 master_service.cc:502] Signed X509 certificate for tserver {username='slave'} at 127.0.0.1:37398
I20260608 09:58:56.418036  9274 fs_manager.cc:696] Time spent creating directory manager: real 0.005s	user 0.000s	sys 0.004s
I20260608 09:58:56.421475 11075 log_block_manager.cc:4031] Time spent loading block containers with low live blocks: real 0.000s	user 0.000s	sys 0.000s
I20260608 09:58:56.422209  9274 fs_manager.cc:730] Time spent opening block manager: real 0.002s	user 0.003s	sys 0.000s
I20260608 09:58:56.422510  9274 fs_manager.cc:647] Opened local filesystem: /tmp/dist-test-taskvbrGII/test-tmp/auto_rebalancer-test.0.AutoRebalancerTest.MovesScheduledIfAddTserver.1780912715714742-9274-0/minicluster-data/ts-1-root
uuid: "2297fc80bc1d42c6bf51b80df7378adb"
format_stamp: "Formatted at 2026-06-08 09:58:56 on dist-test-slave-j1wq"
I20260608 09:58:56.422816  9274 fs_report.cc:389] FS layout report
--------------------
wal directory: /tmp/dist-test-taskvbrGII/test-tmp/auto_rebalancer-test.0.AutoRebalancerTest.MovesScheduledIfAddTserver.1780912715714742-9274-0/minicluster-data/ts-1-root
metadata directory: /tmp/dist-test-taskvbrGII/test-tmp/auto_rebalancer-test.0.AutoRebalancerTest.MovesScheduledIfAddTserver.1780912715714742-9274-0/minicluster-data/ts-1-root
1 data directories: /tmp/dist-test-taskvbrGII/test-tmp/auto_rebalancer-test.0.AutoRebalancerTest.MovesScheduledIfAddTserver.1780912715714742-9274-0/minicluster-data/ts-1-root/data
Total live blocks: 0
Total live bytes: 0
Total live bytes (after alignment): 0
Total number of LBM containers: 0 (0 full)
Did not check for missing blocks
Did not check for orphaned blocks
Total full LBM containers with extra space: 0 (0 repaired)
Total full LBM container extra space in bytes: 0 (0 repaired)
Total incomplete LBM containers: 0 (0 repaired)
Total LBM partial records: 0 (0 repaired)
Total corrupted LBM metadata records in RocksDB: 0 (0 repaired)
I20260608 09:58:56.448020  9274 rpc_server.cc:225] running with OpenSSL 1.1.1  11 Sep 2018
I20260608 09:58:56.449211  9274 kserver.cc:163] Server-wide thread pool size limit: 3276
I20260608 09:58:56.450600  9274 txn_system_client.cc:432] TxnSystemClient initialization is disabled...
I20260608 09:58:56.452826  9274 ts_tablet_manager.cc:585] Loaded tablet metadata (0 total tablets, 0 live tablets)
I20260608 09:58:56.453023  9274 ts_tablet_manager.cc:531] Time spent load tablet metadata: real 0.000s	user 0.000s	sys 0.000s
I20260608 09:58:56.453239  9274 ts_tablet_manager.cc:616] Registered 0 tablets
I20260608 09:58:56.453387  9274 ts_tablet_manager.cc:595] Time spent register tablets: real 0.000s	user 0.000s	sys 0.000s
I20260608 09:58:56.491216  9274 rpc_server.cc:307] RPC server started. Bound to: 127.9.14.130:38509
I20260608 09:58:56.491333 11138 acceptor_pool.cc:272] collecting diagnostics on the listening RPC socket 127.9.14.130:38509 every 8 connection(s)
I20260608 09:58:56.496151  9274 file_cache.cc:492] Constructed file cache file cache with capacity 419430
W20260608 09:58:56.502960 11142 instance_detector.cc:116] could not retrieve AWS instance metadata: Network error: curl error: HTTP response code said error: The requested URL returned error: 404
W20260608 09:58:56.503779 11143 instance_detector.cc:116] could not retrieve Azure instance metadata: Network error: curl error: HTTP response code said error: The requested URL returned error: 404
I20260608 09:58:56.506176  9274 server_base.cc:1061] running on GCE node
W20260608 09:58:56.507042 11146 instance_detector.cc:116] could not retrieve OpenStack instance metadata: Network error: curl error: HTTP response code said error: The requested URL returned error: 404
I20260608 09:58:56.508713  9274 hybrid_clock.cc:584] initializing the hybrid clock with 'system_unsync' time source
I20260608 09:58:56.508741 11139 heartbeater.cc:344] Connected to a master server at 127.9.14.190:42151
W20260608 09:58:56.509073  9274 system_unsync_time.cc:38] NTP support is disabled. Clock error bounds will not be accurate. This configuration is not suitable for distributed clusters.
I20260608 09:58:56.509222 11139 heartbeater.cc:461] Registering TS with master...
I20260608 09:58:56.509258  9274 hybrid_clock.cc:648] HybridClock initialized: now 1780912736509239 us; error 0 us; skew 500 ppm
I20260608 09:58:56.510078  9274 server_base.cc:861] Flag tcmalloc_max_total_thread_cache_bytes is not working since tcmalloc is not enabled.
I20260608 09:58:56.510118 11139 heartbeater.cc:507] Master 127.9.14.190:42151 requested a full tablet report, sending...
I20260608 09:58:56.512471 10935 ts_manager.cc:194] Registered new tserver with Master: 2297fc80bc1d42c6bf51b80df7378adb (127.9.14.130:38509)
I20260608 09:58:56.512889  9274 webserver.cc:533] Webserver started at http://127.9.14.131:36811/ using document root <none> and password file <none>
I20260608 09:58:56.513578  9274 fs_manager.cc:362] Metadata directory not provided
I20260608 09:58:56.513828  9274 fs_manager.cc:368] Using write-ahead log directory (fs_wal_dir) as metadata directory
I20260608 09:58:56.514138  9274 server_base.cc:909] This appears to be a new deployment of Kudu; creating new FS layout
I20260608 09:58:56.514341 10935 master_service.cc:502] Signed X509 certificate for tserver {username='slave'} at 127.0.0.1:37402
I20260608 09:58:56.515650  9274 fs_manager.cc:1068] Generated new instance metadata in path /tmp/dist-test-taskvbrGII/test-tmp/auto_rebalancer-test.0.AutoRebalancerTest.MovesScheduledIfAddTserver.1780912715714742-9274-0/minicluster-data/ts-2-root/instance:
uuid: "70b11076959044a6ae7e32fddfe5594a"
format_stamp: "Formatted at 2026-06-08 09:58:56 on dist-test-slave-j1wq"
I20260608 09:58:56.520215  9274 fs_manager.cc:696] Time spent creating directory manager: real 0.004s	user 0.001s	sys 0.004s
I20260608 09:58:56.523546 11150 log_block_manager.cc:4031] Time spent loading block containers with low live blocks: real 0.000s	user 0.000s	sys 0.000s
I20260608 09:58:56.524292  9274 fs_manager.cc:730] Time spent opening block manager: real 0.002s	user 0.003s	sys 0.000s
I20260608 09:58:56.524636  9274 fs_manager.cc:647] Opened local filesystem: /tmp/dist-test-taskvbrGII/test-tmp/auto_rebalancer-test.0.AutoRebalancerTest.MovesScheduledIfAddTserver.1780912715714742-9274-0/minicluster-data/ts-2-root
uuid: "70b11076959044a6ae7e32fddfe5594a"
format_stamp: "Formatted at 2026-06-08 09:58:56 on dist-test-slave-j1wq"
I20260608 09:58:56.524907  9274 fs_report.cc:389] FS layout report
--------------------
wal directory: /tmp/dist-test-taskvbrGII/test-tmp/auto_rebalancer-test.0.AutoRebalancerTest.MovesScheduledIfAddTserver.1780912715714742-9274-0/minicluster-data/ts-2-root
metadata directory: /tmp/dist-test-taskvbrGII/test-tmp/auto_rebalancer-test.0.AutoRebalancerTest.MovesScheduledIfAddTserver.1780912715714742-9274-0/minicluster-data/ts-2-root
1 data directories: /tmp/dist-test-taskvbrGII/test-tmp/auto_rebalancer-test.0.AutoRebalancerTest.MovesScheduledIfAddTserver.1780912715714742-9274-0/minicluster-data/ts-2-root/data
Total live blocks: 0
Total live bytes: 0
Total live bytes (after alignment): 0
Total number of LBM containers: 0 (0 full)
Did not check for missing blocks
Did not check for orphaned blocks
Total full LBM containers with extra space: 0 (0 repaired)
Total full LBM container extra space in bytes: 0 (0 repaired)
Total incomplete LBM containers: 0 (0 repaired)
Total LBM partial records: 0 (0 repaired)
Total corrupted LBM metadata records in RocksDB: 0 (0 repaired)
I20260608 09:58:56.538694  9274 rpc_server.cc:225] running with OpenSSL 1.1.1  11 Sep 2018
I20260608 09:58:56.540082  9274 kserver.cc:163] Server-wide thread pool size limit: 3276
I20260608 09:58:56.541565  9274 txn_system_client.cc:432] TxnSystemClient initialization is disabled...
I20260608 09:58:56.543681  9274 ts_tablet_manager.cc:585] Loaded tablet metadata (0 total tablets, 0 live tablets)
I20260608 09:58:56.543879  9274 ts_tablet_manager.cc:531] Time spent load tablet metadata: real 0.000s	user 0.000s	sys 0.000s
I20260608 09:58:56.544096  9274 ts_tablet_manager.cc:616] Registered 0 tablets
I20260608 09:58:56.544247  9274 ts_tablet_manager.cc:595] Time spent register tablets: real 0.000s	user 0.000s	sys 0.000s
I20260608 09:58:56.582571  9274 rpc_server.cc:307] RPC server started. Bound to: 127.9.14.131:35061
I20260608 09:58:56.582693 11212 acceptor_pool.cc:272] collecting diagnostics on the listening RPC socket 127.9.14.131:35061 every 8 connection(s)
I20260608 09:58:56.596565 11213 heartbeater.cc:344] Connected to a master server at 127.9.14.190:42151
I20260608 09:58:56.596972 11213 heartbeater.cc:461] Registering TS with master...
I20260608 09:58:56.597697 11213 heartbeater.cc:507] Master 127.9.14.190:42151 requested a full tablet report, sending...
I20260608 09:58:56.599633 10935 ts_manager.cc:194] Registered new tserver with Master: 70b11076959044a6ae7e32fddfe5594a (127.9.14.131:35061)
I20260608 09:58:56.600224  9274 internal_mini_cluster.cc:371] 3 TS(s) registered with all masters after 0.014389017s
I20260608 09:58:56.601011 10935 master_service.cc:502] Signed X509 certificate for tserver {username='slave'} at 127.0.0.1:37404
I20260608 09:58:57.417026 11063 heartbeater.cc:499] Master 127.9.14.190:42151 was elected leader, sending a full tablet report...
I20260608 09:58:57.516863 11139 heartbeater.cc:499] Master 127.9.14.190:42151 was elected leader, sending a full tablet report...
