I20260608 10:00:10.665853 27306 raft_consensus.cc:740] T fb670ae5527445fdacebade63b29b30e P 8b58866fc3224d149febd72f869fe44c [term 0 FOLLOWER]: Becoming Follower/Learner. State: Replica: 8b58866fc3224d149febd72f869fe44c, State: Initialized, Role: FOLLOWER
I20260608 10:00:10.666755 27306 consensus_queue.cc:260] T fb670ae5527445fdacebade63b29b30e P 8b58866fc3224d149febd72f869fe44c [NON_LEADER]: Queue going to NON_LEADER mode. State: All replicated index: 0, Majority replicated index: 0, Committed index: 0, Last appended: 0.0, Last appended by leader: 0, Current term: 0, Majority size: -1, State: 0, Mode: NON_LEADER, active raft config: opid_index: -1 OBSOLETE_local: false peers { permanent_uuid: "efd26c04b55345dcb91ae441678d886d" member_type: VOTER last_known_addr { host: "127.22.21.65" port: 36561 } } peers { permanent_uuid: "416c033e63284735bff469e1d9545a81" member_type: VOTER last_known_addr { host: "127.22.21.66" port: 39831 } } peers { permanent_uuid: "8b58866fc3224d149febd72f869fe44c" member_type: VOTER last_known_addr { host: "127.22.21.67" port: 39451 } }
I20260608 10:00:10.667691 27305 ts_tablet_manager.cc:1434] T ee35684f0e6c4524ac632804b72f3d8b P 416c033e63284735bff469e1d9545a81: Time spent starting tablet: real 0.007s	user 0.006s	sys 0.000s
I20260608 10:00:10.668478 27304 tablet_bootstrap.cc:492] T e3087833004740eda54442af464814b4 P efd26c04b55345dcb91ae441678d886d: No bootstrap required, opened a new log
I20260608 10:00:10.668905 27305 tablet_bootstrap.cc:492] T 20949227e0f74270b4bfb8914319efc5 P 416c033e63284735bff469e1d9545a81: Bootstrap starting.
I20260608 10:00:10.669039 27304 ts_tablet_manager.cc:1403] T e3087833004740eda54442af464814b4 P efd26c04b55345dcb91ae441678d886d: Time spent bootstrapping tablet: real 0.017s	user 0.011s	sys 0.003s
I20260608 10:00:10.671715 27306 ts_tablet_manager.cc:1434] T fb670ae5527445fdacebade63b29b30e P 8b58866fc3224d149febd72f869fe44c: Time spent starting tablet: real 0.011s	user 0.002s	sys 0.004s
I20260608 10:00:10.672801 27306 tablet_bootstrap.cc:492] T 033b4ab89d8f45599d56cced7d21a81c P 8b58866fc3224d149febd72f869fe44c: Bootstrap starting.
I20260608 10:00:10.673856 27304 raft_consensus.cc:359] T e3087833004740eda54442af464814b4 P efd26c04b55345dcb91ae441678d886d [term 0 FOLLOWER]: Replica starting. Triggering 0 pending ops. Active config: opid_index: -1 OBSOLETE_local: false peers { permanent_uuid: "efd26c04b55345dcb91ae441678d886d" member_type: VOTER last_known_addr { host: "127.22.21.65" port: 36561 } } peers { permanent_uuid: "416c033e63284735bff469e1d9545a81" member_type: VOTER last_known_addr { host: "127.22.21.66" port: 39831 } } peers { permanent_uuid: "8b58866fc3224d149febd72f869fe44c" member_type: VOTER last_known_addr { host: "127.22.21.67" port: 39451 } }
I20260608 10:00:10.674633 27304 raft_consensus.cc:385] T e3087833004740eda54442af464814b4 P efd26c04b55345dcb91ae441678d886d [term 0 FOLLOWER]: Consensus starting up: Expiring failure detector timer to make a prompt election more likely
I20260608 10:00:10.674918 27304 raft_consensus.cc:740] T e3087833004740eda54442af464814b4 P efd26c04b55345dcb91ae441678d886d [term 0 FOLLOWER]: Becoming Follower/Learner. State: Replica: efd26c04b55345dcb91ae441678d886d, State: Initialized, Role: FOLLOWER
I20260608 10:00:10.675694 27304 consensus_queue.cc:260] T e3087833004740eda54442af464814b4 P efd26c04b55345dcb91ae441678d886d [NON_LEADER]: Queue going to NON_LEADER mode. State: All replicated index: 0, Majority replicated index: 0, Committed index: 0, Last appended: 0.0, Last appended by leader: 0, Current term: 0, Majority size: -1, State: 0, Mode: NON_LEADER, active raft config: opid_index: -1 OBSOLETE_local: false peers { permanent_uuid: "efd26c04b55345dcb91ae441678d886d" member_type: VOTER last_known_addr { host: "127.22.21.65" port: 36561 } } peers { permanent_uuid: "416c033e63284735bff469e1d9545a81" member_type: VOTER last_known_addr { host: "127.22.21.66" port: 39831 } } peers { permanent_uuid: "8b58866fc3224d149febd72f869fe44c" member_type: VOTER last_known_addr { host: "127.22.21.67" port: 39451 } }
I20260608 10:00:10.676265 27305 tablet_bootstrap.cc:654] T 20949227e0f74270b4bfb8914319efc5 P 416c033e63284735bff469e1d9545a81: Neither blocks nor log segments found. Creating new log.
I20260608 10:00:10.680300 27306 tablet_bootstrap.cc:654] T 033b4ab89d8f45599d56cced7d21a81c P 8b58866fc3224d149febd72f869fe44c: Neither blocks nor log segments found. Creating new log.
I20260608 10:00:10.682008 27304 ts_tablet_manager.cc:1434] T e3087833004740eda54442af464814b4 P efd26c04b55345dcb91ae441678d886d: Time spent starting tablet: real 0.012s	user 0.006s	sys 0.000s
I20260608 10:00:10.683218 27304 tablet_bootstrap.cc:492] T 5ba150d7082d481bbb7bcb29626634d1 P efd26c04b55345dcb91ae441678d886d: Bootstrap starting.
W20260608 10:00:10.686594 27056 auto_rebalancer.cc:259] Could not retrieve cluster info: Service unavailable: Tablet not running
I20260608 10:00:10.688750 27311 raft_consensus.cc:493] T e3087833004740eda54442af464814b4 P 8b58866fc3224d149febd72f869fe44c [term 0 FOLLOWER]: Starting pre-election (no leader contacted us within the election timeout)
I20260608 10:00:10.689283 27311 raft_consensus.cc:515] T e3087833004740eda54442af464814b4 P 8b58866fc3224d149febd72f869fe44c [term 0 FOLLOWER]: Starting pre-election with config: opid_index: -1 OBSOLETE_local: false peers { permanent_uuid: "efd26c04b55345dcb91ae441678d886d" member_type: VOTER last_known_addr { host: "127.22.21.65" port: 36561 } } peers { permanent_uuid: "416c033e63284735bff469e1d9545a81" member_type: VOTER last_known_addr { host: "127.22.21.66" port: 39831 } } peers { permanent_uuid: "8b58866fc3224d149febd72f869fe44c" member_type: VOTER last_known_addr { host: "127.22.21.67" port: 39451 } }
I20260608 10:00:10.692592 27306 tablet_bootstrap.cc:492] T 033b4ab89d8f45599d56cced7d21a81c P 8b58866fc3224d149febd72f869fe44c: No bootstrap required, opened a new log
I20260608 10:00:10.692734 27304 tablet_bootstrap.cc:654] T 5ba150d7082d481bbb7bcb29626634d1 P efd26c04b55345dcb91ae441678d886d: Neither blocks nor log segments found. Creating new log.
I20260608 10:00:10.693324 27306 ts_tablet_manager.cc:1403] T 033b4ab89d8f45599d56cced7d21a81c P 8b58866fc3224d149febd72f869fe44c: Time spent bootstrapping tablet: real 0.021s	user 0.008s	sys 0.008s
I20260608 10:00:10.693972 27311 leader_election.cc:290] T e3087833004740eda54442af464814b4 P 8b58866fc3224d149febd72f869fe44c [CANDIDATE]: Term 1 pre-election: Requested pre-vote from peers efd26c04b55345dcb91ae441678d886d (127.22.21.65:36561), 416c033e63284735bff469e1d9545a81 (127.22.21.66:39831)
I20260608 10:00:10.689280 27305 tablet_bootstrap.cc:492] T 20949227e0f74270b4bfb8914319efc5 P 416c033e63284735bff469e1d9545a81: No bootstrap required, opened a new log
I20260608 10:00:10.696695 27306 raft_consensus.cc:359] T 033b4ab89d8f45599d56cced7d21a81c P 8b58866fc3224d149febd72f869fe44c [term 0 FOLLOWER]: Replica starting. Triggering 0 pending ops. Active config: opid_index: -1 OBSOLETE_local: false peers { permanent_uuid: "efd26c04b55345dcb91ae441678d886d" member_type: VOTER last_known_addr { host: "127.22.21.65" port: 36561 } } peers { permanent_uuid: "416c033e63284735bff469e1d9545a81" member_type: VOTER last_known_addr { host: "127.22.21.66" port: 39831 } } peers { permanent_uuid: "8b58866fc3224d149febd72f869fe44c" member_type: VOTER last_known_addr { host: "127.22.21.67" port: 39451 } }
I20260608 10:00:10.697659 27305 ts_tablet_manager.cc:1403] T 20949227e0f74270b4bfb8914319efc5 P 416c033e63284735bff469e1d9545a81: Time spent bootstrapping tablet: real 0.029s	user 0.015s	sys 0.003s
I20260608 10:00:10.697678 27306 raft_consensus.cc:385] T 033b4ab89d8f45599d56cced7d21a81c P 8b58866fc3224d149febd72f869fe44c [term 0 FOLLOWER]: Consensus starting up: Expiring failure detector timer to make a prompt election more likely
I20260608 10:00:10.698408 27306 raft_consensus.cc:740] T 033b4ab89d8f45599d56cced7d21a81c P 8b58866fc3224d149febd72f869fe44c [term 0 FOLLOWER]: Becoming Follower/Learner. State: Replica: 8b58866fc3224d149febd72f869fe44c, State: Initialized, Role: FOLLOWER
I20260608 10:00:10.699451 27306 consensus_queue.cc:260] T 033b4ab89d8f45599d56cced7d21a81c P 8b58866fc3224d149febd72f869fe44c [NON_LEADER]: Queue going to NON_LEADER mode. State: All replicated index: 0, Majority replicated index: 0, Committed index: 0, Last appended: 0.0, Last appended by leader: 0, Current term: 0, Majority size: -1, State: 0, Mode: NON_LEADER, active raft config: opid_index: -1 OBSOLETE_local: false peers { permanent_uuid: "efd26c04b55345dcb91ae441678d886d" member_type: VOTER last_known_addr { host: "127.22.21.65" port: 36561 } } peers { permanent_uuid: "416c033e63284735bff469e1d9545a81" member_type: VOTER last_known_addr { host: "127.22.21.66" port: 39831 } } peers { permanent_uuid: "8b58866fc3224d149febd72f869fe44c" member_type: VOTER last_known_addr { host: "127.22.21.67" port: 39451 } }
I20260608 10:00:10.701824 27305 raft_consensus.cc:359] T 20949227e0f74270b4bfb8914319efc5 P 416c033e63284735bff469e1d9545a81 [term 0 FOLLOWER]: Replica starting. Triggering 0 pending ops. Active config: opid_index: -1 OBSOLETE_local: false peers { permanent_uuid: "efd26c04b55345dcb91ae441678d886d" member_type: VOTER last_known_addr { host: "127.22.21.65" port: 36561 } } peers { permanent_uuid: "416c033e63284735bff469e1d9545a81" member_type: VOTER last_known_addr { host: "127.22.21.66" port: 39831 } } peers { permanent_uuid: "8b58866fc3224d149febd72f869fe44c" member_type: VOTER last_known_addr { host: "127.22.21.67" port: 39451 } }
I20260608 10:00:10.702598 27305 raft_consensus.cc:385] T 20949227e0f74270b4bfb8914319efc5 P 416c033e63284735bff469e1d9545a81 [term 0 FOLLOWER]: Consensus starting up: Expiring failure detector timer to make a prompt election more likely
I20260608 10:00:10.702654 27306 ts_tablet_manager.cc:1434] T 033b4ab89d8f45599d56cced7d21a81c P 8b58866fc3224d149febd72f869fe44c: Time spent starting tablet: real 0.009s	user 0.004s	sys 0.003s
I20260608 10:00:10.703024 27311 raft_consensus.cc:493] T fb670ae5527445fdacebade63b29b30e P 8b58866fc3224d149febd72f869fe44c [term 0 FOLLOWER]: Starting pre-election (no leader contacted us within the election timeout)
I20260608 10:00:10.703107 27305 raft_consensus.cc:740] T 20949227e0f74270b4bfb8914319efc5 P 416c033e63284735bff469e1d9545a81 [term 0 FOLLOWER]: Becoming Follower/Learner. State: Replica: 416c033e63284735bff469e1d9545a81, State: Initialized, Role: FOLLOWER
I20260608 10:00:10.703662 27311 raft_consensus.cc:515] T fb670ae5527445fdacebade63b29b30e P 8b58866fc3224d149febd72f869fe44c [term 0 FOLLOWER]: Starting pre-election with config: opid_index: -1 OBSOLETE_local: false peers { permanent_uuid: "efd26c04b55345dcb91ae441678d886d" member_type: VOTER last_known_addr { host: "127.22.21.65" port: 36561 } } peers { permanent_uuid: "416c033e63284735bff469e1d9545a81" member_type: VOTER last_known_addr { host: "127.22.21.66" port: 39831 } } peers { permanent_uuid: "8b58866fc3224d149febd72f869fe44c" member_type: VOTER last_known_addr { host: "127.22.21.67" port: 39451 } }
I20260608 10:00:10.704125 27306 tablet_bootstrap.cc:492] T 995d4d5b466d4defa1096a01e90f4f95 P 8b58866fc3224d149febd72f869fe44c: Bootstrap starting.
I20260608 10:00:10.704105 27305 consensus_queue.cc:260] T 20949227e0f74270b4bfb8914319efc5 P 416c033e63284735bff469e1d9545a81 [NON_LEADER]: Queue going to NON_LEADER mode. State: All replicated index: 0, Majority replicated index: 0, Committed index: 0, Last appended: 0.0, Last appended by leader: 0, Current term: 0, Majority size: -1, State: 0, Mode: NON_LEADER, active raft config: opid_index: -1 OBSOLETE_local: false peers { permanent_uuid: "efd26c04b55345dcb91ae441678d886d" member_type: VOTER last_known_addr { host: "127.22.21.65" port: 36561 } } peers { permanent_uuid: "416c033e63284735bff469e1d9545a81" member_type: VOTER last_known_addr { host: "127.22.21.66" port: 39831 } } peers { permanent_uuid: "8b58866fc3224d149febd72f869fe44c" member_type: VOTER last_known_addr { host: "127.22.21.67" port: 39451 } }
I20260608 10:00:10.706278 27311 leader_election.cc:290] T fb670ae5527445fdacebade63b29b30e P 8b58866fc3224d149febd72f869fe44c [CANDIDATE]: Term 1 pre-election: Requested pre-vote from peers efd26c04b55345dcb91ae441678d886d (127.22.21.65:36561), 416c033e63284735bff469e1d9545a81 (127.22.21.66:39831)
I20260608 10:00:10.707893 27305 ts_tablet_manager.cc:1434] T 20949227e0f74270b4bfb8914319efc5 P 416c033e63284735bff469e1d9545a81: Time spent starting tablet: real 0.009s	user 0.004s	sys 0.004s
I20260608 10:00:10.710228 27305 tablet_bootstrap.cc:492] T 995d4d5b466d4defa1096a01e90f4f95 P 416c033e63284735bff469e1d9545a81: Bootstrap starting.
I20260608 10:00:10.713374 27306 tablet_bootstrap.cc:654] T 995d4d5b466d4defa1096a01e90f4f95 P 8b58866fc3224d149febd72f869fe44c: Neither blocks nor log segments found. Creating new log.
I20260608 10:00:10.717278 27310 raft_consensus.cc:493] T e3087833004740eda54442af464814b4 P efd26c04b55345dcb91ae441678d886d [term 0 FOLLOWER]: Starting pre-election (no leader contacted us within the election timeout)
I20260608 10:00:10.717813 27310 raft_consensus.cc:515] T e3087833004740eda54442af464814b4 P efd26c04b55345dcb91ae441678d886d [term 0 FOLLOWER]: Starting pre-election with config: opid_index: -1 OBSOLETE_local: false peers { permanent_uuid: "efd26c04b55345dcb91ae441678d886d" member_type: VOTER last_known_addr { host: "127.22.21.65" port: 36561 } } peers { permanent_uuid: "416c033e63284735bff469e1d9545a81" member_type: VOTER last_known_addr { host: "127.22.21.66" port: 39831 } } peers { permanent_uuid: "8b58866fc3224d149febd72f869fe44c" member_type: VOTER last_known_addr { host: "127.22.21.67" port: 39451 } }
I20260608 10:00:10.722528 27305 tablet_bootstrap.cc:654] T 995d4d5b466d4defa1096a01e90f4f95 P 416c033e63284735bff469e1d9545a81: Neither blocks nor log segments found. Creating new log.
I20260608 10:00:10.727317 27310 leader_election.cc:290] T e3087833004740eda54442af464814b4 P efd26c04b55345dcb91ae441678d886d [CANDIDATE]: Term 1 pre-election: Requested pre-vote from peers 416c033e63284735bff469e1d9545a81 (127.22.21.66:39831), 8b58866fc3224d149febd72f869fe44c (127.22.21.67:39451)
I20260608 10:00:10.736300 27305 tablet_bootstrap.cc:492] T 995d4d5b466d4defa1096a01e90f4f95 P 416c033e63284735bff469e1d9545a81: No bootstrap required, opened a new log
I20260608 10:00:10.737102 27305 ts_tablet_manager.cc:1403] T 995d4d5b466d4defa1096a01e90f4f95 P 416c033e63284735bff469e1d9545a81: Time spent bootstrapping tablet: real 0.027s	user 0.014s	sys 0.008s
I20260608 10:00:10.741207 27305 raft_consensus.cc:359] T 995d4d5b466d4defa1096a01e90f4f95 P 416c033e63284735bff469e1d9545a81 [term 0 FOLLOWER]: Replica starting. Triggering 0 pending ops. Active config: opid_index: -1 OBSOLETE_local: false peers { permanent_uuid: "efd26c04b55345dcb91ae441678d886d" member_type: VOTER last_known_addr { host: "127.22.21.65" port: 36561 } } peers { permanent_uuid: "8b58866fc3224d149febd72f869fe44c" member_type: VOTER last_known_addr { host: "127.22.21.67" port: 39451 } } peers { permanent_uuid: "416c033e63284735bff469e1d9545a81" member_type: VOTER last_known_addr { host: "127.22.21.66" port: 39831 } }
I20260608 10:00:10.742391 27305 raft_consensus.cc:385] T 995d4d5b466d4defa1096a01e90f4f95 P 416c033e63284735bff469e1d9545a81 [term 0 FOLLOWER]: Consensus starting up: Expiring failure detector timer to make a prompt election more likely
I20260608 10:00:10.742872 27305 raft_consensus.cc:740] T 995d4d5b466d4defa1096a01e90f4f95 P 416c033e63284735bff469e1d9545a81 [term 0 FOLLOWER]: Becoming Follower/Learner. State: Replica: 416c033e63284735bff469e1d9545a81, State: Initialized, Role: FOLLOWER
I20260608 10:00:10.744119 27305 consensus_queue.cc:260] T 995d4d5b466d4defa1096a01e90f4f95 P 416c033e63284735bff469e1d9545a81 [NON_LEADER]: Queue going to NON_LEADER mode. State: All replicated index: 0, Majority replicated index: 0, Committed index: 0, Last appended: 0.0, Last appended by leader: 0, Current term: 0, Majority size: -1, State: 0, Mode: NON_LEADER, active raft config: opid_index: -1 OBSOLETE_local: false peers { permanent_uuid: "efd26c04b55345dcb91ae441678d886d" member_type: VOTER last_known_addr { host: "127.22.21.65" port: 36561 } } peers { permanent_uuid: "8b58866fc3224d149febd72f869fe44c" member_type: VOTER last_known_addr { host: "127.22.21.67" port: 39451 } } peers { permanent_uuid: "416c033e63284735bff469e1d9545a81" member_type: VOTER last_known_addr { host: "127.22.21.66" port: 39831 } }
I20260608 10:00:10.747660 27305 ts_tablet_manager.cc:1434] T 995d4d5b466d4defa1096a01e90f4f95 P 416c033e63284735bff469e1d9545a81: Time spent starting tablet: real 0.010s	user 0.008s	sys 0.000s
I20260608 10:00:10.749150 27305 tablet_bootstrap.cc:492] T 2b93b0da6f534bb6b31ae45ae5568350 P 416c033e63284735bff469e1d9545a81: Bootstrap starting.
I20260608 10:00:10.757946 27305 tablet_bootstrap.cc:654] T 2b93b0da6f534bb6b31ae45ae5568350 P 416c033e63284735bff469e1d9545a81: Neither blocks nor log segments found. Creating new log.
I20260608 10:00:10.761272 27310 raft_consensus.cc:493] T ee35684f0e6c4524ac632804b72f3d8b P efd26c04b55345dcb91ae441678d886d [term 0 FOLLOWER]: Starting pre-election (no leader contacted us within the election timeout)
I20260608 10:00:10.761814 27310 raft_consensus.cc:515] T ee35684f0e6c4524ac632804b72f3d8b P efd26c04b55345dcb91ae441678d886d [term 0 FOLLOWER]: Starting pre-election with config: opid_index: -1 OBSOLETE_local: false peers { permanent_uuid: "efd26c04b55345dcb91ae441678d886d" member_type: VOTER last_known_addr { host: "127.22.21.65" port: 36561 } } peers { permanent_uuid: "416c033e63284735bff469e1d9545a81" member_type: VOTER last_known_addr { host: "127.22.21.66" port: 39831 } } peers { permanent_uuid: "8b58866fc3224d149febd72f869fe44c" member_type: VOTER last_known_addr { host: "127.22.21.67" port: 39451 } }
I20260608 10:00:10.768559 27310 leader_election.cc:290] T ee35684f0e6c4524ac632804b72f3d8b P efd26c04b55345dcb91ae441678d886d [CANDIDATE]: Term 1 pre-election: Requested pre-vote from peers 416c033e63284735bff469e1d9545a81 (127.22.21.66:39831), 8b58866fc3224d149febd72f869fe44c (127.22.21.67:39451)
I20260608 10:00:10.773901 27311 raft_consensus.cc:493] T 033b4ab89d8f45599d56cced7d21a81c P 8b58866fc3224d149febd72f869fe44c [term 0 FOLLOWER]: Starting pre-election (no leader contacted us within the election timeout)
I20260608 10:00:10.774690 27311 raft_consensus.cc:515] T 033b4ab89d8f45599d56cced7d21a81c P 8b58866fc3224d149febd72f869fe44c [term 0 FOLLOWER]: Starting pre-election with config: opid_index: -1 OBSOLETE_local: false peers { permanent_uuid: "efd26c04b55345dcb91ae441678d886d" member_type: VOTER last_known_addr { host: "127.22.21.65" port: 36561 } } peers { permanent_uuid: "416c033e63284735bff469e1d9545a81" member_type: VOTER last_known_addr { host: "127.22.21.66" port: 39831 } } peers { permanent_uuid: "8b58866fc3224d149febd72f869fe44c" member_type: VOTER last_known_addr { host: "127.22.21.67" port: 39451 } }
I20260608 10:00:10.777212 27311 leader_election.cc:290] T 033b4ab89d8f45599d56cced7d21a81c P 8b58866fc3224d149febd72f869fe44c [CANDIDATE]: Term 1 pre-election: Requested pre-vote from peers efd26c04b55345dcb91ae441678d886d (127.22.21.65:36561), 416c033e63284735bff469e1d9545a81 (127.22.21.66:39831)
I20260608 10:00:10.781224 27185 tablet_service.cc:1917] Received RequestConsensusVote() RPC: tablet_id: "e3087833004740eda54442af464814b4" candidate_uuid: "efd26c04b55345dcb91ae441678d886d" candidate_term: 1 candidate_status { last_received { term: 0 index: 0 } } ignore_live_leader: false dest_uuid: "416c033e63284735bff469e1d9545a81" is_pre_election: true
I20260608 10:00:10.781553 27184 tablet_service.cc:1917] Received RequestConsensusVote() RPC: tablet_id: "ee35684f0e6c4524ac632804b72f3d8b" candidate_uuid: "efd26c04b55345dcb91ae441678d886d" candidate_term: 1 candidate_status { last_received { term: 0 index: 0 } } ignore_live_leader: false dest_uuid: "416c033e63284735bff469e1d9545a81" is_pre_election: true
I20260608 10:00:10.782374 27184 raft_consensus.cc:2468] T ee35684f0e6c4524ac632804b72f3d8b P 416c033e63284735bff469e1d9545a81 [term 0 FOLLOWER]: Leader pre-election vote request: Granting yes vote for candidate efd26c04b55345dcb91ae441678d886d in term 0.
W20260608 10:00:10.784114 27074 leader_election.cc:343] T e3087833004740eda54442af464814b4 P efd26c04b55345dcb91ae441678d886d [CANDIDATE]: Term 1 pre-election: Tablet error from VoteRequest() call to peer 416c033e63284735bff469e1d9545a81 (127.22.21.66:39831): Illegal state: must be running to vote when last-logged opid is not known
I20260608 10:00:10.784940 27074 leader_election.cc:304] T ee35684f0e6c4524ac632804b72f3d8b P efd26c04b55345dcb91ae441678d886d [CANDIDATE]: Term 1 pre-election: Election decided. Result: candidate won. Election summary: received 2 responses out of 3 voters: 2 yes votes; 0 no votes. yes voters: 416c033e63284735bff469e1d9545a81, efd26c04b55345dcb91ae441678d886d; no voters: 
I20260608 10:00:10.785935 27310 raft_consensus.cc:2804] T ee35684f0e6c4524ac632804b72f3d8b P efd26c04b55345dcb91ae441678d886d [term 0 FOLLOWER]: Leader pre-election won for term 1
I20260608 10:00:10.786316 27310 raft_consensus.cc:493] T ee35684f0e6c4524ac632804b72f3d8b P efd26c04b55345dcb91ae441678d886d [term 0 FOLLOWER]: Starting leader election (no leader contacted us within the election timeout)
I20260608 10:00:10.786646 27310 raft_consensus.cc:3060] T ee35684f0e6c4524ac632804b72f3d8b P efd26c04b55345dcb91ae441678d886d [term 0 FOLLOWER]: Advancing to term 1
I20260608 10:00:10.790747 27311 raft_consensus.cc:493] T 75cf476c4d3343538db7cc65eaefcd01 P 8b58866fc3224d149febd72f869fe44c [term 0 FOLLOWER]: Starting pre-election (no leader contacted us within the election timeout)
I20260608 10:00:10.791438 27311 raft_consensus.cc:515] T 75cf476c4d3343538db7cc65eaefcd01 P 8b58866fc3224d149febd72f869fe44c [term 0 FOLLOWER]: Starting pre-election with config: opid_index: -1 OBSOLETE_local: false peers { permanent_uuid: "efd26c04b55345dcb91ae441678d886d" member_type: VOTER last_known_addr { host: "127.22.21.65" port: 36561 } } peers { permanent_uuid: "416c033e63284735bff469e1d9545a81" member_type: VOTER last_known_addr { host: "127.22.21.66" port: 39831 } } peers { permanent_uuid: "8b58866fc3224d149febd72f869fe44c" member_type: VOTER last_known_addr { host: "127.22.21.67" port: 39451 } }
I20260608 10:00:10.794304 27310 raft_consensus.cc:515] T ee35684f0e6c4524ac632804b72f3d8b P efd26c04b55345dcb91ae441678d886d [term 1 FOLLOWER]: Starting leader election with config: opid_index: -1 OBSOLETE_local: false peers { permanent_uuid: "efd26c04b55345dcb91ae441678d886d" member_type: VOTER last_known_addr { host: "127.22.21.65" port: 36561 } } peers { permanent_uuid: "416c033e63284735bff469e1d9545a81" member_type: VOTER last_known_addr { host: "127.22.21.66" port: 39831 } } peers { permanent_uuid: "8b58866fc3224d149febd72f869fe44c" member_type: VOTER last_known_addr { host: "127.22.21.67" port: 39451 } }
I20260608 10:00:10.795017 27311 leader_election.cc:290] T 75cf476c4d3343538db7cc65eaefcd01 P 8b58866fc3224d149febd72f869fe44c [CANDIDATE]: Term 1 pre-election: Requested pre-vote from peers efd26c04b55345dcb91ae441678d886d (127.22.21.65:36561), 416c033e63284735bff469e1d9545a81 (127.22.21.66:39831)
I20260608 10:00:10.797297 27184 tablet_service.cc:1917] Received RequestConsensusVote() RPC: tablet_id: "ee35684f0e6c4524ac632804b72f3d8b" candidate_uuid: "efd26c04b55345dcb91ae441678d886d" candidate_term: 1 candidate_status { last_received { term: 0 index: 0 } } ignore_live_leader: false dest_uuid: "416c033e63284735bff469e1d9545a81"
I20260608 10:00:10.797969 27184 raft_consensus.cc:3060] T ee35684f0e6c4524ac632804b72f3d8b P 416c033e63284735bff469e1d9545a81 [term 0 FOLLOWER]: Advancing to term 1
I20260608 10:00:10.805528 27184 raft_consensus.cc:2468] T ee35684f0e6c4524ac632804b72f3d8b P 416c033e63284735bff469e1d9545a81 [term 1 FOLLOWER]: Leader election vote request: Granting yes vote for candidate efd26c04b55345dcb91ae441678d886d in term 1.
I20260608 10:00:10.806767 27074 leader_election.cc:304] T ee35684f0e6c4524ac632804b72f3d8b P efd26c04b55345dcb91ae441678d886d [CANDIDATE]: Term 1 election: Election decided. Result: candidate won. Election summary: received 2 responses out of 3 voters: 2 yes votes; 0 no votes. yes voters: 416c033e63284735bff469e1d9545a81, efd26c04b55345dcb91ae441678d886d; no voters: 
I20260608 10:00:10.811408 27310 leader_election.cc:290] T ee35684f0e6c4524ac632804b72f3d8b P efd26c04b55345dcb91ae441678d886d [CANDIDATE]: Term 1 election: Requested vote from peers 416c033e63284735bff469e1d9545a81 (127.22.21.66:39831), 8b58866fc3224d149febd72f869fe44c (127.22.21.67:39451)
I20260608 10:00:10.812181 27310 raft_consensus.cc:2804] T ee35684f0e6c4524ac632804b72f3d8b P efd26c04b55345dcb91ae441678d886d [term 1 FOLLOWER]: Leader election won for term 1
I20260608 10:00:10.812942 27312 raft_consensus.cc:493] T 75cf476c4d3343538db7cc65eaefcd01 P 416c033e63284735bff469e1d9545a81 [term 0 FOLLOWER]: Starting pre-election (no leader contacted us within the election timeout)
I20260608 10:00:10.814875 27312 raft_consensus.cc:515] T 75cf476c4d3343538db7cc65eaefcd01 P 416c033e63284735bff469e1d9545a81 [term 0 FOLLOWER]: Starting pre-election with config: opid_index: -1 OBSOLETE_local: false peers { permanent_uuid: "efd26c04b55345dcb91ae441678d886d" member_type: VOTER last_known_addr { host: "127.22.21.65" port: 36561 } } peers { permanent_uuid: "416c033e63284735bff469e1d9545a81" member_type: VOTER last_known_addr { host: "127.22.21.66" port: 39831 } } peers { permanent_uuid: "8b58866fc3224d149febd72f869fe44c" member_type: VOTER last_known_addr { host: "127.22.21.67" port: 39451 } }
I20260608 10:00:10.815415 27110 tablet_service.cc:1917] Received RequestConsensusVote() RPC: tablet_id: "e3087833004740eda54442af464814b4" candidate_uuid: "8b58866fc3224d149febd72f869fe44c" candidate_term: 1 candidate_status { last_received { term: 0 index: 0 } } ignore_live_leader: false dest_uuid: "efd26c04b55345dcb91ae441678d886d" is_pre_election: true
I20260608 10:00:10.816219 27110 raft_consensus.cc:2468] T e3087833004740eda54442af464814b4 P efd26c04b55345dcb91ae441678d886d [term 0 FOLLOWER]: Leader pre-election vote request: Granting yes vote for candidate 8b58866fc3224d149febd72f869fe44c in term 0.
I20260608 10:00:10.819103 27259 tablet_service.cc:1917] Received RequestConsensusVote() RPC: tablet_id: "e3087833004740eda54442af464814b4" candidate_uuid: "efd26c04b55345dcb91ae441678d886d" candidate_term: 1 candidate_status { last_received { term: 0 index: 0 } } ignore_live_leader: false dest_uuid: "8b58866fc3224d149febd72f869fe44c" is_pre_election: true
I20260608 10:00:10.819864 27259 raft_consensus.cc:2468] T e3087833004740eda54442af464814b4 P 8b58866fc3224d149febd72f869fe44c [term 0 FOLLOWER]: Leader pre-election vote request: Granting yes vote for candidate efd26c04b55345dcb91ae441678d886d in term 0.
I20260608 10:00:10.820637 27312 leader_election.cc:290] T 75cf476c4d3343538db7cc65eaefcd01 P 416c033e63284735bff469e1d9545a81 [CANDIDATE]: Term 1 pre-election: Requested pre-vote from peers efd26c04b55345dcb91ae441678d886d (127.22.21.65:36561), 8b58866fc3224d149febd72f869fe44c (127.22.21.67:39451)
I20260608 10:00:10.821307 27258 tablet_service.cc:1917] Received RequestConsensusVote() RPC: tablet_id: "ee35684f0e6c4524ac632804b72f3d8b" candidate_uuid: "efd26c04b55345dcb91ae441678d886d" candidate_term: 1 candidate_status { last_received { term: 0 index: 0 } } ignore_live_leader: false dest_uuid: "8b58866fc3224d149febd72f869fe44c" is_pre_election: true
I20260608 10:00:10.822113 27304 tablet_bootstrap.cc:492] T 5ba150d7082d481bbb7bcb29626634d1 P efd26c04b55345dcb91ae441678d886d: No bootstrap required, opened a new log
I20260608 10:00:10.824498 27304 ts_tablet_manager.cc:1403] T 5ba150d7082d481bbb7bcb29626634d1 P efd26c04b55345dcb91ae441678d886d: Time spent bootstrapping tablet: real 0.142s	user 0.037s	sys 0.041s
I20260608 10:00:10.824887 27257 tablet_service.cc:1917] Received RequestConsensusVote() RPC: tablet_id: "ee35684f0e6c4524ac632804b72f3d8b" candidate_uuid: "efd26c04b55345dcb91ae441678d886d" candidate_term: 1 candidate_status { last_received { term: 0 index: 0 } } ignore_live_leader: false dest_uuid: "8b58866fc3224d149febd72f869fe44c"
I20260608 10:00:10.824898 27075 leader_election.cc:304] T e3087833004740eda54442af464814b4 P efd26c04b55345dcb91ae441678d886d [CANDIDATE]: Term 1 pre-election: Election decided. Result: candidate won. Election summary: received 3 responses out of 3 voters: 2 yes votes; 1 no votes. yes voters: 8b58866fc3224d149febd72f869fe44c, efd26c04b55345dcb91ae441678d886d; no voters: 416c033e63284735bff469e1d9545a81
I20260608 10:00:10.822026 27258 raft_consensus.cc:2468] T ee35684f0e6c4524ac632804b72f3d8b P 8b58866fc3224d149febd72f869fe44c [term 0 FOLLOWER]: Leader pre-election vote request: Granting yes vote for candidate efd26c04b55345dcb91ae441678d886d in term 0.
I20260608 10:00:10.827720 27304 raft_consensus.cc:359] T 5ba150d7082d481bbb7bcb29626634d1 P efd26c04b55345dcb91ae441678d886d [term 0 FOLLOWER]: Replica starting. Triggering 0 pending ops. Active config: opid_index: -1 OBSOLETE_local: false peers { permanent_uuid: "efd26c04b55345dcb91ae441678d886d" member_type: VOTER last_known_addr { host: "127.22.21.65" port: 36561 } } peers { permanent_uuid: "416c033e63284735bff469e1d9545a81" member_type: VOTER last_known_addr { host: "127.22.21.66" port: 39831 } } peers { permanent_uuid: "8b58866fc3224d149febd72f869fe44c" member_type: VOTER last_known_addr { host: "127.22.21.67" port: 39451 } }
I20260608 10:00:10.828514 27304 raft_consensus.cc:385] T 5ba150d7082d481bbb7bcb29626634d1 P efd26c04b55345dcb91ae441678d886d [term 0 FOLLOWER]: Consensus starting up: Expiring failure detector timer to make a prompt election more likely
I20260608 10:00:10.829633 27304 raft_consensus.cc:740] T 5ba150d7082d481bbb7bcb29626634d1 P efd26c04b55345dcb91ae441678d886d [term 0 FOLLOWER]: Becoming Follower/Learner. State: Replica: efd26c04b55345dcb91ae441678d886d, State: Initialized, Role: FOLLOWER
I20260608 10:00:10.830442 27304 consensus_queue.cc:260] T 5ba150d7082d481bbb7bcb29626634d1 P efd26c04b55345dcb91ae441678d886d [NON_LEADER]: Queue going to NON_LEADER mode. State: All replicated index: 0, Majority replicated index: 0, Committed index: 0, Last appended: 0.0, Last appended by leader: 0, Current term: 0, Majority size: -1, State: 0, Mode: NON_LEADER, active raft config: opid_index: -1 OBSOLETE_local: false peers { permanent_uuid: "efd26c04b55345dcb91ae441678d886d" member_type: VOTER last_known_addr { host: "127.22.21.65" port: 36561 } } peers { permanent_uuid: "416c033e63284735bff469e1d9545a81" member_type: VOTER last_known_addr { host: "127.22.21.66" port: 39831 } } peers { permanent_uuid: "8b58866fc3224d149febd72f869fe44c" member_type: VOTER last_known_addr { host: "127.22.21.67" port: 39451 } }
I20260608 10:00:10.831419 27222 leader_election.cc:304] T e3087833004740eda54442af464814b4 P 8b58866fc3224d149febd72f869fe44c [CANDIDATE]: Term 1 pre-election: Election decided. Result: candidate won. Election summary: received 2 responses out of 3 voters: 2 yes votes; 0 no votes. yes voters: 8b58866fc3224d149febd72f869fe44c, efd26c04b55345dcb91ae441678d886d; no voters: 
I20260608 10:00:10.831835 27110 tablet_service.cc:1917] Received RequestConsensusVote() RPC: tablet_id: "fb670ae5527445fdacebade63b29b30e" candidate_uuid: "8b58866fc3224d149febd72f869fe44c" candidate_term: 1 candidate_status { last_received { term: 0 index: 0 } } ignore_live_leader: false dest_uuid: "efd26c04b55345dcb91ae441678d886d" is_pre_election: true
I20260608 10:00:10.832403 27311 raft_consensus.cc:2804] T e3087833004740eda54442af464814b4 P 8b58866fc3224d149febd72f869fe44c [term 0 FOLLOWER]: Leader pre-election won for term 1
I20260608 10:00:10.832775 27311 raft_consensus.cc:493] T e3087833004740eda54442af464814b4 P 8b58866fc3224d149febd72f869fe44c [term 0 FOLLOWER]: Starting leader election (no leader contacted us within the election timeout)
I20260608 10:00:10.832942 27109 tablet_service.cc:1917] Received RequestConsensusVote() RPC: tablet_id: "033b4ab89d8f45599d56cced7d21a81c" candidate_uuid: "8b58866fc3224d149febd72f869fe44c" candidate_term: 1 candidate_status { last_received { term: 0 index: 0 } } ignore_live_leader: false dest_uuid: "efd26c04b55345dcb91ae441678d886d" is_pre_election: true
I20260608 10:00:10.833164 27311 raft_consensus.cc:3060] T e3087833004740eda54442af464814b4 P 8b58866fc3224d149febd72f869fe44c [term 0 FOLLOWER]: Advancing to term 1
I20260608 10:00:10.833652 27109 raft_consensus.cc:2468] T 033b4ab89d8f45599d56cced7d21a81c P efd26c04b55345dcb91ae441678d886d [term 0 FOLLOWER]: Leader pre-election vote request: Granting yes vote for candidate 8b58866fc3224d149febd72f869fe44c in term 0.
I20260608 10:00:10.834968 27108 tablet_service.cc:1917] Received RequestConsensusVote() RPC: tablet_id: "75cf476c4d3343538db7cc65eaefcd01" candidate_uuid: "8b58866fc3224d149febd72f869fe44c" candidate_term: 1 candidate_status { last_received { term: 0 index: 0 } } ignore_live_leader: false dest_uuid: "efd26c04b55345dcb91ae441678d886d" is_pre_election: true
I20260608 10:00:10.835896 27185 tablet_service.cc:1917] Received RequestConsensusVote() RPC: tablet_id: "fb670ae5527445fdacebade63b29b30e" candidate_uuid: "8b58866fc3224d149febd72f869fe44c" candidate_term: 1 candidate_status { last_received { term: 0 index: 0 } } ignore_live_leader: false dest_uuid: "416c033e63284735bff469e1d9545a81" is_pre_election: true
I20260608 10:00:10.836599 27183 tablet_service.cc:1917] Received RequestConsensusVote() RPC: tablet_id: "033b4ab89d8f45599d56cced7d21a81c" candidate_uuid: "8b58866fc3224d149febd72f869fe44c" candidate_term: 1 candidate_status { last_received { term: 0 index: 0 } } ignore_live_leader: false dest_uuid: "416c033e63284735bff469e1d9545a81" is_pre_election: true
I20260608 10:00:10.837343 27183 raft_consensus.cc:2468] T 033b4ab89d8f45599d56cced7d21a81c P 416c033e63284735bff469e1d9545a81 [term 0 FOLLOWER]: Leader pre-election vote request: Granting yes vote for candidate 8b58866fc3224d149febd72f869fe44c in term 0.
I20260608 10:00:10.837504 27182 tablet_service.cc:1917] Received RequestConsensusVote() RPC: tablet_id: "75cf476c4d3343538db7cc65eaefcd01" candidate_uuid: "8b58866fc3224d149febd72f869fe44c" candidate_term: 1 candidate_status { last_received { term: 0 index: 0 } } ignore_live_leader: false dest_uuid: "416c033e63284735bff469e1d9545a81" is_pre_election: true
I20260608 10:00:10.838258 27182 raft_consensus.cc:2468] T 75cf476c4d3343538db7cc65eaefcd01 P 416c033e63284735bff469e1d9545a81 [term 0 FOLLOWER]: Leader pre-election vote request: Granting yes vote for candidate 8b58866fc3224d149febd72f869fe44c in term 0.
W20260608 10:00:10.840302 27223 leader_election.cc:343] T fb670ae5527445fdacebade63b29b30e P 8b58866fc3224d149febd72f869fe44c [CANDIDATE]: Term 1 pre-election: Tablet error from VoteRequest() call to peer 416c033e63284735bff469e1d9545a81 (127.22.21.66:39831): Illegal state: must be running to vote when last-logged opid is not known
I20260608 10:00:10.841037 27223 leader_election.cc:304] T 033b4ab89d8f45599d56cced7d21a81c P 8b58866fc3224d149febd72f869fe44c [CANDIDATE]: Term 1 pre-election: Election decided. Result: candidate won. Election summary: received 2 responses out of 3 voters: 2 yes votes; 0 no votes. yes voters: 416c033e63284735bff469e1d9545a81, 8b58866fc3224d149febd72f869fe44c; no voters: 
I20260608 10:00:10.843551 27333 raft_consensus.cc:2804] T e3087833004740eda54442af464814b4 P efd26c04b55345dcb91ae441678d886d [term 0 FOLLOWER]: Leader pre-election won for term 1
I20260608 10:00:10.843313 27311 raft_consensus.cc:515] T e3087833004740eda54442af464814b4 P 8b58866fc3224d149febd72f869fe44c [term 1 FOLLOWER]: Starting leader election with config: opid_index: -1 OBSOLETE_local: false peers { permanent_uuid: "efd26c04b55345dcb91ae441678d886d" member_type: VOTER last_known_addr { host: "127.22.21.65" port: 36561 } } peers { permanent_uuid: "416c033e63284735bff469e1d9545a81" member_type: VOTER last_known_addr { host: "127.22.21.66" port: 39831 } } peers { permanent_uuid: "8b58866fc3224d149febd72f869fe44c" member_type: VOTER last_known_addr { host: "127.22.21.67" port: 39451 } }
I20260608 10:00:10.844946 27305 tablet_bootstrap.cc:492] T 2b93b0da6f534bb6b31ae45ae5568350 P 416c033e63284735bff469e1d9545a81: No bootstrap required, opened a new log
I20260608 10:00:10.846418 27223 leader_election.cc:304] T 75cf476c4d3343538db7cc65eaefcd01 P 8b58866fc3224d149febd72f869fe44c [CANDIDATE]: Term 1 pre-election: Election decided. Result: candidate won. Election summary: received 2 responses out of 3 voters: 2 yes votes; 0 no votes. yes voters: 416c033e63284735bff469e1d9545a81, 8b58866fc3224d149febd72f869fe44c; no voters: 
I20260608 10:00:10.849346 27306 tablet_bootstrap.cc:492] T 995d4d5b466d4defa1096a01e90f4f95 P 8b58866fc3224d149febd72f869fe44c: No bootstrap required, opened a new log
I20260608 10:00:10.849853 27306 ts_tablet_manager.cc:1403] T 995d4d5b466d4defa1096a01e90f4f95 P 8b58866fc3224d149febd72f869fe44c: Time spent bootstrapping tablet: real 0.146s	user 0.017s	sys 0.017s
I20260608 10:00:10.848351 27108 tablet_service.cc:1917] Received RequestConsensusVote() RPC: tablet_id: "75cf476c4d3343538db7cc65eaefcd01" candidate_uuid: "416c033e63284735bff469e1d9545a81" candidate_term: 1 candidate_status { last_received { term: 0 index: 0 } } ignore_live_leader: false dest_uuid: "efd26c04b55345dcb91ae441678d886d" is_pre_election: true
I20260608 10:00:10.850526 27305 ts_tablet_manager.cc:1403] T 2b93b0da6f534bb6b31ae45ae5568350 P 416c033e63284735bff469e1d9545a81: Time spent bootstrapping tablet: real 0.101s	user 0.031s	sys 0.033s
I20260608 10:00:10.848253 27258 tablet_service.cc:1917] Received RequestConsensusVote() RPC: tablet_id: "75cf476c4d3343538db7cc65eaefcd01" candidate_uuid: "416c033e63284735bff469e1d9545a81" candidate_term: 1 candidate_status { last_received { term: 0 index: 0 } } ignore_live_leader: false dest_uuid: "8b58866fc3224d149febd72f869fe44c" is_pre_election: true
I20260608 10:00:10.851312 27258 raft_consensus.cc:2468] T 75cf476c4d3343538db7cc65eaefcd01 P 8b58866fc3224d149febd72f869fe44c [term 0 FOLLOWER]: Leader pre-election vote request: Granting yes vote for candidate 416c033e63284735bff469e1d9545a81 in term 0.
I20260608 10:00:10.852909 27150 leader_election.cc:304] T 75cf476c4d3343538db7cc65eaefcd01 P 416c033e63284735bff469e1d9545a81 [CANDIDATE]: Term 1 pre-election: Election decided. Result: candidate won. Election summary: received 2 responses out of 3 voters: 2 yes votes; 0 no votes. yes voters: 416c033e63284735bff469e1d9545a81, 8b58866fc3224d149febd72f869fe44c; no voters: 
W20260608 10:00:10.853632 27148 leader_election.cc:343] T 75cf476c4d3343538db7cc65eaefcd01 P 416c033e63284735bff469e1d9545a81 [CANDIDATE]: Term 1 pre-election: Tablet error from VoteRequest() call to peer efd26c04b55345dcb91ae441678d886d (127.22.21.65:36561): Illegal state: must be running to vote when last-logged opid is not known
I20260608 10:00:10.853557 27184 tablet_service.cc:1917] Received RequestConsensusVote() RPC: tablet_id: "e3087833004740eda54442af464814b4" candidate_uuid: "8b58866fc3224d149febd72f869fe44c" candidate_term: 1 candidate_status { last_received { term: 0 index: 0 } } ignore_live_leader: false dest_uuid: "416c033e63284735bff469e1d9545a81" is_pre_election: true
I20260608 10:00:10.854692 27312 raft_consensus.cc:2804] T 75cf476c4d3343538db7cc65eaefcd01 P 416c033e63284735bff469e1d9545a81 [term 0 FOLLOWER]: Leader pre-election won for term 1
I20260608 10:00:10.855101 27312 raft_consensus.cc:493] T 75cf476c4d3343538db7cc65eaefcd01 P 416c033e63284735bff469e1d9545a81 [term 0 FOLLOWER]: Starting leader election (no leader contacted us within the election timeout)
I20260608 10:00:10.855317 27311 leader_election.cc:290] T e3087833004740eda54442af464814b4 P 8b58866fc3224d149febd72f869fe44c [CANDIDATE]: Term 1 election: Requested vote from peers efd26c04b55345dcb91ae441678d886d (127.22.21.65:36561), 416c033e63284735bff469e1d9545a81 (127.22.21.66:39831)
I20260608 10:00:10.855443 27312 raft_consensus.cc:3060] T 75cf476c4d3343538db7cc65eaefcd01 P 416c033e63284735bff469e1d9545a81 [term 0 FOLLOWER]: Advancing to term 1
I20260608 10:00:10.856192 27311 raft_consensus.cc:2804] T 75cf476c4d3343538db7cc65eaefcd01 P 8b58866fc3224d149febd72f869fe44c [term 0 FOLLOWER]: Leader pre-election won for term 1
I20260608 10:00:10.856647 27311 raft_consensus.cc:493] T 75cf476c4d3343538db7cc65eaefcd01 P 8b58866fc3224d149febd72f869fe44c [term 0 FOLLOWER]: Starting leader election (no leader contacted us within the election timeout)
I20260608 10:00:10.857041 27311 raft_consensus.cc:3060] T 75cf476c4d3343538db7cc65eaefcd01 P 8b58866fc3224d149febd72f869fe44c [term 0 FOLLOWER]: Advancing to term 1
I20260608 10:00:10.863778 27312 raft_consensus.cc:515] T 75cf476c4d3343538db7cc65eaefcd01 P 416c033e63284735bff469e1d9545a81 [term 1 FOLLOWER]: Starting leader election with config: opid_index: -1 OBSOLETE_local: false peers { permanent_uuid: "efd26c04b55345dcb91ae441678d886d" member_type: VOTER last_known_addr { host: "127.22.21.65" port: 36561 } } peers { permanent_uuid: "416c033e63284735bff469e1d9545a81" member_type: VOTER last_known_addr { host: "127.22.21.66" port: 39831 } } peers { permanent_uuid: "8b58866fc3224d149febd72f869fe44c" member_type: VOTER last_known_addr { host: "127.22.21.67" port: 39451 } }
I20260608 10:00:10.864126 27333 raft_consensus.cc:493] T e3087833004740eda54442af464814b4 P efd26c04b55345dcb91ae441678d886d [term 0 FOLLOWER]: Starting leader election (no leader contacted us within the election timeout)
W20260608 10:00:10.864537 27223 leader_election.cc:343] T e3087833004740eda54442af464814b4 P 8b58866fc3224d149febd72f869fe44c [CANDIDATE]: Term 1 pre-election: Tablet error from VoteRequest() call to peer 416c033e63284735bff469e1d9545a81 (127.22.21.66:39831): Illegal state: must be running to vote when last-logged opid is not known
I20260608 10:00:10.866072 27333 raft_consensus.cc:3060] T e3087833004740eda54442af464814b4 P efd26c04b55345dcb91ae441678d886d [term 0 FOLLOWER]: Advancing to term 1
W20260608 10:00:10.868971 27222 leader_election.cc:343] T fb670ae5527445fdacebade63b29b30e P 8b58866fc3224d149febd72f869fe44c [CANDIDATE]: Term 1 pre-election: Tablet error from VoteRequest() call to peer efd26c04b55345dcb91ae441678d886d (127.22.21.65:36561): Illegal state: must be running to vote when last-logged opid is not known
I20260608 10:00:10.869448 27222 leader_election.cc:304] T fb670ae5527445fdacebade63b29b30e P 8b58866fc3224d149febd72f869fe44c [CANDIDATE]: Term 1 pre-election: Election decided. Result: candidate lost. Election summary: received 3 responses out of 3 voters: 1 yes votes; 2 no votes. yes voters: 8b58866fc3224d149febd72f869fe44c; no voters: 416c033e63284735bff469e1d9545a81, efd26c04b55345dcb91ae441678d886d
I20260608 10:00:10.869711 27305 raft_consensus.cc:359] T 2b93b0da6f534bb6b31ae45ae5568350 P 416c033e63284735bff469e1d9545a81 [term 0 FOLLOWER]: Replica starting. Triggering 0 pending ops. Active config: opid_index: -1 OBSOLETE_local: false peers { permanent_uuid: "efd26c04b55345dcb91ae441678d886d" member_type: VOTER last_known_addr { host: "127.22.21.65" port: 36561 } } peers { permanent_uuid: "416c033e63284735bff469e1d9545a81" member_type: VOTER last_known_addr { host: "127.22.21.66" port: 39831 } } peers { permanent_uuid: "8b58866fc3224d149febd72f869fe44c" member_type: VOTER last_known_addr { host: "127.22.21.67" port: 39451 } }
I20260608 10:00:10.870481 27305 raft_consensus.cc:385] T 2b93b0da6f534bb6b31ae45ae5568350 P 416c033e63284735bff469e1d9545a81 [term 0 FOLLOWER]: Consensus starting up: Expiring failure detector timer to make a prompt election more likely
I20260608 10:00:10.870761 27305 raft_consensus.cc:740] T 2b93b0da6f534bb6b31ae45ae5568350 P 416c033e63284735bff469e1d9545a81 [term 0 FOLLOWER]: Becoming Follower/Learner. State: Replica: 416c033e63284735bff469e1d9545a81, State: Initialized, Role: FOLLOWER
I20260608 10:00:10.871167 27184 tablet_service.cc:1917] Received RequestConsensusVote() RPC: tablet_id: "e3087833004740eda54442af464814b4" candidate_uuid: "8b58866fc3224d149febd72f869fe44c" candidate_term: 1 candidate_status { last_received { term: 0 index: 0 } } ignore_live_leader: false dest_uuid: "416c033e63284735bff469e1d9545a81"
W20260608 10:00:10.871817 27222 leader_election.cc:343] T 75cf476c4d3343538db7cc65eaefcd01 P 8b58866fc3224d149febd72f869fe44c [CANDIDATE]: Term 1 pre-election: Tablet error from VoteRequest() call to peer efd26c04b55345dcb91ae441678d886d (127.22.21.65:36561): Illegal state: must be running to vote when last-logged opid is not known
I20260608 10:00:10.846410 27338 raft_consensus.cc:2804] T 033b4ab89d8f45599d56cced7d21a81c P 8b58866fc3224d149febd72f869fe44c [term 0 FOLLOWER]: Leader pre-election won for term 1
I20260608 10:00:10.875093 27336 raft_consensus.cc:493] T 033b4ab89d8f45599d56cced7d21a81c P efd26c04b55345dcb91ae441678d886d [term 0 FOLLOWER]: Starting pre-election (no leader contacted us within the election timeout)
I20260608 10:00:10.875617 27336 raft_consensus.cc:515] T 033b4ab89d8f45599d56cced7d21a81c P efd26c04b55345dcb91ae441678d886d [term 0 FOLLOWER]: Starting pre-election with config: opid_index: -1 OBSOLETE_local: false peers { permanent_uuid: "efd26c04b55345dcb91ae441678d886d" member_type: VOTER last_known_addr { host: "127.22.21.65" port: 36561 } } peers { permanent_uuid: "416c033e63284735bff469e1d9545a81" member_type: VOTER last_known_addr { host: "127.22.21.66" port: 39831 } } peers { permanent_uuid: "8b58866fc3224d149febd72f869fe44c" member_type: VOTER last_known_addr { host: "127.22.21.67" port: 39451 } }
I20260608 10:00:10.871536 27305 consensus_queue.cc:260] T 2b93b0da6f534bb6b31ae45ae5568350 P 416c033e63284735bff469e1d9545a81 [NON_LEADER]: Queue going to NON_LEADER mode. State: All replicated index: 0, Majority replicated index: 0, Committed index: 0, Last appended: 0.0, Last appended by leader: 0, Current term: 0, Majority size: -1, State: 0, Mode: NON_LEADER, active raft config: opid_index: -1 OBSOLETE_local: false peers { permanent_uuid: "efd26c04b55345dcb91ae441678d886d" member_type: VOTER last_known_addr { host: "127.22.21.65" port: 36561 } } peers { permanent_uuid: "416c033e63284735bff469e1d9545a81" member_type: VOTER last_known_addr { host: "127.22.21.66" port: 39831 } } peers { permanent_uuid: "8b58866fc3224d149febd72f869fe44c" member_type: VOTER last_known_addr { host: "127.22.21.67" port: 39451 } }
I20260608 10:00:10.863994 27311 raft_consensus.cc:515] T 75cf476c4d3343538db7cc65eaefcd01 P 8b58866fc3224d149febd72f869fe44c [term 1 FOLLOWER]: Starting leader election with config: opid_index: -1 OBSOLETE_local: false peers { permanent_uuid: "efd26c04b55345dcb91ae441678d886d" member_type: VOTER last_known_addr { host: "127.22.21.65" port: 36561 } } peers { permanent_uuid: "416c033e63284735bff469e1d9545a81" member_type: VOTER last_known_addr { host: "127.22.21.66" port: 39831 } } peers { permanent_uuid: "8b58866fc3224d149febd72f869fe44c" member_type: VOTER last_known_addr { host: "127.22.21.67" port: 39451 } }
I20260608 10:00:10.878063 27338 raft_consensus.cc:493] T 033b4ab89d8f45599d56cced7d21a81c P 8b58866fc3224d149febd72f869fe44c [term 0 FOLLOWER]: Starting leader election (no leader contacted us within the election timeout)
I20260608 10:00:10.879403 27338 raft_consensus.cc:3060] T 033b4ab89d8f45599d56cced7d21a81c P 8b58866fc3224d149febd72f869fe44c [term 0 FOLLOWER]: Advancing to term 1
I20260608 10:00:10.880827 27304 ts_tablet_manager.cc:1434] T 5ba150d7082d481bbb7bcb29626634d1 P efd26c04b55345dcb91ae441678d886d: Time spent starting tablet: real 0.056s	user 0.017s	sys 0.002s
I20260608 10:00:10.881469 27336 leader_election.cc:290] T 033b4ab89d8f45599d56cced7d21a81c P efd26c04b55345dcb91ae441678d886d [CANDIDATE]: Term 1 pre-election: Requested pre-vote from peers 416c033e63284735bff469e1d9545a81 (127.22.21.66:39831), 8b58866fc3224d149febd72f869fe44c (127.22.21.67:39451)
I20260608 10:00:10.881197 27340 raft_consensus.cc:2749] T fb670ae5527445fdacebade63b29b30e P 8b58866fc3224d149febd72f869fe44c [term 0 FOLLOWER]: Leader pre-election lost for term 1. Reason: could not achieve majority
I20260608 10:00:10.882716 27258 tablet_service.cc:1917] Received RequestConsensusVote() RPC: tablet_id: "033b4ab89d8f45599d56cced7d21a81c" candidate_uuid: "efd26c04b55345dcb91ae441678d886d" candidate_term: 1 candidate_status { last_received { term: 0 index: 0 } } ignore_live_leader: false dest_uuid: "8b58866fc3224d149febd72f869fe44c" is_pre_election: true
I20260608 10:00:10.883070 27304 tablet_bootstrap.cc:492] T 2b93b0da6f534bb6b31ae45ae5568350 P efd26c04b55345dcb91ae441678d886d: Bootstrap starting.
I20260608 10:00:10.881035 27333 raft_consensus.cc:515] T e3087833004740eda54442af464814b4 P efd26c04b55345dcb91ae441678d886d [term 1 FOLLOWER]: Starting leader election with config: opid_index: -1 OBSOLETE_local: false peers { permanent_uuid: "efd26c04b55345dcb91ae441678d886d" member_type: VOTER last_known_addr { host: "127.22.21.65" port: 36561 } } peers { permanent_uuid: "416c033e63284735bff469e1d9545a81" member_type: VOTER last_known_addr { host: "127.22.21.66" port: 39831 } } peers { permanent_uuid: "8b58866fc3224d149febd72f869fe44c" member_type: VOTER last_known_addr { host: "127.22.21.67" port: 39451 } }
I20260608 10:00:10.883442 27311 leader_election.cc:290] T 75cf476c4d3343538db7cc65eaefcd01 P 8b58866fc3224d149febd72f869fe44c [CANDIDATE]: Term 1 election: Requested vote from peers efd26c04b55345dcb91ae441678d886d (127.22.21.65:36561), 416c033e63284735bff469e1d9545a81 (127.22.21.66:39831)
I20260608 10:00:10.884562 27312 leader_election.cc:290] T 75cf476c4d3343538db7cc65eaefcd01 P 416c033e63284735bff469e1d9545a81 [CANDIDATE]: Term 1 election: Requested vote from peers efd26c04b55345dcb91ae441678d886d (127.22.21.65:36561), 8b58866fc3224d149febd72f869fe44c (127.22.21.67:39451)
