I20260608 09:58:16.258277 28313 raft_consensus.cc:2468] T 202114dcdcb74a0c8679f39831c99755 P 489a948e50aa4d40b4eb14229ca8d269 [term 0 FOLLOWER]: Leader pre-election vote request: Granting yes vote for candidate 9709ea8962c5481a8a3db6940c82d388 in term 0.
I20260608 09:58:16.258694 28314 raft_consensus.cc:2468] T 71a1864aac814f26a4329362ad9fef0e P 489a948e50aa4d40b4eb14229ca8d269 [term 0 FOLLOWER]: Leader pre-election vote request: Granting yes vote for candidate 9709ea8962c5481a8a3db6940c82d388 in term 0.
I20260608 09:58:16.259951 28312 tablet_service.cc:1917] Received RequestConsensusVote() RPC: tablet_id: "b1ede010d8f8437d88b24519f0167fa2" candidate_uuid: "9709ea8962c5481a8a3db6940c82d388" candidate_term: 1 candidate_status { last_received { term: 0 index: 0 } } ignore_live_leader: false dest_uuid: "489a948e50aa4d40b4eb14229ca8d269" is_pre_election: true
I20260608 09:58:16.260303 28202 leader_election.cc:304] T 202114dcdcb74a0c8679f39831c99755 P 9709ea8962c5481a8a3db6940c82d388 [CANDIDATE]: Term 1 pre-election: Election decided. Result: candidate won. Election summary: received 2 responses out of 3 voters: 2 yes votes; 0 no votes. yes voters: 489a948e50aa4d40b4eb14229ca8d269, 9709ea8962c5481a8a3db6940c82d388; no voters: 
I20260608 09:58:16.261286 28202 leader_election.cc:304] T 71a1864aac814f26a4329362ad9fef0e P 9709ea8962c5481a8a3db6940c82d388 [CANDIDATE]: Term 1 pre-election: Election decided. Result: candidate won. Election summary: received 2 responses out of 3 voters: 2 yes votes; 0 no votes. yes voters: 489a948e50aa4d40b4eb14229ca8d269, 9709ea8962c5481a8a3db6940c82d388; no voters: 
I20260608 09:58:16.261797 28434 tablet_bootstrap.cc:654] T b1ede010d8f8437d88b24519f0167fa2 P a8f292e58ad64cbd9ad27f5525f3c3c1: Neither blocks nor log segments found. Creating new log.
I20260608 09:58:16.262542 28439 raft_consensus.cc:493] T 37584a1adf90458d846eb86ce8a7bc52 P 9709ea8962c5481a8a3db6940c82d388 [term 0 FOLLOWER]: Starting pre-election (no leader contacted us within the election timeout)
I20260608 09:58:16.263039 28439 raft_consensus.cc:515] T 37584a1adf90458d846eb86ce8a7bc52 P 9709ea8962c5481a8a3db6940c82d388 [term 0 FOLLOWER]: Starting pre-election with config: opid_index: -1 OBSOLETE_local: false peers { permanent_uuid: "9709ea8962c5481a8a3db6940c82d388" member_type: VOTER last_known_addr { host: "127.26.237.65" port: 44183 } } peers { permanent_uuid: "489a948e50aa4d40b4eb14229ca8d269" member_type: VOTER last_known_addr { host: "127.26.237.66" port: 38925 } } peers { permanent_uuid: "a8f292e58ad64cbd9ad27f5525f3c3c1" member_type: VOTER last_known_addr { host: "127.26.237.67" port: 38685 } }
I20260608 09:58:16.267207 28439 leader_election.cc:290] T 37584a1adf90458d846eb86ce8a7bc52 P 9709ea8962c5481a8a3db6940c82d388 [CANDIDATE]: Term 1 pre-election: Requested pre-vote from peers 489a948e50aa4d40b4eb14229ca8d269 (127.26.237.66:38925), a8f292e58ad64cbd9ad27f5525f3c3c1 (127.26.237.67:38685)
I20260608 09:58:16.267910 28439 raft_consensus.cc:2804] T 202114dcdcb74a0c8679f39831c99755 P 9709ea8962c5481a8a3db6940c82d388 [term 0 FOLLOWER]: Leader pre-election won for term 1
I20260608 09:58:16.268214 28463 raft_consensus.cc:2804] T 71a1864aac814f26a4329362ad9fef0e P 9709ea8962c5481a8a3db6940c82d388 [term 0 FOLLOWER]: Leader pre-election won for term 1
I20260608 09:58:16.268378 28439 raft_consensus.cc:493] T 202114dcdcb74a0c8679f39831c99755 P 9709ea8962c5481a8a3db6940c82d388 [term 0 FOLLOWER]: Starting leader election (no leader contacted us within the election timeout)
I20260608 09:58:16.268705 28463 raft_consensus.cc:493] T 71a1864aac814f26a4329362ad9fef0e P 9709ea8962c5481a8a3db6940c82d388 [term 0 FOLLOWER]: Starting leader election (no leader contacted us within the election timeout)
I20260608 09:58:16.268945 28439 raft_consensus.cc:3060] T 202114dcdcb74a0c8679f39831c99755 P 9709ea8962c5481a8a3db6940c82d388 [term 0 FOLLOWER]: Advancing to term 1
I20260608 09:58:16.269182 28463 raft_consensus.cc:3060] T 71a1864aac814f26a4329362ad9fef0e P 9709ea8962c5481a8a3db6940c82d388 [term 0 FOLLOWER]: Advancing to term 1
I20260608 09:58:16.273850 28434 tablet_bootstrap.cc:492] T b1ede010d8f8437d88b24519f0167fa2 P a8f292e58ad64cbd9ad27f5525f3c3c1: No bootstrap required, opened a new log
I20260608 09:58:16.274489 28434 ts_tablet_manager.cc:1403] T b1ede010d8f8437d88b24519f0167fa2 P a8f292e58ad64cbd9ad27f5525f3c3c1: Time spent bootstrapping tablet: real 0.145s	user 0.012s	sys 0.010s
I20260608 09:58:16.276228 28463 raft_consensus.cc:515] T 71a1864aac814f26a4329362ad9fef0e P 9709ea8962c5481a8a3db6940c82d388 [term 1 FOLLOWER]: Starting leader election with config: opid_index: -1 OBSOLETE_local: false peers { permanent_uuid: "9709ea8962c5481a8a3db6940c82d388" member_type: VOTER last_known_addr { host: "127.26.237.65" port: 44183 } } peers { permanent_uuid: "489a948e50aa4d40b4eb14229ca8d269" member_type: VOTER last_known_addr { host: "127.26.237.66" port: 38925 } } peers { permanent_uuid: "a8f292e58ad64cbd9ad27f5525f3c3c1" member_type: VOTER last_known_addr { host: "127.26.237.67" port: 38685 } }
I20260608 09:58:16.278329 28434 raft_consensus.cc:359] T b1ede010d8f8437d88b24519f0167fa2 P a8f292e58ad64cbd9ad27f5525f3c3c1 [term 0 FOLLOWER]: Replica starting. Triggering 0 pending ops. Active config: opid_index: -1 OBSOLETE_local: false peers { permanent_uuid: "9709ea8962c5481a8a3db6940c82d388" member_type: VOTER last_known_addr { host: "127.26.237.65" port: 44183 } } peers { permanent_uuid: "489a948e50aa4d40b4eb14229ca8d269" member_type: VOTER last_known_addr { host: "127.26.237.66" port: 38925 } } peers { permanent_uuid: "a8f292e58ad64cbd9ad27f5525f3c3c1" member_type: VOTER last_known_addr { host: "127.26.237.67" port: 38685 } }
I20260608 09:58:16.279083 28463 leader_election.cc:290] T 71a1864aac814f26a4329362ad9fef0e P 9709ea8962c5481a8a3db6940c82d388 [CANDIDATE]: Term 1 election: Requested vote from peers 489a948e50aa4d40b4eb14229ca8d269 (127.26.237.66:38925), a8f292e58ad64cbd9ad27f5525f3c3c1 (127.26.237.67:38685)
I20260608 09:58:16.279166 28434 raft_consensus.cc:385] T b1ede010d8f8437d88b24519f0167fa2 P a8f292e58ad64cbd9ad27f5525f3c3c1 [term 0 FOLLOWER]: Consensus starting up: Expiring failure detector timer to make a prompt election more likely
W20260608 09:58:16.280442 28202 leader_election.cc:343] T b1ede010d8f8437d88b24519f0167fa2 P 9709ea8962c5481a8a3db6940c82d388 [CANDIDATE]: Term 1 pre-election: Tablet error from VoteRequest() call to peer 489a948e50aa4d40b4eb14229ca8d269 (127.26.237.66:38925): Illegal state: must be running to vote when last-logged opid is not known
I20260608 09:58:16.279778 28434 raft_consensus.cc:740] T b1ede010d8f8437d88b24519f0167fa2 P a8f292e58ad64cbd9ad27f5525f3c3c1 [term 0 FOLLOWER]: Becoming Follower/Learner. State: Replica: a8f292e58ad64cbd9ad27f5525f3c3c1, State: Initialized, Role: FOLLOWER
I20260608 09:58:16.283648 28434 consensus_queue.cc:260] T b1ede010d8f8437d88b24519f0167fa2 P a8f292e58ad64cbd9ad27f5525f3c3c1 [NON_LEADER]: Queue going to NON_LEADER mode. State: All replicated index: 0, Majority replicated index: 0, Committed index: 0, Last appended: 0.0, Last appended by leader: 0, Current term: 0, Majority size: -1, State: 0, Mode: NON_LEADER, active raft config: opid_index: -1 OBSOLETE_local: false peers { permanent_uuid: "9709ea8962c5481a8a3db6940c82d388" member_type: VOTER last_known_addr { host: "127.26.237.65" port: 44183 } } peers { permanent_uuid: "489a948e50aa4d40b4eb14229ca8d269" member_type: VOTER last_known_addr { host: "127.26.237.66" port: 38925 } } peers { permanent_uuid: "a8f292e58ad64cbd9ad27f5525f3c3c1" member_type: VOTER last_known_addr { host: "127.26.237.67" port: 38685 } }
I20260608 09:58:16.286307 28434 ts_tablet_manager.cc:1434] T b1ede010d8f8437d88b24519f0167fa2 P a8f292e58ad64cbd9ad27f5525f3c3c1: Time spent starting tablet: real 0.011s	user 0.006s	sys 0.000s
I20260608 09:58:16.286075 28386 tablet_service.cc:1917] Received RequestConsensusVote() RPC: tablet_id: "b1ede010d8f8437d88b24519f0167fa2" candidate_uuid: "9709ea8962c5481a8a3db6940c82d388" candidate_term: 1 candidate_status { last_received { term: 0 index: 0 } } ignore_live_leader: false dest_uuid: "a8f292e58ad64cbd9ad27f5525f3c3c1" is_pre_election: true
I20260608 09:58:16.286919 28386 raft_consensus.cc:2468] T b1ede010d8f8437d88b24519f0167fa2 P a8f292e58ad64cbd9ad27f5525f3c3c1 [term 0 FOLLOWER]: Leader pre-election vote request: Granting yes vote for candidate 9709ea8962c5481a8a3db6940c82d388 in term 0.
I20260608 09:58:16.287452 28388 tablet_service.cc:1917] Received RequestConsensusVote() RPC: tablet_id: "71a1864aac814f26a4329362ad9fef0e" candidate_uuid: "9709ea8962c5481a8a3db6940c82d388" candidate_term: 1 candidate_status { last_received { term: 0 index: 0 } } ignore_live_leader: false dest_uuid: "a8f292e58ad64cbd9ad27f5525f3c3c1" is_pre_election: true
I20260608 09:58:16.288121 28388 raft_consensus.cc:2468] T 71a1864aac814f26a4329362ad9fef0e P a8f292e58ad64cbd9ad27f5525f3c3c1 [term 0 FOLLOWER]: Leader pre-election vote request: Granting yes vote for candidate 9709ea8962c5481a8a3db6940c82d388 in term 0.
I20260608 09:58:16.288218 28385 tablet_service.cc:1917] Received RequestConsensusVote() RPC: tablet_id: "37584a1adf90458d846eb86ce8a7bc52" candidate_uuid: "9709ea8962c5481a8a3db6940c82d388" candidate_term: 1 candidate_status { last_received { term: 0 index: 0 } } ignore_live_leader: false dest_uuid: "a8f292e58ad64cbd9ad27f5525f3c3c1" is_pre_election: true
I20260608 09:58:16.288822 28385 raft_consensus.cc:2468] T 37584a1adf90458d846eb86ce8a7bc52 P a8f292e58ad64cbd9ad27f5525f3c3c1 [term 0 FOLLOWER]: Leader pre-election vote request: Granting yes vote for candidate 9709ea8962c5481a8a3db6940c82d388 in term 0.
I20260608 09:58:16.288996 28204 leader_election.cc:304] T b1ede010d8f8437d88b24519f0167fa2 P 9709ea8962c5481a8a3db6940c82d388 [CANDIDATE]: Term 1 pre-election: Election decided. Result: candidate won. Election summary: received 3 responses out of 3 voters: 2 yes votes; 1 no votes. yes voters: 9709ea8962c5481a8a3db6940c82d388, a8f292e58ad64cbd9ad27f5525f3c3c1; no voters: 489a948e50aa4d40b4eb14229ca8d269
I20260608 09:58:16.289299 28387 tablet_service.cc:1917] Received RequestConsensusVote() RPC: tablet_id: "202114dcdcb74a0c8679f39831c99755" candidate_uuid: "9709ea8962c5481a8a3db6940c82d388" candidate_term: 1 candidate_status { last_received { term: 0 index: 0 } } ignore_live_leader: false dest_uuid: "a8f292e58ad64cbd9ad27f5525f3c3c1" is_pre_election: true
I20260608 09:58:16.289924 28387 raft_consensus.cc:2468] T 202114dcdcb74a0c8679f39831c99755 P a8f292e58ad64cbd9ad27f5525f3c3c1 [term 0 FOLLOWER]: Leader pre-election vote request: Granting yes vote for candidate 9709ea8962c5481a8a3db6940c82d388 in term 0.
I20260608 09:58:16.289969 28384 tablet_service.cc:1917] Received RequestConsensusVote() RPC: tablet_id: "71a1864aac814f26a4329362ad9fef0e" candidate_uuid: "9709ea8962c5481a8a3db6940c82d388" candidate_term: 1 candidate_status { last_received { term: 0 index: 0 } } ignore_live_leader: false dest_uuid: "a8f292e58ad64cbd9ad27f5525f3c3c1"
I20260608 09:58:16.290336 28463 raft_consensus.cc:2804] T b1ede010d8f8437d88b24519f0167fa2 P 9709ea8962c5481a8a3db6940c82d388 [term 0 FOLLOWER]: Leader pre-election won for term 1
I20260608 09:58:16.290647 28384 raft_consensus.cc:3060] T 71a1864aac814f26a4329362ad9fef0e P a8f292e58ad64cbd9ad27f5525f3c3c1 [term 0 FOLLOWER]: Advancing to term 1
I20260608 09:58:16.290783 28383 tablet_service.cc:1917] Received RequestConsensusVote() RPC: tablet_id: "71a1864aac814f26a4329362ad9fef0e" candidate_uuid: "489a948e50aa4d40b4eb14229ca8d269" candidate_term: 1 candidate_status { last_received { term: 0 index: 0 } } ignore_live_leader: false dest_uuid: "a8f292e58ad64cbd9ad27f5525f3c3c1" is_pre_election: true
I20260608 09:58:16.293059 28204 leader_election.cc:304] T 37584a1adf90458d846eb86ce8a7bc52 P 9709ea8962c5481a8a3db6940c82d388 [CANDIDATE]: Term 1 pre-election: Election decided. Result: candidate won. Election summary: received 2 responses out of 3 voters: 2 yes votes; 0 no votes. yes voters: 9709ea8962c5481a8a3db6940c82d388, a8f292e58ad64cbd9ad27f5525f3c3c1; no voters: 
I20260608 09:58:16.293284 28382 tablet_service.cc:1917] Received RequestConsensusVote() RPC: tablet_id: "37584a1adf90458d846eb86ce8a7bc52" candidate_uuid: "489a948e50aa4d40b4eb14229ca8d269" candidate_term: 1 candidate_status { last_received { term: 0 index: 0 } } ignore_live_leader: false dest_uuid: "a8f292e58ad64cbd9ad27f5525f3c3c1" is_pre_election: true
I20260608 09:58:16.293920 28382 raft_consensus.cc:2468] T 37584a1adf90458d846eb86ce8a7bc52 P a8f292e58ad64cbd9ad27f5525f3c3c1 [term 0 FOLLOWER]: Leader pre-election vote request: Granting yes vote for candidate 489a948e50aa4d40b4eb14229ca8d269 in term 0.
I20260608 09:58:16.294708 28312 tablet_service.cc:1917] Received RequestConsensusVote() RPC: tablet_id: "37584a1adf90458d846eb86ce8a7bc52" candidate_uuid: "9709ea8962c5481a8a3db6940c82d388" candidate_term: 1 candidate_status { last_received { term: 0 index: 0 } } ignore_live_leader: false dest_uuid: "489a948e50aa4d40b4eb14229ca8d269" is_pre_election: true
I20260608 09:58:16.294809 28452 raft_consensus.cc:2804] T 37584a1adf90458d846eb86ce8a7bc52 P 9709ea8962c5481a8a3db6940c82d388 [term 0 FOLLOWER]: Leader pre-election won for term 1
I20260608 09:58:16.295051 28279 leader_election.cc:304] T 37584a1adf90458d846eb86ce8a7bc52 P 489a948e50aa4d40b4eb14229ca8d269 [CANDIDATE]: Term 1 pre-election: Election decided. Result: candidate won. Election summary: received 2 responses out of 3 voters: 2 yes votes; 0 no votes. yes voters: 489a948e50aa4d40b4eb14229ca8d269, a8f292e58ad64cbd9ad27f5525f3c3c1; no voters: 
I20260608 09:58:16.295373 28452 raft_consensus.cc:493] T 37584a1adf90458d846eb86ce8a7bc52 P 9709ea8962c5481a8a3db6940c82d388 [term 0 FOLLOWER]: Starting leader election (no leader contacted us within the election timeout)
I20260608 09:58:16.295738 28452 raft_consensus.cc:3060] T 37584a1adf90458d846eb86ce8a7bc52 P 9709ea8962c5481a8a3db6940c82d388 [term 0 FOLLOWER]: Advancing to term 1
I20260608 09:58:16.296377 28312 raft_consensus.cc:2468] T 37584a1adf90458d846eb86ce8a7bc52 P 489a948e50aa4d40b4eb14229ca8d269 [term 0 FOLLOWER]: Leader pre-election vote request: Granting yes vote for candidate 9709ea8962c5481a8a3db6940c82d388 in term 0.
I20260608 09:58:16.298589 28433 tablet_bootstrap.cc:492] T b1ede010d8f8437d88b24519f0167fa2 P 489a948e50aa4d40b4eb14229ca8d269: No bootstrap required, opened a new log
I20260608 09:58:16.299064 28433 ts_tablet_manager.cc:1403] T b1ede010d8f8437d88b24519f0167fa2 P 489a948e50aa4d40b4eb14229ca8d269: Time spent bootstrapping tablet: real 0.187s	user 0.014s	sys 0.008s
I20260608 09:58:16.299384 28460 raft_consensus.cc:2804] T 37584a1adf90458d846eb86ce8a7bc52 P 489a948e50aa4d40b4eb14229ca8d269 [term 0 FOLLOWER]: Leader pre-election won for term 1
I20260608 09:58:16.299758 28460 raft_consensus.cc:493] T 37584a1adf90458d846eb86ce8a7bc52 P 489a948e50aa4d40b4eb14229ca8d269 [term 0 FOLLOWER]: Starting leader election (no leader contacted us within the election timeout)
I20260608 09:58:16.300098 28460 raft_consensus.cc:3060] T 37584a1adf90458d846eb86ce8a7bc52 P 489a948e50aa4d40b4eb14229ca8d269 [term 0 FOLLOWER]: Advancing to term 1
I20260608 09:58:16.302217 28433 raft_consensus.cc:359] T b1ede010d8f8437d88b24519f0167fa2 P 489a948e50aa4d40b4eb14229ca8d269 [term 0 FOLLOWER]: Replica starting. Triggering 0 pending ops. Active config: opid_index: -1 OBSOLETE_local: false peers { permanent_uuid: "9709ea8962c5481a8a3db6940c82d388" member_type: VOTER last_known_addr { host: "127.26.237.65" port: 44183 } } peers { permanent_uuid: "489a948e50aa4d40b4eb14229ca8d269" member_type: VOTER last_known_addr { host: "127.26.237.66" port: 38925 } } peers { permanent_uuid: "a8f292e58ad64cbd9ad27f5525f3c3c1" member_type: VOTER last_known_addr { host: "127.26.237.67" port: 38685 } }
I20260608 09:58:16.302938 28433 raft_consensus.cc:385] T b1ede010d8f8437d88b24519f0167fa2 P 489a948e50aa4d40b4eb14229ca8d269 [term 0 FOLLOWER]: Consensus starting up: Expiring failure detector timer to make a prompt election more likely
I20260608 09:58:16.303421 28432 tablet_bootstrap.cc:700] T 0720bd7b7078476e8d79117c56dbdc06 P 9709ea8962c5481a8a3db6940c82d388: Time spent opening tablet: real 0.177s	user 0.008s	sys 0.000s
I20260608 09:58:16.304055 28432 tablet_bootstrap.cc:654] T 0720bd7b7078476e8d79117c56dbdc06 P 9709ea8962c5481a8a3db6940c82d388: Neither blocks nor log segments found. Creating new log.
I20260608 09:58:16.304317 28433 raft_consensus.cc:740] T b1ede010d8f8437d88b24519f0167fa2 P 489a948e50aa4d40b4eb14229ca8d269 [term 0 FOLLOWER]: Becoming Follower/Learner. State: Replica: 489a948e50aa4d40b4eb14229ca8d269, State: Initialized, Role: FOLLOWER
I20260608 09:58:16.306226 28433 consensus_queue.cc:260] T b1ede010d8f8437d88b24519f0167fa2 P 489a948e50aa4d40b4eb14229ca8d269 [NON_LEADER]: Queue going to NON_LEADER mode. State: All replicated index: 0, Majority replicated index: 0, Committed index: 0, Last appended: 0.0, Last appended by leader: 0, Current term: 0, Majority size: -1, State: 0, Mode: NON_LEADER, active raft config: opid_index: -1 OBSOLETE_local: false peers { permanent_uuid: "9709ea8962c5481a8a3db6940c82d388" member_type: VOTER last_known_addr { host: "127.26.237.65" port: 44183 } } peers { permanent_uuid: "489a948e50aa4d40b4eb14229ca8d269" member_type: VOTER last_known_addr { host: "127.26.237.66" port: 38925 } } peers { permanent_uuid: "a8f292e58ad64cbd9ad27f5525f3c3c1" member_type: VOTER last_known_addr { host: "127.26.237.67" port: 38685 } }
I20260608 09:58:16.307435 28386 tablet_service.cc:1917] Received RequestConsensusVote() RPC: tablet_id: "2fab5411e9e14c9ba22597c4140dc961" candidate_uuid: "489a948e50aa4d40b4eb14229ca8d269" candidate_term: 1 candidate_status { last_received { term: 0 index: 0 } } ignore_live_leader: false dest_uuid: "a8f292e58ad64cbd9ad27f5525f3c3c1" is_pre_election: true
I20260608 09:58:16.309724 28433 ts_tablet_manager.cc:1434] T b1ede010d8f8437d88b24519f0167fa2 P 489a948e50aa4d40b4eb14229ca8d269: Time spent starting tablet: real 0.010s	user 0.003s	sys 0.004s
W20260608 09:58:16.310204 28279 leader_election.cc:343] T 2fab5411e9e14c9ba22597c4140dc961 P 489a948e50aa4d40b4eb14229ca8d269 [CANDIDATE]: Term 1 pre-election: Tablet error from VoteRequest() call to peer a8f292e58ad64cbd9ad27f5525f3c3c1 (127.26.237.67:38685): Illegal state: must be running to vote when last-logged opid is not known
I20260608 09:58:16.310535 28434 tablet_bootstrap.cc:492] T 2fab5411e9e14c9ba22597c4140dc961 P a8f292e58ad64cbd9ad27f5525f3c3c1: Bootstrap starting.
I20260608 09:58:16.308568 28314 tablet_service.cc:1917] Received RequestConsensusVote() RPC: tablet_id: "71a1864aac814f26a4329362ad9fef0e" candidate_uuid: "9709ea8962c5481a8a3db6940c82d388" candidate_term: 1 candidate_status { last_received { term: 0 index: 0 } } ignore_live_leader: false dest_uuid: "489a948e50aa4d40b4eb14229ca8d269"
I20260608 09:58:16.311311 28460 raft_consensus.cc:515] T 37584a1adf90458d846eb86ce8a7bc52 P 489a948e50aa4d40b4eb14229ca8d269 [term 1 FOLLOWER]: Starting leader election with config: opid_index: -1 OBSOLETE_local: false peers { permanent_uuid: "9709ea8962c5481a8a3db6940c82d388" member_type: VOTER last_known_addr { host: "127.26.237.65" port: 44183 } } peers { permanent_uuid: "489a948e50aa4d40b4eb14229ca8d269" member_type: VOTER last_known_addr { host: "127.26.237.66" port: 38925 } } peers { permanent_uuid: "a8f292e58ad64cbd9ad27f5525f3c3c1" member_type: VOTER last_known_addr { host: "127.26.237.67" port: 38685 } }
I20260608 09:58:16.290807 28463 raft_consensus.cc:493] T b1ede010d8f8437d88b24519f0167fa2 P 9709ea8962c5481a8a3db6940c82d388 [term 0 FOLLOWER]: Starting leader election (no leader contacted us within the election timeout)
I20260608 09:58:16.313377 28314 raft_consensus.cc:3060] T 71a1864aac814f26a4329362ad9fef0e P 489a948e50aa4d40b4eb14229ca8d269 [term 0 FOLLOWER]: Advancing to term 1
I20260608 09:58:16.314993 28463 raft_consensus.cc:3060] T b1ede010d8f8437d88b24519f0167fa2 P 9709ea8962c5481a8a3db6940c82d388 [term 0 FOLLOWER]: Advancing to term 1
I20260608 09:58:16.317968 28433 tablet_bootstrap.cc:492] T b93c3b65aa5a47d2968e6f9b8131fefc P 489a948e50aa4d40b4eb14229ca8d269: Bootstrap starting.
I20260608 09:58:16.317998 28439 raft_consensus.cc:515] T 202114dcdcb74a0c8679f39831c99755 P 9709ea8962c5481a8a3db6940c82d388 [term 1 FOLLOWER]: Starting leader election with config: opid_index: -1 OBSOLETE_local: false peers { permanent_uuid: "9709ea8962c5481a8a3db6940c82d388" member_type: VOTER last_known_addr { host: "127.26.237.65" port: 44183 } } peers { permanent_uuid: "a8f292e58ad64cbd9ad27f5525f3c3c1" member_type: VOTER last_known_addr { host: "127.26.237.67" port: 38685 } } peers { permanent_uuid: "489a948e50aa4d40b4eb14229ca8d269" member_type: VOTER last_known_addr { host: "127.26.237.66" port: 38925 } }
I20260608 09:58:16.322604 28314 raft_consensus.cc:2468] T 71a1864aac814f26a4329362ad9fef0e P 489a948e50aa4d40b4eb14229ca8d269 [term 1 FOLLOWER]: Leader election vote request: Granting yes vote for candidate 9709ea8962c5481a8a3db6940c82d388 in term 1.
I20260608 09:58:16.323143 28386 tablet_service.cc:1917] Received RequestConsensusVote() RPC: tablet_id: "202114dcdcb74a0c8679f39831c99755" candidate_uuid: "9709ea8962c5481a8a3db6940c82d388" candidate_term: 1 candidate_status { last_received { term: 0 index: 0 } } ignore_live_leader: false dest_uuid: "a8f292e58ad64cbd9ad27f5525f3c3c1"
I20260608 09:58:16.323725 28386 raft_consensus.cc:3060] T 202114dcdcb74a0c8679f39831c99755 P a8f292e58ad64cbd9ad27f5525f3c3c1 [term 0 FOLLOWER]: Advancing to term 1
I20260608 09:58:16.323858 28202 leader_election.cc:304] T 71a1864aac814f26a4329362ad9fef0e P 9709ea8962c5481a8a3db6940c82d388 [CANDIDATE]: Term 1 election: Election decided. Result: candidate won. Election summary: received 2 responses out of 3 voters: 2 yes votes; 0 no votes. yes voters: 489a948e50aa4d40b4eb14229ca8d269, 9709ea8962c5481a8a3db6940c82d388; no voters: 
I20260608 09:58:16.328864 28439 leader_election.cc:290] T 202114dcdcb74a0c8679f39831c99755 P 9709ea8962c5481a8a3db6940c82d388 [CANDIDATE]: Term 1 election: Requested vote from peers a8f292e58ad64cbd9ad27f5525f3c3c1 (127.26.237.67:38685), 489a948e50aa4d40b4eb14229ca8d269 (127.26.237.66:38925)
I20260608 09:58:16.332898 28314 tablet_service.cc:1917] Received RequestConsensusVote() RPC: tablet_id: "202114dcdcb74a0c8679f39831c99755" candidate_uuid: "9709ea8962c5481a8a3db6940c82d388" candidate_term: 1 candidate_status { last_received { term: 0 index: 0 } } ignore_live_leader: false dest_uuid: "489a948e50aa4d40b4eb14229ca8d269"
I20260608 09:58:16.333474 28314 raft_consensus.cc:3060] T 202114dcdcb74a0c8679f39831c99755 P 489a948e50aa4d40b4eb14229ca8d269 [term 0 FOLLOWER]: Advancing to term 1
I20260608 09:58:16.334627 28312 tablet_service.cc:1917] Received RequestConsensusVote() RPC: tablet_id: "0720bd7b7078476e8d79117c56dbdc06" candidate_uuid: "a8f292e58ad64cbd9ad27f5525f3c3c1" candidate_term: 1 candidate_status { last_received { term: 0 index: 0 } } ignore_live_leader: false dest_uuid: "489a948e50aa4d40b4eb14229ca8d269" is_pre_election: true
I20260608 09:58:16.335789 28313 tablet_service.cc:1917] Received RequestConsensusVote() RPC: tablet_id: "158c411659c346d088eea06d58ec1ce6" candidate_uuid: "a8f292e58ad64cbd9ad27f5525f3c3c1" candidate_term: 1 candidate_status { last_received { term: 0 index: 0 } } ignore_live_leader: false dest_uuid: "489a948e50aa4d40b4eb14229ca8d269" is_pre_election: true
I20260608 09:58:16.336012 28452 raft_consensus.cc:515] T 37584a1adf90458d846eb86ce8a7bc52 P 9709ea8962c5481a8a3db6940c82d388 [term 1 FOLLOWER]: Starting leader election with config: opid_index: -1 OBSOLETE_local: false peers { permanent_uuid: "9709ea8962c5481a8a3db6940c82d388" member_type: VOTER last_known_addr { host: "127.26.237.65" port: 44183 } } peers { permanent_uuid: "489a948e50aa4d40b4eb14229ca8d269" member_type: VOTER last_known_addr { host: "127.26.237.66" port: 38925 } } peers { permanent_uuid: "a8f292e58ad64cbd9ad27f5525f3c3c1" member_type: VOTER last_known_addr { host: "127.26.237.67" port: 38685 } }
I20260608 09:58:16.337069 28313 raft_consensus.cc:2468] T 158c411659c346d088eea06d58ec1ce6 P 489a948e50aa4d40b4eb14229ca8d269 [term 0 FOLLOWER]: Leader pre-election vote request: Granting yes vote for candidate a8f292e58ad64cbd9ad27f5525f3c3c1 in term 0.
I20260608 09:58:16.339298 28460 leader_election.cc:290] T 37584a1adf90458d846eb86ce8a7bc52 P 489a948e50aa4d40b4eb14229ca8d269 [CANDIDATE]: Term 1 election: Requested vote from peers 9709ea8962c5481a8a3db6940c82d388 (127.26.237.65:44183), a8f292e58ad64cbd9ad27f5525f3c3c1 (127.26.237.67:38685)
I20260608 09:58:16.331827 28439 raft_consensus.cc:2804] T 71a1864aac814f26a4329362ad9fef0e P 9709ea8962c5481a8a3db6940c82d388 [term 1 FOLLOWER]: Leader election won for term 1
I20260608 09:58:16.340993 28239 tablet_service.cc:1917] Received RequestConsensusVote() RPC: tablet_id: "71a1864aac814f26a4329362ad9fef0e" candidate_uuid: "489a948e50aa4d40b4eb14229ca8d269" candidate_term: 1 candidate_status { last_received { term: 0 index: 0 } } ignore_live_leader: false dest_uuid: "9709ea8962c5481a8a3db6940c82d388" is_pre_election: true
I20260608 09:58:16.341950 28238 tablet_service.cc:1917] Received RequestConsensusVote() RPC: tablet_id: "2fab5411e9e14c9ba22597c4140dc961" candidate_uuid: "489a948e50aa4d40b4eb14229ca8d269" candidate_term: 1 candidate_status { last_received { term: 0 index: 0 } } ignore_live_leader: false dest_uuid: "9709ea8962c5481a8a3db6940c82d388" is_pre_election: true
I20260608 09:58:16.342793 28452 leader_election.cc:290] T 37584a1adf90458d846eb86ce8a7bc52 P 9709ea8962c5481a8a3db6940c82d388 [CANDIDATE]: Term 1 election: Requested vote from peers 489a948e50aa4d40b4eb14229ca8d269 (127.26.237.66:38925), a8f292e58ad64cbd9ad27f5525f3c3c1 (127.26.237.67:38685)
I20260608 09:58:16.343804 28439 raft_consensus.cc:697] T 71a1864aac814f26a4329362ad9fef0e P 9709ea8962c5481a8a3db6940c82d388 [term 1 LEADER]: Becoming Leader. State: Replica: 9709ea8962c5481a8a3db6940c82d388, State: Running, Role: LEADER
I20260608 09:58:16.343904 28237 tablet_service.cc:1917] Received RequestConsensusVote() RPC: tablet_id: "37584a1adf90458d846eb86ce8a7bc52" candidate_uuid: "489a948e50aa4d40b4eb14229ca8d269" candidate_term: 1 candidate_status { last_received { term: 0 index: 0 } } ignore_live_leader: false dest_uuid: "9709ea8962c5481a8a3db6940c82d388" is_pre_election: true
I20260608 09:58:16.345675 28237 raft_consensus.cc:2393] T 37584a1adf90458d846eb86ce8a7bc52 P 9709ea8962c5481a8a3db6940c82d388 [term 1 FOLLOWER]: Leader pre-election vote request: Denying vote to candidate 489a948e50aa4d40b4eb14229ca8d269 in current term 1: Already voted for candidate 9709ea8962c5481a8a3db6940c82d388 in this term.
I20260608 09:58:16.346032 28238 tablet_service.cc:1917] Received RequestConsensusVote() RPC: tablet_id: "37584a1adf90458d846eb86ce8a7bc52" candidate_uuid: "489a948e50aa4d40b4eb14229ca8d269" candidate_term: 1 candidate_status { last_received { term: 0 index: 0 } } ignore_live_leader: false dest_uuid: "9709ea8962c5481a8a3db6940c82d388"
W20260608 09:58:16.346910 28277 leader_election.cc:343] T 2fab5411e9e14c9ba22597c4140dc961 P 489a948e50aa4d40b4eb14229ca8d269 [CANDIDATE]: Term 1 pre-election: Tablet error from VoteRequest() call to peer 9709ea8962c5481a8a3db6940c82d388 (127.26.237.65:44183): Illegal state: must be running to vote when last-logged opid is not known
W20260608 09:58:16.346812 28351 leader_election.cc:343] T 0720bd7b7078476e8d79117c56dbdc06 P a8f292e58ad64cbd9ad27f5525f3c3c1 [CANDIDATE]: Term 1 pre-election: Tablet error from VoteRequest() call to peer 489a948e50aa4d40b4eb14229ca8d269 (127.26.237.66:38925): Illegal state: must be running to vote when last-logged opid is not known
I20260608 09:58:16.347141 28439 consensus_queue.cc:237] T 71a1864aac814f26a4329362ad9fef0e P 9709ea8962c5481a8a3db6940c82d388 [LEADER]: Queue going to LEADER mode. State: All replicated index: 0, Majority replicated index: 0, Committed index: 0, Last appended: 0.0, Last appended by leader: 0, Current term: 1, Majority size: 2, State: 0, Mode: LEADER, active raft config: opid_index: -1 OBSOLETE_local: false peers { permanent_uuid: "9709ea8962c5481a8a3db6940c82d388" member_type: VOTER last_known_addr { host: "127.26.237.65" port: 44183 } } peers { permanent_uuid: "489a948e50aa4d40b4eb14229ca8d269" member_type: VOTER last_known_addr { host: "127.26.237.66" port: 38925 } } peers { permanent_uuid: "a8f292e58ad64cbd9ad27f5525f3c3c1" member_type: VOTER last_known_addr { host: "127.26.237.67" port: 38685 } }
I20260608 09:58:16.347522 28277 leader_election.cc:304] T 2fab5411e9e14c9ba22597c4140dc961 P 489a948e50aa4d40b4eb14229ca8d269 [CANDIDATE]: Term 1 pre-election: Election decided. Result: candidate lost. Election summary: received 3 responses out of 3 voters: 1 yes votes; 2 no votes. yes voters: 489a948e50aa4d40b4eb14229ca8d269; no voters: 9709ea8962c5481a8a3db6940c82d388, a8f292e58ad64cbd9ad27f5525f3c3c1
I20260608 09:58:16.348590 28238 raft_consensus.cc:2393] T 37584a1adf90458d846eb86ce8a7bc52 P 9709ea8962c5481a8a3db6940c82d388 [term 1 FOLLOWER]: Leader election vote request: Denying vote to candidate 489a948e50aa4d40b4eb14229ca8d269 in current term 1: Already voted for candidate 9709ea8962c5481a8a3db6940c82d388 in this term.
I20260608 09:58:16.348881 28382 tablet_service.cc:1917] Received RequestConsensusVote() RPC: tablet_id: "37584a1adf90458d846eb86ce8a7bc52" candidate_uuid: "9709ea8962c5481a8a3db6940c82d388" candidate_term: 1 candidate_status { last_received { term: 0 index: 0 } } ignore_live_leader: false dest_uuid: "a8f292e58ad64cbd9ad27f5525f3c3c1"
I20260608 09:58:16.349459 28382 raft_consensus.cc:3060] T 37584a1adf90458d846eb86ce8a7bc52 P a8f292e58ad64cbd9ad27f5525f3c3c1 [term 0 FOLLOWER]: Advancing to term 1
I20260608 09:58:16.349921 28386 raft_consensus.cc:2468] T 202114dcdcb74a0c8679f39831c99755 P a8f292e58ad64cbd9ad27f5525f3c3c1 [term 1 FOLLOWER]: Leader election vote request: Granting yes vote for candidate 9709ea8962c5481a8a3db6940c82d388 in term 1.
I20260608 09:58:16.350545 28314 raft_consensus.cc:2468] T 202114dcdcb74a0c8679f39831c99755 P 489a948e50aa4d40b4eb14229ca8d269 [term 1 FOLLOWER]: Leader election vote request: Granting yes vote for candidate 9709ea8962c5481a8a3db6940c82d388 in term 1.
I20260608 09:58:16.351593 28313 tablet_service.cc:1917] Received RequestConsensusVote() RPC: tablet_id: "37584a1adf90458d846eb86ce8a7bc52" candidate_uuid: "9709ea8962c5481a8a3db6940c82d388" candidate_term: 1 candidate_status { last_received { term: 0 index: 0 } } ignore_live_leader: false dest_uuid: "489a948e50aa4d40b4eb14229ca8d269"
I20260608 09:58:16.352192 28313 raft_consensus.cc:2393] T 37584a1adf90458d846eb86ce8a7bc52 P 489a948e50aa4d40b4eb14229ca8d269 [term 1 FOLLOWER]: Leader election vote request: Denying vote to candidate 9709ea8962c5481a8a3db6940c82d388 in current term 1: Already voted for candidate 489a948e50aa4d40b4eb14229ca8d269 in this term.
I20260608 09:58:16.354808 28351 leader_election.cc:304] T 158c411659c346d088eea06d58ec1ce6 P a8f292e58ad64cbd9ad27f5525f3c3c1 [CANDIDATE]: Term 1 pre-election: Election decided. Result: candidate won. Election summary: received 2 responses out of 3 voters: 2 yes votes; 0 no votes. yes voters: 489a948e50aa4d40b4eb14229ca8d269, a8f292e58ad64cbd9ad27f5525f3c3c1; no voters: 
I20260608 09:58:16.354893 28202 leader_election.cc:304] T 202114dcdcb74a0c8679f39831c99755 P 9709ea8962c5481a8a3db6940c82d388 [CANDIDATE]: Term 1 election: Election decided. Result: candidate won. Election summary: received 2 responses out of 3 voters: 2 yes votes; 0 no votes. yes voters: 489a948e50aa4d40b4eb14229ca8d269, 9709ea8962c5481a8a3db6940c82d388; no voters: 
I20260608 09:58:16.356506 28440 raft_consensus.cc:2804] T 158c411659c346d088eea06d58ec1ce6 P a8f292e58ad64cbd9ad27f5525f3c3c1 [term 0 FOLLOWER]: Leader pre-election won for term 1
I20260608 09:58:16.356923 28452 raft_consensus.cc:2804] T 202114dcdcb74a0c8679f39831c99755 P 9709ea8962c5481a8a3db6940c82d388 [term 1 FOLLOWER]: Leader election won for term 1
I20260608 09:58:16.356884 28440 raft_consensus.cc:493] T 158c411659c346d088eea06d58ec1ce6 P a8f292e58ad64cbd9ad27f5525f3c3c1 [term 0 FOLLOWER]: Starting leader election (no leader contacted us within the election timeout)
I20260608 09:58:16.358151 28440 raft_consensus.cc:3060] T 158c411659c346d088eea06d58ec1ce6 P a8f292e58ad64cbd9ad27f5525f3c3c1 [term 0 FOLLOWER]: Advancing to term 1
I20260608 09:58:16.358191 28386 tablet_service.cc:1917] Received RequestConsensusVote() RPC: tablet_id: "37584a1adf90458d846eb86ce8a7bc52" candidate_uuid: "489a948e50aa4d40b4eb14229ca8d269" candidate_term: 1 candidate_status { last_received { term: 0 index: 0 } } ignore_live_leader: false dest_uuid: "a8f292e58ad64cbd9ad27f5525f3c3c1"
I20260608 09:58:16.357529 28452 raft_consensus.cc:697] T 202114dcdcb74a0c8679f39831c99755 P 9709ea8962c5481a8a3db6940c82d388 [term 1 LEADER]: Becoming Leader. State: Replica: 9709ea8962c5481a8a3db6940c82d388, State: Running, Role: LEADER
I20260608 09:58:16.353624 28460 raft_consensus.cc:2749] T 2fab5411e9e14c9ba22597c4140dc961 P 489a948e50aa4d40b4eb14229ca8d269 [term 0 FOLLOWER]: Leader pre-election lost for term 1. Reason: could not achieve majority
I20260608 09:58:16.361299 28452 consensus_queue.cc:237] T 202114dcdcb74a0c8679f39831c99755 P 9709ea8962c5481a8a3db6940c82d388 [LEADER]: Queue going to LEADER mode. State: All replicated index: 0, Majority replicated index: 0, Committed index: 0, Last appended: 0.0, Last appended by leader: 0, Current term: 1, Majority size: 2, State: 0, Mode: LEADER, active raft config: opid_index: -1 OBSOLETE_local: false peers { permanent_uuid: "9709ea8962c5481a8a3db6940c82d388" member_type: VOTER last_known_addr { host: "127.26.237.65" port: 44183 } } peers { permanent_uuid: "a8f292e58ad64cbd9ad27f5525f3c3c1" member_type: VOTER last_known_addr { host: "127.26.237.67" port: 38685 } } peers { permanent_uuid: "489a948e50aa4d40b4eb14229ca8d269" member_type: VOTER last_known_addr { host: "127.26.237.66" port: 38925 } }
I20260608 09:58:16.360230 28382 raft_consensus.cc:2468] T 37584a1adf90458d846eb86ce8a7bc52 P a8f292e58ad64cbd9ad27f5525f3c3c1 [term 1 FOLLOWER]: Leader election vote request: Granting yes vote for candidate 9709ea8962c5481a8a3db6940c82d388 in term 1.
I20260608 09:58:16.363092 28463 raft_consensus.cc:515] T b1ede010d8f8437d88b24519f0167fa2 P 9709ea8962c5481a8a3db6940c82d388 [term 1 FOLLOWER]: Starting leader election with config: opid_index: -1 OBSOLETE_local: false peers { permanent_uuid: "9709ea8962c5481a8a3db6940c82d388" member_type: VOTER last_known_addr { host: "127.26.237.65" port: 44183 } } peers { permanent_uuid: "489a948e50aa4d40b4eb14229ca8d269" member_type: VOTER last_known_addr { host: "127.26.237.66" port: 38925 } } peers { permanent_uuid: "a8f292e58ad64cbd9ad27f5525f3c3c1" member_type: VOTER last_known_addr { host: "127.26.237.67" port: 38685 } }
I20260608 09:58:16.366384 28433 tablet_bootstrap.cc:654] T b93c3b65aa5a47d2968e6f9b8131fefc P 489a948e50aa4d40b4eb14229ca8d269: Neither blocks nor log segments found. Creating new log.
I20260608 09:58:16.366551 28204 leader_election.cc:304] T 37584a1adf90458d846eb86ce8a7bc52 P 9709ea8962c5481a8a3db6940c82d388 [CANDIDATE]: Term 1 election: Election decided. Result: candidate won. Election summary: received 3 responses out of 3 voters: 2 yes votes; 1 no votes. yes voters: 9709ea8962c5481a8a3db6940c82d388, a8f292e58ad64cbd9ad27f5525f3c3c1; no voters: 489a948e50aa4d40b4eb14229ca8d269
I20260608 09:58:16.369941 28279 leader_election.cc:304] T 37584a1adf90458d846eb86ce8a7bc52 P 489a948e50aa4d40b4eb14229ca8d269 [CANDIDATE]: Term 1 election: Election decided. Result: candidate lost. Election summary: received 3 responses out of 3 voters: 1 yes votes; 2 no votes. yes voters: 489a948e50aa4d40b4eb14229ca8d269; no voters: 9709ea8962c5481a8a3db6940c82d388, a8f292e58ad64cbd9ad27f5525f3c3c1
I20260608 09:58:16.375262 28463 leader_election.cc:290] T b1ede010d8f8437d88b24519f0167fa2 P 9709ea8962c5481a8a3db6940c82d388 [CANDIDATE]: Term 1 election: Requested vote from peers 489a948e50aa4d40b4eb14229ca8d269 (127.26.237.66:38925), a8f292e58ad64cbd9ad27f5525f3c3c1 (127.26.237.67:38685)
I20260608 09:58:16.375629 28313 tablet_service.cc:1917] Received RequestConsensusVote() RPC: tablet_id: "b1ede010d8f8437d88b24519f0167fa2" candidate_uuid: "9709ea8962c5481a8a3db6940c82d388" candidate_term: 1 candidate_status { last_received { term: 0 index: 0 } } ignore_live_leader: false dest_uuid: "489a948e50aa4d40b4eb14229ca8d269"
I20260608 09:58:16.376255 28313 raft_consensus.cc:3060] T b1ede010d8f8437d88b24519f0167fa2 P 489a948e50aa4d40b4eb14229ca8d269 [term 0 FOLLOWER]: Advancing to term 1
I20260608 09:58:16.376477 28386 tablet_service.cc:1917] Received RequestConsensusVote() RPC: tablet_id: "b1ede010d8f8437d88b24519f0167fa2" candidate_uuid: "9709ea8962c5481a8a3db6940c82d388" candidate_term: 1 candidate_status { last_received { term: 0 index: 0 } } ignore_live_leader: false dest_uuid: "a8f292e58ad64cbd9ad27f5525f3c3c1"
I20260608 09:58:16.377265 28386 raft_consensus.cc:3060] T b1ede010d8f8437d88b24519f0167fa2 P a8f292e58ad64cbd9ad27f5525f3c3c1 [term 0 FOLLOWER]: Advancing to term 1
I20260608 09:58:16.383683 28434 tablet_bootstrap.cc:654] T 2fab5411e9e14c9ba22597c4140dc961 P a8f292e58ad64cbd9ad27f5525f3c3c1: Neither blocks nor log segments found. Creating new log.
I20260608 09:58:16.374359 28460 raft_consensus.cc:2749] T 37584a1adf90458d846eb86ce8a7bc52 P 489a948e50aa4d40b4eb14229ca8d269 [term 1 FOLLOWER]: Leader election lost for term 1. Reason: could not achieve majority
I20260608 09:58:16.385924 28466 raft_consensus.cc:2804] T 37584a1adf90458d846eb86ce8a7bc52 P 9709ea8962c5481a8a3db6940c82d388 [term 1 FOLLOWER]: Leader election won for term 1
I20260608 09:58:16.386572 28466 raft_consensus.cc:697] T 37584a1adf90458d846eb86ce8a7bc52 P 9709ea8962c5481a8a3db6940c82d388 [term 1 LEADER]: Becoming Leader. State: Replica: 9709ea8962c5481a8a3db6940c82d388, State: Running, Role: LEADER
I20260608 09:58:16.388105 28466 consensus_queue.cc:237] T 37584a1adf90458d846eb86ce8a7bc52 P 9709ea8962c5481a8a3db6940c82d388 [LEADER]: Queue going to LEADER mode. State: All replicated index: 0, Majority replicated index: 0, Committed index: 0, Last appended: 0.0, Last appended by leader: 0, Current term: 1, Majority size: 2, State: 0, Mode: LEADER, active raft config: opid_index: -1 OBSOLETE_local: false peers { permanent_uuid: "9709ea8962c5481a8a3db6940c82d388" member_type: VOTER last_known_addr { host: "127.26.237.65" port: 44183 } } peers { permanent_uuid: "489a948e50aa4d40b4eb14229ca8d269" member_type: VOTER last_known_addr { host: "127.26.237.66" port: 38925 } } peers { permanent_uuid: "a8f292e58ad64cbd9ad27f5525f3c3c1" member_type: VOTER last_known_addr { host: "127.26.237.67" port: 38685 } }
I20260608 09:58:16.385552 28384 raft_consensus.cc:2468] T 71a1864aac814f26a4329362ad9fef0e P a8f292e58ad64cbd9ad27f5525f3c3c1 [term 1 FOLLOWER]: Leader election vote request: Granting yes vote for candidate 9709ea8962c5481a8a3db6940c82d388 in term 1.
I20260608 09:58:16.393621 28432 tablet_bootstrap.cc:492] T 0720bd7b7078476e8d79117c56dbdc06 P 9709ea8962c5481a8a3db6940c82d388: No bootstrap required, opened a new log
I20260608 09:58:16.394183 28432 ts_tablet_manager.cc:1403] T 0720bd7b7078476e8d79117c56dbdc06 P 9709ea8962c5481a8a3db6940c82d388: Time spent bootstrapping tablet: real 0.274s	user 0.020s	sys 0.011s
I20260608 09:58:16.395073 28313 raft_consensus.cc:2468] T b1ede010d8f8437d88b24519f0167fa2 P 489a948e50aa4d40b4eb14229ca8d269 [term 1 FOLLOWER]: Leader election vote request: Granting yes vote for candidate 9709ea8962c5481a8a3db6940c82d388 in term 1.
I20260608 09:58:16.396292 28386 raft_consensus.cc:2468] T b1ede010d8f8437d88b24519f0167fa2 P a8f292e58ad64cbd9ad27f5525f3c3c1 [term 1 FOLLOWER]: Leader election vote request: Granting yes vote for candidate 9709ea8962c5481a8a3db6940c82d388 in term 1.
I20260608 09:58:16.395882 28440 raft_consensus.cc:515] T 158c411659c346d088eea06d58ec1ce6 P a8f292e58ad64cbd9ad27f5525f3c3c1 [term 1 FOLLOWER]: Starting leader election with config: opid_index: -1 OBSOLETE_local: false peers { permanent_uuid: "9709ea8962c5481a8a3db6940c82d388" member_type: VOTER last_known_addr { host: "127.26.237.65" port: 44183 } } peers { permanent_uuid: "489a948e50aa4d40b4eb14229ca8d269" member_type: VOTER last_known_addr { host: "127.26.237.66" port: 38925 } } peers { permanent_uuid: "a8f292e58ad64cbd9ad27f5525f3c3c1" member_type: VOTER last_known_addr { host: "127.26.237.67" port: 38685 } }
I20260608 09:58:16.397310 28202 leader_election.cc:304] T b1ede010d8f8437d88b24519f0167fa2 P 9709ea8962c5481a8a3db6940c82d388 [CANDIDATE]: Term 1 election: Election decided. Result: candidate won. Election summary: received 2 responses out of 3 voters: 2 yes votes; 0 no votes. yes voters: 489a948e50aa4d40b4eb14229ca8d269, 9709ea8962c5481a8a3db6940c82d388; no voters: 
I20260608 09:58:16.398550 28452 raft_consensus.cc:2804] T b1ede010d8f8437d88b24519f0167fa2 P 9709ea8962c5481a8a3db6940c82d388 [term 1 FOLLOWER]: Leader election won for term 1
I20260608 09:58:16.399358 28452 raft_consensus.cc:697] T b1ede010d8f8437d88b24519f0167fa2 P 9709ea8962c5481a8a3db6940c82d388 [term 1 LEADER]: Becoming Leader. State: Replica: 9709ea8962c5481a8a3db6940c82d388, State: Running, Role: LEADER
I20260608 09:58:16.400195 28452 consensus_queue.cc:237] T b1ede010d8f8437d88b24519f0167fa2 P 9709ea8962c5481a8a3db6940c82d388 [LEADER]: Queue going to LEADER mode. State: All replicated index: 0, Majority replicated index: 0, Committed index: 0, Last appended: 0.0, Last appended by leader: 0, Current term: 1, Majority size: 2, State: 0, Mode: LEADER, active raft config: opid_index: -1 OBSOLETE_local: false peers { permanent_uuid: "9709ea8962c5481a8a3db6940c82d388" member_type: VOTER last_known_addr { host: "127.26.237.65" port: 44183 } } peers { permanent_uuid: "489a948e50aa4d40b4eb14229ca8d269" member_type: VOTER last_known_addr { host: "127.26.237.66" port: 38925 } } peers { permanent_uuid: "a8f292e58ad64cbd9ad27f5525f3c3c1" member_type: VOTER last_known_addr { host: "127.26.237.67" port: 38685 } }
I20260608 09:58:16.410475 28440 leader_election.cc:290] T 158c411659c346d088eea06d58ec1ce6 P a8f292e58ad64cbd9ad27f5525f3c3c1 [CANDIDATE]: Term 1 election: Requested vote from peers 9709ea8962c5481a8a3db6940c82d388 (127.26.237.65:44183), 489a948e50aa4d40b4eb14229ca8d269 (127.26.237.66:38925)
I20260608 09:58:16.410813 28433 tablet_bootstrap.cc:492] T b93c3b65aa5a47d2968e6f9b8131fefc P 489a948e50aa4d40b4eb14229ca8d269: No bootstrap required, opened a new log
I20260608 09:58:16.411019 28440 raft_consensus.cc:493] T b93c3b65aa5a47d2968e6f9b8131fefc P a8f292e58ad64cbd9ad27f5525f3c3c1 [term 0 FOLLOWER]: Starting pre-election (no leader contacted us within the election timeout)
I20260608 09:58:16.411355 28433 ts_tablet_manager.cc:1403] T b93c3b65aa5a47d2968e6f9b8131fefc P 489a948e50aa4d40b4eb14229ca8d269: Time spent bootstrapping tablet: real 0.098s	user 0.017s	sys 0.009s
I20260608 09:58:16.411485 28440 raft_consensus.cc:515] T b93c3b65aa5a47d2968e6f9b8131fefc P a8f292e58ad64cbd9ad27f5525f3c3c1 [term 0 FOLLOWER]: Starting pre-election with config: opid_index: -1 OBSOLETE_local: false peers { permanent_uuid: "9709ea8962c5481a8a3db6940c82d388" member_type: VOTER last_known_addr { host: "127.26.237.65" port: 44183 } } peers { permanent_uuid: "489a948e50aa4d40b4eb14229ca8d269" member_type: VOTER last_known_addr { host: "127.26.237.66" port: 38925 } } peers { permanent_uuid: "a8f292e58ad64cbd9ad27f5525f3c3c1" member_type: VOTER last_known_addr { host: "127.26.237.67" port: 38685 } }
I20260608 09:58:16.415565 28277 leader_election.cc:304] T 71a1864aac814f26a4329362ad9fef0e P 489a948e50aa4d40b4eb14229ca8d269 [CANDIDATE]: Term 1 pre-election: Election decided. Result: candidate lost. Election summary: received 3 responses out of 3 voters: 1 yes votes; 2 no votes. yes voters: 489a948e50aa4d40b4eb14229ca8d269; no voters: 9709ea8962c5481a8a3db6940c82d388, a8f292e58ad64cbd9ad27f5525f3c3c1
I20260608 09:58:16.416924 28460 raft_consensus.cc:2749] T 71a1864aac814f26a4329362ad9fef0e P 489a948e50aa4d40b4eb14229ca8d269 [term 1 FOLLOWER]: Leader pre-election lost for term 1. Reason: could not achieve majority
I20260608 09:58:16.420893 28434 tablet_bootstrap.cc:492] T 2fab5411e9e14c9ba22597c4140dc961 P a8f292e58ad64cbd9ad27f5525f3c3c1: No bootstrap required, opened a new log
I20260608 09:58:16.421272 28434 ts_tablet_manager.cc:1403] T 2fab5411e9e14c9ba22597c4140dc961 P a8f292e58ad64cbd9ad27f5525f3c3c1: Time spent bootstrapping tablet: real 0.111s	user 0.007s	sys 0.008s
I20260608 09:58:16.417568 28313 tablet_service.cc:1917] Received RequestConsensusVote() RPC: tablet_id: "158c411659c346d088eea06d58ec1ce6" candidate_uuid: "a8f292e58ad64cbd9ad27f5525f3c3c1" candidate_term: 1 candidate_status { last_received { term: 0 index: 0 } } ignore_live_leader: false dest_uuid: "489a948e50aa4d40b4eb14229ca8d269"
I20260608 09:58:16.421988 28313 raft_consensus.cc:3060] T 158c411659c346d088eea06d58ec1ce6 P 489a948e50aa4d40b4eb14229ca8d269 [term 0 FOLLOWER]: Advancing to term 1
I20260608 09:58:16.422437 28440 leader_election.cc:290] T b93c3b65aa5a47d2968e6f9b8131fefc P a8f292e58ad64cbd9ad27f5525f3c3c1 [CANDIDATE]: Term 1 pre-election: Requested pre-vote from peers 9709ea8962c5481a8a3db6940c82d388 (127.26.237.65:44183), 489a948e50aa4d40b4eb14229ca8d269 (127.26.237.66:38925)
I20260608 09:58:16.419620 28433 raft_consensus.cc:359] T b93c3b65aa5a47d2968e6f9b8131fefc P 489a948e50aa4d40b4eb14229ca8d269 [term 0 FOLLOWER]: Replica starting. Triggering 0 pending ops. Active config: opid_index: -1 OBSOLETE_local: false peers { permanent_uuid: "9709ea8962c5481a8a3db6940c82d388" member_type: VOTER last_known_addr { host: "127.26.237.65" port: 44183 } } peers { permanent_uuid: "489a948e50aa4d40b4eb14229ca8d269" member_type: VOTER last_known_addr { host: "127.26.237.66" port: 38925 } } peers { permanent_uuid: "a8f292e58ad64cbd9ad27f5525f3c3c1" member_type: VOTER last_known_addr { host: "127.26.237.67" port: 38685 } }
I20260608 09:58:16.423583 28433 raft_consensus.cc:385] T b93c3b65aa5a47d2968e6f9b8131fefc P 489a948e50aa4d40b4eb14229ca8d269 [term 0 FOLLOWER]: Consensus starting up: Expiring failure detector timer to make a prompt election more likely
I20260608 09:58:16.423610 28314 tablet_service.cc:1917] Received RequestConsensusVote() RPC: tablet_id: "b93c3b65aa5a47d2968e6f9b8131fefc" candidate_uuid: "a8f292e58ad64cbd9ad27f5525f3c3c1" candidate_term: 1 candidate_status { last_received { term: 0 index: 0 } } ignore_live_leader: false dest_uuid: "489a948e50aa4d40b4eb14229ca8d269" is_pre_election: true
I20260608 09:58:16.424063 28433 raft_consensus.cc:740] T b93c3b65aa5a47d2968e6f9b8131fefc P 489a948e50aa4d40b4eb14229ca8d269 [term 0 FOLLOWER]: Becoming Follower/Learner. State: Replica: 489a948e50aa4d40b4eb14229ca8d269, State: Initialized, Role: FOLLOWER
I20260608 09:58:16.424679 28237 tablet_service.cc:1917] Received RequestConsensusVote() RPC: tablet_id: "158c411659c346d088eea06d58ec1ce6" candidate_uuid: "a8f292e58ad64cbd9ad27f5525f3c3c1" candidate_term: 1 candidate_status { last_received { term: 0 index: 0 } } ignore_live_leader: false dest_uuid: "9709ea8962c5481a8a3db6940c82d388"
I20260608 09:58:16.424975 28433 consensus_queue.cc:260] T b93c3b65aa5a47d2968e6f9b8131fefc P 489a948e50aa4d40b4eb14229ca8d269 [NON_LEADER]: Queue going to NON_LEADER mode. State: All replicated index: 0, Majority replicated index: 0, Committed index: 0, Last appended: 0.0, Last appended by leader: 0, Current term: 0, Majority size: -1, State: 0, Mode: NON_LEADER, active raft config: opid_index: -1 OBSOLETE_local: false peers { permanent_uuid: "9709ea8962c5481a8a3db6940c82d388" member_type: VOTER last_known_addr { host: "127.26.237.65" port: 44183 } } peers { permanent_uuid: "489a948e50aa4d40b4eb14229ca8d269" member_type: VOTER last_known_addr { host: "127.26.237.66" port: 38925 } } peers { permanent_uuid: "a8f292e58ad64cbd9ad27f5525f3c3c1" member_type: VOTER last_known_addr { host: "127.26.237.67" port: 38685 } }
I20260608 09:58:16.425459 28238 tablet_service.cc:1917] Received RequestConsensusVote() RPC: tablet_id: "158c411659c346d088eea06d58ec1ce6" candidate_uuid: "a8f292e58ad64cbd9ad27f5525f3c3c1" candidate_term: 1 candidate_status { last_received { term: 0 index: 0 } } ignore_live_leader: false dest_uuid: "9709ea8962c5481a8a3db6940c82d388" is_pre_election: true
I20260608 09:58:16.426174 28314 raft_consensus.cc:2468] T b93c3b65aa5a47d2968e6f9b8131fefc P 489a948e50aa4d40b4eb14229ca8d269 [term 0 FOLLOWER]: Leader pre-election vote request: Granting yes vote for candidate a8f292e58ad64cbd9ad27f5525f3c3c1 in term 0.
W20260608 09:58:16.426970 28351 leader_election.cc:343] T 158c411659c346d088eea06d58ec1ce6 P a8f292e58ad64cbd9ad27f5525f3c3c1 [CANDIDATE]: Term 1 election: Tablet error from VoteRequest() call to peer 9709ea8962c5481a8a3db6940c82d388 (127.26.237.65:44183): Illegal state: must be running to vote when last-logged opid is not known
I20260608 09:58:16.426894 28236 tablet_service.cc:1917] Received RequestConsensusVote() RPC: tablet_id: "b93c3b65aa5a47d2968e6f9b8131fefc" candidate_uuid: "a8f292e58ad64cbd9ad27f5525f3c3c1" candidate_term: 1 candidate_status { last_received { term: 0 index: 0 } } ignore_live_leader: false dest_uuid: "9709ea8962c5481a8a3db6940c82d388" is_pre_election: true
I20260608 09:58:16.428824 28433 ts_tablet_manager.cc:1434] T b93c3b65aa5a47d2968e6f9b8131fefc P 489a948e50aa4d40b4eb14229ca8d269: Time spent starting tablet: real 0.017s	user 0.007s	sys 0.000s
