I20260608 09:57:50.042604  3082 tablet_bootstrap.cc:492] T 1c33e05423e3463c9b129c0376944c9f P abf11f14f88141f9adaa1014b6bf497d: No bootstrap required, opened a new log
I20260608 09:57:50.042606  3081 tablet_bootstrap.cc:492] T 1c33e05423e3463c9b129c0376944c9f P 6b806083d64344eba2ee5707416a6026: No bootstrap required, opened a new log
I20260608 09:57:50.043299  3082 ts_tablet_manager.cc:1403] T 1c33e05423e3463c9b129c0376944c9f P abf11f14f88141f9adaa1014b6bf497d: Time spent bootstrapping tablet: real 0.031s	user 0.016s	sys 0.010s
I20260608 09:57:50.043411  3081 ts_tablet_manager.cc:1403] T 1c33e05423e3463c9b129c0376944c9f P 6b806083d64344eba2ee5707416a6026: Time spent bootstrapping tablet: real 0.048s	user 0.016s	sys 0.008s
I20260608 09:57:50.045625  3082 raft_consensus.cc:359] T 1c33e05423e3463c9b129c0376944c9f P abf11f14f88141f9adaa1014b6bf497d [term 0 FOLLOWER]: Replica starting. Triggering 0 pending ops. Active config: opid_index: -1 OBSOLETE_local: false peers { permanent_uuid: "6b806083d64344eba2ee5707416a6026" member_type: VOTER last_known_addr { host: "127.2.42.65" port: 44401 } } peers { permanent_uuid: "abf11f14f88141f9adaa1014b6bf497d" member_type: VOTER last_known_addr { host: "127.2.42.66" port: 40111 } } peers { permanent_uuid: "c80df762a0d6431bbafc4544a7582654" member_type: VOTER last_known_addr { host: "127.2.42.67" port: 37127 } }
I20260608 09:57:50.046315  3082 raft_consensus.cc:385] T 1c33e05423e3463c9b129c0376944c9f P abf11f14f88141f9adaa1014b6bf497d [term 0 FOLLOWER]: Consensus starting up: Expiring failure detector timer to make a prompt election more likely
I20260608 09:57:50.046583  3082 raft_consensus.cc:740] T 1c33e05423e3463c9b129c0376944c9f P abf11f14f88141f9adaa1014b6bf497d [term 0 FOLLOWER]: Becoming Follower/Learner. State: Replica: abf11f14f88141f9adaa1014b6bf497d, State: Initialized, Role: FOLLOWER
I20260608 09:57:50.046756  3081 raft_consensus.cc:359] T 1c33e05423e3463c9b129c0376944c9f P 6b806083d64344eba2ee5707416a6026 [term 0 FOLLOWER]: Replica starting. Triggering 0 pending ops. Active config: opid_index: -1 OBSOLETE_local: false peers { permanent_uuid: "6b806083d64344eba2ee5707416a6026" member_type: VOTER last_known_addr { host: "127.2.42.65" port: 44401 } } peers { permanent_uuid: "abf11f14f88141f9adaa1014b6bf497d" member_type: VOTER last_known_addr { host: "127.2.42.66" port: 40111 } } peers { permanent_uuid: "c80df762a0d6431bbafc4544a7582654" member_type: VOTER last_known_addr { host: "127.2.42.67" port: 37127 } }
I20260608 09:57:50.047302  3082 consensus_queue.cc:260] T 1c33e05423e3463c9b129c0376944c9f P abf11f14f88141f9adaa1014b6bf497d [NON_LEADER]: Queue going to NON_LEADER mode. State: All replicated index: 0, Majority replicated index: 0, Committed index: 0, Last appended: 0.0, Last appended by leader: 0, Current term: 0, Majority size: -1, State: 0, Mode: NON_LEADER, active raft config: opid_index: -1 OBSOLETE_local: false peers { permanent_uuid: "6b806083d64344eba2ee5707416a6026" member_type: VOTER last_known_addr { host: "127.2.42.65" port: 44401 } } peers { permanent_uuid: "abf11f14f88141f9adaa1014b6bf497d" member_type: VOTER last_known_addr { host: "127.2.42.66" port: 40111 } } peers { permanent_uuid: "c80df762a0d6431bbafc4544a7582654" member_type: VOTER last_known_addr { host: "127.2.42.67" port: 37127 } }
I20260608 09:57:50.047603  3081 raft_consensus.cc:385] T 1c33e05423e3463c9b129c0376944c9f P 6b806083d64344eba2ee5707416a6026 [term 0 FOLLOWER]: Consensus starting up: Expiring failure detector timer to make a prompt election more likely
I20260608 09:57:50.048051  3081 raft_consensus.cc:740] T 1c33e05423e3463c9b129c0376944c9f P 6b806083d64344eba2ee5707416a6026 [term 0 FOLLOWER]: Becoming Follower/Learner. State: Replica: 6b806083d64344eba2ee5707416a6026, State: Initialized, Role: FOLLOWER
I20260608 09:57:50.049528  3082 ts_tablet_manager.cc:1434] T 1c33e05423e3463c9b129c0376944c9f P abf11f14f88141f9adaa1014b6bf497d: Time spent starting tablet: real 0.006s	user 0.003s	sys 0.001s
I20260608 09:57:50.049321  3081 consensus_queue.cc:260] T 1c33e05423e3463c9b129c0376944c9f P 6b806083d64344eba2ee5707416a6026 [NON_LEADER]: Queue going to NON_LEADER mode. State: All replicated index: 0, Majority replicated index: 0, Committed index: 0, Last appended: 0.0, Last appended by leader: 0, Current term: 0, Majority size: -1, State: 0, Mode: NON_LEADER, active raft config: opid_index: -1 OBSOLETE_local: false peers { permanent_uuid: "6b806083d64344eba2ee5707416a6026" member_type: VOTER last_known_addr { host: "127.2.42.65" port: 44401 } } peers { permanent_uuid: "abf11f14f88141f9adaa1014b6bf497d" member_type: VOTER last_known_addr { host: "127.2.42.66" port: 40111 } } peers { permanent_uuid: "c80df762a0d6431bbafc4544a7582654" member_type: VOTER last_known_addr { host: "127.2.42.67" port: 37127 } }
I20260608 09:57:50.050565  3082 tablet_bootstrap.cc:492] T df70e3c3baa34e5e90154e8bd3d74ab9 P abf11f14f88141f9adaa1014b6bf497d: Bootstrap starting.
I20260608 09:57:50.051645  3081 ts_tablet_manager.cc:1434] T 1c33e05423e3463c9b129c0376944c9f P 6b806083d64344eba2ee5707416a6026: Time spent starting tablet: real 0.008s	user 0.006s	sys 0.000s
I20260608 09:57:50.052721  3081 tablet_bootstrap.cc:492] T e6a3afb591994be580847a53907a5db0 P 6b806083d64344eba2ee5707416a6026: Bootstrap starting.
I20260608 09:57:50.053124  3090 tablet_bootstrap.cc:492] T f2246c0f4dda48e8870af7b8ad29ca57 P c80df762a0d6431bbafc4544a7582654: Bootstrap starting.
I20260608 09:57:50.057580  3082 tablet_bootstrap.cc:654] T df70e3c3baa34e5e90154e8bd3d74ab9 P abf11f14f88141f9adaa1014b6bf497d: Neither blocks nor log segments found. Creating new log.
I20260608 09:57:50.059038  3081 tablet_bootstrap.cc:654] T e6a3afb591994be580847a53907a5db0 P 6b806083d64344eba2ee5707416a6026: Neither blocks nor log segments found. Creating new log.
I20260608 09:57:50.060928  3090 tablet_bootstrap.cc:654] T f2246c0f4dda48e8870af7b8ad29ca57 P c80df762a0d6431bbafc4544a7582654: Neither blocks nor log segments found. Creating new log.
I20260608 09:57:50.069784  3082 tablet_bootstrap.cc:492] T df70e3c3baa34e5e90154e8bd3d74ab9 P abf11f14f88141f9adaa1014b6bf497d: No bootstrap required, opened a new log
I20260608 09:57:50.069784  3081 tablet_bootstrap.cc:492] T e6a3afb591994be580847a53907a5db0 P 6b806083d64344eba2ee5707416a6026: No bootstrap required, opened a new log
I20260608 09:57:50.070485  3082 ts_tablet_manager.cc:1403] T df70e3c3baa34e5e90154e8bd3d74ab9 P abf11f14f88141f9adaa1014b6bf497d: Time spent bootstrapping tablet: real 0.020s	user 0.011s	sys 0.008s
I20260608 09:57:50.070530  3081 ts_tablet_manager.cc:1403] T e6a3afb591994be580847a53907a5db0 P 6b806083d64344eba2ee5707416a6026: Time spent bootstrapping tablet: real 0.018s	user 0.011s	sys 0.004s
I20260608 09:57:50.072609  3087 raft_consensus.cc:493] T 1c33e05423e3463c9b129c0376944c9f P abf11f14f88141f9adaa1014b6bf497d [term 0 FOLLOWER]: Starting pre-election (no leader contacted us within the election timeout)
I20260608 09:57:50.073197  3087 raft_consensus.cc:515] T 1c33e05423e3463c9b129c0376944c9f P abf11f14f88141f9adaa1014b6bf497d [term 0 FOLLOWER]: Starting pre-election with config: opid_index: -1 OBSOLETE_local: false peers { permanent_uuid: "6b806083d64344eba2ee5707416a6026" member_type: VOTER last_known_addr { host: "127.2.42.65" port: 44401 } } peers { permanent_uuid: "abf11f14f88141f9adaa1014b6bf497d" member_type: VOTER last_known_addr { host: "127.2.42.66" port: 40111 } } peers { permanent_uuid: "c80df762a0d6431bbafc4544a7582654" member_type: VOTER last_known_addr { host: "127.2.42.67" port: 37127 } }
I20260608 09:57:50.073939  3082 raft_consensus.cc:359] T df70e3c3baa34e5e90154e8bd3d74ab9 P abf11f14f88141f9adaa1014b6bf497d [term 0 FOLLOWER]: Replica starting. Triggering 0 pending ops. Active config: opid_index: -1 OBSOLETE_local: false peers { permanent_uuid: "6b806083d64344eba2ee5707416a6026" member_type: VOTER last_known_addr { host: "127.2.42.65" port: 44401 } } peers { permanent_uuid: "abf11f14f88141f9adaa1014b6bf497d" member_type: VOTER last_known_addr { host: "127.2.42.66" port: 40111 } } peers { permanent_uuid: "c80df762a0d6431bbafc4544a7582654" member_type: VOTER last_known_addr { host: "127.2.42.67" port: 37127 } }
I20260608 09:57:50.074770  3082 raft_consensus.cc:385] T df70e3c3baa34e5e90154e8bd3d74ab9 P abf11f14f88141f9adaa1014b6bf497d [term 0 FOLLOWER]: Consensus starting up: Expiring failure detector timer to make a prompt election more likely
I20260608 09:57:50.075088  3082 raft_consensus.cc:740] T df70e3c3baa34e5e90154e8bd3d74ab9 P abf11f14f88141f9adaa1014b6bf497d [term 0 FOLLOWER]: Becoming Follower/Learner. State: Replica: abf11f14f88141f9adaa1014b6bf497d, State: Initialized, Role: FOLLOWER
I20260608 09:57:50.076009  3082 consensus_queue.cc:260] T df70e3c3baa34e5e90154e8bd3d74ab9 P abf11f14f88141f9adaa1014b6bf497d [NON_LEADER]: Queue going to NON_LEADER mode. State: All replicated index: 0, Majority replicated index: 0, Committed index: 0, Last appended: 0.0, Last appended by leader: 0, Current term: 0, Majority size: -1, State: 0, Mode: NON_LEADER, active raft config: opid_index: -1 OBSOLETE_local: false peers { permanent_uuid: "6b806083d64344eba2ee5707416a6026" member_type: VOTER last_known_addr { host: "127.2.42.65" port: 44401 } } peers { permanent_uuid: "abf11f14f88141f9adaa1014b6bf497d" member_type: VOTER last_known_addr { host: "127.2.42.66" port: 40111 } } peers { permanent_uuid: "c80df762a0d6431bbafc4544a7582654" member_type: VOTER last_known_addr { host: "127.2.42.67" port: 37127 } }
I20260608 09:57:50.080924  3087 leader_election.cc:290] T 1c33e05423e3463c9b129c0376944c9f P abf11f14f88141f9adaa1014b6bf497d [CANDIDATE]: Term 1 pre-election: Requested pre-vote from peers 6b806083d64344eba2ee5707416a6026 (127.2.42.65:44401), c80df762a0d6431bbafc4544a7582654 (127.2.42.67:37127)
I20260608 09:57:50.097581  3081 raft_consensus.cc:359] T e6a3afb591994be580847a53907a5db0 P 6b806083d64344eba2ee5707416a6026 [term 0 FOLLOWER]: Replica starting. Triggering 0 pending ops. Active config: opid_index: -1 OBSOLETE_local: false peers { permanent_uuid: "6b806083d64344eba2ee5707416a6026" member_type: VOTER last_known_addr { host: "127.2.42.65" port: 44401 } } peers { permanent_uuid: "abf11f14f88141f9adaa1014b6bf497d" member_type: VOTER last_known_addr { host: "127.2.42.66" port: 40111 } } peers { permanent_uuid: "c80df762a0d6431bbafc4544a7582654" member_type: VOTER last_known_addr { host: "127.2.42.67" port: 37127 } }
I20260608 09:57:50.102167  3081 raft_consensus.cc:385] T e6a3afb591994be580847a53907a5db0 P 6b806083d64344eba2ee5707416a6026 [term 0 FOLLOWER]: Consensus starting up: Expiring failure detector timer to make a prompt election more likely
I20260608 09:57:50.103408  3081 raft_consensus.cc:740] T e6a3afb591994be580847a53907a5db0 P 6b806083d64344eba2ee5707416a6026 [term 0 FOLLOWER]: Becoming Follower/Learner. State: Replica: 6b806083d64344eba2ee5707416a6026, State: Initialized, Role: FOLLOWER
I20260608 09:57:50.108309  3081 consensus_queue.cc:260] T e6a3afb591994be580847a53907a5db0 P 6b806083d64344eba2ee5707416a6026 [NON_LEADER]: Queue going to NON_LEADER mode. State: All replicated index: 0, Majority replicated index: 0, Committed index: 0, Last appended: 0.0, Last appended by leader: 0, Current term: 0, Majority size: -1, State: 0, Mode: NON_LEADER, active raft config: opid_index: -1 OBSOLETE_local: false peers { permanent_uuid: "6b806083d64344eba2ee5707416a6026" member_type: VOTER last_known_addr { host: "127.2.42.65" port: 44401 } } peers { permanent_uuid: "abf11f14f88141f9adaa1014b6bf497d" member_type: VOTER last_known_addr { host: "127.2.42.66" port: 40111 } } peers { permanent_uuid: "c80df762a0d6431bbafc4544a7582654" member_type: VOTER last_known_addr { host: "127.2.42.67" port: 37127 } }
I20260608 09:57:50.109769  3090 tablet_bootstrap.cc:492] T f2246c0f4dda48e8870af7b8ad29ca57 P c80df762a0d6431bbafc4544a7582654: No bootstrap required, opened a new log
I20260608 09:57:50.110188  3082 ts_tablet_manager.cc:1434] T df70e3c3baa34e5e90154e8bd3d74ab9 P abf11f14f88141f9adaa1014b6bf497d: Time spent starting tablet: real 0.039s	user 0.018s	sys 0.022s
I20260608 09:57:50.110344  3090 ts_tablet_manager.cc:1403] T f2246c0f4dda48e8870af7b8ad29ca57 P c80df762a0d6431bbafc4544a7582654: Time spent bootstrapping tablet: real 0.058s	user 0.020s	sys 0.030s
I20260608 09:57:50.113864  3082 tablet_bootstrap.cc:492] T 43db6900aa294e0d83cbcb2f871954bf P abf11f14f88141f9adaa1014b6bf497d: Bootstrap starting.
I20260608 09:57:50.113574  3090 raft_consensus.cc:359] T f2246c0f4dda48e8870af7b8ad29ca57 P c80df762a0d6431bbafc4544a7582654 [term 0 FOLLOWER]: Replica starting. Triggering 0 pending ops. Active config: opid_index: -1 OBSOLETE_local: false peers { permanent_uuid: "6b806083d64344eba2ee5707416a6026" member_type: VOTER last_known_addr { host: "127.2.42.65" port: 44401 } } peers { permanent_uuid: "abf11f14f88141f9adaa1014b6bf497d" member_type: VOTER last_known_addr { host: "127.2.42.66" port: 40111 } } peers { permanent_uuid: "c80df762a0d6431bbafc4544a7582654" member_type: VOTER last_known_addr { host: "127.2.42.67" port: 37127 } }
I20260608 09:57:50.114270  2887 tablet_service.cc:1917] Received RequestConsensusVote() RPC: tablet_id: "1c33e05423e3463c9b129c0376944c9f" candidate_uuid: "abf11f14f88141f9adaa1014b6bf497d" candidate_term: 1 candidate_status { last_received { term: 0 index: 0 } } ignore_live_leader: false dest_uuid: "6b806083d64344eba2ee5707416a6026" is_pre_election: true
I20260608 09:57:50.114454  3090 raft_consensus.cc:385] T f2246c0f4dda48e8870af7b8ad29ca57 P c80df762a0d6431bbafc4544a7582654 [term 0 FOLLOWER]: Consensus starting up: Expiring failure detector timer to make a prompt election more likely
I20260608 09:57:50.114882  3090 raft_consensus.cc:740] T f2246c0f4dda48e8870af7b8ad29ca57 P c80df762a0d6431bbafc4544a7582654 [term 0 FOLLOWER]: Becoming Follower/Learner. State: Replica: c80df762a0d6431bbafc4544a7582654, State: Initialized, Role: FOLLOWER
I20260608 09:57:50.115023  2887 raft_consensus.cc:2468] T 1c33e05423e3463c9b129c0376944c9f P 6b806083d64344eba2ee5707416a6026 [term 0 FOLLOWER]: Leader pre-election vote request: Granting yes vote for candidate abf11f14f88141f9adaa1014b6bf497d in term 0.
I20260608 09:57:50.115885  3090 consensus_queue.cc:260] T f2246c0f4dda48e8870af7b8ad29ca57 P c80df762a0d6431bbafc4544a7582654 [NON_LEADER]: Queue going to NON_LEADER mode. State: All replicated index: 0, Majority replicated index: 0, Committed index: 0, Last appended: 0.0, Last appended by leader: 0, Current term: 0, Majority size: -1, State: 0, Mode: NON_LEADER, active raft config: opid_index: -1 OBSOLETE_local: false peers { permanent_uuid: "6b806083d64344eba2ee5707416a6026" member_type: VOTER last_known_addr { host: "127.2.42.65" port: 44401 } } peers { permanent_uuid: "abf11f14f88141f9adaa1014b6bf497d" member_type: VOTER last_known_addr { host: "127.2.42.66" port: 40111 } } peers { permanent_uuid: "c80df762a0d6431bbafc4544a7582654" member_type: VOTER last_known_addr { host: "127.2.42.67" port: 37127 } }
I20260608 09:57:50.116915  2926 leader_election.cc:304] T 1c33e05423e3463c9b129c0376944c9f P abf11f14f88141f9adaa1014b6bf497d [CANDIDATE]: Term 1 pre-election: Election decided. Result: candidate won. Election summary: received 2 responses out of 3 voters: 2 yes votes; 0 no votes. yes voters: 6b806083d64344eba2ee5707416a6026, abf11f14f88141f9adaa1014b6bf497d; no voters: 
I20260608 09:57:50.118058  3094 raft_consensus.cc:2804] T 1c33e05423e3463c9b129c0376944c9f P abf11f14f88141f9adaa1014b6bf497d [term 0 FOLLOWER]: Leader pre-election won for term 1
I20260608 09:57:50.118553  3094 raft_consensus.cc:493] T 1c33e05423e3463c9b129c0376944c9f P abf11f14f88141f9adaa1014b6bf497d [term 0 FOLLOWER]: Starting leader election (no leader contacted us within the election timeout)
I20260608 09:57:50.119022  3094 raft_consensus.cc:3060] T 1c33e05423e3463c9b129c0376944c9f P abf11f14f88141f9adaa1014b6bf497d [term 0 FOLLOWER]: Advancing to term 1
I20260608 09:57:50.120992  3082 tablet_bootstrap.cc:654] T 43db6900aa294e0d83cbcb2f871954bf P abf11f14f88141f9adaa1014b6bf497d: Neither blocks nor log segments found. Creating new log.
I20260608 09:57:50.125545  3090 ts_tablet_manager.cc:1434] T f2246c0f4dda48e8870af7b8ad29ca57 P c80df762a0d6431bbafc4544a7582654: Time spent starting tablet: real 0.015s	user 0.009s	sys 0.004s
I20260608 09:57:50.126621  3081 ts_tablet_manager.cc:1434] T e6a3afb591994be580847a53907a5db0 P 6b806083d64344eba2ee5707416a6026: Time spent starting tablet: real 0.055s	user 0.008s	sys 0.000s
I20260608 09:57:50.126950  3082 tablet_bootstrap.cc:492] T 43db6900aa294e0d83cbcb2f871954bf P abf11f14f88141f9adaa1014b6bf497d: No bootstrap required, opened a new log
I20260608 09:57:50.130520  3082 ts_tablet_manager.cc:1403] T 43db6900aa294e0d83cbcb2f871954bf P abf11f14f88141f9adaa1014b6bf497d: Time spent bootstrapping tablet: real 0.017s	user 0.009s	sys 0.004s
I20260608 09:57:50.131003  3081 tablet_bootstrap.cc:492] T f22e0bd0a97340edb14e321d3adecee0 P 6b806083d64344eba2ee5707416a6026: Bootstrap starting.
I20260608 09:57:50.132875  3094 raft_consensus.cc:515] T 1c33e05423e3463c9b129c0376944c9f P abf11f14f88141f9adaa1014b6bf497d [term 1 FOLLOWER]: Starting leader election with config: opid_index: -1 OBSOLETE_local: false peers { permanent_uuid: "6b806083d64344eba2ee5707416a6026" member_type: VOTER last_known_addr { host: "127.2.42.65" port: 44401 } } peers { permanent_uuid: "abf11f14f88141f9adaa1014b6bf497d" member_type: VOTER last_known_addr { host: "127.2.42.66" port: 40111 } } peers { permanent_uuid: "c80df762a0d6431bbafc4544a7582654" member_type: VOTER last_known_addr { host: "127.2.42.67" port: 37127 } }
I20260608 09:57:50.133637  3082 raft_consensus.cc:359] T 43db6900aa294e0d83cbcb2f871954bf P abf11f14f88141f9adaa1014b6bf497d [term 0 FOLLOWER]: Replica starting. Triggering 0 pending ops. Active config: opid_index: -1 OBSOLETE_local: false peers { permanent_uuid: "6b806083d64344eba2ee5707416a6026" member_type: VOTER last_known_addr { host: "127.2.42.65" port: 44401 } } peers { permanent_uuid: "abf11f14f88141f9adaa1014b6bf497d" member_type: VOTER last_known_addr { host: "127.2.42.66" port: 40111 } } peers { permanent_uuid: "c80df762a0d6431bbafc4544a7582654" member_type: VOTER last_known_addr { host: "127.2.42.67" port: 37127 } }
I20260608 09:57:50.134441  3082 raft_consensus.cc:385] T 43db6900aa294e0d83cbcb2f871954bf P abf11f14f88141f9adaa1014b6bf497d [term 0 FOLLOWER]: Consensus starting up: Expiring failure detector timer to make a prompt election more likely
I20260608 09:57:50.134765  3082 raft_consensus.cc:740] T 43db6900aa294e0d83cbcb2f871954bf P abf11f14f88141f9adaa1014b6bf497d [term 0 FOLLOWER]: Becoming Follower/Learner. State: Replica: abf11f14f88141f9adaa1014b6bf497d, State: Initialized, Role: FOLLOWER
I20260608 09:57:50.135594  3082 consensus_queue.cc:260] T 43db6900aa294e0d83cbcb2f871954bf P abf11f14f88141f9adaa1014b6bf497d [NON_LEADER]: Queue going to NON_LEADER mode. State: All replicated index: 0, Majority replicated index: 0, Committed index: 0, Last appended: 0.0, Last appended by leader: 0, Current term: 0, Majority size: -1, State: 0, Mode: NON_LEADER, active raft config: opid_index: -1 OBSOLETE_local: false peers { permanent_uuid: "6b806083d64344eba2ee5707416a6026" member_type: VOTER last_known_addr { host: "127.2.42.65" port: 44401 } } peers { permanent_uuid: "abf11f14f88141f9adaa1014b6bf497d" member_type: VOTER last_known_addr { host: "127.2.42.66" port: 40111 } } peers { permanent_uuid: "c80df762a0d6431bbafc4544a7582654" member_type: VOTER last_known_addr { host: "127.2.42.67" port: 37127 } }
I20260608 09:57:50.136518  2887 tablet_service.cc:1917] Received RequestConsensusVote() RPC: tablet_id: "1c33e05423e3463c9b129c0376944c9f" candidate_uuid: "abf11f14f88141f9adaa1014b6bf497d" candidate_term: 1 candidate_status { last_received { term: 0 index: 0 } } ignore_live_leader: false dest_uuid: "6b806083d64344eba2ee5707416a6026"
I20260608 09:57:50.137115  2887 raft_consensus.cc:3060] T 1c33e05423e3463c9b129c0376944c9f P 6b806083d64344eba2ee5707416a6026 [term 0 FOLLOWER]: Advancing to term 1
I20260608 09:57:50.137405  3081 tablet_bootstrap.cc:654] T f22e0bd0a97340edb14e321d3adecee0 P 6b806083d64344eba2ee5707416a6026: Neither blocks nor log segments found. Creating new log.
I20260608 09:57:50.138180  3082 ts_tablet_manager.cc:1434] T 43db6900aa294e0d83cbcb2f871954bf P abf11f14f88141f9adaa1014b6bf497d: Time spent starting tablet: real 0.007s	user 0.008s	sys 0.000s
I20260608 09:57:50.141497  3082 tablet_bootstrap.cc:492] T 8faecbcd2f2b4b48826f4fe0277a80f2 P abf11f14f88141f9adaa1014b6bf497d: Bootstrap starting.
I20260608 09:57:50.145676  2887 raft_consensus.cc:2468] T 1c33e05423e3463c9b129c0376944c9f P 6b806083d64344eba2ee5707416a6026 [term 1 FOLLOWER]: Leader election vote request: Granting yes vote for candidate abf11f14f88141f9adaa1014b6bf497d in term 1.
I20260608 09:57:50.147197  2926 leader_election.cc:304] T 1c33e05423e3463c9b129c0376944c9f P abf11f14f88141f9adaa1014b6bf497d [CANDIDATE]: Term 1 election: Election decided. Result: candidate won. Election summary: received 2 responses out of 3 voters: 2 yes votes; 0 no votes. yes voters: 6b806083d64344eba2ee5707416a6026, abf11f14f88141f9adaa1014b6bf497d; no voters: 
I20260608 09:57:50.147960  3082 tablet_bootstrap.cc:654] T 8faecbcd2f2b4b48826f4fe0277a80f2 P abf11f14f88141f9adaa1014b6bf497d: Neither blocks nor log segments found. Creating new log.
I20260608 09:57:50.148262  3087 raft_consensus.cc:2804] T 1c33e05423e3463c9b129c0376944c9f P abf11f14f88141f9adaa1014b6bf497d [term 1 FOLLOWER]: Leader election won for term 1
I20260608 09:57:50.128001  3090 tablet_bootstrap.cc:492] T f22e0bd0a97340edb14e321d3adecee0 P c80df762a0d6431bbafc4544a7582654: Bootstrap starting.
I20260608 09:57:50.149742  3036 tablet_service.cc:1917] Received RequestConsensusVote() RPC: tablet_id: "1c33e05423e3463c9b129c0376944c9f" candidate_uuid: "abf11f14f88141f9adaa1014b6bf497d" candidate_term: 1 candidate_status { last_received { term: 0 index: 0 } } ignore_live_leader: false dest_uuid: "c80df762a0d6431bbafc4544a7582654" is_pre_election: true
W20260608 09:57:50.151765  2925 leader_election.cc:343] T 1c33e05423e3463c9b129c0376944c9f P abf11f14f88141f9adaa1014b6bf497d [CANDIDATE]: Term 1 pre-election: Tablet error from VoteRequest() call to peer c80df762a0d6431bbafc4544a7582654 (127.2.42.67:37127): Illegal state: must be running to vote when last-logged opid is not known
I20260608 09:57:50.154989  3082 tablet_bootstrap.cc:492] T 8faecbcd2f2b4b48826f4fe0277a80f2 P abf11f14f88141f9adaa1014b6bf497d: No bootstrap required, opened a new log
I20260608 09:57:50.155517  3082 ts_tablet_manager.cc:1403] T 8faecbcd2f2b4b48826f4fe0277a80f2 P abf11f14f88141f9adaa1014b6bf497d: Time spent bootstrapping tablet: real 0.014s	user 0.009s	sys 0.004s
I20260608 09:57:50.156422  3090 tablet_bootstrap.cc:654] T f22e0bd0a97340edb14e321d3adecee0 P c80df762a0d6431bbafc4544a7582654: Neither blocks nor log segments found. Creating new log.
I20260608 09:57:50.158468  3082 raft_consensus.cc:359] T 8faecbcd2f2b4b48826f4fe0277a80f2 P abf11f14f88141f9adaa1014b6bf497d [term 0 FOLLOWER]: Replica starting. Triggering 0 pending ops. Active config: opid_index: -1 OBSOLETE_local: false peers { permanent_uuid: "6b806083d64344eba2ee5707416a6026" member_type: VOTER last_known_addr { host: "127.2.42.65" port: 44401 } } peers { permanent_uuid: "abf11f14f88141f9adaa1014b6bf497d" member_type: VOTER last_known_addr { host: "127.2.42.66" port: 40111 } } peers { permanent_uuid: "c80df762a0d6431bbafc4544a7582654" member_type: VOTER last_known_addr { host: "127.2.42.67" port: 37127 } }
I20260608 09:57:50.159382  3082 raft_consensus.cc:385] T 8faecbcd2f2b4b48826f4fe0277a80f2 P abf11f14f88141f9adaa1014b6bf497d [term 0 FOLLOWER]: Consensus starting up: Expiring failure detector timer to make a prompt election more likely
I20260608 09:57:50.159792  3082 raft_consensus.cc:740] T 8faecbcd2f2b4b48826f4fe0277a80f2 P abf11f14f88141f9adaa1014b6bf497d [term 0 FOLLOWER]: Becoming Follower/Learner. State: Replica: abf11f14f88141f9adaa1014b6bf497d, State: Initialized, Role: FOLLOWER
I20260608 09:57:50.161073  3082 consensus_queue.cc:260] T 8faecbcd2f2b4b48826f4fe0277a80f2 P abf11f14f88141f9adaa1014b6bf497d [NON_LEADER]: Queue going to NON_LEADER mode. State: All replicated index: 0, Majority replicated index: 0, Committed index: 0, Last appended: 0.0, Last appended by leader: 0, Current term: 0, Majority size: -1, State: 0, Mode: NON_LEADER, active raft config: opid_index: -1 OBSOLETE_local: false peers { permanent_uuid: "6b806083d64344eba2ee5707416a6026" member_type: VOTER last_known_addr { host: "127.2.42.65" port: 44401 } } peers { permanent_uuid: "abf11f14f88141f9adaa1014b6bf497d" member_type: VOTER last_known_addr { host: "127.2.42.66" port: 40111 } } peers { permanent_uuid: "c80df762a0d6431bbafc4544a7582654" member_type: VOTER last_known_addr { host: "127.2.42.67" port: 37127 } }
I20260608 09:57:50.165577  3036 tablet_service.cc:1917] Received RequestConsensusVote() RPC: tablet_id: "1c33e05423e3463c9b129c0376944c9f" candidate_uuid: "abf11f14f88141f9adaa1014b6bf497d" candidate_term: 1 candidate_status { last_received { term: 0 index: 0 } } ignore_live_leader: false dest_uuid: "c80df762a0d6431bbafc4544a7582654"
W20260608 09:57:50.167459  2925 leader_election.cc:343] T 1c33e05423e3463c9b129c0376944c9f P abf11f14f88141f9adaa1014b6bf497d [CANDIDATE]: Term 1 election: Tablet error from VoteRequest() call to peer c80df762a0d6431bbafc4544a7582654 (127.2.42.67:37127): Illegal state: must be running to vote when last-logged opid is not known
I20260608 09:57:50.168850  3090 tablet_bootstrap.cc:492] T f22e0bd0a97340edb14e321d3adecee0 P c80df762a0d6431bbafc4544a7582654: No bootstrap required, opened a new log
I20260608 09:57:50.169771  3090 ts_tablet_manager.cc:1403] T f22e0bd0a97340edb14e321d3adecee0 P c80df762a0d6431bbafc4544a7582654: Time spent bootstrapping tablet: real 0.042s	user 0.012s	sys 0.007s
I20260608 09:57:50.171206  3094 leader_election.cc:290] T 1c33e05423e3463c9b129c0376944c9f P abf11f14f88141f9adaa1014b6bf497d [CANDIDATE]: Term 1 election: Requested vote from peers 6b806083d64344eba2ee5707416a6026 (127.2.42.65:44401), c80df762a0d6431bbafc4544a7582654 (127.2.42.67:37127)
I20260608 09:57:50.172436  3082 ts_tablet_manager.cc:1434] T 8faecbcd2f2b4b48826f4fe0277a80f2 P abf11f14f88141f9adaa1014b6bf497d: Time spent starting tablet: real 0.017s	user 0.013s	sys 0.003s
I20260608 09:57:50.173484  3082 tablet_bootstrap.cc:492] T 4a0be8eecc7146b897a63cda10d99df5 P abf11f14f88141f9adaa1014b6bf497d: Bootstrap starting.
I20260608 09:57:50.173550  3090 raft_consensus.cc:359] T f22e0bd0a97340edb14e321d3adecee0 P c80df762a0d6431bbafc4544a7582654 [term 0 FOLLOWER]: Replica starting. Triggering 0 pending ops. Active config: opid_index: -1 OBSOLETE_local: false peers { permanent_uuid: "6b806083d64344eba2ee5707416a6026" member_type: VOTER last_known_addr { host: "127.2.42.65" port: 44401 } } peers { permanent_uuid: "abf11f14f88141f9adaa1014b6bf497d" member_type: VOTER last_known_addr { host: "127.2.42.66" port: 40111 } } peers { permanent_uuid: "c80df762a0d6431bbafc4544a7582654" member_type: VOTER last_known_addr { host: "127.2.42.67" port: 37127 } }
I20260608 09:57:50.174697  3090 raft_consensus.cc:385] T f22e0bd0a97340edb14e321d3adecee0 P c80df762a0d6431bbafc4544a7582654 [term 0 FOLLOWER]: Consensus starting up: Expiring failure detector timer to make a prompt election more likely
I20260608 09:57:50.175107  3090 raft_consensus.cc:740] T f22e0bd0a97340edb14e321d3adecee0 P c80df762a0d6431bbafc4544a7582654 [term 0 FOLLOWER]: Becoming Follower/Learner. State: Replica: c80df762a0d6431bbafc4544a7582654, State: Initialized, Role: FOLLOWER
I20260608 09:57:50.175081  3087 raft_consensus.cc:697] T 1c33e05423e3463c9b129c0376944c9f P abf11f14f88141f9adaa1014b6bf497d [term 1 LEADER]: Becoming Leader. State: Replica: abf11f14f88141f9adaa1014b6bf497d, State: Running, Role: LEADER
I20260608 09:57:50.176887  3087 consensus_queue.cc:237] T 1c33e05423e3463c9b129c0376944c9f P abf11f14f88141f9adaa1014b6bf497d [LEADER]: Queue going to LEADER mode. State: All replicated index: 0, Majority replicated index: 0, Committed index: 0, Last appended: 0.0, Last appended by leader: 0, Current term: 1, Majority size: 2, State: 0, Mode: LEADER, active raft config: opid_index: -1 OBSOLETE_local: false peers { permanent_uuid: "6b806083d64344eba2ee5707416a6026" member_type: VOTER last_known_addr { host: "127.2.42.65" port: 44401 } } peers { permanent_uuid: "abf11f14f88141f9adaa1014b6bf497d" member_type: VOTER last_known_addr { host: "127.2.42.66" port: 40111 } } peers { permanent_uuid: "c80df762a0d6431bbafc4544a7582654" member_type: VOTER last_known_addr { host: "127.2.42.67" port: 37127 } }
I20260608 09:57:50.178625  3081 tablet_bootstrap.cc:492] T f22e0bd0a97340edb14e321d3adecee0 P 6b806083d64344eba2ee5707416a6026: No bootstrap required, opened a new log
I20260608 09:57:50.179178  3081 ts_tablet_manager.cc:1403] T f22e0bd0a97340edb14e321d3adecee0 P 6b806083d64344eba2ee5707416a6026: Time spent bootstrapping tablet: real 0.048s	user 0.023s	sys 0.007s
I20260608 09:57:50.180810  3082 tablet_bootstrap.cc:654] T 4a0be8eecc7146b897a63cda10d99df5 P abf11f14f88141f9adaa1014b6bf497d: Neither blocks nor log segments found. Creating new log.
I20260608 09:57:50.181021  3090 consensus_queue.cc:260] T f22e0bd0a97340edb14e321d3adecee0 P c80df762a0d6431bbafc4544a7582654 [NON_LEADER]: Queue going to NON_LEADER mode. State: All replicated index: 0, Majority replicated index: 0, Committed index: 0, Last appended: 0.0, Last appended by leader: 0, Current term: 0, Majority size: -1, State: 0, Mode: NON_LEADER, active raft config: opid_index: -1 OBSOLETE_local: false peers { permanent_uuid: "6b806083d64344eba2ee5707416a6026" member_type: VOTER last_known_addr { host: "127.2.42.65" port: 44401 } } peers { permanent_uuid: "abf11f14f88141f9adaa1014b6bf497d" member_type: VOTER last_known_addr { host: "127.2.42.66" port: 40111 } } peers { permanent_uuid: "c80df762a0d6431bbafc4544a7582654" member_type: VOTER last_known_addr { host: "127.2.42.67" port: 37127 } }
I20260608 09:57:50.181778  3081 raft_consensus.cc:359] T f22e0bd0a97340edb14e321d3adecee0 P 6b806083d64344eba2ee5707416a6026 [term 0 FOLLOWER]: Replica starting. Triggering 0 pending ops. Active config: opid_index: -1 OBSOLETE_local: false peers { permanent_uuid: "6b806083d64344eba2ee5707416a6026" member_type: VOTER last_known_addr { host: "127.2.42.65" port: 44401 } } peers { permanent_uuid: "abf11f14f88141f9adaa1014b6bf497d" member_type: VOTER last_known_addr { host: "127.2.42.66" port: 40111 } } peers { permanent_uuid: "c80df762a0d6431bbafc4544a7582654" member_type: VOTER last_known_addr { host: "127.2.42.67" port: 37127 } }
I20260608 09:57:50.182744  3081 raft_consensus.cc:385] T f22e0bd0a97340edb14e321d3adecee0 P 6b806083d64344eba2ee5707416a6026 [term 0 FOLLOWER]: Consensus starting up: Expiring failure detector timer to make a prompt election more likely
I20260608 09:57:50.183060  3081 raft_consensus.cc:740] T f22e0bd0a97340edb14e321d3adecee0 P 6b806083d64344eba2ee5707416a6026 [term 0 FOLLOWER]: Becoming Follower/Learner. State: Replica: 6b806083d64344eba2ee5707416a6026, State: Initialized, Role: FOLLOWER
I20260608 09:57:50.183887  3081 consensus_queue.cc:260] T f22e0bd0a97340edb14e321d3adecee0 P 6b806083d64344eba2ee5707416a6026 [NON_LEADER]: Queue going to NON_LEADER mode. State: All replicated index: 0, Majority replicated index: 0, Committed index: 0, Last appended: 0.0, Last appended by leader: 0, Current term: 0, Majority size: -1, State: 0, Mode: NON_LEADER, active raft config: opid_index: -1 OBSOLETE_local: false peers { permanent_uuid: "6b806083d64344eba2ee5707416a6026" member_type: VOTER last_known_addr { host: "127.2.42.65" port: 44401 } } peers { permanent_uuid: "abf11f14f88141f9adaa1014b6bf497d" member_type: VOTER last_known_addr { host: "127.2.42.66" port: 40111 } } peers { permanent_uuid: "c80df762a0d6431bbafc4544a7582654" member_type: VOTER last_known_addr { host: "127.2.42.67" port: 37127 } }
I20260608 09:57:50.186249  3081 ts_tablet_manager.cc:1434] T f22e0bd0a97340edb14e321d3adecee0 P 6b806083d64344eba2ee5707416a6026: Time spent starting tablet: real 0.007s	user 0.008s	sys 0.000s
I20260608 09:57:50.186395  3090 ts_tablet_manager.cc:1434] T f22e0bd0a97340edb14e321d3adecee0 P c80df762a0d6431bbafc4544a7582654: Time spent starting tablet: real 0.016s	user 0.008s	sys 0.000s
I20260608 09:57:50.187275  3081 tablet_bootstrap.cc:492] T df70e3c3baa34e5e90154e8bd3d74ab9 P 6b806083d64344eba2ee5707416a6026: Bootstrap starting.
I20260608 09:57:50.187819  3090 tablet_bootstrap.cc:492] T 1c33e05423e3463c9b129c0376944c9f P c80df762a0d6431bbafc4544a7582654: Bootstrap starting.
I20260608 09:57:50.192188  3097 raft_consensus.cc:493] T f2246c0f4dda48e8870af7b8ad29ca57 P c80df762a0d6431bbafc4544a7582654 [term 0 FOLLOWER]: Starting pre-election (no leader contacted us within the election timeout)
I20260608 09:57:50.192703  3084 raft_consensus.cc:493] T f2246c0f4dda48e8870af7b8ad29ca57 P 6b806083d64344eba2ee5707416a6026 [term 0 FOLLOWER]: Starting pre-election (no leader contacted us within the election timeout)
I20260608 09:57:50.193099  3082 tablet_bootstrap.cc:492] T 4a0be8eecc7146b897a63cda10d99df5 P abf11f14f88141f9adaa1014b6bf497d: No bootstrap required, opened a new log
I20260608 09:57:50.192780  3097 raft_consensus.cc:515] T f2246c0f4dda48e8870af7b8ad29ca57 P c80df762a0d6431bbafc4544a7582654 [term 0 FOLLOWER]: Starting pre-election with config: opid_index: -1 OBSOLETE_local: false peers { permanent_uuid: "6b806083d64344eba2ee5707416a6026" member_type: VOTER last_known_addr { host: "127.2.42.65" port: 44401 } } peers { permanent_uuid: "abf11f14f88141f9adaa1014b6bf497d" member_type: VOTER last_known_addr { host: "127.2.42.66" port: 40111 } } peers { permanent_uuid: "c80df762a0d6431bbafc4544a7582654" member_type: VOTER last_known_addr { host: "127.2.42.67" port: 37127 } }
I20260608 09:57:50.193639  3082 ts_tablet_manager.cc:1403] T 4a0be8eecc7146b897a63cda10d99df5 P abf11f14f88141f9adaa1014b6bf497d: Time spent bootstrapping tablet: real 0.020s	user 0.014s	sys 0.003s
I20260608 09:57:50.193396  3084 raft_consensus.cc:515] T f2246c0f4dda48e8870af7b8ad29ca57 P 6b806083d64344eba2ee5707416a6026 [term 0 FOLLOWER]: Starting pre-election with config: opid_index: -1 OBSOLETE_local: false peers { permanent_uuid: "6b806083d64344eba2ee5707416a6026" member_type: VOTER last_known_addr { host: "127.2.42.65" port: 44401 } } peers { permanent_uuid: "abf11f14f88141f9adaa1014b6bf497d" member_type: VOTER last_known_addr { host: "127.2.42.66" port: 40111 } } peers { permanent_uuid: "c80df762a0d6431bbafc4544a7582654" member_type: VOTER last_known_addr { host: "127.2.42.67" port: 37127 } }
I20260608 09:57:50.194905  3081 tablet_bootstrap.cc:654] T df70e3c3baa34e5e90154e8bd3d74ab9 P 6b806083d64344eba2ee5707416a6026: Neither blocks nor log segments found. Creating new log.
I20260608 09:57:50.197142  3082 raft_consensus.cc:359] T 4a0be8eecc7146b897a63cda10d99df5 P abf11f14f88141f9adaa1014b6bf497d [term 0 FOLLOWER]: Replica starting. Triggering 0 pending ops. Active config: opid_index: -1 OBSOLETE_local: false peers { permanent_uuid: "6b806083d64344eba2ee5707416a6026" member_type: VOTER last_known_addr { host: "127.2.42.65" port: 44401 } } peers { permanent_uuid: "abf11f14f88141f9adaa1014b6bf497d" member_type: VOTER last_known_addr { host: "127.2.42.66" port: 40111 } } peers { permanent_uuid: "c80df762a0d6431bbafc4544a7582654" member_type: VOTER last_known_addr { host: "127.2.42.67" port: 37127 } }
I20260608 09:57:50.198067  3082 raft_consensus.cc:385] T 4a0be8eecc7146b897a63cda10d99df5 P abf11f14f88141f9adaa1014b6bf497d [term 0 FOLLOWER]: Consensus starting up: Expiring failure detector timer to make a prompt election more likely
I20260608 09:57:50.198429  3082 raft_consensus.cc:740] T 4a0be8eecc7146b897a63cda10d99df5 P abf11f14f88141f9adaa1014b6bf497d [term 0 FOLLOWER]: Becoming Follower/Learner. State: Replica: abf11f14f88141f9adaa1014b6bf497d, State: Initialized, Role: FOLLOWER
I20260608 09:57:50.199278  3097 leader_election.cc:290] T f2246c0f4dda48e8870af7b8ad29ca57 P c80df762a0d6431bbafc4544a7582654 [CANDIDATE]: Term 1 pre-election: Requested pre-vote from peers 6b806083d64344eba2ee5707416a6026 (127.2.42.65:44401), abf11f14f88141f9adaa1014b6bf497d (127.2.42.66:40111)
I20260608 09:57:50.199338  3082 consensus_queue.cc:260] T 4a0be8eecc7146b897a63cda10d99df5 P abf11f14f88141f9adaa1014b6bf497d [NON_LEADER]: Queue going to NON_LEADER mode. State: All replicated index: 0, Majority replicated index: 0, Committed index: 0, Last appended: 0.0, Last appended by leader: 0, Current term: 0, Majority size: -1, State: 0, Mode: NON_LEADER, active raft config: opid_index: -1 OBSOLETE_local: false peers { permanent_uuid: "6b806083d64344eba2ee5707416a6026" member_type: VOTER last_known_addr { host: "127.2.42.65" port: 44401 } } peers { permanent_uuid: "abf11f14f88141f9adaa1014b6bf497d" member_type: VOTER last_known_addr { host: "127.2.42.66" port: 40111 } } peers { permanent_uuid: "c80df762a0d6431bbafc4544a7582654" member_type: VOTER last_known_addr { host: "127.2.42.67" port: 37127 } }
I20260608 09:57:50.202780  3082 ts_tablet_manager.cc:1434] T 4a0be8eecc7146b897a63cda10d99df5 P abf11f14f88141f9adaa1014b6bf497d: Time spent starting tablet: real 0.009s	user 0.008s	sys 0.000s
I20260608 09:57:50.204288  3082 tablet_bootstrap.cc:492] T e6a3afb591994be580847a53907a5db0 P abf11f14f88141f9adaa1014b6bf497d: Bootstrap starting.
I20260608 09:57:50.210328  3081 tablet_bootstrap.cc:492] T df70e3c3baa34e5e90154e8bd3d74ab9 P 6b806083d64344eba2ee5707416a6026: No bootstrap required, opened a new log
I20260608 09:57:50.210912  3081 ts_tablet_manager.cc:1403] T df70e3c3baa34e5e90154e8bd3d74ab9 P 6b806083d64344eba2ee5707416a6026: Time spent bootstrapping tablet: real 0.024s	user 0.011s	sys 0.008s
I20260608 09:57:50.212047  2783 catalog_manager.cc:5696] T 1c33e05423e3463c9b129c0376944c9f P abf11f14f88141f9adaa1014b6bf497d reported cstate change: term changed from 0 to 1, leader changed from <none> to abf11f14f88141f9adaa1014b6bf497d (127.2.42.66). New cstate: current_term: 1 leader_uuid: "abf11f14f88141f9adaa1014b6bf497d" committed_config { opid_index: -1 OBSOLETE_local: false peers { permanent_uuid: "6b806083d64344eba2ee5707416a6026" member_type: VOTER last_known_addr { host: "127.2.42.65" port: 44401 } health_report { overall_health: UNKNOWN } } peers { permanent_uuid: "abf11f14f88141f9adaa1014b6bf497d" member_type: VOTER last_known_addr { host: "127.2.42.66" port: 40111 } health_report { overall_health: HEALTHY } } peers { permanent_uuid: "c80df762a0d6431bbafc4544a7582654" member_type: VOTER last_known_addr { host: "127.2.42.67" port: 37127 } health_report { overall_health: UNKNOWN } } }
I20260608 09:57:50.215013  3081 raft_consensus.cc:359] T df70e3c3baa34e5e90154e8bd3d74ab9 P 6b806083d64344eba2ee5707416a6026 [term 0 FOLLOWER]: Replica starting. Triggering 0 pending ops. Active config: opid_index: -1 OBSOLETE_local: false peers { permanent_uuid: "6b806083d64344eba2ee5707416a6026" member_type: VOTER last_known_addr { host: "127.2.42.65" port: 44401 } } peers { permanent_uuid: "abf11f14f88141f9adaa1014b6bf497d" member_type: VOTER last_known_addr { host: "127.2.42.66" port: 40111 } } peers { permanent_uuid: "c80df762a0d6431bbafc4544a7582654" member_type: VOTER last_known_addr { host: "127.2.42.67" port: 37127 } }
I20260608 09:57:50.215969  3081 raft_consensus.cc:385] T df70e3c3baa34e5e90154e8bd3d74ab9 P 6b806083d64344eba2ee5707416a6026 [term 0 FOLLOWER]: Consensus starting up: Expiring failure detector timer to make a prompt election more likely
I20260608 09:57:50.216372  3081 raft_consensus.cc:740] T df70e3c3baa34e5e90154e8bd3d74ab9 P 6b806083d64344eba2ee5707416a6026 [term 0 FOLLOWER]: Becoming Follower/Learner. State: Replica: 6b806083d64344eba2ee5707416a6026, State: Initialized, Role: FOLLOWER
I20260608 09:57:50.217247  3081 consensus_queue.cc:260] T df70e3c3baa34e5e90154e8bd3d74ab9 P 6b806083d64344eba2ee5707416a6026 [NON_LEADER]: Queue going to NON_LEADER mode. State: All replicated index: 0, Majority replicated index: 0, Committed index: 0, Last appended: 0.0, Last appended by leader: 0, Current term: 0, Majority size: -1, State: 0, Mode: NON_LEADER, active raft config: opid_index: -1 OBSOLETE_local: false peers { permanent_uuid: "6b806083d64344eba2ee5707416a6026" member_type: VOTER last_known_addr { host: "127.2.42.65" port: 44401 } } peers { permanent_uuid: "abf11f14f88141f9adaa1014b6bf497d" member_type: VOTER last_known_addr { host: "127.2.42.66" port: 40111 } } peers { permanent_uuid: "c80df762a0d6431bbafc4544a7582654" member_type: VOTER last_known_addr { host: "127.2.42.67" port: 37127 } }
I20260608 09:57:50.229380  3081 ts_tablet_manager.cc:1434] T df70e3c3baa34e5e90154e8bd3d74ab9 P 6b806083d64344eba2ee5707416a6026: Time spent starting tablet: real 0.018s	user 0.011s	sys 0.004s
I20260608 09:57:50.230792  3084 leader_election.cc:290] T f2246c0f4dda48e8870af7b8ad29ca57 P 6b806083d64344eba2ee5707416a6026 [CANDIDATE]: Term 1 pre-election: Requested pre-vote from peers abf11f14f88141f9adaa1014b6bf497d (127.2.42.66:40111), c80df762a0d6431bbafc4544a7582654 (127.2.42.67:37127)
I20260608 09:57:50.229688  3082 tablet_bootstrap.cc:654] T e6a3afb591994be580847a53907a5db0 P abf11f14f88141f9adaa1014b6bf497d: Neither blocks nor log segments found. Creating new log.
I20260608 09:57:50.229688  3090 tablet_bootstrap.cc:654] T 1c33e05423e3463c9b129c0376944c9f P c80df762a0d6431bbafc4544a7582654: Neither blocks nor log segments found. Creating new log.
I20260608 09:57:50.230792  3081 tablet_bootstrap.cc:492] T 4a0be8eecc7146b897a63cda10d99df5 P 6b806083d64344eba2ee5707416a6026: Bootstrap starting.
I20260608 09:57:50.248554  3082 tablet_bootstrap.cc:492] T e6a3afb591994be580847a53907a5db0 P abf11f14f88141f9adaa1014b6bf497d: No bootstrap required, opened a new log
I20260608 09:57:50.248605  3090 tablet_bootstrap.cc:492] T 1c33e05423e3463c9b129c0376944c9f P c80df762a0d6431bbafc4544a7582654: No bootstrap required, opened a new log
I20260608 09:57:50.249341  3090 ts_tablet_manager.cc:1403] T 1c33e05423e3463c9b129c0376944c9f P c80df762a0d6431bbafc4544a7582654: Time spent bootstrapping tablet: real 0.062s	user 0.011s	sys 0.010s
I20260608 09:57:50.251420  3082 ts_tablet_manager.cc:1403] T e6a3afb591994be580847a53907a5db0 P abf11f14f88141f9adaa1014b6bf497d: Time spent bootstrapping tablet: real 0.047s	user 0.021s	sys 0.001s
I20260608 09:57:50.253712  3090 raft_consensus.cc:359] T 1c33e05423e3463c9b129c0376944c9f P c80df762a0d6431bbafc4544a7582654 [term 0 FOLLOWER]: Replica starting. Triggering 0 pending ops. Active config: opid_index: -1 OBSOLETE_local: false peers { permanent_uuid: "6b806083d64344eba2ee5707416a6026" member_type: VOTER last_known_addr { host: "127.2.42.65" port: 44401 } } peers { permanent_uuid: "abf11f14f88141f9adaa1014b6bf497d" member_type: VOTER last_known_addr { host: "127.2.42.66" port: 40111 } } peers { permanent_uuid: "c80df762a0d6431bbafc4544a7582654" member_type: VOTER last_known_addr { host: "127.2.42.67" port: 37127 } }
I20260608 09:57:50.254647  3090 raft_consensus.cc:385] T 1c33e05423e3463c9b129c0376944c9f P c80df762a0d6431bbafc4544a7582654 [term 0 FOLLOWER]: Consensus starting up: Expiring failure detector timer to make a prompt election more likely
I20260608 09:57:50.255017  3090 raft_consensus.cc:740] T 1c33e05423e3463c9b129c0376944c9f P c80df762a0d6431bbafc4544a7582654 [term 0 FOLLOWER]: Becoming Follower/Learner. State: Replica: c80df762a0d6431bbafc4544a7582654, State: Initialized, Role: FOLLOWER
I20260608 09:57:50.255112  3082 raft_consensus.cc:359] T e6a3afb591994be580847a53907a5db0 P abf11f14f88141f9adaa1014b6bf497d [term 0 FOLLOWER]: Replica starting. Triggering 0 pending ops. Active config: opid_index: -1 OBSOLETE_local: false peers { permanent_uuid: "6b806083d64344eba2ee5707416a6026" member_type: VOTER last_known_addr { host: "127.2.42.65" port: 44401 } } peers { permanent_uuid: "abf11f14f88141f9adaa1014b6bf497d" member_type: VOTER last_known_addr { host: "127.2.42.66" port: 40111 } } peers { permanent_uuid: "c80df762a0d6431bbafc4544a7582654" member_type: VOTER last_known_addr { host: "127.2.42.67" port: 37127 } }
I20260608 09:57:50.255995  3082 raft_consensus.cc:385] T e6a3afb591994be580847a53907a5db0 P abf11f14f88141f9adaa1014b6bf497d [term 0 FOLLOWER]: Consensus starting up: Expiring failure detector timer to make a prompt election more likely
I20260608 09:57:50.256398  3082 raft_consensus.cc:740] T e6a3afb591994be580847a53907a5db0 P abf11f14f88141f9adaa1014b6bf497d [term 0 FOLLOWER]: Becoming Follower/Learner. State: Replica: abf11f14f88141f9adaa1014b6bf497d, State: Initialized, Role: FOLLOWER
I20260608 09:57:50.256196  3090 consensus_queue.cc:260] T 1c33e05423e3463c9b129c0376944c9f P c80df762a0d6431bbafc4544a7582654 [NON_LEADER]: Queue going to NON_LEADER mode. State: All replicated index: 0, Majority replicated index: 0, Committed index: 0, Last appended: 0.0, Last appended by leader: 0, Current term: 0, Majority size: -1, State: 0, Mode: NON_LEADER, active raft config: opid_index: -1 OBSOLETE_local: false peers { permanent_uuid: "6b806083d64344eba2ee5707416a6026" member_type: VOTER last_known_addr { host: "127.2.42.65" port: 44401 } } peers { permanent_uuid: "abf11f14f88141f9adaa1014b6bf497d" member_type: VOTER last_known_addr { host: "127.2.42.66" port: 40111 } } peers { permanent_uuid: "c80df762a0d6431bbafc4544a7582654" member_type: VOTER last_known_addr { host: "127.2.42.67" port: 37127 } }
I20260608 09:57:50.256938  2887 tablet_service.cc:1917] Received RequestConsensusVote() RPC: tablet_id: "f2246c0f4dda48e8870af7b8ad29ca57" candidate_uuid: "c80df762a0d6431bbafc4544a7582654" candidate_term: 1 candidate_status { last_received { term: 0 index: 0 } } ignore_live_leader: false dest_uuid: "6b806083d64344eba2ee5707416a6026" is_pre_election: true
I20260608 09:57:50.257663  2887 raft_consensus.cc:2468] T f2246c0f4dda48e8870af7b8ad29ca57 P 6b806083d64344eba2ee5707416a6026 [term 0 FOLLOWER]: Leader pre-election vote request: Granting yes vote for candidate c80df762a0d6431bbafc4544a7582654 in term 0.
I20260608 09:57:50.257293  3082 consensus_queue.cc:260] T e6a3afb591994be580847a53907a5db0 P abf11f14f88141f9adaa1014b6bf497d [NON_LEADER]: Queue going to NON_LEADER mode. State: All replicated index: 0, Majority replicated index: 0, Committed index: 0, Last appended: 0.0, Last appended by leader: 0, Current term: 0, Majority size: -1, State: 0, Mode: NON_LEADER, active raft config: opid_index: -1 OBSOLETE_local: false peers { permanent_uuid: "6b806083d64344eba2ee5707416a6026" member_type: VOTER last_known_addr { host: "127.2.42.65" port: 44401 } } peers { permanent_uuid: "abf11f14f88141f9adaa1014b6bf497d" member_type: VOTER last_known_addr { host: "127.2.42.66" port: 40111 } } peers { permanent_uuid: "c80df762a0d6431bbafc4544a7582654" member_type: VOTER last_known_addr { host: "127.2.42.67" port: 37127 } }
I20260608 09:57:50.261317  3084 raft_consensus.cc:493] T 43db6900aa294e0d83cbcb2f871954bf P 6b806083d64344eba2ee5707416a6026 [term 0 FOLLOWER]: Starting pre-election (no leader contacted us within the election timeout)
I20260608 09:57:50.261850  3084 raft_consensus.cc:515] T 43db6900aa294e0d83cbcb2f871954bf P 6b806083d64344eba2ee5707416a6026 [term 0 FOLLOWER]: Starting pre-election with config: opid_index: -1 OBSOLETE_local: false peers { permanent_uuid: "6b806083d64344eba2ee5707416a6026" member_type: VOTER last_known_addr { host: "127.2.42.65" port: 44401 } } peers { permanent_uuid: "abf11f14f88141f9adaa1014b6bf497d" member_type: VOTER last_known_addr { host: "127.2.42.66" port: 40111 } } peers { permanent_uuid: "c80df762a0d6431bbafc4544a7582654" member_type: VOTER last_known_addr { host: "127.2.42.67" port: 37127 } }
I20260608 09:57:50.264437  3084 leader_election.cc:290] T 43db6900aa294e0d83cbcb2f871954bf P 6b806083d64344eba2ee5707416a6026 [CANDIDATE]: Term 1 pre-election: Requested pre-vote from peers abf11f14f88141f9adaa1014b6bf497d (127.2.42.66:40111), c80df762a0d6431bbafc4544a7582654 (127.2.42.67:37127)
I20260608 09:57:50.264331  3090 ts_tablet_manager.cc:1434] T 1c33e05423e3463c9b129c0376944c9f P c80df762a0d6431bbafc4544a7582654: Time spent starting tablet: real 0.015s	user 0.008s	sys 0.000s
I20260608 09:57:50.266429  3090 tablet_bootstrap.cc:492] T 4a0be8eecc7146b897a63cda10d99df5 P c80df762a0d6431bbafc4544a7582654: Bootstrap starting.
I20260608 09:57:50.267593  3081 tablet_bootstrap.cc:654] T 4a0be8eecc7146b897a63cda10d99df5 P 6b806083d64344eba2ee5707416a6026: Neither blocks nor log segments found. Creating new log.
I20260608 09:57:50.272516  2962 tablet_service.cc:1917] Received RequestConsensusVote() RPC: tablet_id: "f2246c0f4dda48e8870af7b8ad29ca57" candidate_uuid: "c80df762a0d6431bbafc4544a7582654" candidate_term: 1 candidate_status { last_received { term: 0 index: 0 } } ignore_live_leader: false dest_uuid: "abf11f14f88141f9adaa1014b6bf497d" is_pre_election: true
I20260608 09:57:50.273391  3082 ts_tablet_manager.cc:1434] T e6a3afb591994be580847a53907a5db0 P abf11f14f88141f9adaa1014b6bf497d: Time spent starting tablet: real 0.022s	user 0.003s	sys 0.004s
I20260608 09:57:50.273340  2962 raft_consensus.cc:2468] T f2246c0f4dda48e8870af7b8ad29ca57 P abf11f14f88141f9adaa1014b6bf497d [term 0 FOLLOWER]: Leader pre-election vote request: Granting yes vote for candidate c80df762a0d6431bbafc4544a7582654 in term 0.
I20260608 09:57:50.274214  3090 tablet_bootstrap.cc:654] T 4a0be8eecc7146b897a63cda10d99df5 P c80df762a0d6431bbafc4544a7582654: Neither blocks nor log segments found. Creating new log.
