I20260608 09:57:54.255119 12261 server_base.cc:909] This appears to be a new deployment of Kudu; creating new FS layout
I20260608 09:57:54.256197 12261 fs_manager.cc:1068] Generated new instance metadata in path /tmp/dist-test-taskkOSTwP/test-tmp/auto_rebalancer-test.0.AutoRebalancerTest.NextLeaderResumesAutoRebalancing.1780912658711063-12261-0/minicluster-data/master-1-root/instance:
uuid: "b882241b0c454316b3a91da228426f08"
format_stamp: "Formatted at 2026-06-08 09:57:54 on dist-test-slave-4rzh"
I20260608 09:57:54.260938 13409 sys_catalog.cc:422] member_type: VOTER last_known_addr { host: "127.11.249.125" port: 39819 } has no permanent_uuid. Determining permanent_uuid...
I20260608 09:57:54.261548 12261 fs_manager.cc:696] Time spent creating directory manager: real 0.005s	user 0.000s	sys 0.007s
I20260608 09:57:54.267031 13422 log_block_manager.cc:4031] Time spent loading block containers with low live blocks: real 0.000s	user 0.000s	sys 0.000s
I20260608 09:57:54.268061 12261 fs_manager.cc:730] Time spent opening block manager: real 0.003s	user 0.003s	sys 0.002s
W20260608 09:57:54.268204 13409 consensus_peers.cc:760] Error getting permanent uuid from config peer 127.11.249.125:39819: Network error: Client connection negotiation failed: client connection to 127.11.249.125:39819: connect: Connection refused (error 111)
I20260608 09:57:54.268420 12261 fs_manager.cc:647] Opened local filesystem: /tmp/dist-test-taskkOSTwP/test-tmp/auto_rebalancer-test.0.AutoRebalancerTest.NextLeaderResumesAutoRebalancing.1780912658711063-12261-0/minicluster-data/master-1-root
uuid: "b882241b0c454316b3a91da228426f08"
format_stamp: "Formatted at 2026-06-08 09:57:54 on dist-test-slave-4rzh"
I20260608 09:57:54.268819 12261 fs_report.cc:389] FS layout report
--------------------
wal directory: /tmp/dist-test-taskkOSTwP/test-tmp/auto_rebalancer-test.0.AutoRebalancerTest.NextLeaderResumesAutoRebalancing.1780912658711063-12261-0/minicluster-data/master-1-root
metadata directory: /tmp/dist-test-taskkOSTwP/test-tmp/auto_rebalancer-test.0.AutoRebalancerTest.NextLeaderResumesAutoRebalancing.1780912658711063-12261-0/minicluster-data/master-1-root
1 data directories: /tmp/dist-test-taskkOSTwP/test-tmp/auto_rebalancer-test.0.AutoRebalancerTest.NextLeaderResumesAutoRebalancing.1780912658711063-12261-0/minicluster-data/master-1-root/data
Total live blocks: 0
Total live bytes: 0
Total live bytes (after alignment): 0
Total number of LBM containers: 0 (0 full)
Did not check for missing blocks
Did not check for orphaned blocks
Total full LBM containers with extra space: 0 (0 repaired)
Total full LBM container extra space in bytes: 0 (0 repaired)
Total incomplete LBM containers: 0 (0 repaired)
Total LBM partial records: 0 (0 repaired)
Total corrupted LBM metadata records in RocksDB: 0 (0 repaired)
I20260608 09:57:54.294353 12261 rpc_server.cc:225] running with OpenSSL 1.1.1  11 Sep 2018
I20260608 09:57:54.295675 12261 kserver.cc:163] Server-wide thread pool size limit: 3276
I20260608 09:57:54.330911 13409 consensus_peers.cc:770] Retrying to get permanent uuid for remote peer: member_type: VOTER last_known_addr { host: "127.11.249.125" port: 39819 } attempt: 1
W20260608 09:57:54.336616 13409 consensus_peers.cc:760] Error getting permanent uuid from config peer 127.11.249.125:39819: Network error: Client connection negotiation failed: client connection to 127.11.249.125:39819: connect: Connection refused (error 111)
I20260608 09:57:54.337566 12261 rpc_server.cc:307] RPC server started. Bound to: 127.11.249.125:39819
I20260608 09:57:54.337687 13473 acceptor_pool.cc:272] collecting diagnostics on the listening RPC socket 127.11.249.125:39819 every 8 connection(s)
I20260608 09:57:54.341724 13474 data_dirs.cc:400] Could only allocate 1 dirs of requested 3 for tablet 00000000000000000000000000000000. 1 dirs total, 0 dirs full, 0 dirs failed
I20260608 09:57:54.341768 12261 file_cache.cc:492] Constructed file cache file cache with capacity 419430
W20260608 09:57:54.348646 13476 instance_detector.cc:116] could not retrieve AWS instance metadata: Network error: curl error: HTTP response code said error: The requested URL returned error: 404
I20260608 09:57:54.348718 13474 sys_catalog.cc:422] member_type: VOTER last_known_addr { host: "127.11.249.126" port: 33529 } has no permanent_uuid. Determining permanent_uuid...
W20260608 09:57:54.349769 13477 instance_detector.cc:116] could not retrieve Azure instance metadata: Network error: curl error: HTTP response code said error: The requested URL returned error: 404
I20260608 09:57:54.352650 12261 server_base.cc:1061] running on GCE node
W20260608 09:57:54.354110 13479 instance_detector.cc:116] could not retrieve OpenStack instance metadata: Network error: curl error: HTTP response code said error: The requested URL returned error: 404
I20260608 09:57:54.355422 12261 hybrid_clock.cc:584] initializing the hybrid clock with 'system_unsync' time source
W20260608 09:57:54.355726 12261 system_unsync_time.cc:38] NTP support is disabled. Clock error bounds will not be accurate. This configuration is not suitable for distributed clusters.
I20260608 09:57:54.355952 12261 hybrid_clock.cc:648] HybridClock initialized: now 1780912674355932 us; error 0 us; skew 500 ppm
I20260608 09:57:54.356631 12261 server_base.cc:861] Flag tcmalloc_max_total_thread_cache_bytes is not working since tcmalloc is not enabled.
I20260608 09:57:54.359977 12261 webserver.cc:533] Webserver started at http://127.11.249.124:44233/ using document root <none> and password file <none>
I20260608 09:57:54.360718 12261 fs_manager.cc:362] Metadata directory not provided
I20260608 09:57:54.360983 12261 fs_manager.cc:368] Using write-ahead log directory (fs_wal_dir) as metadata directory
I20260608 09:57:54.361364 12261 server_base.cc:909] This appears to be a new deployment of Kudu; creating new FS layout
I20260608 09:57:54.362800 12261 fs_manager.cc:1068] Generated new instance metadata in path /tmp/dist-test-taskkOSTwP/test-tmp/auto_rebalancer-test.0.AutoRebalancerTest.NextLeaderResumesAutoRebalancing.1780912658711063-12261-0/minicluster-data/master-2-root/instance:
uuid: "b26af0be9ed64cf09b8f0cbdb1706d7e"
format_stamp: "Formatted at 2026-06-08 09:57:54 on dist-test-slave-4rzh"
I20260608 09:57:54.364962 13474 sys_catalog.cc:422] member_type: VOTER last_known_addr { host: "127.11.249.125" port: 39819 } has no permanent_uuid. Determining permanent_uuid...
I20260608 09:57:54.368114 12261 fs_manager.cc:696] Time spent creating directory manager: real 0.005s	user 0.005s	sys 0.001s
I20260608 09:57:54.372732 13486 log_block_manager.cc:4031] Time spent loading block containers with low live blocks: real 0.000s	user 0.000s	sys 0.000s
I20260608 09:57:54.373822 12261 fs_manager.cc:730] Time spent opening block manager: real 0.003s	user 0.000s	sys 0.003s
I20260608 09:57:54.374199 12261 fs_manager.cc:647] Opened local filesystem: /tmp/dist-test-taskkOSTwP/test-tmp/auto_rebalancer-test.0.AutoRebalancerTest.NextLeaderResumesAutoRebalancing.1780912658711063-12261-0/minicluster-data/master-2-root
uuid: "b26af0be9ed64cf09b8f0cbdb1706d7e"
format_stamp: "Formatted at 2026-06-08 09:57:54 on dist-test-slave-4rzh"
I20260608 09:57:54.374563 12261 fs_report.cc:389] FS layout report
--------------------
wal directory: /tmp/dist-test-taskkOSTwP/test-tmp/auto_rebalancer-test.0.AutoRebalancerTest.NextLeaderResumesAutoRebalancing.1780912658711063-12261-0/minicluster-data/master-2-root
metadata directory: /tmp/dist-test-taskkOSTwP/test-tmp/auto_rebalancer-test.0.AutoRebalancerTest.NextLeaderResumesAutoRebalancing.1780912658711063-12261-0/minicluster-data/master-2-root
1 data directories: /tmp/dist-test-taskkOSTwP/test-tmp/auto_rebalancer-test.0.AutoRebalancerTest.NextLeaderResumesAutoRebalancing.1780912658711063-12261-0/minicluster-data/master-2-root/data
Total live blocks: 0
Total live bytes: 0
Total live bytes (after alignment): 0
Total number of LBM containers: 0 (0 full)
Did not check for missing blocks
Did not check for orphaned blocks
Total full LBM containers with extra space: 0 (0 repaired)
Total full LBM container extra space in bytes: 0 (0 repaired)
Total incomplete LBM containers: 0 (0 repaired)
Total LBM partial records: 0 (0 repaired)
Total corrupted LBM metadata records in RocksDB: 0 (0 repaired)
I20260608 09:57:54.379742 13474 sys_catalog.cc:422] member_type: VOTER last_known_addr { host: "127.11.249.124" port: 37225 } has no permanent_uuid. Determining permanent_uuid...
I20260608 09:57:54.381165 13409 consensus_peers.cc:770] Retrying to get permanent uuid for remote peer: member_type: VOTER last_known_addr { host: "127.11.249.125" port: 39819 } attempt: 2
W20260608 09:57:54.386782 13474 consensus_peers.cc:760] Error getting permanent uuid from config peer 127.11.249.124:37225: Network error: Client connection negotiation failed: client connection to 127.11.249.124:37225: connect: Connection refused (error 111)
I20260608 09:57:54.393450 13409 sys_catalog.cc:422] member_type: VOTER last_known_addr { host: "127.11.249.124" port: 37225 } has no permanent_uuid. Determining permanent_uuid...
I20260608 09:57:54.399922 12261 rpc_server.cc:225] running with OpenSSL 1.1.1  11 Sep 2018
W20260608 09:57:54.399859 13409 consensus_peers.cc:760] Error getting permanent uuid from config peer 127.11.249.124:37225: Network error: Client connection negotiation failed: client connection to 127.11.249.124:37225: connect: Connection refused (error 111)
I20260608 09:57:54.401331 12261 kserver.cc:163] Server-wide thread pool size limit: 3276
I20260608 09:57:54.421587 13409 consensus_peers.cc:770] Retrying to get permanent uuid for remote peer: member_type: VOTER last_known_addr { host: "127.11.249.124" port: 37225 } attempt: 1
W20260608 09:57:54.426904 13409 consensus_peers.cc:760] Error getting permanent uuid from config peer 127.11.249.124:37225: Network error: Client connection negotiation failed: client connection to 127.11.249.124:37225: connect: Connection refused (error 111)
I20260608 09:57:54.442353 12261 rpc_server.cc:307] RPC server started. Bound to: 127.11.249.124:37225
I20260608 09:57:54.442451 13538 acceptor_pool.cc:272] collecting diagnostics on the listening RPC socket 127.11.249.124:37225 every 8 connection(s)
I20260608 09:57:54.445608 12261 internal_mini_cluster.cc:184] Waiting to initialize catalog manager on master 0
I20260608 09:57:54.446725 13539 data_dirs.cc:400] Could only allocate 1 dirs of requested 3 for tablet 00000000000000000000000000000000. 1 dirs total, 0 dirs full, 0 dirs failed
I20260608 09:57:54.447290 13474 consensus_peers.cc:770] Retrying to get permanent uuid for remote peer: member_type: VOTER last_known_addr { host: "127.11.249.124" port: 37225 } attempt: 1
I20260608 09:57:54.454830 13539 sys_catalog.cc:422] member_type: VOTER last_known_addr { host: "127.11.249.126" port: 33529 } has no permanent_uuid. Determining permanent_uuid...
I20260608 09:57:54.467792 13474 tablet_bootstrap.cc:492] T 00000000000000000000000000000000 P b882241b0c454316b3a91da228426f08: Bootstrap starting.
I20260608 09:57:54.468634 13539 sys_catalog.cc:422] member_type: VOTER last_known_addr { host: "127.11.249.125" port: 39819 } has no permanent_uuid. Determining permanent_uuid...
I20260608 09:57:54.474365 13474 tablet_bootstrap.cc:654] T 00000000000000000000000000000000 P b882241b0c454316b3a91da228426f08: Neither blocks nor log segments found. Creating new log.
I20260608 09:57:54.479897 13474 tablet_bootstrap.cc:492] T 00000000000000000000000000000000 P b882241b0c454316b3a91da228426f08: No bootstrap required, opened a new log
I20260608 09:57:54.479873 13539 sys_catalog.cc:422] member_type: VOTER last_known_addr { host: "127.11.249.124" port: 37225 } has no permanent_uuid. Determining permanent_uuid...
I20260608 09:57:54.482883 13474 raft_consensus.cc:359] T 00000000000000000000000000000000 P b882241b0c454316b3a91da228426f08 [term 0 FOLLOWER]: Replica starting. Triggering 0 pending ops. Active config: opid_index: -1 OBSOLETE_local: false peers { permanent_uuid: "1a9f224ba9664fe285c4c1df02b5645d" member_type: VOTER last_known_addr { host: "127.11.249.126" port: 33529 } } peers { permanent_uuid: "b882241b0c454316b3a91da228426f08" member_type: VOTER last_known_addr { host: "127.11.249.125" port: 39819 } } peers { permanent_uuid: "b26af0be9ed64cf09b8f0cbdb1706d7e" member_type: VOTER last_known_addr { host: "127.11.249.124" port: 37225 } }
I20260608 09:57:54.483620 13474 raft_consensus.cc:385] T 00000000000000000000000000000000 P b882241b0c454316b3a91da228426f08 [term 0 FOLLOWER]: Consensus starting up: Expiring failure detector timer to make a prompt election more likely
I20260608 09:57:54.483847 13474 raft_consensus.cc:740] T 00000000000000000000000000000000 P b882241b0c454316b3a91da228426f08 [term 0 FOLLOWER]: Becoming Follower/Learner. State: Replica: b882241b0c454316b3a91da228426f08, State: Initialized, Role: FOLLOWER
I20260608 09:57:54.484565 13474 consensus_queue.cc:260] T 00000000000000000000000000000000 P b882241b0c454316b3a91da228426f08 [NON_LEADER]: Queue going to NON_LEADER mode. State: All replicated index: 0, Majority replicated index: 0, Committed index: 0, Last appended: 0.0, Last appended by leader: 0, Current term: 0, Majority size: -1, State: 0, Mode: NON_LEADER, active raft config: opid_index: -1 OBSOLETE_local: false peers { permanent_uuid: "1a9f224ba9664fe285c4c1df02b5645d" member_type: VOTER last_known_addr { host: "127.11.249.126" port: 33529 } } peers { permanent_uuid: "b882241b0c454316b3a91da228426f08" member_type: VOTER last_known_addr { host: "127.11.249.125" port: 39819 } } peers { permanent_uuid: "b26af0be9ed64cf09b8f0cbdb1706d7e" member_type: VOTER last_known_addr { host: "127.11.249.124" port: 37225 } }
I20260608 09:57:54.486480 13409 consensus_peers.cc:770] Retrying to get permanent uuid for remote peer: member_type: VOTER last_known_addr { host: "127.11.249.124" port: 37225 } attempt: 2
I20260608 09:57:54.487612 13544 sys_catalog.cc:455] T 00000000000000000000000000000000 P b882241b0c454316b3a91da228426f08 [sys.catalog]: SysCatalogTable state changed. Reason: RaftConsensus started. Latest consensus state: current_term: 0 committed_config { opid_index: -1 OBSOLETE_local: false peers { permanent_uuid: "1a9f224ba9664fe285c4c1df02b5645d" member_type: VOTER last_known_addr { host: "127.11.249.126" port: 33529 } } peers { permanent_uuid: "b882241b0c454316b3a91da228426f08" member_type: VOTER last_known_addr { host: "127.11.249.125" port: 39819 } } peers { permanent_uuid: "b26af0be9ed64cf09b8f0cbdb1706d7e" member_type: VOTER last_known_addr { host: "127.11.249.124" port: 37225 } } }
I20260608 09:57:54.488420 13544 sys_catalog.cc:458] T 00000000000000000000000000000000 P b882241b0c454316b3a91da228426f08 [sys.catalog]: This master's current role is: FOLLOWER
I20260608 09:57:54.488597 13474 sys_catalog.cc:565] T 00000000000000000000000000000000 P b882241b0c454316b3a91da228426f08 [sys.catalog]: configured and running, proceeding with master startup.
I20260608 09:57:54.499650 13539 tablet_bootstrap.cc:492] T 00000000000000000000000000000000 P b26af0be9ed64cf09b8f0cbdb1706d7e: Bootstrap starting.
I20260608 09:57:54.506764 13539 tablet_bootstrap.cc:654] T 00000000000000000000000000000000 P b26af0be9ed64cf09b8f0cbdb1706d7e: Neither blocks nor log segments found. Creating new log.
W20260608 09:57:54.507675 13555 catalog_manager.cc:1593] T 00000000000000000000000000000000 P b882241b0c454316b3a91da228426f08: loading cluster ID for follower catalog manager: Not found: cluster ID entry not found
W20260608 09:57:54.508001 13555 catalog_manager.cc:883] Not found: cluster ID entry not found: failed to prepare follower catalog manager, will retry
I20260608 09:57:54.509425 13409 tablet_bootstrap.cc:492] T 00000000000000000000000000000000 P 1a9f224ba9664fe285c4c1df02b5645d: Bootstrap starting.
I20260608 09:57:54.512264 13539 tablet_bootstrap.cc:492] T 00000000000000000000000000000000 P b26af0be9ed64cf09b8f0cbdb1706d7e: No bootstrap required, opened a new log
I20260608 09:57:54.515457 13539 raft_consensus.cc:359] T 00000000000000000000000000000000 P b26af0be9ed64cf09b8f0cbdb1706d7e [term 0 FOLLOWER]: Replica starting. Triggering 0 pending ops. Active config: opid_index: -1 OBSOLETE_local: false peers { permanent_uuid: "1a9f224ba9664fe285c4c1df02b5645d" member_type: VOTER last_known_addr { host: "127.11.249.126" port: 33529 } } peers { permanent_uuid: "b882241b0c454316b3a91da228426f08" member_type: VOTER last_known_addr { host: "127.11.249.125" port: 39819 } } peers { permanent_uuid: "b26af0be9ed64cf09b8f0cbdb1706d7e" member_type: VOTER last_known_addr { host: "127.11.249.124" port: 37225 } }
I20260608 09:57:54.516296 13409 tablet_bootstrap.cc:654] T 00000000000000000000000000000000 P 1a9f224ba9664fe285c4c1df02b5645d: Neither blocks nor log segments found. Creating new log.
I20260608 09:57:54.516243 13539 raft_consensus.cc:385] T 00000000000000000000000000000000 P b26af0be9ed64cf09b8f0cbdb1706d7e [term 0 FOLLOWER]: Consensus starting up: Expiring failure detector timer to make a prompt election more likely
I20260608 09:57:54.516732 13539 raft_consensus.cc:740] T 00000000000000000000000000000000 P b26af0be9ed64cf09b8f0cbdb1706d7e [term 0 FOLLOWER]: Becoming Follower/Learner. State: Replica: b26af0be9ed64cf09b8f0cbdb1706d7e, State: Initialized, Role: FOLLOWER
I20260608 09:57:54.517637 13539 consensus_queue.cc:260] T 00000000000000000000000000000000 P b26af0be9ed64cf09b8f0cbdb1706d7e [NON_LEADER]: Queue going to NON_LEADER mode. State: All replicated index: 0, Majority replicated index: 0, Committed index: 0, Last appended: 0.0, Last appended by leader: 0, Current term: 0, Majority size: -1, State: 0, Mode: NON_LEADER, active raft config: opid_index: -1 OBSOLETE_local: false peers { permanent_uuid: "1a9f224ba9664fe285c4c1df02b5645d" member_type: VOTER last_known_addr { host: "127.11.249.126" port: 33529 } } peers { permanent_uuid: "b882241b0c454316b3a91da228426f08" member_type: VOTER last_known_addr { host: "127.11.249.125" port: 39819 } } peers { permanent_uuid: "b26af0be9ed64cf09b8f0cbdb1706d7e" member_type: VOTER last_known_addr { host: "127.11.249.124" port: 37225 } }
I20260608 09:57:54.519824 13557 sys_catalog.cc:455] T 00000000000000000000000000000000 P b26af0be9ed64cf09b8f0cbdb1706d7e [sys.catalog]: SysCatalogTable state changed. Reason: RaftConsensus started. Latest consensus state: current_term: 0 committed_config { opid_index: -1 OBSOLETE_local: false peers { permanent_uuid: "1a9f224ba9664fe285c4c1df02b5645d" member_type: VOTER last_known_addr { host: "127.11.249.126" port: 33529 } } peers { permanent_uuid: "b882241b0c454316b3a91da228426f08" member_type: VOTER last_known_addr { host: "127.11.249.125" port: 39819 } } peers { permanent_uuid: "b26af0be9ed64cf09b8f0cbdb1706d7e" member_type: VOTER last_known_addr { host: "127.11.249.124" port: 37225 } } }
I20260608 09:57:54.520629 13557 sys_catalog.cc:458] T 00000000000000000000000000000000 P b26af0be9ed64cf09b8f0cbdb1706d7e [sys.catalog]: This master's current role is: FOLLOWER
I20260608 09:57:54.521184 13539 sys_catalog.cc:565] T 00000000000000000000000000000000 P b26af0be9ed64cf09b8f0cbdb1706d7e [sys.catalog]: configured and running, proceeding with master startup.
I20260608 09:57:54.522066 13409 tablet_bootstrap.cc:492] T 00000000000000000000000000000000 P 1a9f224ba9664fe285c4c1df02b5645d: No bootstrap required, opened a new log
I20260608 09:57:54.524370 13409 raft_consensus.cc:359] T 00000000000000000000000000000000 P 1a9f224ba9664fe285c4c1df02b5645d [term 0 FOLLOWER]: Replica starting. Triggering 0 pending ops. Active config: opid_index: -1 OBSOLETE_local: false peers { permanent_uuid: "1a9f224ba9664fe285c4c1df02b5645d" member_type: VOTER last_known_addr { host: "127.11.249.126" port: 33529 } } peers { permanent_uuid: "b882241b0c454316b3a91da228426f08" member_type: VOTER last_known_addr { host: "127.11.249.125" port: 39819 } } peers { permanent_uuid: "b26af0be9ed64cf09b8f0cbdb1706d7e" member_type: VOTER last_known_addr { host: "127.11.249.124" port: 37225 } }
I20260608 09:57:54.525146 13409 raft_consensus.cc:385] T 00000000000000000000000000000000 P 1a9f224ba9664fe285c4c1df02b5645d [term 0 FOLLOWER]: Consensus starting up: Expiring failure detector timer to make a prompt election more likely
I20260608 09:57:54.525481 13409 raft_consensus.cc:740] T 00000000000000000000000000000000 P 1a9f224ba9664fe285c4c1df02b5645d [term 0 FOLLOWER]: Becoming Follower/Learner. State: Replica: 1a9f224ba9664fe285c4c1df02b5645d, State: Initialized, Role: FOLLOWER
I20260608 09:57:54.526242 13409 consensus_queue.cc:260] T 00000000000000000000000000000000 P 1a9f224ba9664fe285c4c1df02b5645d [NON_LEADER]: Queue going to NON_LEADER mode. State: All replicated index: 0, Majority replicated index: 0, Committed index: 0, Last appended: 0.0, Last appended by leader: 0, Current term: 0, Majority size: -1, State: 0, Mode: NON_LEADER, active raft config: opid_index: -1 OBSOLETE_local: false peers { permanent_uuid: "1a9f224ba9664fe285c4c1df02b5645d" member_type: VOTER last_known_addr { host: "127.11.249.126" port: 33529 } } peers { permanent_uuid: "b882241b0c454316b3a91da228426f08" member_type: VOTER last_known_addr { host: "127.11.249.125" port: 39819 } } peers { permanent_uuid: "b26af0be9ed64cf09b8f0cbdb1706d7e" member_type: VOTER last_known_addr { host: "127.11.249.124" port: 37225 } }
I20260608 09:57:54.528445 13564 sys_catalog.cc:455] T 00000000000000000000000000000000 P 1a9f224ba9664fe285c4c1df02b5645d [sys.catalog]: SysCatalogTable state changed. Reason: RaftConsensus started. Latest consensus state: current_term: 0 committed_config { opid_index: -1 OBSOLETE_local: false peers { permanent_uuid: "1a9f224ba9664fe285c4c1df02b5645d" member_type: VOTER last_known_addr { host: "127.11.249.126" port: 33529 } } peers { permanent_uuid: "b882241b0c454316b3a91da228426f08" member_type: VOTER last_known_addr { host: "127.11.249.125" port: 39819 } } peers { permanent_uuid: "b26af0be9ed64cf09b8f0cbdb1706d7e" member_type: VOTER last_known_addr { host: "127.11.249.124" port: 37225 } } }
I20260608 09:57:54.529186 13564 sys_catalog.cc:458] T 00000000000000000000000000000000 P 1a9f224ba9664fe285c4c1df02b5645d [sys.catalog]: This master's current role is: FOLLOWER
I20260608 09:57:54.529639 13409 sys_catalog.cc:565] T 00000000000000000000000000000000 P 1a9f224ba9664fe285c4c1df02b5645d [sys.catalog]: configured and running, proceeding with master startup.
W20260608 09:57:54.539382 13573 catalog_manager.cc:1593] T 00000000000000000000000000000000 P b26af0be9ed64cf09b8f0cbdb1706d7e: loading cluster ID for follower catalog manager: Not found: cluster ID entry not found
W20260608 09:57:54.539748 13573 catalog_manager.cc:883] Not found: cluster ID entry not found: failed to prepare follower catalog manager, will retry
I20260608 09:57:54.542917 12261 internal_mini_cluster.cc:184] Waiting to initialize catalog manager on master 1
I20260608 09:57:54.543275 12261 internal_mini_cluster.cc:184] Waiting to initialize catalog manager on master 2
I20260608 09:57:54.545243 12261 file_cache.cc:492] Constructed file cache file cache with capacity 419430
W20260608 09:57:54.547395 13581 catalog_manager.cc:1593] T 00000000000000000000000000000000 P 1a9f224ba9664fe285c4c1df02b5645d: loading cluster ID for follower catalog manager: Not found: cluster ID entry not found
W20260608 09:57:54.547760 13581 catalog_manager.cc:883] Not found: cluster ID entry not found: failed to prepare follower catalog manager, will retry
I20260608 09:57:54.552215 13544 raft_consensus.cc:493] T 00000000000000000000000000000000 P b882241b0c454316b3a91da228426f08 [term 0 FOLLOWER]: Starting pre-election (no leader contacted us within the election timeout)
I20260608 09:57:54.552819 13544 raft_consensus.cc:515] T 00000000000000000000000000000000 P b882241b0c454316b3a91da228426f08 [term 0 FOLLOWER]: Starting pre-election with config: opid_index: -1 OBSOLETE_local: false peers { permanent_uuid: "1a9f224ba9664fe285c4c1df02b5645d" member_type: VOTER last_known_addr { host: "127.11.249.126" port: 33529 } } peers { permanent_uuid: "b882241b0c454316b3a91da228426f08" member_type: VOTER last_known_addr { host: "127.11.249.125" port: 39819 } } peers { permanent_uuid: "b26af0be9ed64cf09b8f0cbdb1706d7e" member_type: VOTER last_known_addr { host: "127.11.249.124" port: 37225 } }
W20260608 09:57:54.553807 13582 instance_detector.cc:116] could not retrieve AWS instance metadata: Network error: curl error: HTTP response code said error: The requested URL returned error: 404
I20260608 09:57:54.555867 13544 leader_election.cc:290] T 00000000000000000000000000000000 P b882241b0c454316b3a91da228426f08 [CANDIDATE]: Term 1 pre-election: Requested pre-vote from peers 1a9f224ba9664fe285c4c1df02b5645d (127.11.249.126:33529), b26af0be9ed64cf09b8f0cbdb1706d7e (127.11.249.124:37225)
I20260608 09:57:54.560024 13514 tablet_service.cc:1917] Received RequestConsensusVote() RPC: tablet_id: "00000000000000000000000000000000" candidate_uuid: "b882241b0c454316b3a91da228426f08" candidate_term: 1 candidate_status { last_received { term: 0 index: 0 } } ignore_live_leader: false dest_uuid: "b26af0be9ed64cf09b8f0cbdb1706d7e" is_pre_election: true
I20260608 09:57:54.560024 13384 tablet_service.cc:1917] Received RequestConsensusVote() RPC: tablet_id: "00000000000000000000000000000000" candidate_uuid: "b882241b0c454316b3a91da228426f08" candidate_term: 1 candidate_status { last_received { term: 0 index: 0 } } ignore_live_leader: false dest_uuid: "1a9f224ba9664fe285c4c1df02b5645d" is_pre_election: true
I20260608 09:57:54.561681 13514 raft_consensus.cc:2468] T 00000000000000000000000000000000 P b26af0be9ed64cf09b8f0cbdb1706d7e [term 0 FOLLOWER]: Leader pre-election vote request: Granting yes vote for candidate b882241b0c454316b3a91da228426f08 in term 0.
I20260608 09:57:54.561928 13384 raft_consensus.cc:2468] T 00000000000000000000000000000000 P 1a9f224ba9664fe285c4c1df02b5645d [term 0 FOLLOWER]: Leader pre-election vote request: Granting yes vote for candidate b882241b0c454316b3a91da228426f08 in term 0.
I20260608 09:57:54.563558 13426 leader_election.cc:304] T 00000000000000000000000000000000 P b882241b0c454316b3a91da228426f08 [CANDIDATE]: Term 1 pre-election: Election decided. Result: candidate won. Election summary: received 2 responses out of 3 voters: 2 yes votes; 0 no votes. yes voters: b26af0be9ed64cf09b8f0cbdb1706d7e, b882241b0c454316b3a91da228426f08; no voters: 
W20260608 09:57:54.564106 13583 instance_detector.cc:116] could not retrieve Azure instance metadata: Network error: curl error: HTTP response code said error: The requested URL returned error: 404
I20260608 09:57:54.565079 12261 server_base.cc:1061] running on GCE node
W20260608 09:57:54.565207 13585 instance_detector.cc:116] could not retrieve OpenStack instance metadata: Network error: curl error: HTTP response code said error: The requested URL returned error: 404
I20260608 09:57:54.565522 13544 raft_consensus.cc:2804] T 00000000000000000000000000000000 P b882241b0c454316b3a91da228426f08 [term 0 FOLLOWER]: Leader pre-election won for term 1
I20260608 09:57:54.566062 13544 raft_consensus.cc:493] T 00000000000000000000000000000000 P b882241b0c454316b3a91da228426f08 [term 0 FOLLOWER]: Starting leader election (no leader contacted us within the election timeout)
I20260608 09:57:54.566416 13544 raft_consensus.cc:3060] T 00000000000000000000000000000000 P b882241b0c454316b3a91da228426f08 [term 0 FOLLOWER]: Advancing to term 1
I20260608 09:57:54.566576 12261 hybrid_clock.cc:584] initializing the hybrid clock with 'system_unsync' time source
W20260608 09:57:54.566856 12261 system_unsync_time.cc:38] NTP support is disabled. Clock error bounds will not be accurate. This configuration is not suitable for distributed clusters.
I20260608 09:57:54.567036 12261 hybrid_clock.cc:648] HybridClock initialized: now 1780912674567002 us; error 0 us; skew 500 ppm
I20260608 09:57:54.567718 12261 server_base.cc:861] Flag tcmalloc_max_total_thread_cache_bytes is not working since tcmalloc is not enabled.
I20260608 09:57:54.571702 12261 webserver.cc:533] Webserver started at http://127.11.249.65:42457/ using document root <none> and password file <none>
I20260608 09:57:54.571681 13544 raft_consensus.cc:515] T 00000000000000000000000000000000 P b882241b0c454316b3a91da228426f08 [term 1 FOLLOWER]: Starting leader election with config: opid_index: -1 OBSOLETE_local: false peers { permanent_uuid: "1a9f224ba9664fe285c4c1df02b5645d" member_type: VOTER last_known_addr { host: "127.11.249.126" port: 33529 } } peers { permanent_uuid: "b882241b0c454316b3a91da228426f08" member_type: VOTER last_known_addr { host: "127.11.249.125" port: 39819 } } peers { permanent_uuid: "b26af0be9ed64cf09b8f0cbdb1706d7e" member_type: VOTER last_known_addr { host: "127.11.249.124" port: 37225 } }
I20260608 09:57:54.572516 12261 fs_manager.cc:362] Metadata directory not provided
I20260608 09:57:54.572770 12261 fs_manager.cc:368] Using write-ahead log directory (fs_wal_dir) as metadata directory
I20260608 09:57:54.573077 12261 server_base.cc:909] This appears to be a new deployment of Kudu; creating new FS layout
I20260608 09:57:54.573930 13544 leader_election.cc:290] T 00000000000000000000000000000000 P b882241b0c454316b3a91da228426f08 [CANDIDATE]: Term 1 election: Requested vote from peers 1a9f224ba9664fe285c4c1df02b5645d (127.11.249.126:33529), b26af0be9ed64cf09b8f0cbdb1706d7e (127.11.249.124:37225)
I20260608 09:57:54.574702 12261 fs_manager.cc:1068] Generated new instance metadata in path /tmp/dist-test-taskkOSTwP/test-tmp/auto_rebalancer-test.0.AutoRebalancerTest.NextLeaderResumesAutoRebalancing.1780912658711063-12261-0/minicluster-data/ts-0-root/instance:
uuid: "4eb898e879df496aba823bb56f1dccfa"
format_stamp: "Formatted at 2026-06-08 09:57:54 on dist-test-slave-4rzh"
I20260608 09:57:54.574788 13384 tablet_service.cc:1917] Received RequestConsensusVote() RPC: tablet_id: "00000000000000000000000000000000" candidate_uuid: "b882241b0c454316b3a91da228426f08" candidate_term: 1 candidate_status { last_received { term: 0 index: 0 } } ignore_live_leader: false dest_uuid: "1a9f224ba9664fe285c4c1df02b5645d"
I20260608 09:57:54.574996 13514 tablet_service.cc:1917] Received RequestConsensusVote() RPC: tablet_id: "00000000000000000000000000000000" candidate_uuid: "b882241b0c454316b3a91da228426f08" candidate_term: 1 candidate_status { last_received { term: 0 index: 0 } } ignore_live_leader: false dest_uuid: "b26af0be9ed64cf09b8f0cbdb1706d7e"
I20260608 09:57:54.575348 13384 raft_consensus.cc:3060] T 00000000000000000000000000000000 P 1a9f224ba9664fe285c4c1df02b5645d [term 0 FOLLOWER]: Advancing to term 1
I20260608 09:57:54.575592 13514 raft_consensus.cc:3060] T 00000000000000000000000000000000 P b26af0be9ed64cf09b8f0cbdb1706d7e [term 0 FOLLOWER]: Advancing to term 1
I20260608 09:57:54.580379 13384 raft_consensus.cc:2468] T 00000000000000000000000000000000 P 1a9f224ba9664fe285c4c1df02b5645d [term 1 FOLLOWER]: Leader election vote request: Granting yes vote for candidate b882241b0c454316b3a91da228426f08 in term 1.
I20260608 09:57:54.582033 12261 fs_manager.cc:696] Time spent creating directory manager: real 0.007s	user 0.005s	sys 0.001s
I20260608 09:57:54.581858 13426 leader_election.cc:304] T 00000000000000000000000000000000 P b882241b0c454316b3a91da228426f08 [CANDIDATE]: Term 1 election: Election decided. Result: candidate won. Election summary: received 2 responses out of 3 voters: 2 yes votes; 0 no votes. yes voters: 1a9f224ba9664fe285c4c1df02b5645d, b882241b0c454316b3a91da228426f08; no voters: 
I20260608 09:57:54.582755 13544 raft_consensus.cc:2804] T 00000000000000000000000000000000 P b882241b0c454316b3a91da228426f08 [term 1 FOLLOWER]: Leader election won for term 1
I20260608 09:57:54.582633 13514 raft_consensus.cc:2468] T 00000000000000000000000000000000 P b26af0be9ed64cf09b8f0cbdb1706d7e [term 1 FOLLOWER]: Leader election vote request: Granting yes vote for candidate b882241b0c454316b3a91da228426f08 in term 1.
I20260608 09:57:54.584055 13544 raft_consensus.cc:697] T 00000000000000000000000000000000 P b882241b0c454316b3a91da228426f08 [term 1 LEADER]: Becoming Leader. State: Replica: b882241b0c454316b3a91da228426f08, State: Running, Role: LEADER
I20260608 09:57:54.584877 13544 consensus_queue.cc:237] T 00000000000000000000000000000000 P b882241b0c454316b3a91da228426f08 [LEADER]: Queue going to LEADER mode. State: All replicated index: 0, Majority replicated index: 0, Committed index: 0, Last appended: 0.0, Last appended by leader: 0, Current term: 1, Majority size: 2, State: 0, Mode: LEADER, active raft config: opid_index: -1 OBSOLETE_local: false peers { permanent_uuid: "1a9f224ba9664fe285c4c1df02b5645d" member_type: VOTER last_known_addr { host: "127.11.249.126" port: 33529 } } peers { permanent_uuid: "b882241b0c454316b3a91da228426f08" member_type: VOTER last_known_addr { host: "127.11.249.125" port: 39819 } } peers { permanent_uuid: "b26af0be9ed64cf09b8f0cbdb1706d7e" member_type: VOTER last_known_addr { host: "127.11.249.124" port: 37225 } }
I20260608 09:57:54.587040 13591 log_block_manager.cc:4031] Time spent loading block containers with low live blocks: real 0.000s	user 0.000s	sys 0.000s
I20260608 09:57:54.588027 12261 fs_manager.cc:730] Time spent opening block manager: real 0.003s	user 0.003s	sys 0.002s
I20260608 09:57:54.588371 12261 fs_manager.cc:647] Opened local filesystem: /tmp/dist-test-taskkOSTwP/test-tmp/auto_rebalancer-test.0.AutoRebalancerTest.NextLeaderResumesAutoRebalancing.1780912658711063-12261-0/minicluster-data/ts-0-root
uuid: "4eb898e879df496aba823bb56f1dccfa"
format_stamp: "Formatted at 2026-06-08 09:57:54 on dist-test-slave-4rzh"
I20260608 09:57:54.588748 12261 fs_report.cc:389] FS layout report
--------------------
wal directory: /tmp/dist-test-taskkOSTwP/test-tmp/auto_rebalancer-test.0.AutoRebalancerTest.NextLeaderResumesAutoRebalancing.1780912658711063-12261-0/minicluster-data/ts-0-root
metadata directory: /tmp/dist-test-taskkOSTwP/test-tmp/auto_rebalancer-test.0.AutoRebalancerTest.NextLeaderResumesAutoRebalancing.1780912658711063-12261-0/minicluster-data/ts-0-root
1 data directories: /tmp/dist-test-taskkOSTwP/test-tmp/auto_rebalancer-test.0.AutoRebalancerTest.NextLeaderResumesAutoRebalancing.1780912658711063-12261-0/minicluster-data/ts-0-root/data
Total live blocks: 0
Total live bytes: 0
Total live bytes (after alignment): 0
Total number of LBM containers: 0 (0 full)
Did not check for missing blocks
Did not check for orphaned blocks
Total full LBM containers with extra space: 0 (0 repaired)
Total full LBM container extra space in bytes: 0 (0 repaired)
Total incomplete LBM containers: 0 (0 repaired)
Total LBM partial records: 0 (0 repaired)
Total corrupted LBM metadata records in RocksDB: 0 (0 repaired)
I20260608 09:57:54.590731 13590 sys_catalog.cc:455] T 00000000000000000000000000000000 P b882241b0c454316b3a91da228426f08 [sys.catalog]: SysCatalogTable state changed. Reason: New leader b882241b0c454316b3a91da228426f08. Latest consensus state: current_term: 1 leader_uuid: "b882241b0c454316b3a91da228426f08" committed_config { opid_index: -1 OBSOLETE_local: false peers { permanent_uuid: "1a9f224ba9664fe285c4c1df02b5645d" member_type: VOTER last_known_addr { host: "127.11.249.126" port: 33529 } } peers { permanent_uuid: "b882241b0c454316b3a91da228426f08" member_type: VOTER last_known_addr { host: "127.11.249.125" port: 39819 } } peers { permanent_uuid: "b26af0be9ed64cf09b8f0cbdb1706d7e" member_type: VOTER last_known_addr { host: "127.11.249.124" port: 37225 } } }
I20260608 09:57:54.591506 13590 sys_catalog.cc:458] T 00000000000000000000000000000000 P b882241b0c454316b3a91da228426f08 [sys.catalog]: This master's current role is: LEADER
I20260608 09:57:54.593106 13593 catalog_manager.cc:1510] Loading table and tablet metadata into memory...
I20260608 09:57:54.598428 13593 catalog_manager.cc:1519] Initializing Kudu cluster ID...
I20260608 09:57:54.607518 13514 raft_consensus.cc:1275] T 00000000000000000000000000000000 P b26af0be9ed64cf09b8f0cbdb1706d7e [term 1 FOLLOWER]: Refusing update from remote peer b882241b0c454316b3a91da228426f08: Log matching property violated. Preceding OpId in replica: term: 0 index: 0. Preceding OpId from leader: term: 1 index: 2. (index mismatch)
I20260608 09:57:54.607630 13384 raft_consensus.cc:1275] T 00000000000000000000000000000000 P 1a9f224ba9664fe285c4c1df02b5645d [term 1 FOLLOWER]: Refusing update from remote peer b882241b0c454316b3a91da228426f08: Log matching property violated. Preceding OpId in replica: term: 0 index: 0. Preceding OpId from leader: term: 1 index: 2. (index mismatch)
I20260608 09:57:54.609127 13544 consensus_queue.cc:1048] T 00000000000000000000000000000000 P b882241b0c454316b3a91da228426f08 [LEADER]: Connected to new peer: Peer: permanent_uuid: "1a9f224ba9664fe285c4c1df02b5645d" member_type: VOTER last_known_addr { host: "127.11.249.126" port: 33529 }, Status: LMP_MISMATCH, Last received: 0.0, Next index: 1, Last known committed idx: 0, Time since last communication: 0.000s
I20260608 09:57:54.609831 13590 consensus_queue.cc:1048] T 00000000000000000000000000000000 P b882241b0c454316b3a91da228426f08 [LEADER]: Connected to new peer: Peer: permanent_uuid: "b26af0be9ed64cf09b8f0cbdb1706d7e" member_type: VOTER last_known_addr { host: "127.11.249.124" port: 37225 }, Status: LMP_MISMATCH, Last received: 0.0, Next index: 1, Last known committed idx: 0, Time since last communication: 0.000s
I20260608 09:57:54.613547 12261 rpc_server.cc:225] running with OpenSSL 1.1.1  11 Sep 2018
I20260608 09:57:54.615512 12261 kserver.cc:163] Server-wide thread pool size limit: 3276
I20260608 09:57:54.618584 12261 txn_system_client.cc:432] TxnSystemClient initialization is disabled...
I20260608 09:57:54.626673 13564 sys_catalog.cc:455] T 00000000000000000000000000000000 P 1a9f224ba9664fe285c4c1df02b5645d [sys.catalog]: SysCatalogTable state changed. Reason: New leader b882241b0c454316b3a91da228426f08. Latest consensus state: current_term: 1 leader_uuid: "b882241b0c454316b3a91da228426f08" committed_config { opid_index: -1 OBSOLETE_local: false peers { permanent_uuid: "1a9f224ba9664fe285c4c1df02b5645d" member_type: VOTER last_known_addr { host: "127.11.249.126" port: 33529 } } peers { permanent_uuid: "b882241b0c454316b3a91da228426f08" member_type: VOTER last_known_addr { host: "127.11.249.125" port: 39819 } } peers { permanent_uuid: "b26af0be9ed64cf09b8f0cbdb1706d7e" member_type: VOTER last_known_addr { host: "127.11.249.124" port: 37225 } } }
I20260608 09:57:54.627521 13564 sys_catalog.cc:458] T 00000000000000000000000000000000 P 1a9f224ba9664fe285c4c1df02b5645d [sys.catalog]: This master's current role is: FOLLOWER
I20260608 09:57:54.629853 12261 ts_tablet_manager.cc:585] Loaded tablet metadata (0 total tablets, 0 live tablets)
I20260608 09:57:54.630231 12261 ts_tablet_manager.cc:531] Time spent load tablet metadata: real 0.000s	user 0.001s	sys 0.000s
I20260608 09:57:54.630621 12261 ts_tablet_manager.cc:616] Registered 0 tablets
I20260608 09:57:54.630893 12261 ts_tablet_manager.cc:595] Time spent register tablets: real 0.000s	user 0.000s	sys 0.000s
I20260608 09:57:54.632802 13557 sys_catalog.cc:455] T 00000000000000000000000000000000 P b26af0be9ed64cf09b8f0cbdb1706d7e [sys.catalog]: SysCatalogTable state changed. Reason: New leader b882241b0c454316b3a91da228426f08. Latest consensus state: current_term: 1 leader_uuid: "b882241b0c454316b3a91da228426f08" committed_config { opid_index: -1 OBSOLETE_local: false peers { permanent_uuid: "1a9f224ba9664fe285c4c1df02b5645d" member_type: VOTER last_known_addr { host: "127.11.249.126" port: 33529 } } peers { permanent_uuid: "b882241b0c454316b3a91da228426f08" member_type: VOTER last_known_addr { host: "127.11.249.125" port: 39819 } } peers { permanent_uuid: "b26af0be9ed64cf09b8f0cbdb1706d7e" member_type: VOTER last_known_addr { host: "127.11.249.124" port: 37225 } } }
I20260608 09:57:54.633879 13557 sys_catalog.cc:458] T 00000000000000000000000000000000 P b26af0be9ed64cf09b8f0cbdb1706d7e [sys.catalog]: This master's current role is: FOLLOWER
I20260608 09:57:54.638267 13590 sys_catalog.cc:455] T 00000000000000000000000000000000 P b882241b0c454316b3a91da228426f08 [sys.catalog]: SysCatalogTable state changed. Reason: Peer health change. Latest consensus state: current_term: 1 leader_uuid: "b882241b0c454316b3a91da228426f08" committed_config { opid_index: -1 OBSOLETE_local: false peers { permanent_uuid: "1a9f224ba9664fe285c4c1df02b5645d" member_type: VOTER last_known_addr { host: "127.11.249.126" port: 33529 } } peers { permanent_uuid: "b882241b0c454316b3a91da228426f08" member_type: VOTER last_known_addr { host: "127.11.249.125" port: 39819 } } peers { permanent_uuid: "b26af0be9ed64cf09b8f0cbdb1706d7e" member_type: VOTER last_known_addr { host: "127.11.249.124" port: 37225 } } }
I20260608 09:57:54.639088 13590 sys_catalog.cc:458] T 00000000000000000000000000000000 P b882241b0c454316b3a91da228426f08 [sys.catalog]: This master's current role is: LEADER
I20260608 09:57:54.641709 13593 catalog_manager.cc:1382] Generated new cluster ID: 2116f5da32e741bdb562fbba627401df
I20260608 09:57:54.642037 13593 catalog_manager.cc:1530] Initializing Kudu internal certificate authority...
I20260608 09:57:54.641866 13564 sys_catalog.cc:455] T 00000000000000000000000000000000 P 1a9f224ba9664fe285c4c1df02b5645d [sys.catalog]: SysCatalogTable state changed. Reason: Replicated consensus-only round. Latest consensus state: current_term: 1 leader_uuid: "b882241b0c454316b3a91da228426f08" committed_config { opid_index: -1 OBSOLETE_local: false peers { permanent_uuid: "1a9f224ba9664fe285c4c1df02b5645d" member_type: VOTER last_known_addr { host: "127.11.249.126" port: 33529 } } peers { permanent_uuid: "b882241b0c454316b3a91da228426f08" member_type: VOTER last_known_addr { host: "127.11.249.125" port: 39819 } } peers { permanent_uuid: "b26af0be9ed64cf09b8f0cbdb1706d7e" member_type: VOTER last_known_addr { host: "127.11.249.124" port: 37225 } } }
I20260608 09:57:54.642704 13544 sys_catalog.cc:455] T 00000000000000000000000000000000 P b882241b0c454316b3a91da228426f08 [sys.catalog]: SysCatalogTable state changed. Reason: Peer health change. Latest consensus state: current_term: 1 leader_uuid: "b882241b0c454316b3a91da228426f08" committed_config { opid_index: -1 OBSOLETE_local: false peers { permanent_uuid: "1a9f224ba9664fe285c4c1df02b5645d" member_type: VOTER last_known_addr { host: "127.11.249.126" port: 33529 } } peers { permanent_uuid: "b882241b0c454316b3a91da228426f08" member_type: VOTER last_known_addr { host: "127.11.249.125" port: 39819 } } peers { permanent_uuid: "b26af0be9ed64cf09b8f0cbdb1706d7e" member_type: VOTER last_known_addr { host: "127.11.249.124" port: 37225 } } }
I20260608 09:57:54.643451 13544 sys_catalog.cc:458] T 00000000000000000000000000000000 P b882241b0c454316b3a91da228426f08 [sys.catalog]: This master's current role is: LEADER
I20260608 09:57:54.643038 13564 sys_catalog.cc:458] T 00000000000000000000000000000000 P 1a9f224ba9664fe285c4c1df02b5645d [sys.catalog]: This master's current role is: FOLLOWER
I20260608 09:57:54.651014 13557 sys_catalog.cc:455] T 00000000000000000000000000000000 P b26af0be9ed64cf09b8f0cbdb1706d7e [sys.catalog]: SysCatalogTable state changed. Reason: Replicated consensus-only round. Latest consensus state: current_term: 1 leader_uuid: "b882241b0c454316b3a91da228426f08" committed_config { opid_index: -1 OBSOLETE_local: false peers { permanent_uuid: "1a9f224ba9664fe285c4c1df02b5645d" member_type: VOTER last_known_addr { host: "127.11.249.126" port: 33529 } } peers { permanent_uuid: "b882241b0c454316b3a91da228426f08" member_type: VOTER last_known_addr { host: "127.11.249.125" port: 39819 } } peers { permanent_uuid: "b26af0be9ed64cf09b8f0cbdb1706d7e" member_type: VOTER last_known_addr { host: "127.11.249.124" port: 37225 } } }
I20260608 09:57:54.652101 13557 sys_catalog.cc:458] T 00000000000000000000000000000000 P b26af0be9ed64cf09b8f0cbdb1706d7e [sys.catalog]: This master's current role is: FOLLOWER
I20260608 09:57:54.674146 13593 catalog_manager.cc:1405] Generated new certificate authority record
I20260608 09:57:54.676290 13593 catalog_manager.cc:1539] Loading token signing keys...
I20260608 09:57:54.708590 13593 catalog_manager.cc:6069] T 00000000000000000000000000000000 P b882241b0c454316b3a91da228426f08: Generated new TSK 0
I20260608 09:57:54.709594 13593 catalog_manager.cc:1549] Initializing in-progress tserver states...
I20260608 09:57:54.722330 12261 rpc_server.cc:307] RPC server started. Bound to: 127.11.249.65:35041
I20260608 09:57:54.722534 13663 acceptor_pool.cc:272] collecting diagnostics on the listening RPC socket 127.11.249.65:35041 every 8 connection(s)
I20260608 09:57:54.731827 12261 file_cache.cc:492] Constructed file cache file cache with capacity 419430
I20260608 09:57:54.747300 13664 heartbeater.cc:344] Connected to a master server at 127.11.249.124:37225
I20260608 09:57:54.747888 13664 heartbeater.cc:461] Registering TS with master...
I20260608 09:57:54.748275 13665 heartbeater.cc:344] Connected to a master server at 127.11.249.125:39819
I20260608 09:57:54.748724 13665 heartbeater.cc:461] Registering TS with master...
I20260608 09:57:54.749145 13664 heartbeater.cc:507] Master 127.11.249.124:37225 requested a full tablet report, sending...
I20260608 09:57:54.749701 13665 heartbeater.cc:507] Master 127.11.249.125:39819 requested a full tablet report, sending...
I20260608 09:57:54.752753 13439 ts_manager.cc:194] Registered new tserver with Master: 4eb898e879df496aba823bb56f1dccfa (127.11.249.65:35041)
I20260608 09:57:54.753645 13504 ts_manager.cc:194] Registered new tserver with Master: 4eb898e879df496aba823bb56f1dccfa (127.11.249.65:35041)
I20260608 09:57:54.755512 13439 master_service.cc:502] Signed X509 certificate for tserver {username='slave'} at 127.0.0.1:39320
I20260608 09:57:54.759634 13666 heartbeater.cc:344] Connected to a master server at 127.11.249.126:33529
I20260608 09:57:54.760088 13666 heartbeater.cc:461] Registering TS with master...
W20260608 09:57:54.760113 13672 instance_detector.cc:116] could not retrieve Azure instance metadata: Network error: curl error: HTTP response code said error: The requested URL returned error: 404
I20260608 09:57:54.761384 13666 heartbeater.cc:507] Master 127.11.249.126:33529 requested a full tablet report, sending...
W20260608 09:57:54.763624 13671 instance_detector.cc:116] could not retrieve AWS instance metadata: Network error: curl error: HTTP response code said error: The requested URL returned error: 404
I20260608 09:57:54.765216 12261 server_base.cc:1061] running on GCE node
I20260608 09:57:54.765564 13374 ts_manager.cc:194] Registered new tserver with Master: 4eb898e879df496aba823bb56f1dccfa (127.11.249.65:35041)
W20260608 09:57:54.766358 13674 instance_detector.cc:116] could not retrieve OpenStack instance metadata: Network error: curl error: HTTP response code said error: The requested URL returned error: 404
I20260608 09:57:54.767426 12261 hybrid_clock.cc:584] initializing the hybrid clock with 'system_unsync' time source
W20260608 09:57:54.767655 12261 system_unsync_time.cc:38] NTP support is disabled. Clock error bounds will not be accurate. This configuration is not suitable for distributed clusters.
I20260608 09:57:54.767844 12261 hybrid_clock.cc:648] HybridClock initialized: now 1780912674767824 us; error 0 us; skew 500 ppm
I20260608 09:57:54.768482 12261 server_base.cc:861] Flag tcmalloc_max_total_thread_cache_bytes is not working since tcmalloc is not enabled.
I20260608 09:57:54.771057 12261 webserver.cc:533] Webserver started at http://127.11.249.66:41375/ using document root <none> and password file <none>
I20260608 09:57:54.771595 12261 fs_manager.cc:362] Metadata directory not provided
I20260608 09:57:54.771790 12261 fs_manager.cc:368] Using write-ahead log directory (fs_wal_dir) as metadata directory
I20260608 09:57:54.772081 12261 server_base.cc:909] This appears to be a new deployment of Kudu; creating new FS layout
I20260608 09:57:54.773159 12261 fs_manager.cc:1068] Generated new instance metadata in path /tmp/dist-test-taskkOSTwP/test-tmp/auto_rebalancer-test.0.AutoRebalancerTest.NextLeaderResumesAutoRebalancing.1780912658711063-12261-0/minicluster-data/ts-1-root/instance:
uuid: "980f9974aa004a488169980a1c846ff5"
format_stamp: "Formatted at 2026-06-08 09:57:54 on dist-test-slave-4rzh"
I20260608 09:57:54.778086 12261 fs_manager.cc:696] Time spent creating directory manager: real 0.004s	user 0.004s	sys 0.000s
I20260608 09:57:54.781785 13679 log_block_manager.cc:4031] Time spent loading block containers with low live blocks: real 0.000s	user 0.000s	sys 0.000s
I20260608 09:57:54.782629 12261 fs_manager.cc:730] Time spent opening block manager: real 0.003s	user 0.003s	sys 0.000s
I20260608 09:57:54.782958 12261 fs_manager.cc:647] Opened local filesystem: /tmp/dist-test-taskkOSTwP/test-tmp/auto_rebalancer-test.0.AutoRebalancerTest.NextLeaderResumesAutoRebalancing.1780912658711063-12261-0/minicluster-data/ts-1-root
uuid: "980f9974aa004a488169980a1c846ff5"
format_stamp: "Formatted at 2026-06-08 09:57:54 on dist-test-slave-4rzh"
I20260608 09:57:54.783213 12261 fs_report.cc:389] FS layout report
--------------------
wal directory: /tmp/dist-test-taskkOSTwP/test-tmp/auto_rebalancer-test.0.AutoRebalancerTest.NextLeaderResumesAutoRebalancing.1780912658711063-12261-0/minicluster-data/ts-1-root
metadata directory: /tmp/dist-test-taskkOSTwP/test-tmp/auto_rebalancer-test.0.AutoRebalancerTest.NextLeaderResumesAutoRebalancing.1780912658711063-12261-0/minicluster-data/ts-1-root
1 data directories: /tmp/dist-test-taskkOSTwP/test-tmp/auto_rebalancer-test.0.AutoRebalancerTest.NextLeaderResumesAutoRebalancing.1780912658711063-12261-0/minicluster-data/ts-1-root/data
Total live blocks: 0
Total live bytes: 0
Total live bytes (after alignment): 0
Total number of LBM containers: 0 (0 full)
Did not check for missing blocks
Did not check for orphaned blocks
Total full LBM containers with extra space: 0 (0 repaired)
