I20260608 09:58:59.867163 32454 raft_consensus.cc:515] T cbeee8268c34415fa40a167fe75d88c3 P 120c6d6c22824756beebd029512ecdb9 [term 2 FOLLOWER]: Starting forced leader election with config: opid_index: -1 OBSOLETE_local: false peers { permanent_uuid: "120c6d6c22824756beebd029512ecdb9" member_type: VOTER last_known_addr { host: "127.28.122.68" port: 43031 } } peers { permanent_uuid: "7e1e352b92be48799dc9a20bfbfb5316" member_type: VOTER last_known_addr { host: "127.28.122.66" port: 42897 } } peers { permanent_uuid: "2f5783ff115440fcb3f4c43cd9c963cc" member_type: VOTER last_known_addr { host: "127.28.122.67" port: 39301 } }
I20260608 09:58:59.869800 32454 leader_election.cc:290] T cbeee8268c34415fa40a167fe75d88c3 P 120c6d6c22824756beebd029512ecdb9 [CANDIDATE]: Term 2 election: Requested vote from peers 7e1e352b92be48799dc9a20bfbfb5316 (127.28.122.66:42897), 2f5783ff115440fcb3f4c43cd9c963cc (127.28.122.67:39301)
I20260608 09:58:59.870007 32226 tablet_service.cc:1917] Received RequestConsensusVote() RPC: tablet_id: "cbeee8268c34415fa40a167fe75d88c3" candidate_uuid: "120c6d6c22824756beebd029512ecdb9" candidate_term: 2 candidate_status { last_received { term: 1 index: 1 } } ignore_live_leader: true dest_uuid: "7e1e352b92be48799dc9a20bfbfb5316"
I20260608 09:58:59.870654 32226 raft_consensus.cc:3060] T cbeee8268c34415fa40a167fe75d88c3 P 7e1e352b92be48799dc9a20bfbfb5316 [term 1 FOLLOWER]: Advancing to term 2
I20260608 09:58:59.872205 32299 tablet_service.cc:1917] Received RequestConsensusVote() RPC: tablet_id: "cbeee8268c34415fa40a167fe75d88c3" candidate_uuid: "120c6d6c22824756beebd029512ecdb9" candidate_term: 2 candidate_status { last_received { term: 1 index: 1 } } ignore_live_leader: true dest_uuid: "2f5783ff115440fcb3f4c43cd9c963cc"
I20260608 09:58:59.872814 32299 raft_consensus.cc:3055] T cbeee8268c34415fa40a167fe75d88c3 P 2f5783ff115440fcb3f4c43cd9c963cc [term 1 LEADER]: Stepping down as leader of term 1
I20260608 09:58:59.873122 32299 raft_consensus.cc:740] T cbeee8268c34415fa40a167fe75d88c3 P 2f5783ff115440fcb3f4c43cd9c963cc [term 1 LEADER]: Becoming Follower/Learner. State: Replica: 2f5783ff115440fcb3f4c43cd9c963cc, State: Running, Role: LEADER
I20260608 09:58:59.873934 32299 consensus_queue.cc:260] T cbeee8268c34415fa40a167fe75d88c3 P 2f5783ff115440fcb3f4c43cd9c963cc [NON_LEADER]: Queue going to NON_LEADER mode. State: All replicated index: 0, Majority replicated index: 1, Committed index: 1, Last appended: 1.1, Last appended by leader: 1, Current term: 1, Majority size: -1, State: 0, Mode: NON_LEADER, active raft config: opid_index: -1 OBSOLETE_local: false peers { permanent_uuid: "120c6d6c22824756beebd029512ecdb9" member_type: VOTER last_known_addr { host: "127.28.122.68" port: 43031 } } peers { permanent_uuid: "7e1e352b92be48799dc9a20bfbfb5316" member_type: VOTER last_known_addr { host: "127.28.122.66" port: 42897 } } peers { permanent_uuid: "2f5783ff115440fcb3f4c43cd9c963cc" member_type: VOTER last_known_addr { host: "127.28.122.67" port: 39301 } }
I20260608 09:58:59.875180 32299 raft_consensus.cc:3060] T cbeee8268c34415fa40a167fe75d88c3 P 2f5783ff115440fcb3f4c43cd9c963cc [term 1 FOLLOWER]: Advancing to term 2
I20260608 09:58:59.876915 32226 raft_consensus.cc:2468] T cbeee8268c34415fa40a167fe75d88c3 P 7e1e352b92be48799dc9a20bfbfb5316 [term 2 FOLLOWER]: Leader election vote request: Granting yes vote for candidate 120c6d6c22824756beebd029512ecdb9 in term 2.
I20260608 09:58:59.878159 32418 leader_election.cc:304] T cbeee8268c34415fa40a167fe75d88c3 P 120c6d6c22824756beebd029512ecdb9 [CANDIDATE]: Term 2 election: Election decided. Result: candidate won. Election summary: received 2 responses out of 3 voters: 2 yes votes; 0 no votes. yes voters: 120c6d6c22824756beebd029512ecdb9, 7e1e352b92be48799dc9a20bfbfb5316; no voters: 
I20260608 09:58:59.879019 32612 raft_consensus.cc:2804] T cbeee8268c34415fa40a167fe75d88c3 P 120c6d6c22824756beebd029512ecdb9 [term 2 FOLLOWER]: Leader election won for term 2
I20260608 09:58:59.880784 32612 raft_consensus.cc:697] T cbeee8268c34415fa40a167fe75d88c3 P 120c6d6c22824756beebd029512ecdb9 [term 2 LEADER]: Becoming Leader. State: Replica: 120c6d6c22824756beebd029512ecdb9, State: Running, Role: LEADER
I20260608 09:58:59.881641 32612 consensus_queue.cc:237] T cbeee8268c34415fa40a167fe75d88c3 P 120c6d6c22824756beebd029512ecdb9 [LEADER]: Queue going to LEADER mode. State: All replicated index: 0, Majority replicated index: 1, Committed index: 1, Last appended: 1.1, Last appended by leader: 1, Current term: 2, Majority size: 2, State: 0, Mode: LEADER, active raft config: opid_index: -1 OBSOLETE_local: false peers { permanent_uuid: "120c6d6c22824756beebd029512ecdb9" member_type: VOTER last_known_addr { host: "127.28.122.68" port: 43031 } } peers { permanent_uuid: "7e1e352b92be48799dc9a20bfbfb5316" member_type: VOTER last_known_addr { host: "127.28.122.66" port: 42897 } } peers { permanent_uuid: "2f5783ff115440fcb3f4c43cd9c963cc" member_type: VOTER last_known_addr { host: "127.28.122.67" port: 39301 } }
I20260608 09:58:59.882021 32299 raft_consensus.cc:2468] T cbeee8268c34415fa40a167fe75d88c3 P 2f5783ff115440fcb3f4c43cd9c963cc [term 2 FOLLOWER]: Leader election vote request: Granting yes vote for candidate 120c6d6c22824756beebd029512ecdb9 in term 2.
W20260608 09:58:59.882856 32098 auto_rebalancer.cc:591] Failed to schedule move for tablet f3b72eb44a3740bda590bb7f6bec572c: Remote error: Service unavailable: leader transfer in progress
I20260608 09:58:59.887686 32226 consensus_queue.cc:237] T 1db5c5bb12c444a18bad58c86046e74c P 7e1e352b92be48799dc9a20bfbfb5316 [LEADER]: Queue going to LEADER mode. State: All replicated index: 0, Majority replicated index: 2, Committed index: 2, Last appended: 2.2, Last appended by leader: 1, Current term: 2, Majority size: 2, State: 0, Mode: LEADER, active raft config: opid_index: 3 OBSOLETE_local: false peers { permanent_uuid: "c9ee6c593fa74e4a82d7b21807107743" member_type: VOTER last_known_addr { host: "127.28.122.65" port: 40927 } } peers { permanent_uuid: "7e1e352b92be48799dc9a20bfbfb5316" member_type: VOTER last_known_addr { host: "127.28.122.66" port: 42897 } } peers { permanent_uuid: "2f5783ff115440fcb3f4c43cd9c963cc" member_type: VOTER last_known_addr { host: "127.28.122.67" port: 39301 } attrs { replace: true } } peers { permanent_uuid: "120c6d6c22824756beebd029512ecdb9" member_type: NON_VOTER last_known_addr { host: "127.28.122.68" port: 43031 } attrs { promote: true } }
I20260608 09:58:59.889578 32046 catalog_manager.cc:5696] T cbeee8268c34415fa40a167fe75d88c3 P 120c6d6c22824756beebd029512ecdb9 reported cstate change: term changed from 1 to 2, leader changed from 2f5783ff115440fcb3f4c43cd9c963cc (127.28.122.67) to 120c6d6c22824756beebd029512ecdb9 (127.28.122.68). New cstate: current_term: 2 leader_uuid: "120c6d6c22824756beebd029512ecdb9" committed_config { opid_index: -1 OBSOLETE_local: false peers { permanent_uuid: "120c6d6c22824756beebd029512ecdb9" member_type: VOTER last_known_addr { host: "127.28.122.68" port: 43031 } health_report { overall_health: HEALTHY } } peers { permanent_uuid: "7e1e352b92be48799dc9a20bfbfb5316" member_type: VOTER last_known_addr { host: "127.28.122.66" port: 42897 } health_report { overall_health: UNKNOWN } } peers { permanent_uuid: "2f5783ff115440fcb3f4c43cd9c963cc" member_type: VOTER last_known_addr { host: "127.28.122.67" port: 39301 } health_report { overall_health: UNKNOWN } } }
I20260608 09:58:59.894763 32299 raft_consensus.cc:1275] T 1db5c5bb12c444a18bad58c86046e74c P 2f5783ff115440fcb3f4c43cd9c963cc [term 2 FOLLOWER]: Refusing update from remote peer 7e1e352b92be48799dc9a20bfbfb5316: Log matching property violated. Preceding OpId in replica: term: 2 index: 2. Preceding OpId from leader: term: 2 index: 3. (index mismatch)
W20260608 09:58:59.894990 32192 consensus_peers.cc:597] T 1db5c5bb12c444a18bad58c86046e74c P 7e1e352b92be48799dc9a20bfbfb5316 -> Peer 120c6d6c22824756beebd029512ecdb9 (127.28.122.68:43031): Couldn't send request to peer 120c6d6c22824756beebd029512ecdb9. Error code: TABLET_NOT_FOUND (6). Status: Not found: Tablet not found: 1db5c5bb12c444a18bad58c86046e74c. This is attempt 1: this message will repeat every 5th retry.
I20260608 09:58:59.895557 32150 raft_consensus.cc:1275] T 1db5c5bb12c444a18bad58c86046e74c P c9ee6c593fa74e4a82d7b21807107743 [term 2 FOLLOWER]: Refusing update from remote peer 7e1e352b92be48799dc9a20bfbfb5316: Log matching property violated. Preceding OpId in replica: term: 2 index: 2. Preceding OpId from leader: term: 2 index: 3. (index mismatch)
I20260608 09:58:59.896343 32663 consensus_queue.cc:1048] T 1db5c5bb12c444a18bad58c86046e74c P 7e1e352b92be48799dc9a20bfbfb5316 [LEADER]: Connected to new peer: Peer: permanent_uuid: "2f5783ff115440fcb3f4c43cd9c963cc" member_type: VOTER last_known_addr { host: "127.28.122.67" port: 39301 } attrs { replace: true }, Status: LMP_MISMATCH, Last received: 0.0, Next index: 3, Last known committed idx: 2, Time since last communication: 0.000s
I20260608 09:58:59.897336 32544 consensus_queue.cc:1048] T 1db5c5bb12c444a18bad58c86046e74c P 7e1e352b92be48799dc9a20bfbfb5316 [LEADER]: Connected to new peer: Peer: permanent_uuid: "c9ee6c593fa74e4a82d7b21807107743" member_type: VOTER last_known_addr { host: "127.28.122.65" port: 40927 }, Status: LMP_MISMATCH, Last received: 0.0, Next index: 3, Last known committed idx: 2, Time since last communication: 0.000s
I20260608 09:58:59.906746 32668 raft_consensus.cc:2955] T 1db5c5bb12c444a18bad58c86046e74c P 7e1e352b92be48799dc9a20bfbfb5316 [term 2 LEADER]: Committing config change with OpId 2.3: config changed from index -1 to 3, NON_VOTER 120c6d6c22824756beebd029512ecdb9 (127.28.122.68) added. New config: { opid_index: 3 OBSOLETE_local: false peers { permanent_uuid: "c9ee6c593fa74e4a82d7b21807107743" member_type: VOTER last_known_addr { host: "127.28.122.65" port: 40927 } } peers { permanent_uuid: "7e1e352b92be48799dc9a20bfbfb5316" member_type: VOTER last_known_addr { host: "127.28.122.66" port: 42897 } } peers { permanent_uuid: "2f5783ff115440fcb3f4c43cd9c963cc" member_type: VOTER last_known_addr { host: "127.28.122.67" port: 39301 } attrs { replace: true } } peers { permanent_uuid: "120c6d6c22824756beebd029512ecdb9" member_type: NON_VOTER last_known_addr { host: "127.28.122.68" port: 43031 } attrs { promote: true } } }
I20260608 09:58:59.909431 32150 raft_consensus.cc:2955] T 1db5c5bb12c444a18bad58c86046e74c P c9ee6c593fa74e4a82d7b21807107743 [term 2 FOLLOWER]: Committing config change with OpId 2.3: config changed from index -1 to 3, NON_VOTER 120c6d6c22824756beebd029512ecdb9 (127.28.122.68) added. New config: { opid_index: 3 OBSOLETE_local: false peers { permanent_uuid: "c9ee6c593fa74e4a82d7b21807107743" member_type: VOTER last_known_addr { host: "127.28.122.65" port: 40927 } } peers { permanent_uuid: "7e1e352b92be48799dc9a20bfbfb5316" member_type: VOTER last_known_addr { host: "127.28.122.66" port: 42897 } } peers { permanent_uuid: "2f5783ff115440fcb3f4c43cd9c963cc" member_type: VOTER last_known_addr { host: "127.28.122.67" port: 39301 } attrs { replace: true } } peers { permanent_uuid: "120c6d6c22824756beebd029512ecdb9" member_type: NON_VOTER last_known_addr { host: "127.28.122.68" port: 43031 } attrs { promote: true } } }
I20260608 09:58:59.911163 32299 raft_consensus.cc:2955] T 1db5c5bb12c444a18bad58c86046e74c P 2f5783ff115440fcb3f4c43cd9c963cc [term 2 FOLLOWER]: Committing config change with OpId 2.3: config changed from index -1 to 3, NON_VOTER 120c6d6c22824756beebd029512ecdb9 (127.28.122.68) added. New config: { opid_index: 3 OBSOLETE_local: false peers { permanent_uuid: "c9ee6c593fa74e4a82d7b21807107743" member_type: VOTER last_known_addr { host: "127.28.122.65" port: 40927 } } peers { permanent_uuid: "7e1e352b92be48799dc9a20bfbfb5316" member_type: VOTER last_known_addr { host: "127.28.122.66" port: 42897 } } peers { permanent_uuid: "2f5783ff115440fcb3f4c43cd9c963cc" member_type: VOTER last_known_addr { host: "127.28.122.67" port: 39301 } attrs { replace: true } } peers { permanent_uuid: "120c6d6c22824756beebd029512ecdb9" member_type: NON_VOTER last_known_addr { host: "127.28.122.68" port: 43031 } attrs { promote: true } } }
I20260608 09:58:59.919982 32148 consensus_queue.cc:237] T 10afd71aa95845ffa160d730debde6d8 P c9ee6c593fa74e4a82d7b21807107743 [LEADER]: Queue going to LEADER mode. State: All replicated index: 0, Majority replicated index: 1, Committed index: 1, Last appended: 1.1, Last appended by leader: 0, Current term: 1, Majority size: 2, State: 0, Mode: LEADER, active raft config: opid_index: 2 OBSOLETE_local: false peers { permanent_uuid: "120c6d6c22824756beebd029512ecdb9" member_type: VOTER last_known_addr { host: "127.28.122.68" port: 43031 } attrs { replace: true } } peers { permanent_uuid: "2f5783ff115440fcb3f4c43cd9c963cc" member_type: VOTER last_known_addr { host: "127.28.122.67" port: 39301 } } peers { permanent_uuid: "c9ee6c593fa74e4a82d7b21807107743" member_type: VOTER last_known_addr { host: "127.28.122.65" port: 40927 } } peers { permanent_uuid: "7e1e352b92be48799dc9a20bfbfb5316" member_type: NON_VOTER last_known_addr { host: "127.28.122.66" port: 42897 } attrs { promote: true } }
I20260608 09:58:59.922639 32046 catalog_manager.cc:5696] T 1db5c5bb12c444a18bad58c86046e74c P 7e1e352b92be48799dc9a20bfbfb5316 reported cstate change: config changed from index -1 to 3, NON_VOTER 120c6d6c22824756beebd029512ecdb9 (127.28.122.68) added. New cstate: current_term: 2 leader_uuid: "7e1e352b92be48799dc9a20bfbfb5316" committed_config { opid_index: 3 OBSOLETE_local: false peers { permanent_uuid: "c9ee6c593fa74e4a82d7b21807107743" member_type: VOTER last_known_addr { host: "127.28.122.65" port: 40927 } health_report { overall_health: HEALTHY } } peers { permanent_uuid: "7e1e352b92be48799dc9a20bfbfb5316" member_type: VOTER last_known_addr { host: "127.28.122.66" port: 42897 } health_report { overall_health: HEALTHY } } peers { permanent_uuid: "2f5783ff115440fcb3f4c43cd9c963cc" member_type: VOTER last_known_addr { host: "127.28.122.67" port: 39301 } attrs { replace: true } health_report { overall_health: HEALTHY } } peers { permanent_uuid: "120c6d6c22824756beebd029512ecdb9" member_type: NON_VOTER last_known_addr { host: "127.28.122.68" port: 43031 } attrs { promote: true } health_report { overall_health: UNKNOWN } } }
W20260608 09:58:59.930660 32116 consensus_peers.cc:597] T 10afd71aa95845ffa160d730debde6d8 P c9ee6c593fa74e4a82d7b21807107743 -> Peer 7e1e352b92be48799dc9a20bfbfb5316 (127.28.122.66:42897): Couldn't send request to peer 7e1e352b92be48799dc9a20bfbfb5316. Error code: TABLET_NOT_FOUND (6). Status: Not found: Tablet not found: 10afd71aa95845ffa160d730debde6d8. This is attempt 1: this message will repeat every 5th retry.
I20260608 09:58:59.938246 32299 raft_consensus.cc:1275] T 10afd71aa95845ffa160d730debde6d8 P 2f5783ff115440fcb3f4c43cd9c963cc [term 1 FOLLOWER]: Refusing update from remote peer c9ee6c593fa74e4a82d7b21807107743: Log matching property violated. Preceding OpId in replica: term: 1 index: 1. Preceding OpId from leader: term: 1 index: 2. (index mismatch)
I20260608 09:58:59.938246 32454 raft_consensus.cc:1275] T 10afd71aa95845ffa160d730debde6d8 P 120c6d6c22824756beebd029512ecdb9 [term 1 FOLLOWER]: Refusing update from remote peer c9ee6c593fa74e4a82d7b21807107743: Log matching property violated. Preceding OpId in replica: term: 1 index: 1. Preceding OpId from leader: term: 1 index: 2. (index mismatch)
I20260608 09:58:59.940958 32662 consensus_queue.cc:1048] T 10afd71aa95845ffa160d730debde6d8 P c9ee6c593fa74e4a82d7b21807107743 [LEADER]: Connected to new peer: Peer: permanent_uuid: "2f5783ff115440fcb3f4c43cd9c963cc" member_type: VOTER last_known_addr { host: "127.28.122.67" port: 39301 }, Status: LMP_MISMATCH, Last received: 0.0, Next index: 2, Last known committed idx: 1, Time since last communication: 0.000s
I20260608 09:58:59.942867 32662 consensus_queue.cc:1048] T 10afd71aa95845ffa160d730debde6d8 P c9ee6c593fa74e4a82d7b21807107743 [LEADER]: Connected to new peer: Peer: permanent_uuid: "120c6d6c22824756beebd029512ecdb9" member_type: VOTER last_known_addr { host: "127.28.122.68" port: 43031 } attrs { replace: true }, Status: LMP_MISMATCH, Last received: 0.0, Next index: 2, Last known committed idx: 1, Time since last communication: 0.000s
I20260608 09:58:59.954438 32663 raft_consensus.cc:993] T f3b72eb44a3740bda590bb7f6bec572c P 7e1e352b92be48799dc9a20bfbfb5316: : Instructing follower 120c6d6c22824756beebd029512ecdb9 to start an election
I20260608 09:58:59.954980 32663 raft_consensus.cc:1081] T f3b72eb44a3740bda590bb7f6bec572c P 7e1e352b92be48799dc9a20bfbfb5316 [term 1 LEADER]: Signalling peer 120c6d6c22824756beebd029512ecdb9 to start an election
I20260608 09:58:59.955129 32683 raft_consensus.cc:2955] T 10afd71aa95845ffa160d730debde6d8 P c9ee6c593fa74e4a82d7b21807107743 [term 1 LEADER]: Committing config change with OpId 1.2: config changed from index -1 to 2, NON_VOTER 7e1e352b92be48799dc9a20bfbfb5316 (127.28.122.66) added. New config: { opid_index: 2 OBSOLETE_local: false peers { permanent_uuid: "120c6d6c22824756beebd029512ecdb9" member_type: VOTER last_known_addr { host: "127.28.122.68" port: 43031 } attrs { replace: true } } peers { permanent_uuid: "2f5783ff115440fcb3f4c43cd9c963cc" member_type: VOTER last_known_addr { host: "127.28.122.67" port: 39301 } } peers { permanent_uuid: "c9ee6c593fa74e4a82d7b21807107743" member_type: VOTER last_known_addr { host: "127.28.122.65" port: 40927 } } peers { permanent_uuid: "7e1e352b92be48799dc9a20bfbfb5316" member_type: NON_VOTER last_known_addr { host: "127.28.122.66" port: 42897 } attrs { promote: true } } }
I20260608 09:58:59.956311 32453 raft_consensus.cc:2955] T 10afd71aa95845ffa160d730debde6d8 P 120c6d6c22824756beebd029512ecdb9 [term 1 FOLLOWER]: Committing config change with OpId 1.2: config changed from index -1 to 2, NON_VOTER 7e1e352b92be48799dc9a20bfbfb5316 (127.28.122.66) added. New config: { opid_index: 2 OBSOLETE_local: false peers { permanent_uuid: "120c6d6c22824756beebd029512ecdb9" member_type: VOTER last_known_addr { host: "127.28.122.68" port: 43031 } attrs { replace: true } } peers { permanent_uuid: "2f5783ff115440fcb3f4c43cd9c963cc" member_type: VOTER last_known_addr { host: "127.28.122.67" port: 39301 } } peers { permanent_uuid: "c9ee6c593fa74e4a82d7b21807107743" member_type: VOTER last_known_addr { host: "127.28.122.65" port: 40927 } } peers { permanent_uuid: "7e1e352b92be48799dc9a20bfbfb5316" member_type: NON_VOTER last_known_addr { host: "127.28.122.66" port: 42897 } attrs { promote: true } } }
I20260608 09:58:59.957216 32454 tablet_service.cc:2044] Received Run Leader Election RPC: tablet_id: "f3b72eb44a3740bda590bb7f6bec572c"
dest_uuid: "120c6d6c22824756beebd029512ecdb9"
 from {username='slave'} at 127.0.0.1:56054
I20260608 09:58:59.957086 32299 raft_consensus.cc:2955] T 10afd71aa95845ffa160d730debde6d8 P 2f5783ff115440fcb3f4c43cd9c963cc [term 1 FOLLOWER]: Committing config change with OpId 1.2: config changed from index -1 to 2, NON_VOTER 7e1e352b92be48799dc9a20bfbfb5316 (127.28.122.66) added. New config: { opid_index: 2 OBSOLETE_local: false peers { permanent_uuid: "120c6d6c22824756beebd029512ecdb9" member_type: VOTER last_known_addr { host: "127.28.122.68" port: 43031 } attrs { replace: true } } peers { permanent_uuid: "2f5783ff115440fcb3f4c43cd9c963cc" member_type: VOTER last_known_addr { host: "127.28.122.67" port: 39301 } } peers { permanent_uuid: "c9ee6c593fa74e4a82d7b21807107743" member_type: VOTER last_known_addr { host: "127.28.122.65" port: 40927 } } peers { permanent_uuid: "7e1e352b92be48799dc9a20bfbfb5316" member_type: NON_VOTER last_known_addr { host: "127.28.122.66" port: 42897 } attrs { promote: true } } }
I20260608 09:58:59.958271 32454 raft_consensus.cc:493] T f3b72eb44a3740bda590bb7f6bec572c P 120c6d6c22824756beebd029512ecdb9 [term 1 FOLLOWER]: Starting forced leader election (received explicit request)
I20260608 09:58:59.958734 32454 raft_consensus.cc:3060] T f3b72eb44a3740bda590bb7f6bec572c P 120c6d6c22824756beebd029512ecdb9 [term 1 FOLLOWER]: Advancing to term 2
I20260608 09:58:59.974294 32047 catalog_manager.cc:5696] T 10afd71aa95845ffa160d730debde6d8 P 120c6d6c22824756beebd029512ecdb9 reported cstate change: config changed from index -1 to 2, NON_VOTER 7e1e352b92be48799dc9a20bfbfb5316 (127.28.122.66) added. New cstate: current_term: 1 leader_uuid: "c9ee6c593fa74e4a82d7b21807107743" committed_config { opid_index: 2 OBSOLETE_local: false peers { permanent_uuid: "120c6d6c22824756beebd029512ecdb9" member_type: VOTER last_known_addr { host: "127.28.122.68" port: 43031 } attrs { replace: true } } peers { permanent_uuid: "2f5783ff115440fcb3f4c43cd9c963cc" member_type: VOTER last_known_addr { host: "127.28.122.67" port: 39301 } } peers { permanent_uuid: "c9ee6c593fa74e4a82d7b21807107743" member_type: VOTER last_known_addr { host: "127.28.122.65" port: 40927 } } peers { permanent_uuid: "7e1e352b92be48799dc9a20bfbfb5316" member_type: NON_VOTER last_known_addr { host: "127.28.122.66" port: 42897 } attrs { promote: true } } }
I20260608 09:58:59.978767 32454 raft_consensus.cc:515] T f3b72eb44a3740bda590bb7f6bec572c P 120c6d6c22824756beebd029512ecdb9 [term 2 FOLLOWER]: Starting forced leader election with config: opid_index: -1 OBSOLETE_local: false peers { permanent_uuid: "120c6d6c22824756beebd029512ecdb9" member_type: VOTER last_known_addr { host: "127.28.122.68" port: 43031 } } peers { permanent_uuid: "c9ee6c593fa74e4a82d7b21807107743" member_type: VOTER last_known_addr { host: "127.28.122.65" port: 40927 } } peers { permanent_uuid: "7e1e352b92be48799dc9a20bfbfb5316" member_type: VOTER last_known_addr { host: "127.28.122.66" port: 42897 } }
I20260608 09:58:59.981227 32454 leader_election.cc:290] T f3b72eb44a3740bda590bb7f6bec572c P 120c6d6c22824756beebd029512ecdb9 [CANDIDATE]: Term 2 election: Requested vote from peers c9ee6c593fa74e4a82d7b21807107743 (127.28.122.65:40927), 7e1e352b92be48799dc9a20bfbfb5316 (127.28.122.66:42897)
I20260608 09:58:59.984421 32226 tablet_service.cc:1917] Received RequestConsensusVote() RPC: tablet_id: "f3b72eb44a3740bda590bb7f6bec572c" candidate_uuid: "120c6d6c22824756beebd029512ecdb9" candidate_term: 2 candidate_status { last_received { term: 1 index: 1 } } ignore_live_leader: true dest_uuid: "7e1e352b92be48799dc9a20bfbfb5316"
I20260608 09:58:59.985050 32226 raft_consensus.cc:3055] T f3b72eb44a3740bda590bb7f6bec572c P 7e1e352b92be48799dc9a20bfbfb5316 [term 1 LEADER]: Stepping down as leader of term 1
I20260608 09:58:59.985383 32226 raft_consensus.cc:740] T f3b72eb44a3740bda590bb7f6bec572c P 7e1e352b92be48799dc9a20bfbfb5316 [term 1 LEADER]: Becoming Follower/Learner. State: Replica: 7e1e352b92be48799dc9a20bfbfb5316, State: Running, Role: LEADER
I20260608 09:58:59.986223 32226 consensus_queue.cc:260] T f3b72eb44a3740bda590bb7f6bec572c P 7e1e352b92be48799dc9a20bfbfb5316 [NON_LEADER]: Queue going to NON_LEADER mode. State: All replicated index: 0, Majority replicated index: 1, Committed index: 1, Last appended: 1.1, Last appended by leader: 1, Current term: 1, Majority size: -1, State: 0, Mode: NON_LEADER, active raft config: opid_index: -1 OBSOLETE_local: false peers { permanent_uuid: "120c6d6c22824756beebd029512ecdb9" member_type: VOTER last_known_addr { host: "127.28.122.68" port: 43031 } } peers { permanent_uuid: "c9ee6c593fa74e4a82d7b21807107743" member_type: VOTER last_known_addr { host: "127.28.122.65" port: 40927 } } peers { permanent_uuid: "7e1e352b92be48799dc9a20bfbfb5316" member_type: VOTER last_known_addr { host: "127.28.122.66" port: 42897 } }
I20260608 09:58:59.988526 32148 tablet_service.cc:1917] Received RequestConsensusVote() RPC: tablet_id: "f3b72eb44a3740bda590bb7f6bec572c" candidate_uuid: "120c6d6c22824756beebd029512ecdb9" candidate_term: 2 candidate_status { last_received { term: 1 index: 1 } } ignore_live_leader: true dest_uuid: "c9ee6c593fa74e4a82d7b21807107743"
I20260608 09:58:59.989198 32148 raft_consensus.cc:3060] T f3b72eb44a3740bda590bb7f6bec572c P c9ee6c593fa74e4a82d7b21807107743 [term 1 FOLLOWER]: Advancing to term 2
I20260608 09:58:59.995608 32226 raft_consensus.cc:3060] T f3b72eb44a3740bda590bb7f6bec572c P 7e1e352b92be48799dc9a20bfbfb5316 [term 1 FOLLOWER]: Advancing to term 2
I20260608 09:58:59.995759 32148 raft_consensus.cc:2468] T f3b72eb44a3740bda590bb7f6bec572c P c9ee6c593fa74e4a82d7b21807107743 [term 2 FOLLOWER]: Leader election vote request: Granting yes vote for candidate 120c6d6c22824756beebd029512ecdb9 in term 2.
I20260608 09:58:59.997154 32420 leader_election.cc:304] T f3b72eb44a3740bda590bb7f6bec572c P 120c6d6c22824756beebd029512ecdb9 [CANDIDATE]: Term 2 election: Election decided. Result: candidate won. Election summary: received 2 responses out of 3 voters: 2 yes votes; 0 no votes. yes voters: 120c6d6c22824756beebd029512ecdb9, c9ee6c593fa74e4a82d7b21807107743; no voters: 
I20260608 09:58:59.998047 32612 raft_consensus.cc:2804] T f3b72eb44a3740bda590bb7f6bec572c P 120c6d6c22824756beebd029512ecdb9 [term 2 FOLLOWER]: Leader election won for term 2
I20260608 09:58:59.998526 32612 raft_consensus.cc:697] T f3b72eb44a3740bda590bb7f6bec572c P 120c6d6c22824756beebd029512ecdb9 [term 2 LEADER]: Becoming Leader. State: Replica: 120c6d6c22824756beebd029512ecdb9, State: Running, Role: LEADER
I20260608 09:58:59.999373 32612 consensus_queue.cc:237] T f3b72eb44a3740bda590bb7f6bec572c P 120c6d6c22824756beebd029512ecdb9 [LEADER]: Queue going to LEADER mode. State: All replicated index: 0, Majority replicated index: 1, Committed index: 1, Last appended: 1.1, Last appended by leader: 1, Current term: 2, Majority size: 2, State: 0, Mode: LEADER, active raft config: opid_index: -1 OBSOLETE_local: false peers { permanent_uuid: "120c6d6c22824756beebd029512ecdb9" member_type: VOTER last_known_addr { host: "127.28.122.68" port: 43031 } } peers { permanent_uuid: "c9ee6c593fa74e4a82d7b21807107743" member_type: VOTER last_known_addr { host: "127.28.122.65" port: 40927 } } peers { permanent_uuid: "7e1e352b92be48799dc9a20bfbfb5316" member_type: VOTER last_known_addr { host: "127.28.122.66" port: 42897 } }
I20260608 09:59:00.008669 32226 raft_consensus.cc:2468] T f3b72eb44a3740bda590bb7f6bec572c P 7e1e352b92be48799dc9a20bfbfb5316 [term 2 FOLLOWER]: Leader election vote request: Granting yes vote for candidate 120c6d6c22824756beebd029512ecdb9 in term 2.
W20260608 09:59:00.011233 32117 outbound_call.cc:321] RPC callback for RPC call kudu.consensus.ConsensusService.UpdateConsensus -> {remote=127.28.122.68:43031, user_credentials={real_user=slave}} blocked reactor thread for 44610.2us
I20260608 09:59:00.021979 32050 catalog_manager.cc:5696] T f3b72eb44a3740bda590bb7f6bec572c P 120c6d6c22824756beebd029512ecdb9 reported cstate change: term changed from 1 to 2, leader changed from 7e1e352b92be48799dc9a20bfbfb5316 (127.28.122.66) to 120c6d6c22824756beebd029512ecdb9 (127.28.122.68). New cstate: current_term: 2 leader_uuid: "120c6d6c22824756beebd029512ecdb9" committed_config { opid_index: -1 OBSOLETE_local: false peers { permanent_uuid: "120c6d6c22824756beebd029512ecdb9" member_type: VOTER last_known_addr { host: "127.28.122.68" port: 43031 } health_report { overall_health: HEALTHY } } peers { permanent_uuid: "c9ee6c593fa74e4a82d7b21807107743" member_type: VOTER last_known_addr { host: "127.28.122.65" port: 40927 } health_report { overall_health: UNKNOWN } } peers { permanent_uuid: "7e1e352b92be48799dc9a20bfbfb5316" member_type: VOTER last_known_addr { host: "127.28.122.66" port: 42897 } health_report { overall_health: UNKNOWN } } }
I20260608 09:59:00.025720 32299 consensus_queue.cc:237] T c7da788501f84e209ca345be3b276808 P 2f5783ff115440fcb3f4c43cd9c963cc [LEADER]: Queue going to LEADER mode. State: All replicated index: 0, Majority replicated index: 1, Committed index: 1, Last appended: 1.1, Last appended by leader: 0, Current term: 1, Majority size: 2, State: 0, Mode: LEADER, active raft config: opid_index: 2 OBSOLETE_local: false peers { permanent_uuid: "c9ee6c593fa74e4a82d7b21807107743" member_type: VOTER last_known_addr { host: "127.28.122.65" port: 40927 } } peers { permanent_uuid: "7e1e352b92be48799dc9a20bfbfb5316" member_type: VOTER last_known_addr { host: "127.28.122.66" port: 42897 } attrs { replace: true } } peers { permanent_uuid: "2f5783ff115440fcb3f4c43cd9c963cc" member_type: VOTER last_known_addr { host: "127.28.122.67" port: 39301 } } peers { permanent_uuid: "120c6d6c22824756beebd029512ecdb9" member_type: NON_VOTER last_known_addr { host: "127.28.122.68" port: 43031 } attrs { promote: true } }
I20260608 09:59:00.033558 32226 raft_consensus.cc:1275] T c7da788501f84e209ca345be3b276808 P 7e1e352b92be48799dc9a20bfbfb5316 [term 1 FOLLOWER]: Refusing update from remote peer 2f5783ff115440fcb3f4c43cd9c963cc: Log matching property violated. Preceding OpId in replica: term: 1 index: 1. Preceding OpId from leader: term: 1 index: 2. (index mismatch)
I20260608 09:59:00.033650 32148 raft_consensus.cc:1275] T c7da788501f84e209ca345be3b276808 P c9ee6c593fa74e4a82d7b21807107743 [term 1 FOLLOWER]: Refusing update from remote peer 2f5783ff115440fcb3f4c43cd9c963cc: Log matching property violated. Preceding OpId in replica: term: 1 index: 1. Preceding OpId from leader: term: 1 index: 2. (index mismatch)
W20260608 09:59:00.033598 32266 consensus_peers.cc:597] T c7da788501f84e209ca345be3b276808 P 2f5783ff115440fcb3f4c43cd9c963cc -> Peer 120c6d6c22824756beebd029512ecdb9 (127.28.122.68:43031): Couldn't send request to peer 120c6d6c22824756beebd029512ecdb9. Error code: TABLET_NOT_FOUND (6). Status: Not found: Tablet not found: c7da788501f84e209ca345be3b276808. This is attempt 1: this message will repeat every 5th retry.
I20260608 09:59:00.035274 32629 consensus_queue.cc:1048] T c7da788501f84e209ca345be3b276808 P 2f5783ff115440fcb3f4c43cd9c963cc [LEADER]: Connected to new peer: Peer: permanent_uuid: "7e1e352b92be48799dc9a20bfbfb5316" member_type: VOTER last_known_addr { host: "127.28.122.66" port: 42897 } attrs { replace: true }, Status: LMP_MISMATCH, Last received: 0.0, Next index: 2, Last known committed idx: 1, Time since last communication: 0.000s
I20260608 09:59:00.036069 32669 consensus_queue.cc:1048] T c7da788501f84e209ca345be3b276808 P 2f5783ff115440fcb3f4c43cd9c963cc [LEADER]: Connected to new peer: Peer: permanent_uuid: "c9ee6c593fa74e4a82d7b21807107743" member_type: VOTER last_known_addr { host: "127.28.122.65" port: 40927 }, Status: LMP_MISMATCH, Last received: 0.0, Next index: 2, Last known committed idx: 1, Time since last communication: 0.000s
I20260608 09:59:00.050307 32666 raft_consensus.cc:2955] T c7da788501f84e209ca345be3b276808 P 2f5783ff115440fcb3f4c43cd9c963cc [term 1 LEADER]: Committing config change with OpId 1.2: config changed from index -1 to 2, NON_VOTER 120c6d6c22824756beebd029512ecdb9 (127.28.122.68) added. New config: { opid_index: 2 OBSOLETE_local: false peers { permanent_uuid: "c9ee6c593fa74e4a82d7b21807107743" member_type: VOTER last_known_addr { host: "127.28.122.65" port: 40927 } } peers { permanent_uuid: "7e1e352b92be48799dc9a20bfbfb5316" member_type: VOTER last_known_addr { host: "127.28.122.66" port: 42897 } attrs { replace: true } } peers { permanent_uuid: "2f5783ff115440fcb3f4c43cd9c963cc" member_type: VOTER last_known_addr { host: "127.28.122.67" port: 39301 } } peers { permanent_uuid: "120c6d6c22824756beebd029512ecdb9" member_type: NON_VOTER last_known_addr { host: "127.28.122.68" port: 43031 } attrs { promote: true } } }
I20260608 09:59:00.052428 32226 raft_consensus.cc:2955] T c7da788501f84e209ca345be3b276808 P 7e1e352b92be48799dc9a20bfbfb5316 [term 1 FOLLOWER]: Committing config change with OpId 1.2: config changed from index -1 to 2, NON_VOTER 120c6d6c22824756beebd029512ecdb9 (127.28.122.68) added. New config: { opid_index: 2 OBSOLETE_local: false peers { permanent_uuid: "c9ee6c593fa74e4a82d7b21807107743" member_type: VOTER last_known_addr { host: "127.28.122.65" port: 40927 } } peers { permanent_uuid: "7e1e352b92be48799dc9a20bfbfb5316" member_type: VOTER last_known_addr { host: "127.28.122.66" port: 42897 } attrs { replace: true } } peers { permanent_uuid: "2f5783ff115440fcb3f4c43cd9c963cc" member_type: VOTER last_known_addr { host: "127.28.122.67" port: 39301 } } peers { permanent_uuid: "120c6d6c22824756beebd029512ecdb9" member_type: NON_VOTER last_known_addr { host: "127.28.122.68" port: 43031 } attrs { promote: true } } }
I20260608 09:59:00.052665 32148 raft_consensus.cc:2955] T c7da788501f84e209ca345be3b276808 P c9ee6c593fa74e4a82d7b21807107743 [term 1 FOLLOWER]: Committing config change with OpId 1.2: config changed from index -1 to 2, NON_VOTER 120c6d6c22824756beebd029512ecdb9 (127.28.122.68) added. New config: { opid_index: 2 OBSOLETE_local: false peers { permanent_uuid: "c9ee6c593fa74e4a82d7b21807107743" member_type: VOTER last_known_addr { host: "127.28.122.65" port: 40927 } } peers { permanent_uuid: "7e1e352b92be48799dc9a20bfbfb5316" member_type: VOTER last_known_addr { host: "127.28.122.66" port: 42897 } attrs { replace: true } } peers { permanent_uuid: "2f5783ff115440fcb3f4c43cd9c963cc" member_type: VOTER last_known_addr { host: "127.28.122.67" port: 39301 } } peers { permanent_uuid: "120c6d6c22824756beebd029512ecdb9" member_type: NON_VOTER last_known_addr { host: "127.28.122.68" port: 43031 } attrs { promote: true } } }
I20260608 09:59:00.064073 32050 catalog_manager.cc:5696] T c7da788501f84e209ca345be3b276808 P 2f5783ff115440fcb3f4c43cd9c963cc reported cstate change: config changed from index -1 to 2, NON_VOTER 120c6d6c22824756beebd029512ecdb9 (127.28.122.68) added. New cstate: current_term: 1 leader_uuid: "2f5783ff115440fcb3f4c43cd9c963cc" committed_config { opid_index: 2 OBSOLETE_local: false peers { permanent_uuid: "c9ee6c593fa74e4a82d7b21807107743" member_type: VOTER last_known_addr { host: "127.28.122.65" port: 40927 } health_report { overall_health: HEALTHY } } peers { permanent_uuid: "7e1e352b92be48799dc9a20bfbfb5316" member_type: VOTER last_known_addr { host: "127.28.122.66" port: 42897 } attrs { replace: true } health_report { overall_health: HEALTHY } } peers { permanent_uuid: "2f5783ff115440fcb3f4c43cd9c963cc" member_type: VOTER last_known_addr { host: "127.28.122.67" port: 39301 } health_report { overall_health: HEALTHY } } peers { permanent_uuid: "120c6d6c22824756beebd029512ecdb9" member_type: NON_VOTER last_known_addr { host: "127.28.122.68" port: 43031 } attrs { promote: true } health_report { overall_health: UNKNOWN } } }
I20260608 09:59:00.262661 32226 raft_consensus.cc:1275] T cbeee8268c34415fa40a167fe75d88c3 P 7e1e352b92be48799dc9a20bfbfb5316 [term 2 FOLLOWER]: Refusing update from remote peer 120c6d6c22824756beebd029512ecdb9: Log matching property violated. Preceding OpId in replica: term: 1 index: 1. Preceding OpId from leader: term: 2 index: 2. (index mismatch)
I20260608 09:59:00.263896 32612 consensus_queue.cc:1048] T cbeee8268c34415fa40a167fe75d88c3 P 120c6d6c22824756beebd029512ecdb9 [LEADER]: Connected to new peer: Peer: permanent_uuid: "7e1e352b92be48799dc9a20bfbfb5316" member_type: VOTER last_known_addr { host: "127.28.122.66" port: 42897 }, Status: LMP_MISMATCH, Last received: 0.0, Next index: 2, Last known committed idx: 1, Time since last communication: 0.000s
I20260608 09:59:00.287999 32299 raft_consensus.cc:1275] T cbeee8268c34415fa40a167fe75d88c3 P 2f5783ff115440fcb3f4c43cd9c963cc [term 2 FOLLOWER]: Refusing update from remote peer 120c6d6c22824756beebd029512ecdb9: Log matching property violated. Preceding OpId in replica: term: 1 index: 1. Preceding OpId from leader: term: 2 index: 2. (index mismatch)
I20260608 09:59:00.296257 32612 consensus_queue.cc:1048] T cbeee8268c34415fa40a167fe75d88c3 P 120c6d6c22824756beebd029512ecdb9 [LEADER]: Connected to new peer: Peer: permanent_uuid: "2f5783ff115440fcb3f4c43cd9c963cc" member_type: VOTER last_known_addr { host: "127.28.122.67" port: 39301 }, Status: LMP_MISMATCH, Last received: 0.0, Next index: 2, Last known committed idx: 1, Time since last communication: 0.000s
I20260608 09:59:00.432145 32697 ts_tablet_manager.cc:933] T c7da788501f84e209ca345be3b276808 P 120c6d6c22824756beebd029512ecdb9: Initiating tablet copy from peer 2f5783ff115440fcb3f4c43cd9c963cc (127.28.122.67:39301)
I20260608 09:59:00.434031 32697 tablet_copy_client.cc:323] T c7da788501f84e209ca345be3b276808 P 120c6d6c22824756beebd029512ecdb9: tablet copy: Beginning tablet copy session from remote peer at address 127.28.122.67:39301
I20260608 09:59:00.435760 32311 tablet_copy_service.cc:140] P 2f5783ff115440fcb3f4c43cd9c963cc: Received BeginTabletCopySession request for tablet c7da788501f84e209ca345be3b276808 from peer 120c6d6c22824756beebd029512ecdb9 ({username='slave'} at 127.0.0.1:37912)
I20260608 09:59:00.436236 32311 tablet_copy_service.cc:161] P 2f5783ff115440fcb3f4c43cd9c963cc: Beginning new tablet copy session on tablet c7da788501f84e209ca345be3b276808 from peer 120c6d6c22824756beebd029512ecdb9 at {username='slave'} at 127.0.0.1:37912: session id = 120c6d6c22824756beebd029512ecdb9-c7da788501f84e209ca345be3b276808
I20260608 09:59:00.441150 32148 raft_consensus.cc:1275] T f3b72eb44a3740bda590bb7f6bec572c P c9ee6c593fa74e4a82d7b21807107743 [term 2 FOLLOWER]: Refusing update from remote peer 120c6d6c22824756beebd029512ecdb9: Log matching property violated. Preceding OpId in replica: term: 1 index: 1. Preceding OpId from leader: term: 2 index: 2. (index mismatch)
I20260608 09:59:00.442708 32311 tablet_copy_source_session.cc:215] T c7da788501f84e209ca345be3b276808 P 2f5783ff115440fcb3f4c43cd9c963cc: Tablet Copy: opened 0 blocks and 1 log segments
I20260608 09:59:00.442898 32612 consensus_queue.cc:1048] T f3b72eb44a3740bda590bb7f6bec572c P 120c6d6c22824756beebd029512ecdb9 [LEADER]: Connected to new peer: Peer: permanent_uuid: "c9ee6c593fa74e4a82d7b21807107743" member_type: VOTER last_known_addr { host: "127.28.122.65" port: 40927 }, Status: LMP_MISMATCH, Last received: 0.0, Next index: 2, Last known committed idx: 1, Time since last communication: 0.000s
I20260608 09:59:00.446231 32697 data_dirs.cc:400] Could only allocate 1 dirs of requested 3 for tablet c7da788501f84e209ca345be3b276808. 1 dirs total, 0 dirs full, 0 dirs failed
I20260608 09:59:00.471210 32697 tablet_copy_client.cc:806] T c7da788501f84e209ca345be3b276808 P 120c6d6c22824756beebd029512ecdb9: tablet copy: Starting download of 0 data blocks...
I20260608 09:59:00.471928 32697 tablet_copy_client.cc:670] T c7da788501f84e209ca345be3b276808 P 120c6d6c22824756beebd029512ecdb9: tablet copy: Starting download of 1 WAL segments...
I20260608 09:59:00.472702 32227 raft_consensus.cc:1275] T f3b72eb44a3740bda590bb7f6bec572c P 7e1e352b92be48799dc9a20bfbfb5316 [term 2 FOLLOWER]: Refusing update from remote peer 120c6d6c22824756beebd029512ecdb9: Log matching property violated. Preceding OpId in replica: term: 1 index: 1. Preceding OpId from leader: term: 2 index: 2. (index mismatch)
I20260608 09:59:00.476924 32670 consensus_queue.cc:1048] T f3b72eb44a3740bda590bb7f6bec572c P 120c6d6c22824756beebd029512ecdb9 [LEADER]: Connected to new peer: Peer: permanent_uuid: "7e1e352b92be48799dc9a20bfbfb5316" member_type: VOTER last_known_addr { host: "127.28.122.66" port: 42897 }, Status: LMP_MISMATCH, Last received: 0.0, Next index: 2, Last known committed idx: 1, Time since last communication: 0.000s
I20260608 09:59:00.482260 32697 tablet_copy_client.cc:538] T c7da788501f84e209ca345be3b276808 P 120c6d6c22824756beebd029512ecdb9: tablet copy: Tablet Copy complete. Replacing tablet superblock.
I20260608 09:59:00.486388 32700 ts_tablet_manager.cc:933] T 10afd71aa95845ffa160d730debde6d8 P 7e1e352b92be48799dc9a20bfbfb5316: Initiating tablet copy from peer c9ee6c593fa74e4a82d7b21807107743 (127.28.122.65:40927)
I20260608 09:59:00.499282 32700 tablet_copy_client.cc:323] T 10afd71aa95845ffa160d730debde6d8 P 7e1e352b92be48799dc9a20bfbfb5316: tablet copy: Beginning tablet copy session from remote peer at address 127.28.122.65:40927
I20260608 09:59:00.501135 32162 tablet_copy_service.cc:140] P c9ee6c593fa74e4a82d7b21807107743: Received BeginTabletCopySession request for tablet 10afd71aa95845ffa160d730debde6d8 from peer 7e1e352b92be48799dc9a20bfbfb5316 ({username='slave'} at 127.0.0.1:46844)
I20260608 09:59:00.501708 32162 tablet_copy_service.cc:161] P c9ee6c593fa74e4a82d7b21807107743: Beginning new tablet copy session on tablet 10afd71aa95845ffa160d730debde6d8 from peer 7e1e352b92be48799dc9a20bfbfb5316 at {username='slave'} at 127.0.0.1:46844: session id = 7e1e352b92be48799dc9a20bfbfb5316-10afd71aa95845ffa160d730debde6d8
I20260608 09:59:00.502696 32697 tablet_bootstrap.cc:492] T c7da788501f84e209ca345be3b276808 P 120c6d6c22824756beebd029512ecdb9: Bootstrap starting.
I20260608 09:59:00.510684 32162 tablet_copy_source_session.cc:215] T 10afd71aa95845ffa160d730debde6d8 P c9ee6c593fa74e4a82d7b21807107743: Tablet Copy: opened 0 blocks and 1 log segments
I20260608 09:59:00.513628 32700 data_dirs.cc:400] Could only allocate 1 dirs of requested 3 for tablet 10afd71aa95845ffa160d730debde6d8. 1 dirs total, 0 dirs full, 0 dirs failed
I20260608 09:59:00.520917 32705 ts_tablet_manager.cc:933] T 1db5c5bb12c444a18bad58c86046e74c P 120c6d6c22824756beebd029512ecdb9: Initiating tablet copy from peer 7e1e352b92be48799dc9a20bfbfb5316 (127.28.122.66:42897)
I20260608 09:59:00.524986 32705 tablet_copy_client.cc:323] T 1db5c5bb12c444a18bad58c86046e74c P 120c6d6c22824756beebd029512ecdb9: tablet copy: Beginning tablet copy session from remote peer at address 127.28.122.66:42897
I20260608 09:59:00.526475 32697 tablet_bootstrap.cc:492] T c7da788501f84e209ca345be3b276808 P 120c6d6c22824756beebd029512ecdb9: Bootstrap replayed 1/1 log segments. Stats: ops{read=2 overwritten=0 applied=2 ignored=0} inserts{seen=0 ignored=0} mutations{seen=0 ignored=0} orphaned_commits=0. Pending: 0 replicates
I20260608 09:59:00.526839 32237 tablet_copy_service.cc:140] P 7e1e352b92be48799dc9a20bfbfb5316: Received BeginTabletCopySession request for tablet 1db5c5bb12c444a18bad58c86046e74c from peer 120c6d6c22824756beebd029512ecdb9 ({username='slave'} at 127.0.0.1:44198)
I20260608 09:59:00.527406 32697 tablet_bootstrap.cc:492] T c7da788501f84e209ca345be3b276808 P 120c6d6c22824756beebd029512ecdb9: Bootstrap complete.
I20260608 09:59:00.527401 32237 tablet_copy_service.cc:161] P 7e1e352b92be48799dc9a20bfbfb5316: Beginning new tablet copy session on tablet 1db5c5bb12c444a18bad58c86046e74c from peer 120c6d6c22824756beebd029512ecdb9 at {username='slave'} at 127.0.0.1:44198: session id = 120c6d6c22824756beebd029512ecdb9-1db5c5bb12c444a18bad58c86046e74c
I20260608 09:59:00.528255 32697 ts_tablet_manager.cc:1403] T c7da788501f84e209ca345be3b276808 P 120c6d6c22824756beebd029512ecdb9: Time spent bootstrapping tablet: real 0.026s	user 0.018s	sys 0.004s
I20260608 09:59:00.531213 32697 raft_consensus.cc:359] T c7da788501f84e209ca345be3b276808 P 120c6d6c22824756beebd029512ecdb9 [term 1 LEARNER]: Replica starting. Triggering 0 pending ops. Active config: opid_index: 2 OBSOLETE_local: false peers { permanent_uuid: "c9ee6c593fa74e4a82d7b21807107743" member_type: VOTER last_known_addr { host: "127.28.122.65" port: 40927 } } peers { permanent_uuid: "7e1e352b92be48799dc9a20bfbfb5316" member_type: VOTER last_known_addr { host: "127.28.122.66" port: 42897 } attrs { replace: true } } peers { permanent_uuid: "2f5783ff115440fcb3f4c43cd9c963cc" member_type: VOTER last_known_addr { host: "127.28.122.67" port: 39301 } } peers { permanent_uuid: "120c6d6c22824756beebd029512ecdb9" member_type: NON_VOTER last_known_addr { host: "127.28.122.68" port: 43031 } attrs { promote: true } }
I20260608 09:59:00.532025 32697 raft_consensus.cc:740] T c7da788501f84e209ca345be3b276808 P 120c6d6c22824756beebd029512ecdb9 [term 1 LEARNER]: Becoming Follower/Learner. State: Replica: 120c6d6c22824756beebd029512ecdb9, State: Initialized, Role: LEARNER
I20260608 09:59:00.532671 32700 tablet_copy_client.cc:806] T 10afd71aa95845ffa160d730debde6d8 P 7e1e352b92be48799dc9a20bfbfb5316: tablet copy: Starting download of 0 data blocks...
I20260608 09:59:00.533286 32700 tablet_copy_client.cc:670] T 10afd71aa95845ffa160d730debde6d8 P 7e1e352b92be48799dc9a20bfbfb5316: tablet copy: Starting download of 1 WAL segments...
I20260608 09:59:00.532678 32697 consensus_queue.cc:260] T c7da788501f84e209ca345be3b276808 P 120c6d6c22824756beebd029512ecdb9 [NON_LEADER]: Queue going to NON_LEADER mode. State: All replicated index: 0, Majority replicated index: 0, Committed index: 2, Last appended: 1.2, Last appended by leader: 2, Current term: 0, Majority size: -1, State: 0, Mode: NON_LEADER, active raft config: opid_index: 2 OBSOLETE_local: false peers { permanent_uuid: "c9ee6c593fa74e4a82d7b21807107743" member_type: VOTER last_known_addr { host: "127.28.122.65" port: 40927 } } peers { permanent_uuid: "7e1e352b92be48799dc9a20bfbfb5316" member_type: VOTER last_known_addr { host: "127.28.122.66" port: 42897 } attrs { replace: true } } peers { permanent_uuid: "2f5783ff115440fcb3f4c43cd9c963cc" member_type: VOTER last_known_addr { host: "127.28.122.67" port: 39301 } } peers { permanent_uuid: "120c6d6c22824756beebd029512ecdb9" member_type: NON_VOTER last_known_addr { host: "127.28.122.68" port: 43031 } attrs { promote: true } }
I20260608 09:59:00.535563 32237 tablet_copy_source_session.cc:215] T 1db5c5bb12c444a18bad58c86046e74c P 7e1e352b92be48799dc9a20bfbfb5316: Tablet Copy: opened 0 blocks and 1 log segments
I20260608 09:59:00.539445 32697 ts_tablet_manager.cc:1434] T c7da788501f84e209ca345be3b276808 P 120c6d6c22824756beebd029512ecdb9: Time spent starting tablet: real 0.011s	user 0.007s	sys 0.000s
I20260608 09:59:00.541261 32311 tablet_copy_service.cc:342] P 2f5783ff115440fcb3f4c43cd9c963cc: Request end of tablet copy session 120c6d6c22824756beebd029512ecdb9-c7da788501f84e209ca345be3b276808 received from {username='slave'} at 127.0.0.1:37912
I20260608 09:59:00.541447 32700 tablet_copy_client.cc:538] T 10afd71aa95845ffa160d730debde6d8 P 7e1e352b92be48799dc9a20bfbfb5316: tablet copy: Tablet Copy complete. Replacing tablet superblock.
I20260608 09:59:00.542238 32311 tablet_copy_service.cc:434] P 2f5783ff115440fcb3f4c43cd9c963cc: ending tablet copy session 120c6d6c22824756beebd029512ecdb9-c7da788501f84e209ca345be3b276808 on tablet c7da788501f84e209ca345be3b276808 with peer 120c6d6c22824756beebd029512ecdb9
I20260608 09:59:00.546635 32705 data_dirs.cc:400] Could only allocate 1 dirs of requested 3 for tablet 1db5c5bb12c444a18bad58c86046e74c. 1 dirs total, 0 dirs full, 0 dirs failed
I20260608 09:59:00.554091 32700 tablet_bootstrap.cc:492] T 10afd71aa95845ffa160d730debde6d8 P 7e1e352b92be48799dc9a20bfbfb5316: Bootstrap starting.
I20260608 09:59:00.558494 32705 tablet_copy_client.cc:806] T 1db5c5bb12c444a18bad58c86046e74c P 120c6d6c22824756beebd029512ecdb9: tablet copy: Starting download of 0 data blocks...
I20260608 09:59:00.559679 32705 tablet_copy_client.cc:670] T 1db5c5bb12c444a18bad58c86046e74c P 120c6d6c22824756beebd029512ecdb9: tablet copy: Starting download of 1 WAL segments...
I20260608 09:59:00.563114 32705 tablet_copy_client.cc:538] T 1db5c5bb12c444a18bad58c86046e74c P 120c6d6c22824756beebd029512ecdb9: tablet copy: Tablet Copy complete. Replacing tablet superblock.
I20260608 09:59:00.569265 32705 tablet_bootstrap.cc:492] T 1db5c5bb12c444a18bad58c86046e74c P 120c6d6c22824756beebd029512ecdb9: Bootstrap starting.
I20260608 09:59:00.576293 32700 tablet_bootstrap.cc:492] T 10afd71aa95845ffa160d730debde6d8 P 7e1e352b92be48799dc9a20bfbfb5316: Bootstrap replayed 1/1 log segments. Stats: ops{read=2 overwritten=0 applied=2 ignored=0} inserts{seen=0 ignored=0} mutations{seen=0 ignored=0} orphaned_commits=0. Pending: 0 replicates
I20260608 09:59:00.577216 32700 tablet_bootstrap.cc:492] T 10afd71aa95845ffa160d730debde6d8 P 7e1e352b92be48799dc9a20bfbfb5316: Bootstrap complete.
I20260608 09:59:00.577885 32700 ts_tablet_manager.cc:1403] T 10afd71aa95845ffa160d730debde6d8 P 7e1e352b92be48799dc9a20bfbfb5316: Time spent bootstrapping tablet: real 0.024s	user 0.018s	sys 0.005s
I20260608 09:59:00.581017 32700 raft_consensus.cc:359] T 10afd71aa95845ffa160d730debde6d8 P 7e1e352b92be48799dc9a20bfbfb5316 [term 1 LEARNER]: Replica starting. Triggering 0 pending ops. Active config: opid_index: 2 OBSOLETE_local: false peers { permanent_uuid: "120c6d6c22824756beebd029512ecdb9" member_type: VOTER last_known_addr { host: "127.28.122.68" port: 43031 } attrs { replace: true } } peers { permanent_uuid: "2f5783ff115440fcb3f4c43cd9c963cc" member_type: VOTER last_known_addr { host: "127.28.122.67" port: 39301 } } peers { permanent_uuid: "c9ee6c593fa74e4a82d7b21807107743" member_type: VOTER last_known_addr { host: "127.28.122.65" port: 40927 } } peers { permanent_uuid: "7e1e352b92be48799dc9a20bfbfb5316" member_type: NON_VOTER last_known_addr { host: "127.28.122.66" port: 42897 } attrs { promote: true } }
I20260608 09:59:00.581864 32700 raft_consensus.cc:740] T 10afd71aa95845ffa160d730debde6d8 P 7e1e352b92be48799dc9a20bfbfb5316 [term 1 LEARNER]: Becoming Follower/Learner. State: Replica: 7e1e352b92be48799dc9a20bfbfb5316, State: Initialized, Role: LEARNER
