I20260608 09:57:39.210678  2616 consensus_queue.cc:260] T b2afaca8ed0947c5a039d97b7b498526 P e8067f2323204994a33777d92771e969 [NON_LEADER]: Queue going to NON_LEADER mode. State: All replicated index: 0, Majority replicated index: 0, Committed index: 0, Last appended: 0.0, Last appended by leader: 0, Current term: 0, Majority size: -1, State: 0, Mode: NON_LEADER, active raft config: opid_index: -1 OBSOLETE_local: false peers { permanent_uuid: "035572675336472086b242ceed6a2c34" member_type: VOTER last_known_addr { host: "127.1.180.129" port: 41213 } } peers { permanent_uuid: "5f1a721f29eb49c19495765c101205de" member_type: VOTER last_known_addr { host: "127.1.180.130" port: 33445 } } peers { permanent_uuid: "e8067f2323204994a33777d92771e969" member_type: VOTER last_known_addr { host: "127.1.180.131" port: 41053 } }
I20260608 09:57:39.211680  2619 tablet_bootstrap.cc:654] T 0eee6394ba34488ea29830465417bf59 P 035572675336472086b242ceed6a2c34: Neither blocks nor log segments found. Creating new log.
I20260608 09:57:39.213966  2616 ts_tablet_manager.cc:1434] T b2afaca8ed0947c5a039d97b7b498526 P e8067f2323204994a33777d92771e969: Time spent starting tablet: real 0.009s	user 0.010s	sys 0.001s
I20260608 09:57:39.212723  2614 raft_consensus.cc:359] T e25a18d66507477cb53b67ca794fb9cd P 5f1a721f29eb49c19495765c101205de [term 0 FOLLOWER]: Replica starting. Triggering 0 pending ops. Active config: opid_index: -1 OBSOLETE_local: false peers { permanent_uuid: "035572675336472086b242ceed6a2c34" member_type: VOTER last_known_addr { host: "127.1.180.129" port: 41213 } } peers { permanent_uuid: "5f1a721f29eb49c19495765c101205de" member_type: VOTER last_known_addr { host: "127.1.180.130" port: 33445 } } peers { permanent_uuid: "e8067f2323204994a33777d92771e969" member_type: VOTER last_known_addr { host: "127.1.180.131" port: 41053 } }
I20260608 09:57:39.215385  2616 tablet_bootstrap.cc:492] T 3f5a9b12a6e34cee99357734d28bcb3b P e8067f2323204994a33777d92771e969: Bootstrap starting.
I20260608 09:57:39.215621  2614 raft_consensus.cc:385] T e25a18d66507477cb53b67ca794fb9cd P 5f1a721f29eb49c19495765c101205de [term 0 FOLLOWER]: Consensus starting up: Expiring failure detector timer to make a prompt election more likely
I20260608 09:57:39.215952  2614 raft_consensus.cc:740] T e25a18d66507477cb53b67ca794fb9cd P 5f1a721f29eb49c19495765c101205de [term 0 FOLLOWER]: Becoming Follower/Learner. State: Replica: 5f1a721f29eb49c19495765c101205de, State: Initialized, Role: FOLLOWER
I20260608 09:57:39.216836  2614 consensus_queue.cc:260] T e25a18d66507477cb53b67ca794fb9cd P 5f1a721f29eb49c19495765c101205de [NON_LEADER]: Queue going to NON_LEADER mode. State: All replicated index: 0, Majority replicated index: 0, Committed index: 0, Last appended: 0.0, Last appended by leader: 0, Current term: 0, Majority size: -1, State: 0, Mode: NON_LEADER, active raft config: opid_index: -1 OBSOLETE_local: false peers { permanent_uuid: "035572675336472086b242ceed6a2c34" member_type: VOTER last_known_addr { host: "127.1.180.129" port: 41213 } } peers { permanent_uuid: "5f1a721f29eb49c19495765c101205de" member_type: VOTER last_known_addr { host: "127.1.180.130" port: 33445 } } peers { permanent_uuid: "e8067f2323204994a33777d92771e969" member_type: VOTER last_known_addr { host: "127.1.180.131" port: 41053 } }
I20260608 09:57:39.219259  2614 ts_tablet_manager.cc:1434] T e25a18d66507477cb53b67ca794fb9cd P 5f1a721f29eb49c19495765c101205de: Time spent starting tablet: real 0.010s	user 0.006s	sys 0.000s
I20260608 09:57:39.220450  2614 tablet_bootstrap.cc:492] T 0eee6394ba34488ea29830465417bf59 P 5f1a721f29eb49c19495765c101205de: Bootstrap starting.
I20260608 09:57:39.222658  2616 tablet_bootstrap.cc:654] T 3f5a9b12a6e34cee99357734d28bcb3b P e8067f2323204994a33777d92771e969: Neither blocks nor log segments found. Creating new log.
I20260608 09:57:39.223582  2619 tablet_bootstrap.cc:492] T 0eee6394ba34488ea29830465417bf59 P 035572675336472086b242ceed6a2c34: No bootstrap required, opened a new log
I20260608 09:57:39.224242  2619 ts_tablet_manager.cc:1403] T 0eee6394ba34488ea29830465417bf59 P 035572675336472086b242ceed6a2c34: Time spent bootstrapping tablet: real 0.024s	user 0.007s	sys 0.004s
I20260608 09:57:39.227946  2619 raft_consensus.cc:359] T 0eee6394ba34488ea29830465417bf59 P 035572675336472086b242ceed6a2c34 [term 0 FOLLOWER]: Replica starting. Triggering 0 pending ops. Active config: opid_index: -1 OBSOLETE_local: false peers { permanent_uuid: "035572675336472086b242ceed6a2c34" member_type: VOTER last_known_addr { host: "127.1.180.129" port: 41213 } } peers { permanent_uuid: "5f1a721f29eb49c19495765c101205de" member_type: VOTER last_known_addr { host: "127.1.180.130" port: 33445 } } peers { permanent_uuid: "e8067f2323204994a33777d92771e969" member_type: VOTER last_known_addr { host: "127.1.180.131" port: 41053 } }
I20260608 09:57:39.228775  2619 raft_consensus.cc:385] T 0eee6394ba34488ea29830465417bf59 P 035572675336472086b242ceed6a2c34 [term 0 FOLLOWER]: Consensus starting up: Expiring failure detector timer to make a prompt election more likely
I20260608 09:57:39.229094  2619 raft_consensus.cc:740] T 0eee6394ba34488ea29830465417bf59 P 035572675336472086b242ceed6a2c34 [term 0 FOLLOWER]: Becoming Follower/Learner. State: Replica: 035572675336472086b242ceed6a2c34, State: Initialized, Role: FOLLOWER
I20260608 09:57:39.231079  2619 consensus_queue.cc:260] T 0eee6394ba34488ea29830465417bf59 P 035572675336472086b242ceed6a2c34 [NON_LEADER]: Queue going to NON_LEADER mode. State: All replicated index: 0, Majority replicated index: 0, Committed index: 0, Last appended: 0.0, Last appended by leader: 0, Current term: 0, Majority size: -1, State: 0, Mode: NON_LEADER, active raft config: opid_index: -1 OBSOLETE_local: false peers { permanent_uuid: "035572675336472086b242ceed6a2c34" member_type: VOTER last_known_addr { host: "127.1.180.129" port: 41213 } } peers { permanent_uuid: "5f1a721f29eb49c19495765c101205de" member_type: VOTER last_known_addr { host: "127.1.180.130" port: 33445 } } peers { permanent_uuid: "e8067f2323204994a33777d92771e969" member_type: VOTER last_known_addr { host: "127.1.180.131" port: 41053 } }
I20260608 09:57:39.233175  2614 tablet_bootstrap.cc:654] T 0eee6394ba34488ea29830465417bf59 P 5f1a721f29eb49c19495765c101205de: Neither blocks nor log segments found. Creating new log.
I20260608 09:57:39.236877  2616 tablet_bootstrap.cc:492] T 3f5a9b12a6e34cee99357734d28bcb3b P e8067f2323204994a33777d92771e969: No bootstrap required, opened a new log
I20260608 09:57:39.237615  2616 ts_tablet_manager.cc:1403] T 3f5a9b12a6e34cee99357734d28bcb3b P e8067f2323204994a33777d92771e969: Time spent bootstrapping tablet: real 0.023s	user 0.014s	sys 0.004s
I20260608 09:57:39.239784  2619 ts_tablet_manager.cc:1434] T 0eee6394ba34488ea29830465417bf59 P 035572675336472086b242ceed6a2c34: Time spent starting tablet: real 0.015s	user 0.012s	sys 0.001s
I20260608 09:57:39.241016  2616 raft_consensus.cc:359] T 3f5a9b12a6e34cee99357734d28bcb3b P e8067f2323204994a33777d92771e969 [term 0 FOLLOWER]: Replica starting. Triggering 0 pending ops. Active config: opid_index: -1 OBSOLETE_local: false peers { permanent_uuid: "035572675336472086b242ceed6a2c34" member_type: VOTER last_known_addr { host: "127.1.180.129" port: 41213 } } peers { permanent_uuid: "5f1a721f29eb49c19495765c101205de" member_type: VOTER last_known_addr { host: "127.1.180.130" port: 33445 } } peers { permanent_uuid: "e8067f2323204994a33777d92771e969" member_type: VOTER last_known_addr { host: "127.1.180.131" port: 41053 } }
I20260608 09:57:39.241847  2616 raft_consensus.cc:385] T 3f5a9b12a6e34cee99357734d28bcb3b P e8067f2323204994a33777d92771e969 [term 0 FOLLOWER]: Consensus starting up: Expiring failure detector timer to make a prompt election more likely
I20260608 09:57:39.242166  2616 raft_consensus.cc:740] T 3f5a9b12a6e34cee99357734d28bcb3b P e8067f2323204994a33777d92771e969 [term 0 FOLLOWER]: Becoming Follower/Learner. State: Replica: e8067f2323204994a33777d92771e969, State: Initialized, Role: FOLLOWER
I20260608 09:57:39.243203  2616 consensus_queue.cc:260] T 3f5a9b12a6e34cee99357734d28bcb3b P e8067f2323204994a33777d92771e969 [NON_LEADER]: Queue going to NON_LEADER mode. State: All replicated index: 0, Majority replicated index: 0, Committed index: 0, Last appended: 0.0, Last appended by leader: 0, Current term: 0, Majority size: -1, State: 0, Mode: NON_LEADER, active raft config: opid_index: -1 OBSOLETE_local: false peers { permanent_uuid: "035572675336472086b242ceed6a2c34" member_type: VOTER last_known_addr { host: "127.1.180.129" port: 41213 } } peers { permanent_uuid: "5f1a721f29eb49c19495765c101205de" member_type: VOTER last_known_addr { host: "127.1.180.130" port: 33445 } } peers { permanent_uuid: "e8067f2323204994a33777d92771e969" member_type: VOTER last_known_addr { host: "127.1.180.131" port: 41053 } }
I20260608 09:57:39.246371  2616 ts_tablet_manager.cc:1434] T 3f5a9b12a6e34cee99357734d28bcb3b P e8067f2323204994a33777d92771e969: Time spent starting tablet: real 0.008s	user 0.006s	sys 0.001s
I20260608 09:57:39.246496  2614 tablet_bootstrap.cc:492] T 0eee6394ba34488ea29830465417bf59 P 5f1a721f29eb49c19495765c101205de: No bootstrap required, opened a new log
I20260608 09:57:39.247217  2614 ts_tablet_manager.cc:1403] T 0eee6394ba34488ea29830465417bf59 P 5f1a721f29eb49c19495765c101205de: Time spent bootstrapping tablet: real 0.027s	user 0.016s	sys 0.004s
I20260608 09:57:39.247506  2616 tablet_bootstrap.cc:492] T 41c3b0ef799548358c76d13a38e4a892 P e8067f2323204994a33777d92771e969: Bootstrap starting.
I20260608 09:57:39.248281  2619 tablet_bootstrap.cc:492] T e37f4e147c334ed9966f86469dea7445 P 035572675336472086b242ceed6a2c34: Bootstrap starting.
I20260608 09:57:39.251021  2614 raft_consensus.cc:359] T 0eee6394ba34488ea29830465417bf59 P 5f1a721f29eb49c19495765c101205de [term 0 FOLLOWER]: Replica starting. Triggering 0 pending ops. Active config: opid_index: -1 OBSOLETE_local: false peers { permanent_uuid: "035572675336472086b242ceed6a2c34" member_type: VOTER last_known_addr { host: "127.1.180.129" port: 41213 } } peers { permanent_uuid: "5f1a721f29eb49c19495765c101205de" member_type: VOTER last_known_addr { host: "127.1.180.130" port: 33445 } } peers { permanent_uuid: "e8067f2323204994a33777d92771e969" member_type: VOTER last_known_addr { host: "127.1.180.131" port: 41053 } }
I20260608 09:57:39.252005  2614 raft_consensus.cc:385] T 0eee6394ba34488ea29830465417bf59 P 5f1a721f29eb49c19495765c101205de [term 0 FOLLOWER]: Consensus starting up: Expiring failure detector timer to make a prompt election more likely
I20260608 09:57:39.252406  2614 raft_consensus.cc:740] T 0eee6394ba34488ea29830465417bf59 P 5f1a721f29eb49c19495765c101205de [term 0 FOLLOWER]: Becoming Follower/Learner. State: Replica: 5f1a721f29eb49c19495765c101205de, State: Initialized, Role: FOLLOWER
I20260608 09:57:39.253371  2614 consensus_queue.cc:260] T 0eee6394ba34488ea29830465417bf59 P 5f1a721f29eb49c19495765c101205de [NON_LEADER]: Queue going to NON_LEADER mode. State: All replicated index: 0, Majority replicated index: 0, Committed index: 0, Last appended: 0.0, Last appended by leader: 0, Current term: 0, Majority size: -1, State: 0, Mode: NON_LEADER, active raft config: opid_index: -1 OBSOLETE_local: false peers { permanent_uuid: "035572675336472086b242ceed6a2c34" member_type: VOTER last_known_addr { host: "127.1.180.129" port: 41213 } } peers { permanent_uuid: "5f1a721f29eb49c19495765c101205de" member_type: VOTER last_known_addr { host: "127.1.180.130" port: 33445 } } peers { permanent_uuid: "e8067f2323204994a33777d92771e969" member_type: VOTER last_known_addr { host: "127.1.180.131" port: 41053 } }
I20260608 09:57:39.254966  2619 tablet_bootstrap.cc:654] T e37f4e147c334ed9966f86469dea7445 P 035572675336472086b242ceed6a2c34: Neither blocks nor log segments found. Creating new log.
I20260608 09:57:39.254966  2616 tablet_bootstrap.cc:654] T 41c3b0ef799548358c76d13a38e4a892 P e8067f2323204994a33777d92771e969: Neither blocks nor log segments found. Creating new log.
I20260608 09:57:39.259552  2614 ts_tablet_manager.cc:1434] T 0eee6394ba34488ea29830465417bf59 P 5f1a721f29eb49c19495765c101205de: Time spent starting tablet: real 0.012s	user 0.007s	sys 0.000s
I20260608 09:57:39.260921  2614 tablet_bootstrap.cc:492] T e37f4e147c334ed9966f86469dea7445 P 5f1a721f29eb49c19495765c101205de: Bootstrap starting.
I20260608 09:57:39.268411  2616 tablet_bootstrap.cc:492] T 41c3b0ef799548358c76d13a38e4a892 P e8067f2323204994a33777d92771e969: No bootstrap required, opened a new log
I20260608 09:57:39.268715  2619 tablet_bootstrap.cc:492] T e37f4e147c334ed9966f86469dea7445 P 035572675336472086b242ceed6a2c34: No bootstrap required, opened a new log
I20260608 09:57:39.269129  2616 ts_tablet_manager.cc:1403] T 41c3b0ef799548358c76d13a38e4a892 P e8067f2323204994a33777d92771e969: Time spent bootstrapping tablet: real 0.022s	user 0.009s	sys 0.007s
I20260608 09:57:39.269222  2619 ts_tablet_manager.cc:1403] T e37f4e147c334ed9966f86469dea7445 P 035572675336472086b242ceed6a2c34: Time spent bootstrapping tablet: real 0.021s	user 0.012s	sys 0.004s
I20260608 09:57:39.272936  2619 raft_consensus.cc:359] T e37f4e147c334ed9966f86469dea7445 P 035572675336472086b242ceed6a2c34 [term 0 FOLLOWER]: Replica starting. Triggering 0 pending ops. Active config: opid_index: -1 OBSOLETE_local: false peers { permanent_uuid: "035572675336472086b242ceed6a2c34" member_type: VOTER last_known_addr { host: "127.1.180.129" port: 41213 } } peers { permanent_uuid: "5f1a721f29eb49c19495765c101205de" member_type: VOTER last_known_addr { host: "127.1.180.130" port: 33445 } } peers { permanent_uuid: "e8067f2323204994a33777d92771e969" member_type: VOTER last_known_addr { host: "127.1.180.131" port: 41053 } }
I20260608 09:57:39.272936  2616 raft_consensus.cc:359] T 41c3b0ef799548358c76d13a38e4a892 P e8067f2323204994a33777d92771e969 [term 0 FOLLOWER]: Replica starting. Triggering 0 pending ops. Active config: opid_index: -1 OBSOLETE_local: false peers { permanent_uuid: "5f1a721f29eb49c19495765c101205de" member_type: VOTER last_known_addr { host: "127.1.180.130" port: 33445 } } peers { permanent_uuid: "e8067f2323204994a33777d92771e969" member_type: VOTER last_known_addr { host: "127.1.180.131" port: 41053 } } peers { permanent_uuid: "035572675336472086b242ceed6a2c34" member_type: VOTER last_known_addr { host: "127.1.180.129" port: 41213 } }
I20260608 09:57:39.274008  2619 raft_consensus.cc:385] T e37f4e147c334ed9966f86469dea7445 P 035572675336472086b242ceed6a2c34 [term 0 FOLLOWER]: Consensus starting up: Expiring failure detector timer to make a prompt election more likely
I20260608 09:57:39.274120  2616 raft_consensus.cc:385] T 41c3b0ef799548358c76d13a38e4a892 P e8067f2323204994a33777d92771e969 [term 0 FOLLOWER]: Consensus starting up: Expiring failure detector timer to make a prompt election more likely
I20260608 09:57:39.274415  2619 raft_consensus.cc:740] T e37f4e147c334ed9966f86469dea7445 P 035572675336472086b242ceed6a2c34 [term 0 FOLLOWER]: Becoming Follower/Learner. State: Replica: 035572675336472086b242ceed6a2c34, State: Initialized, Role: FOLLOWER
I20260608 09:57:39.274638  2616 raft_consensus.cc:740] T 41c3b0ef799548358c76d13a38e4a892 P e8067f2323204994a33777d92771e969 [term 0 FOLLOWER]: Becoming Follower/Learner. State: Replica: e8067f2323204994a33777d92771e969, State: Initialized, Role: FOLLOWER
I20260608 09:57:39.275599  2614 tablet_bootstrap.cc:654] T e37f4e147c334ed9966f86469dea7445 P 5f1a721f29eb49c19495765c101205de: Neither blocks nor log segments found. Creating new log.
I20260608 09:57:39.275610  2619 consensus_queue.cc:260] T e37f4e147c334ed9966f86469dea7445 P 035572675336472086b242ceed6a2c34 [NON_LEADER]: Queue going to NON_LEADER mode. State: All replicated index: 0, Majority replicated index: 0, Committed index: 0, Last appended: 0.0, Last appended by leader: 0, Current term: 0, Majority size: -1, State: 0, Mode: NON_LEADER, active raft config: opid_index: -1 OBSOLETE_local: false peers { permanent_uuid: "035572675336472086b242ceed6a2c34" member_type: VOTER last_known_addr { host: "127.1.180.129" port: 41213 } } peers { permanent_uuid: "5f1a721f29eb49c19495765c101205de" member_type: VOTER last_known_addr { host: "127.1.180.130" port: 33445 } } peers { permanent_uuid: "e8067f2323204994a33777d92771e969" member_type: VOTER last_known_addr { host: "127.1.180.131" port: 41053 } }
I20260608 09:57:39.275754  2616 consensus_queue.cc:260] T 41c3b0ef799548358c76d13a38e4a892 P e8067f2323204994a33777d92771e969 [NON_LEADER]: Queue going to NON_LEADER mode. State: All replicated index: 0, Majority replicated index: 0, Committed index: 0, Last appended: 0.0, Last appended by leader: 0, Current term: 0, Majority size: -1, State: 0, Mode: NON_LEADER, active raft config: opid_index: -1 OBSOLETE_local: false peers { permanent_uuid: "5f1a721f29eb49c19495765c101205de" member_type: VOTER last_known_addr { host: "127.1.180.130" port: 33445 } } peers { permanent_uuid: "e8067f2323204994a33777d92771e969" member_type: VOTER last_known_addr { host: "127.1.180.131" port: 41053 } } peers { permanent_uuid: "035572675336472086b242ceed6a2c34" member_type: VOTER last_known_addr { host: "127.1.180.129" port: 41213 } }
I20260608 09:57:39.278369  2619 ts_tablet_manager.cc:1434] T e37f4e147c334ed9966f86469dea7445 P 035572675336472086b242ceed6a2c34: Time spent starting tablet: real 0.009s	user 0.010s	sys 0.000s
I20260608 09:57:39.279455  2616 ts_tablet_manager.cc:1434] T 41c3b0ef799548358c76d13a38e4a892 P e8067f2323204994a33777d92771e969: Time spent starting tablet: real 0.010s	user 0.010s	sys 0.001s
I20260608 09:57:39.279599  2619 tablet_bootstrap.cc:492] T 3f5a9b12a6e34cee99357734d28bcb3b P 035572675336472086b242ceed6a2c34: Bootstrap starting.
I20260608 09:57:39.280676  2616 tablet_bootstrap.cc:492] T 6c42f8688d68418382fe925413a5ce2c P e8067f2323204994a33777d92771e969: Bootstrap starting.
I20260608 09:57:39.286898  2619 tablet_bootstrap.cc:654] T 3f5a9b12a6e34cee99357734d28bcb3b P 035572675336472086b242ceed6a2c34: Neither blocks nor log segments found. Creating new log.
I20260608 09:57:39.288374  2616 tablet_bootstrap.cc:654] T 6c42f8688d68418382fe925413a5ce2c P e8067f2323204994a33777d92771e969: Neither blocks nor log segments found. Creating new log.
I20260608 09:57:39.289470  2614 tablet_bootstrap.cc:492] T e37f4e147c334ed9966f86469dea7445 P 5f1a721f29eb49c19495765c101205de: No bootstrap required, opened a new log
I20260608 09:57:39.290150  2614 ts_tablet_manager.cc:1403] T e37f4e147c334ed9966f86469dea7445 P 5f1a721f29eb49c19495765c101205de: Time spent bootstrapping tablet: real 0.029s	user 0.021s	sys 0.000s
I20260608 09:57:39.293510  2614 raft_consensus.cc:359] T e37f4e147c334ed9966f86469dea7445 P 5f1a721f29eb49c19495765c101205de [term 0 FOLLOWER]: Replica starting. Triggering 0 pending ops. Active config: opid_index: -1 OBSOLETE_local: false peers { permanent_uuid: "035572675336472086b242ceed6a2c34" member_type: VOTER last_known_addr { host: "127.1.180.129" port: 41213 } } peers { permanent_uuid: "5f1a721f29eb49c19495765c101205de" member_type: VOTER last_known_addr { host: "127.1.180.130" port: 33445 } } peers { permanent_uuid: "e8067f2323204994a33777d92771e969" member_type: VOTER last_known_addr { host: "127.1.180.131" port: 41053 } }
I20260608 09:57:39.294550  2614 raft_consensus.cc:385] T e37f4e147c334ed9966f86469dea7445 P 5f1a721f29eb49c19495765c101205de [term 0 FOLLOWER]: Consensus starting up: Expiring failure detector timer to make a prompt election more likely
I20260608 09:57:39.294939  2614 raft_consensus.cc:740] T e37f4e147c334ed9966f86469dea7445 P 5f1a721f29eb49c19495765c101205de [term 0 FOLLOWER]: Becoming Follower/Learner. State: Replica: 5f1a721f29eb49c19495765c101205de, State: Initialized, Role: FOLLOWER
I20260608 09:57:39.295984  2614 consensus_queue.cc:260] T e37f4e147c334ed9966f86469dea7445 P 5f1a721f29eb49c19495765c101205de [NON_LEADER]: Queue going to NON_LEADER mode. State: All replicated index: 0, Majority replicated index: 0, Committed index: 0, Last appended: 0.0, Last appended by leader: 0, Current term: 0, Majority size: -1, State: 0, Mode: NON_LEADER, active raft config: opid_index: -1 OBSOLETE_local: false peers { permanent_uuid: "035572675336472086b242ceed6a2c34" member_type: VOTER last_known_addr { host: "127.1.180.129" port: 41213 } } peers { permanent_uuid: "5f1a721f29eb49c19495765c101205de" member_type: VOTER last_known_addr { host: "127.1.180.130" port: 33445 } } peers { permanent_uuid: "e8067f2323204994a33777d92771e969" member_type: VOTER last_known_addr { host: "127.1.180.131" port: 41053 } }
I20260608 09:57:39.301904  2614 ts_tablet_manager.cc:1434] T e37f4e147c334ed9966f86469dea7445 P 5f1a721f29eb49c19495765c101205de: Time spent starting tablet: real 0.011s	user 0.008s	sys 0.000s
I20260608 09:57:39.303170  2614 tablet_bootstrap.cc:492] T 5d7d2d15ac6743de8efaf3e23e4883f4 P 5f1a721f29eb49c19495765c101205de: Bootstrap starting.
I20260608 09:57:39.309257  2619 tablet_bootstrap.cc:492] T 3f5a9b12a6e34cee99357734d28bcb3b P 035572675336472086b242ceed6a2c34: No bootstrap required, opened a new log
I20260608 09:57:39.309974  2619 ts_tablet_manager.cc:1403] T 3f5a9b12a6e34cee99357734d28bcb3b P 035572675336472086b242ceed6a2c34: Time spent bootstrapping tablet: real 0.031s	user 0.005s	sys 0.024s
I20260608 09:57:39.310603  2616 tablet_bootstrap.cc:492] T 6c42f8688d68418382fe925413a5ce2c P e8067f2323204994a33777d92771e969: No bootstrap required, opened a new log
I20260608 09:57:39.311221  2616 ts_tablet_manager.cc:1403] T 6c42f8688d68418382fe925413a5ce2c P e8067f2323204994a33777d92771e969: Time spent bootstrapping tablet: real 0.031s	user 0.015s	sys 0.013s
I20260608 09:57:39.313452  2614 tablet_bootstrap.cc:654] T 5d7d2d15ac6743de8efaf3e23e4883f4 P 5f1a721f29eb49c19495765c101205de: Neither blocks nor log segments found. Creating new log.
I20260608 09:57:39.313257  2619 raft_consensus.cc:359] T 3f5a9b12a6e34cee99357734d28bcb3b P 035572675336472086b242ceed6a2c34 [term 0 FOLLOWER]: Replica starting. Triggering 0 pending ops. Active config: opid_index: -1 OBSOLETE_local: false peers { permanent_uuid: "035572675336472086b242ceed6a2c34" member_type: VOTER last_known_addr { host: "127.1.180.129" port: 41213 } } peers { permanent_uuid: "5f1a721f29eb49c19495765c101205de" member_type: VOTER last_known_addr { host: "127.1.180.130" port: 33445 } } peers { permanent_uuid: "e8067f2323204994a33777d92771e969" member_type: VOTER last_known_addr { host: "127.1.180.131" port: 41053 } }
I20260608 09:57:39.314178  2619 raft_consensus.cc:385] T 3f5a9b12a6e34cee99357734d28bcb3b P 035572675336472086b242ceed6a2c34 [term 0 FOLLOWER]: Consensus starting up: Expiring failure detector timer to make a prompt election more likely
I20260608 09:57:39.314603  2619 raft_consensus.cc:740] T 3f5a9b12a6e34cee99357734d28bcb3b P 035572675336472086b242ceed6a2c34 [term 0 FOLLOWER]: Becoming Follower/Learner. State: Replica: 035572675336472086b242ceed6a2c34, State: Initialized, Role: FOLLOWER
I20260608 09:57:39.314370  2616 raft_consensus.cc:359] T 6c42f8688d68418382fe925413a5ce2c P e8067f2323204994a33777d92771e969 [term 0 FOLLOWER]: Replica starting. Triggering 0 pending ops. Active config: opid_index: -1 OBSOLETE_local: false peers { permanent_uuid: "035572675336472086b242ceed6a2c34" member_type: VOTER last_known_addr { host: "127.1.180.129" port: 41213 } } peers { permanent_uuid: "5f1a721f29eb49c19495765c101205de" member_type: VOTER last_known_addr { host: "127.1.180.130" port: 33445 } } peers { permanent_uuid: "e8067f2323204994a33777d92771e969" member_type: VOTER last_known_addr { host: "127.1.180.131" port: 41053 } }
I20260608 09:57:39.315523  2616 raft_consensus.cc:385] T 6c42f8688d68418382fe925413a5ce2c P e8067f2323204994a33777d92771e969 [term 0 FOLLOWER]: Consensus starting up: Expiring failure detector timer to make a prompt election more likely
I20260608 09:57:39.316094  2616 raft_consensus.cc:740] T 6c42f8688d68418382fe925413a5ce2c P e8067f2323204994a33777d92771e969 [term 0 FOLLOWER]: Becoming Follower/Learner. State: Replica: e8067f2323204994a33777d92771e969, State: Initialized, Role: FOLLOWER
I20260608 09:57:39.315552  2619 consensus_queue.cc:260] T 3f5a9b12a6e34cee99357734d28bcb3b P 035572675336472086b242ceed6a2c34 [NON_LEADER]: Queue going to NON_LEADER mode. State: All replicated index: 0, Majority replicated index: 0, Committed index: 0, Last appended: 0.0, Last appended by leader: 0, Current term: 0, Majority size: -1, State: 0, Mode: NON_LEADER, active raft config: opid_index: -1 OBSOLETE_local: false peers { permanent_uuid: "035572675336472086b242ceed6a2c34" member_type: VOTER last_known_addr { host: "127.1.180.129" port: 41213 } } peers { permanent_uuid: "5f1a721f29eb49c19495765c101205de" member_type: VOTER last_known_addr { host: "127.1.180.130" port: 33445 } } peers { permanent_uuid: "e8067f2323204994a33777d92771e969" member_type: VOTER last_known_addr { host: "127.1.180.131" port: 41053 } }
I20260608 09:57:39.318342  2617 raft_consensus.cc:493] T e25a18d66507477cb53b67ca794fb9cd P 5f1a721f29eb49c19495765c101205de [term 0 FOLLOWER]: Starting pre-election (no leader contacted us within the election timeout)
I20260608 09:57:39.318903  2619 ts_tablet_manager.cc:1434] T 3f5a9b12a6e34cee99357734d28bcb3b P 035572675336472086b242ceed6a2c34: Time spent starting tablet: real 0.009s	user 0.007s	sys 0.001s
I20260608 09:57:39.319012  2617 raft_consensus.cc:515] T e25a18d66507477cb53b67ca794fb9cd P 5f1a721f29eb49c19495765c101205de [term 0 FOLLOWER]: Starting pre-election with config: opid_index: -1 OBSOLETE_local: false peers { permanent_uuid: "035572675336472086b242ceed6a2c34" member_type: VOTER last_known_addr { host: "127.1.180.129" port: 41213 } } peers { permanent_uuid: "5f1a721f29eb49c19495765c101205de" member_type: VOTER last_known_addr { host: "127.1.180.130" port: 33445 } } peers { permanent_uuid: "e8067f2323204994a33777d92771e969" member_type: VOTER last_known_addr { host: "127.1.180.131" port: 41053 } }
W20260608 09:57:39.319697  2366 auto_rebalancer.cc:259] Could not retrieve cluster info: Service unavailable: Tablet not running
I20260608 09:57:39.319146  2616 consensus_queue.cc:260] T 6c42f8688d68418382fe925413a5ce2c P e8067f2323204994a33777d92771e969 [NON_LEADER]: Queue going to NON_LEADER mode. State: All replicated index: 0, Majority replicated index: 0, Committed index: 0, Last appended: 0.0, Last appended by leader: 0, Current term: 0, Majority size: -1, State: 0, Mode: NON_LEADER, active raft config: opid_index: -1 OBSOLETE_local: false peers { permanent_uuid: "035572675336472086b242ceed6a2c34" member_type: VOTER last_known_addr { host: "127.1.180.129" port: 41213 } } peers { permanent_uuid: "5f1a721f29eb49c19495765c101205de" member_type: VOTER last_known_addr { host: "127.1.180.130" port: 33445 } } peers { permanent_uuid: "e8067f2323204994a33777d92771e969" member_type: VOTER last_known_addr { host: "127.1.180.131" port: 41053 } }
I20260608 09:57:39.323119  2616 ts_tablet_manager.cc:1434] T 6c42f8688d68418382fe925413a5ce2c P e8067f2323204994a33777d92771e969: Time spent starting tablet: real 0.012s	user 0.002s	sys 0.004s
I20260608 09:57:39.324504  2616 tablet_bootstrap.cc:492] T e37f4e147c334ed9966f86469dea7445 P e8067f2323204994a33777d92771e969: Bootstrap starting.
I20260608 09:57:39.324532  2371 auto_leader_rebalancer.cc:140] leader rebalance for table test-workload
W20260608 09:57:39.328114  2371 auto_leader_rebalancer.cc:460] the master instance isn't leader: Service unavailable: Tablet not running
I20260608 09:57:39.320195  2619 tablet_bootstrap.cc:492] T b2afaca8ed0947c5a039d97b7b498526 P 035572675336472086b242ceed6a2c34: Bootstrap starting.
I20260608 09:57:39.332074  2617 leader_election.cc:290] T e25a18d66507477cb53b67ca794fb9cd P 5f1a721f29eb49c19495765c101205de [CANDIDATE]: Term 1 pre-election: Requested pre-vote from peers 035572675336472086b242ceed6a2c34 (127.1.180.129:41213), e8067f2323204994a33777d92771e969 (127.1.180.131:41053)
I20260608 09:57:39.336378  2616 tablet_bootstrap.cc:654] T e37f4e147c334ed9966f86469dea7445 P e8067f2323204994a33777d92771e969: Neither blocks nor log segments found. Creating new log.
I20260608 09:57:39.338632  2619 tablet_bootstrap.cc:654] T b2afaca8ed0947c5a039d97b7b498526 P 035572675336472086b242ceed6a2c34: Neither blocks nor log segments found. Creating new log.
I20260608 09:57:39.346793  2614 tablet_bootstrap.cc:492] T 5d7d2d15ac6743de8efaf3e23e4883f4 P 5f1a721f29eb49c19495765c101205de: No bootstrap required, opened a new log
I20260608 09:57:39.347788  2614 ts_tablet_manager.cc:1403] T 5d7d2d15ac6743de8efaf3e23e4883f4 P 5f1a721f29eb49c19495765c101205de: Time spent bootstrapping tablet: real 0.045s	user 0.013s	sys 0.008s
I20260608 09:57:39.390810  2617 raft_consensus.cc:493] T 41c3b0ef799548358c76d13a38e4a892 P 5f1a721f29eb49c19495765c101205de [term 0 FOLLOWER]: Starting pre-election (no leader contacted us within the election timeout)
I20260608 09:57:39.391940  2616 tablet_bootstrap.cc:492] T e37f4e147c334ed9966f86469dea7445 P e8067f2323204994a33777d92771e969: No bootstrap required, opened a new log
I20260608 09:57:39.393159  2616 ts_tablet_manager.cc:1403] T e37f4e147c334ed9966f86469dea7445 P e8067f2323204994a33777d92771e969: Time spent bootstrapping tablet: real 0.069s	user 0.019s	sys 0.000s
I20260608 09:57:39.392778  2617 raft_consensus.cc:515] T 41c3b0ef799548358c76d13a38e4a892 P 5f1a721f29eb49c19495765c101205de [term 0 FOLLOWER]: Starting pre-election with config: opid_index: -1 OBSOLETE_local: false peers { permanent_uuid: "5f1a721f29eb49c19495765c101205de" member_type: VOTER last_known_addr { host: "127.1.180.130" port: 33445 } } peers { permanent_uuid: "e8067f2323204994a33777d92771e969" member_type: VOTER last_known_addr { host: "127.1.180.131" port: 41053 } } peers { permanent_uuid: "035572675336472086b242ceed6a2c34" member_type: VOTER last_known_addr { host: "127.1.180.129" port: 41213 } }
I20260608 09:57:39.409144  2637 raft_consensus.cc:493] T 0eee6394ba34488ea29830465417bf59 P 5f1a721f29eb49c19495765c101205de [term 0 FOLLOWER]: Starting pre-election (no leader contacted us within the election timeout)
I20260608 09:57:39.409973  2624 raft_consensus.cc:493] T 0eee6394ba34488ea29830465417bf59 P 035572675336472086b242ceed6a2c34 [term 0 FOLLOWER]: Starting pre-election (no leader contacted us within the election timeout)
I20260608 09:57:39.409848  2614 raft_consensus.cc:359] T 5d7d2d15ac6743de8efaf3e23e4883f4 P 5f1a721f29eb49c19495765c101205de [term 0 FOLLOWER]: Replica starting. Triggering 0 pending ops. Active config: opid_index: -1 OBSOLETE_local: false peers { permanent_uuid: "035572675336472086b242ceed6a2c34" member_type: VOTER last_known_addr { host: "127.1.180.129" port: 41213 } } peers { permanent_uuid: "5f1a721f29eb49c19495765c101205de" member_type: VOTER last_known_addr { host: "127.1.180.130" port: 33445 } } peers { permanent_uuid: "e8067f2323204994a33777d92771e969" member_type: VOTER last_known_addr { host: "127.1.180.131" port: 41053 } }
I20260608 09:57:39.410171  2637 raft_consensus.cc:515] T 0eee6394ba34488ea29830465417bf59 P 5f1a721f29eb49c19495765c101205de [term 0 FOLLOWER]: Starting pre-election with config: opid_index: -1 OBSOLETE_local: false peers { permanent_uuid: "035572675336472086b242ceed6a2c34" member_type: VOTER last_known_addr { host: "127.1.180.129" port: 41213 } } peers { permanent_uuid: "5f1a721f29eb49c19495765c101205de" member_type: VOTER last_known_addr { host: "127.1.180.130" port: 33445 } } peers { permanent_uuid: "e8067f2323204994a33777d92771e969" member_type: VOTER last_known_addr { host: "127.1.180.131" port: 41053 } }
I20260608 09:57:39.411551  2614 raft_consensus.cc:385] T 5d7d2d15ac6743de8efaf3e23e4883f4 P 5f1a721f29eb49c19495765c101205de [term 0 FOLLOWER]: Consensus starting up: Expiring failure detector timer to make a prompt election more likely
I20260608 09:57:39.411540  2624 raft_consensus.cc:515] T 0eee6394ba34488ea29830465417bf59 P 035572675336472086b242ceed6a2c34 [term 0 FOLLOWER]: Starting pre-election with config: opid_index: -1 OBSOLETE_local: false peers { permanent_uuid: "035572675336472086b242ceed6a2c34" member_type: VOTER last_known_addr { host: "127.1.180.129" port: 41213 } } peers { permanent_uuid: "5f1a721f29eb49c19495765c101205de" member_type: VOTER last_known_addr { host: "127.1.180.130" port: 33445 } } peers { permanent_uuid: "e8067f2323204994a33777d92771e969" member_type: VOTER last_known_addr { host: "127.1.180.131" port: 41053 } }
I20260608 09:57:39.412338  2614 raft_consensus.cc:740] T 5d7d2d15ac6743de8efaf3e23e4883f4 P 5f1a721f29eb49c19495765c101205de [term 0 FOLLOWER]: Becoming Follower/Learner. State: Replica: 5f1a721f29eb49c19495765c101205de, State: Initialized, Role: FOLLOWER
I20260608 09:57:39.414450  2614 consensus_queue.cc:260] T 5d7d2d15ac6743de8efaf3e23e4883f4 P 5f1a721f29eb49c19495765c101205de [NON_LEADER]: Queue going to NON_LEADER mode. State: All replicated index: 0, Majority replicated index: 0, Committed index: 0, Last appended: 0.0, Last appended by leader: 0, Current term: 0, Majority size: -1, State: 0, Mode: NON_LEADER, active raft config: opid_index: -1 OBSOLETE_local: false peers { permanent_uuid: "035572675336472086b242ceed6a2c34" member_type: VOTER last_known_addr { host: "127.1.180.129" port: 41213 } } peers { permanent_uuid: "5f1a721f29eb49c19495765c101205de" member_type: VOTER last_known_addr { host: "127.1.180.130" port: 33445 } } peers { permanent_uuid: "e8067f2323204994a33777d92771e969" member_type: VOTER last_known_addr { host: "127.1.180.131" port: 41053 } }
I20260608 09:57:39.423062  2637 leader_election.cc:290] T 0eee6394ba34488ea29830465417bf59 P 5f1a721f29eb49c19495765c101205de [CANDIDATE]: Term 1 pre-election: Requested pre-vote from peers 035572675336472086b242ceed6a2c34 (127.1.180.129:41213), e8067f2323204994a33777d92771e969 (127.1.180.131:41053)
I20260608 09:57:39.429296  2624 leader_election.cc:290] T 0eee6394ba34488ea29830465417bf59 P 035572675336472086b242ceed6a2c34 [CANDIDATE]: Term 1 pre-election: Requested pre-vote from peers 5f1a721f29eb49c19495765c101205de (127.1.180.130:33445), e8067f2323204994a33777d92771e969 (127.1.180.131:41053)
I20260608 09:57:39.434128  2617 leader_election.cc:290] T 41c3b0ef799548358c76d13a38e4a892 P 5f1a721f29eb49c19495765c101205de [CANDIDATE]: Term 1 pre-election: Requested pre-vote from peers e8067f2323204994a33777d92771e969 (127.1.180.131:41053), 035572675336472086b242ceed6a2c34 (127.1.180.129:41213)
I20260608 09:57:39.439772  2616 raft_consensus.cc:359] T e37f4e147c334ed9966f86469dea7445 P e8067f2323204994a33777d92771e969 [term 0 FOLLOWER]: Replica starting. Triggering 0 pending ops. Active config: opid_index: -1 OBSOLETE_local: false peers { permanent_uuid: "035572675336472086b242ceed6a2c34" member_type: VOTER last_known_addr { host: "127.1.180.129" port: 41213 } } peers { permanent_uuid: "5f1a721f29eb49c19495765c101205de" member_type: VOTER last_known_addr { host: "127.1.180.130" port: 33445 } } peers { permanent_uuid: "e8067f2323204994a33777d92771e969" member_type: VOTER last_known_addr { host: "127.1.180.131" port: 41053 } }
I20260608 09:57:39.441946  2616 raft_consensus.cc:385] T e37f4e147c334ed9966f86469dea7445 P e8067f2323204994a33777d92771e969 [term 0 FOLLOWER]: Consensus starting up: Expiring failure detector timer to make a prompt election more likely
I20260608 09:57:39.442504  2616 raft_consensus.cc:740] T e37f4e147c334ed9966f86469dea7445 P e8067f2323204994a33777d92771e969 [term 0 FOLLOWER]: Becoming Follower/Learner. State: Replica: e8067f2323204994a33777d92771e969, State: Initialized, Role: FOLLOWER
I20260608 09:57:39.444237  2616 consensus_queue.cc:260] T e37f4e147c334ed9966f86469dea7445 P e8067f2323204994a33777d92771e969 [NON_LEADER]: Queue going to NON_LEADER mode. State: All replicated index: 0, Majority replicated index: 0, Committed index: 0, Last appended: 0.0, Last appended by leader: 0, Current term: 0, Majority size: -1, State: 0, Mode: NON_LEADER, active raft config: opid_index: -1 OBSOLETE_local: false peers { permanent_uuid: "035572675336472086b242ceed6a2c34" member_type: VOTER last_known_addr { host: "127.1.180.129" port: 41213 } } peers { permanent_uuid: "5f1a721f29eb49c19495765c101205de" member_type: VOTER last_known_addr { host: "127.1.180.130" port: 33445 } } peers { permanent_uuid: "e8067f2323204994a33777d92771e969" member_type: VOTER last_known_addr { host: "127.1.180.131" port: 41053 } }
I20260608 09:57:39.455855  2616 ts_tablet_manager.cc:1434] T e37f4e147c334ed9966f86469dea7445 P e8067f2323204994a33777d92771e969: Time spent starting tablet: real 0.060s	user 0.012s	sys 0.000s
I20260608 09:57:39.456482  2619 tablet_bootstrap.cc:492] T b2afaca8ed0947c5a039d97b7b498526 P 035572675336472086b242ceed6a2c34: No bootstrap required, opened a new log
I20260608 09:57:39.463690  2617 raft_consensus.cc:493] T 5d7d2d15ac6743de8efaf3e23e4883f4 P 5f1a721f29eb49c19495765c101205de [term 0 FOLLOWER]: Starting pre-election (no leader contacted us within the election timeout)
I20260608 09:57:39.464417  2617 raft_consensus.cc:515] T 5d7d2d15ac6743de8efaf3e23e4883f4 P 5f1a721f29eb49c19495765c101205de [term 0 FOLLOWER]: Starting pre-election with config: opid_index: -1 OBSOLETE_local: false peers { permanent_uuid: "035572675336472086b242ceed6a2c34" member_type: VOTER last_known_addr { host: "127.1.180.129" port: 41213 } } peers { permanent_uuid: "5f1a721f29eb49c19495765c101205de" member_type: VOTER last_known_addr { host: "127.1.180.130" port: 33445 } } peers { permanent_uuid: "e8067f2323204994a33777d92771e969" member_type: VOTER last_known_addr { host: "127.1.180.131" port: 41053 } }
I20260608 09:57:39.467730  2614 ts_tablet_manager.cc:1434] T 5d7d2d15ac6743de8efaf3e23e4883f4 P 5f1a721f29eb49c19495765c101205de: Time spent starting tablet: real 0.119s	user 0.014s	sys 0.028s
I20260608 09:57:39.468008  2617 leader_election.cc:290] T 5d7d2d15ac6743de8efaf3e23e4883f4 P 5f1a721f29eb49c19495765c101205de [CANDIDATE]: Term 1 pre-election: Requested pre-vote from peers 035572675336472086b242ceed6a2c34 (127.1.180.129:41213), e8067f2323204994a33777d92771e969 (127.1.180.131:41053)
I20260608 09:57:39.463707  2619 ts_tablet_manager.cc:1403] T b2afaca8ed0947c5a039d97b7b498526 P 035572675336472086b242ceed6a2c34: Time spent bootstrapping tablet: real 0.144s	user 0.010s	sys 0.009s
I20260608 09:57:39.465113  2616 tablet_bootstrap.cc:492] T e25a18d66507477cb53b67ca794fb9cd P e8067f2323204994a33777d92771e969: Bootstrap starting.
I20260608 09:57:39.475761  2619 raft_consensus.cc:359] T b2afaca8ed0947c5a039d97b7b498526 P 035572675336472086b242ceed6a2c34 [term 0 FOLLOWER]: Replica starting. Triggering 0 pending ops. Active config: opid_index: -1 OBSOLETE_local: false peers { permanent_uuid: "035572675336472086b242ceed6a2c34" member_type: VOTER last_known_addr { host: "127.1.180.129" port: 41213 } } peers { permanent_uuid: "5f1a721f29eb49c19495765c101205de" member_type: VOTER last_known_addr { host: "127.1.180.130" port: 33445 } } peers { permanent_uuid: "e8067f2323204994a33777d92771e969" member_type: VOTER last_known_addr { host: "127.1.180.131" port: 41053 } }
I20260608 09:57:39.476688  2619 raft_consensus.cc:385] T b2afaca8ed0947c5a039d97b7b498526 P 035572675336472086b242ceed6a2c34 [term 0 FOLLOWER]: Consensus starting up: Expiring failure detector timer to make a prompt election more likely
I20260608 09:57:39.477845  2619 raft_consensus.cc:740] T b2afaca8ed0947c5a039d97b7b498526 P 035572675336472086b242ceed6a2c34 [term 0 FOLLOWER]: Becoming Follower/Learner. State: Replica: 035572675336472086b242ceed6a2c34, State: Initialized, Role: FOLLOWER
I20260608 09:57:39.479000  2619 consensus_queue.cc:260] T b2afaca8ed0947c5a039d97b7b498526 P 035572675336472086b242ceed6a2c34 [NON_LEADER]: Queue going to NON_LEADER mode. State: All replicated index: 0, Majority replicated index: 0, Committed index: 0, Last appended: 0.0, Last appended by leader: 0, Current term: 0, Majority size: -1, State: 0, Mode: NON_LEADER, active raft config: opid_index: -1 OBSOLETE_local: false peers { permanent_uuid: "035572675336472086b242ceed6a2c34" member_type: VOTER last_known_addr { host: "127.1.180.129" port: 41213 } } peers { permanent_uuid: "5f1a721f29eb49c19495765c101205de" member_type: VOTER last_known_addr { host: "127.1.180.130" port: 33445 } } peers { permanent_uuid: "e8067f2323204994a33777d92771e969" member_type: VOTER last_known_addr { host: "127.1.180.131" port: 41053 } }
I20260608 09:57:39.482223  2614 tablet_bootstrap.cc:492] T 3f5a9b12a6e34cee99357734d28bcb3b P 5f1a721f29eb49c19495765c101205de: Bootstrap starting.
I20260608 09:57:39.485188  2619 ts_tablet_manager.cc:1434] T b2afaca8ed0947c5a039d97b7b498526 P 035572675336472086b242ceed6a2c34: Time spent starting tablet: real 0.016s	user 0.005s	sys 0.005s
I20260608 09:57:39.487488  2619 tablet_bootstrap.cc:492] T 41c3b0ef799548358c76d13a38e4a892 P 035572675336472086b242ceed6a2c34: Bootstrap starting.
I20260608 09:57:39.487488  2569 tablet_service.cc:1917] Received RequestConsensusVote() RPC: tablet_id: "e25a18d66507477cb53b67ca794fb9cd" candidate_uuid: "5f1a721f29eb49c19495765c101205de" candidate_term: 1 candidate_status { last_received { term: 0 index: 0 } } ignore_live_leader: false dest_uuid: "e8067f2323204994a33777d92771e969" is_pre_election: true
I20260608 09:57:39.491200  2568 tablet_service.cc:1917] Received RequestConsensusVote() RPC: tablet_id: "0eee6394ba34488ea29830465417bf59" candidate_uuid: "5f1a721f29eb49c19495765c101205de" candidate_term: 1 candidate_status { last_received { term: 0 index: 0 } } ignore_live_leader: false dest_uuid: "e8067f2323204994a33777d92771e969" is_pre_election: true
I20260608 09:57:39.491707  2567 tablet_service.cc:1917] Received RequestConsensusVote() RPC: tablet_id: "41c3b0ef799548358c76d13a38e4a892" candidate_uuid: "5f1a721f29eb49c19495765c101205de" candidate_term: 1 candidate_status { last_received { term: 0 index: 0 } } ignore_live_leader: false dest_uuid: "e8067f2323204994a33777d92771e969" is_pre_election: true
I20260608 09:57:39.493089  2567 raft_consensus.cc:2468] T 41c3b0ef799548358c76d13a38e4a892 P e8067f2323204994a33777d92771e969 [term 0 FOLLOWER]: Leader pre-election vote request: Granting yes vote for candidate 5f1a721f29eb49c19495765c101205de in term 0.
I20260608 09:57:39.495111  2566 tablet_service.cc:1917] Received RequestConsensusVote() RPC: tablet_id: "5d7d2d15ac6743de8efaf3e23e4883f4" candidate_uuid: "5f1a721f29eb49c19495765c101205de" candidate_term: 1 candidate_status { last_received { term: 0 index: 0 } } ignore_live_leader: false dest_uuid: "e8067f2323204994a33777d92771e969" is_pre_election: true
W20260608 09:57:39.496451  2458 leader_election.cc:343] T e25a18d66507477cb53b67ca794fb9cd P 5f1a721f29eb49c19495765c101205de [CANDIDATE]: Term 1 pre-election: Tablet error from VoteRequest() call to peer e8067f2323204994a33777d92771e969 (127.1.180.131:41053): Illegal state: must be running to vote when last-logged opid is not known
W20260608 09:57:39.501611  2458 leader_election.cc:343] T 0eee6394ba34488ea29830465417bf59 P 5f1a721f29eb49c19495765c101205de [CANDIDATE]: Term 1 pre-election: Tablet error from VoteRequest() call to peer e8067f2323204994a33777d92771e969 (127.1.180.131:41053): Illegal state: must be running to vote when last-logged opid is not known
I20260608 09:57:39.502614  2458 leader_election.cc:304] T 41c3b0ef799548358c76d13a38e4a892 P 5f1a721f29eb49c19495765c101205de [CANDIDATE]: Term 1 pre-election: Election decided. Result: candidate won. Election summary: received 2 responses out of 3 voters: 2 yes votes; 0 no votes. yes voters: 5f1a721f29eb49c19495765c101205de, e8067f2323204994a33777d92771e969; no voters: 
I20260608 09:57:39.505053  2420 tablet_service.cc:1917] Received RequestConsensusVote() RPC: tablet_id: "e25a18d66507477cb53b67ca794fb9cd" candidate_uuid: "5f1a721f29eb49c19495765c101205de" candidate_term: 1 candidate_status { last_received { term: 0 index: 0 } } ignore_live_leader: false dest_uuid: "035572675336472086b242ceed6a2c34" is_pre_election: true
I20260608 09:57:39.505986  2619 tablet_bootstrap.cc:654] T 41c3b0ef799548358c76d13a38e4a892 P 035572675336472086b242ceed6a2c34: Neither blocks nor log segments found. Creating new log.
I20260608 09:57:39.506197  2614 tablet_bootstrap.cc:654] T 3f5a9b12a6e34cee99357734d28bcb3b P 5f1a721f29eb49c19495765c101205de: Neither blocks nor log segments found. Creating new log.
I20260608 09:57:39.508049  2639 raft_consensus.cc:2804] T 41c3b0ef799548358c76d13a38e4a892 P 5f1a721f29eb49c19495765c101205de [term 0 FOLLOWER]: Leader pre-election won for term 1
I20260608 09:57:39.508836  2639 raft_consensus.cc:493] T 41c3b0ef799548358c76d13a38e4a892 P 5f1a721f29eb49c19495765c101205de [term 0 FOLLOWER]: Starting leader election (no leader contacted us within the election timeout)
I20260608 09:57:39.509284  2639 raft_consensus.cc:3060] T 41c3b0ef799548358c76d13a38e4a892 P 5f1a721f29eb49c19495765c101205de [term 0 FOLLOWER]: Advancing to term 1
I20260608 09:57:39.512799  2420 tablet_service.cc:1917] Received RequestConsensusVote() RPC: tablet_id: "0eee6394ba34488ea29830465417bf59" candidate_uuid: "5f1a721f29eb49c19495765c101205de" candidate_term: 1 candidate_status { last_received { term: 0 index: 0 } } ignore_live_leader: false dest_uuid: "035572675336472086b242ceed6a2c34" is_pre_election: true
I20260608 09:57:39.513523  2419 tablet_service.cc:1917] Received RequestConsensusVote() RPC: tablet_id: "41c3b0ef799548358c76d13a38e4a892" candidate_uuid: "5f1a721f29eb49c19495765c101205de" candidate_term: 1 candidate_status { last_received { term: 0 index: 0 } } ignore_live_leader: false dest_uuid: "035572675336472086b242ceed6a2c34" is_pre_election: true
I20260608 09:57:39.513593  2420 raft_consensus.cc:2468] T 0eee6394ba34488ea29830465417bf59 P 035572675336472086b242ceed6a2c34 [term 0 FOLLOWER]: Leader pre-election vote request: Granting yes vote for candidate 5f1a721f29eb49c19495765c101205de in term 0.
I20260608 09:57:39.513919  2624 raft_consensus.cc:493] T e37f4e147c334ed9966f86469dea7445 P 035572675336472086b242ceed6a2c34 [term 0 FOLLOWER]: Starting pre-election (no leader contacted us within the election timeout)
I20260608 09:57:39.515439  2624 raft_consensus.cc:515] T e37f4e147c334ed9966f86469dea7445 P 035572675336472086b242ceed6a2c34 [term 0 FOLLOWER]: Starting pre-election with config: opid_index: -1 OBSOLETE_local: false peers { permanent_uuid: "035572675336472086b242ceed6a2c34" member_type: VOTER last_known_addr { host: "127.1.180.129" port: 41213 } } peers { permanent_uuid: "5f1a721f29eb49c19495765c101205de" member_type: VOTER last_known_addr { host: "127.1.180.130" port: 33445 } } peers { permanent_uuid: "e8067f2323204994a33777d92771e969" member_type: VOTER last_known_addr { host: "127.1.180.131" port: 41053 } }
I20260608 09:57:39.516170  2419 tablet_service.cc:1917] Received RequestConsensusVote() RPC: tablet_id: "5d7d2d15ac6743de8efaf3e23e4883f4" candidate_uuid: "5f1a721f29eb49c19495765c101205de" candidate_term: 1 candidate_status { last_received { term: 0 index: 0 } } ignore_live_leader: false dest_uuid: "035572675336472086b242ceed6a2c34" is_pre_election: true
W20260608 09:57:39.508196  2458 leader_election.cc:343] T 5d7d2d15ac6743de8efaf3e23e4883f4 P 5f1a721f29eb49c19495765c101205de [CANDIDATE]: Term 1 pre-election: Tablet error from VoteRequest() call to peer e8067f2323204994a33777d92771e969 (127.1.180.131:41053): Illegal state: must be running to vote when last-logged opid is not known
W20260608 09:57:39.518507  2460 leader_election.cc:343] T e25a18d66507477cb53b67ca794fb9cd P 5f1a721f29eb49c19495765c101205de [CANDIDATE]: Term 1 pre-election: Tablet error from VoteRequest() call to peer 035572675336472086b242ceed6a2c34 (127.1.180.129:41213): Illegal state: must be running to vote when last-logged opid is not known
I20260608 09:57:39.519369  2460 leader_election.cc:304] T e25a18d66507477cb53b67ca794fb9cd P 5f1a721f29eb49c19495765c101205de [CANDIDATE]: Term 1 pre-election: Election decided. Result: candidate lost. Election summary: received 3 responses out of 3 voters: 1 yes votes; 2 no votes. yes voters: 5f1a721f29eb49c19495765c101205de; no voters: 035572675336472086b242ceed6a2c34, e8067f2323204994a33777d92771e969
I20260608 09:57:39.521974  2617 raft_consensus.cc:2749] T e25a18d66507477cb53b67ca794fb9cd P 5f1a721f29eb49c19495765c101205de [term 0 FOLLOWER]: Leader pre-election lost for term 1. Reason: could not achieve majority
I20260608 09:57:39.525883  2495 tablet_service.cc:1917] Received RequestConsensusVote() RPC: tablet_id: "0eee6394ba34488ea29830465417bf59" candidate_uuid: "035572675336472086b242ceed6a2c34" candidate_term: 1 candidate_status { last_received { term: 0 index: 0 } } ignore_live_leader: false dest_uuid: "5f1a721f29eb49c19495765c101205de" is_pre_election: true
I20260608 09:57:39.526924  2619 tablet_bootstrap.cc:492] T 41c3b0ef799548358c76d13a38e4a892 P 035572675336472086b242ceed6a2c34: No bootstrap required, opened a new log
I20260608 09:57:39.527617  2619 ts_tablet_manager.cc:1403] T 41c3b0ef799548358c76d13a38e4a892 P 035572675336472086b242ceed6a2c34: Time spent bootstrapping tablet: real 0.041s	user 0.012s	sys 0.009s
I20260608 09:57:39.522421  2624 leader_election.cc:290] T e37f4e147c334ed9966f86469dea7445 P 035572675336472086b242ceed6a2c34 [CANDIDATE]: Term 1 pre-election: Requested pre-vote from peers 5f1a721f29eb49c19495765c101205de (127.1.180.130:33445), e8067f2323204994a33777d92771e969 (127.1.180.131:41053)
I20260608 09:57:39.526950  2495 raft_consensus.cc:2468] T 0eee6394ba34488ea29830465417bf59 P 5f1a721f29eb49c19495765c101205de [term 0 FOLLOWER]: Leader pre-election vote request: Granting yes vote for candidate 035572675336472086b242ceed6a2c34 in term 0.
