I20260608 09:57:40.944900 12645 leader_election.cc:290] T 0499dfe7cd3e4d1cbfc3d9af782d8e96 P a9779916aea7496aabbbc53587eae1ca [CANDIDATE]: Term 1 election: Requested vote from peers 
I20260608 09:57:40.946642 12644 leader_election.cc:290] T 42e8d49ecb0f48d98d1f13d4511a9905 P cb1347eefa1241a3933cbf0d55dcefa5 [CANDIDATE]: Term 1 election: Requested vote from peers 
I20260608 09:57:40.947186 12652 raft_consensus.cc:2804] T 42e8d49ecb0f48d98d1f13d4511a9905 P cb1347eefa1241a3933cbf0d55dcefa5 [term 1 FOLLOWER]: Leader election won for term 1
I20260608 09:57:40.947561 12643 ts_tablet_manager.cc:1434] T 3ab39c9fc2c44661a7d786211166c6ff P 683b23e579354b8e8cbbefce42602dfe: Time spent starting tablet: real 0.033s	user 0.011s	sys 0.015s
I20260608 09:57:40.950059 12645 ts_tablet_manager.cc:1434] T 0499dfe7cd3e4d1cbfc3d9af782d8e96 P a9779916aea7496aabbbc53587eae1ca: Time spent starting tablet: real 0.029s	user 0.015s	sys 0.011s
I20260608 09:57:40.951345 12653 raft_consensus.cc:697] T 0499dfe7cd3e4d1cbfc3d9af782d8e96 P a9779916aea7496aabbbc53587eae1ca [term 1 LEADER]: Becoming Leader. State: Replica: a9779916aea7496aabbbc53587eae1ca, State: Running, Role: LEADER
I20260608 09:57:40.955895 12653 consensus_queue.cc:237] T 0499dfe7cd3e4d1cbfc3d9af782d8e96 P a9779916aea7496aabbbc53587eae1ca [LEADER]: Queue going to LEADER mode. State: All replicated index: 0, Majority replicated index: 0, Committed index: 0, Last appended: 0.0, Last appended by leader: 0, Current term: 1, Majority size: 1, State: 0, Mode: LEADER, active raft config: opid_index: -1 OBSOLETE_local: true peers { permanent_uuid: "a9779916aea7496aabbbc53587eae1ca" member_type: VOTER last_known_addr { host: "127.10.204.129" port: 45227 } }
I20260608 09:57:40.956496 12652 raft_consensus.cc:697] T 42e8d49ecb0f48d98d1f13d4511a9905 P cb1347eefa1241a3933cbf0d55dcefa5 [term 1 LEADER]: Becoming Leader. State: Replica: cb1347eefa1241a3933cbf0d55dcefa5, State: Running, Role: LEADER
I20260608 09:57:40.957351 12652 consensus_queue.cc:237] T 42e8d49ecb0f48d98d1f13d4511a9905 P cb1347eefa1241a3933cbf0d55dcefa5 [LEADER]: Queue going to LEADER mode. State: All replicated index: 0, Majority replicated index: 0, Committed index: 0, Last appended: 0.0, Last appended by leader: 0, Current term: 1, Majority size: 1, State: 0, Mode: LEADER, active raft config: opid_index: -1 OBSOLETE_local: true peers { permanent_uuid: "cb1347eefa1241a3933cbf0d55dcefa5" member_type: VOTER last_known_addr { host: "127.10.204.131" port: 37399 } }
I20260608 09:57:40.972713 12158 catalog_manager.cc:5696] T 42e8d49ecb0f48d98d1f13d4511a9905 P cb1347eefa1241a3933cbf0d55dcefa5 reported cstate change: term changed from 0 to 1, leader changed from <none> to cb1347eefa1241a3933cbf0d55dcefa5 (127.10.204.131). New cstate: current_term: 1 leader_uuid: "cb1347eefa1241a3933cbf0d55dcefa5" committed_config { opid_index: -1 OBSOLETE_local: true peers { permanent_uuid: "cb1347eefa1241a3933cbf0d55dcefa5" member_type: VOTER last_known_addr { host: "127.10.204.131" port: 37399 } health_report { overall_health: HEALTHY } } }
I20260608 09:57:40.980990 12644 ts_tablet_manager.cc:1434] T 42e8d49ecb0f48d98d1f13d4511a9905 P cb1347eefa1241a3933cbf0d55dcefa5: Time spent starting tablet: real 0.061s	user 0.015s	sys 0.022s
I20260608 09:57:40.985427 12159 catalog_manager.cc:5696] T 3ab39c9fc2c44661a7d786211166c6ff P 683b23e579354b8e8cbbefce42602dfe reported cstate change: term changed from 0 to 1, leader changed from <none> to 683b23e579354b8e8cbbefce42602dfe (127.10.204.130). New cstate: current_term: 1 leader_uuid: "683b23e579354b8e8cbbefce42602dfe" committed_config { opid_index: -1 OBSOLETE_local: true peers { permanent_uuid: "683b23e579354b8e8cbbefce42602dfe" member_type: VOTER last_known_addr { host: "127.10.204.130" port: 40371 } health_report { overall_health: HEALTHY } } }
I20260608 09:57:41.024931 12156 catalog_manager.cc:5696] T 0499dfe7cd3e4d1cbfc3d9af782d8e96 P a9779916aea7496aabbbc53587eae1ca reported cstate change: term changed from 0 to 1, leader changed from <none> to a9779916aea7496aabbbc53587eae1ca (127.10.204.129). New cstate: current_term: 1 leader_uuid: "a9779916aea7496aabbbc53587eae1ca" committed_config { opid_index: -1 OBSOLETE_local: true peers { permanent_uuid: "a9779916aea7496aabbbc53587eae1ca" member_type: VOTER last_known_addr { host: "127.10.204.129" port: 45227 } health_report { overall_health: HEALTHY } } }
I20260608 09:57:41.067853 11058 master.cc:562] Master@127.10.204.190:33481 shutting down...
I20260608 09:57:41.086542 11058 raft_consensus.cc:2243] T 00000000000000000000000000000000 P f92183ee83d34f6bbb63c00f71f8b74a [term 1 LEADER]: Raft consensus shutting down.
I20260608 09:57:41.087416 11058 raft_consensus.cc:2272] T 00000000000000000000000000000000 P f92183ee83d34f6bbb63c00f71f8b74a [term 1 FOLLOWER]: Raft consensus is shut down!
I20260608 09:57:41.087805 11058 tablet_replica.cc:333] T 00000000000000000000000000000000 P f92183ee83d34f6bbb63c00f71f8b74a: stopping tablet replica
I20260608 09:57:41.110208 11058 master.cc:584] Master@127.10.204.190:33481 shutdown complete.
W20260608 09:57:42.052556 12610 heartbeater.cc:646] Failed to heartbeat to 127.10.204.190:33481 (0 consecutive failures): Network error: Failed to send heartbeat to master: Client connection negotiation failed: client connection to 127.10.204.190:33481: connect: Connection refused (error 111)
I20260608 09:57:42.557554 12667 raft_consensus.cc:493] T 00000000000000000000000000000000 P 01bb09772e85443ab7bd2c4b59e86ed6 [term 1 FOLLOWER]: Starting pre-election (detected failure of leader f92183ee83d34f6bbb63c00f71f8b74a)
I20260608 09:57:42.558065 12667 raft_consensus.cc:515] T 00000000000000000000000000000000 P 01bb09772e85443ab7bd2c4b59e86ed6 [term 1 FOLLOWER]: Starting pre-election with config: opid_index: -1 OBSOLETE_local: false peers { permanent_uuid: "f92183ee83d34f6bbb63c00f71f8b74a" member_type: VOTER last_known_addr { host: "127.10.204.190" port: 33481 } } peers { permanent_uuid: "507ee30655d24c8b8b60266a2c44f81b" member_type: VOTER last_known_addr { host: "127.10.204.189" port: 45277 } } peers { permanent_uuid: "01bb09772e85443ab7bd2c4b59e86ed6" member_type: VOTER last_known_addr { host: "127.10.204.188" port: 44955 } }
I20260608 09:57:42.560190 12667 leader_election.cc:290] T 00000000000000000000000000000000 P 01bb09772e85443ab7bd2c4b59e86ed6 [CANDIDATE]: Term 2 pre-election: Requested pre-vote from peers f92183ee83d34f6bbb63c00f71f8b74a (127.10.204.190:33481), 507ee30655d24c8b8b60266a2c44f81b (127.10.204.189:45277)
I20260608 09:57:42.563015 12234 tablet_service.cc:1917] Received RequestConsensusVote() RPC: tablet_id: "00000000000000000000000000000000" candidate_uuid: "01bb09772e85443ab7bd2c4b59e86ed6" candidate_term: 2 candidate_status { last_received { term: 1 index: 11 } } ignore_live_leader: false dest_uuid: "507ee30655d24c8b8b60266a2c44f81b" is_pre_election: true
I20260608 09:57:42.567013 12670 raft_consensus.cc:493] T 00000000000000000000000000000000 P 507ee30655d24c8b8b60266a2c44f81b [term 1 FOLLOWER]: Starting pre-election (detected failure of leader f92183ee83d34f6bbb63c00f71f8b74a)
W20260608 09:57:42.567379 12276 leader_election.cc:336] T 00000000000000000000000000000000 P 01bb09772e85443ab7bd2c4b59e86ed6 [CANDIDATE]: Term 2 pre-election: RPC error from VoteRequest() call to peer f92183ee83d34f6bbb63c00f71f8b74a (127.10.204.190:33481): Network error: Client connection negotiation failed: client connection to 127.10.204.190:33481: connect: Connection refused (error 111)
I20260608 09:57:42.567559 12670 raft_consensus.cc:515] T 00000000000000000000000000000000 P 507ee30655d24c8b8b60266a2c44f81b [term 1 FOLLOWER]: Starting pre-election with config: opid_index: -1 OBSOLETE_local: false peers { permanent_uuid: "f92183ee83d34f6bbb63c00f71f8b74a" member_type: VOTER last_known_addr { host: "127.10.204.190" port: 33481 } } peers { permanent_uuid: "507ee30655d24c8b8b60266a2c44f81b" member_type: VOTER last_known_addr { host: "127.10.204.189" port: 45277 } } peers { permanent_uuid: "01bb09772e85443ab7bd2c4b59e86ed6" member_type: VOTER last_known_addr { host: "127.10.204.188" port: 44955 } }
I20260608 09:57:42.567903 12276 leader_election.cc:304] T 00000000000000000000000000000000 P 01bb09772e85443ab7bd2c4b59e86ed6 [CANDIDATE]: Term 2 pre-election: Election decided. Result: candidate lost. Election summary: received 3 responses out of 3 voters: 1 yes votes; 2 no votes. yes voters: 01bb09772e85443ab7bd2c4b59e86ed6; no voters: 507ee30655d24c8b8b60266a2c44f81b, f92183ee83d34f6bbb63c00f71f8b74a
I20260608 09:57:42.568720 12667 raft_consensus.cc:2749] T 00000000000000000000000000000000 P 01bb09772e85443ab7bd2c4b59e86ed6 [term 1 FOLLOWER]: Leader pre-election lost for term 2. Reason: could not achieve majority
I20260608 09:57:42.570017 12670 leader_election.cc:290] T 00000000000000000000000000000000 P 507ee30655d24c8b8b60266a2c44f81b [CANDIDATE]: Term 2 pre-election: Requested pre-vote from peers f92183ee83d34f6bbb63c00f71f8b74a (127.10.204.190:33481), 01bb09772e85443ab7bd2c4b59e86ed6 (127.10.204.188:44955)
I20260608 09:57:42.571024 12300 tablet_service.cc:1917] Received RequestConsensusVote() RPC: tablet_id: "00000000000000000000000000000000" candidate_uuid: "507ee30655d24c8b8b60266a2c44f81b" candidate_term: 2 candidate_status { last_received { term: 1 index: 11 } } ignore_live_leader: false dest_uuid: "01bb09772e85443ab7bd2c4b59e86ed6" is_pre_election: true
I20260608 09:57:42.571596 12300 raft_consensus.cc:2468] T 00000000000000000000000000000000 P 01bb09772e85443ab7bd2c4b59e86ed6 [term 1 FOLLOWER]: Leader pre-election vote request: Granting yes vote for candidate 507ee30655d24c8b8b60266a2c44f81b in term 1.
I20260608 09:57:42.573274 12209 leader_election.cc:304] T 00000000000000000000000000000000 P 507ee30655d24c8b8b60266a2c44f81b [CANDIDATE]: Term 2 pre-election: Election decided. Result: candidate won. Election summary: received 2 responses out of 3 voters: 2 yes votes; 0 no votes. yes voters: 01bb09772e85443ab7bd2c4b59e86ed6, 507ee30655d24c8b8b60266a2c44f81b; no voters: 
I20260608 09:57:42.574033 12670 raft_consensus.cc:2804] T 00000000000000000000000000000000 P 507ee30655d24c8b8b60266a2c44f81b [term 1 FOLLOWER]: Leader pre-election won for term 2
I20260608 09:57:42.574512 12670 raft_consensus.cc:493] T 00000000000000000000000000000000 P 507ee30655d24c8b8b60266a2c44f81b [term 1 FOLLOWER]: Starting leader election (detected failure of leader f92183ee83d34f6bbb63c00f71f8b74a)
I20260608 09:57:42.574857 12670 raft_consensus.cc:3060] T 00000000000000000000000000000000 P 507ee30655d24c8b8b60266a2c44f81b [term 1 FOLLOWER]: Advancing to term 2
W20260608 09:57:42.576107 12211 leader_election.cc:336] T 00000000000000000000000000000000 P 507ee30655d24c8b8b60266a2c44f81b [CANDIDATE]: Term 2 pre-election: RPC error from VoteRequest() call to peer f92183ee83d34f6bbb63c00f71f8b74a (127.10.204.190:33481): Network error: Client connection negotiation failed: client connection to 127.10.204.190:33481: connect: Connection refused (error 111)
I20260608 09:57:42.579824 12670 raft_consensus.cc:515] T 00000000000000000000000000000000 P 507ee30655d24c8b8b60266a2c44f81b [term 2 FOLLOWER]: Starting leader election with config: opid_index: -1 OBSOLETE_local: false peers { permanent_uuid: "f92183ee83d34f6bbb63c00f71f8b74a" member_type: VOTER last_known_addr { host: "127.10.204.190" port: 33481 } } peers { permanent_uuid: "507ee30655d24c8b8b60266a2c44f81b" member_type: VOTER last_known_addr { host: "127.10.204.189" port: 45277 } } peers { permanent_uuid: "01bb09772e85443ab7bd2c4b59e86ed6" member_type: VOTER last_known_addr { host: "127.10.204.188" port: 44955 } }
I20260608 09:57:42.581552 12670 leader_election.cc:290] T 00000000000000000000000000000000 P 507ee30655d24c8b8b60266a2c44f81b [CANDIDATE]: Term 2 election: Requested vote from peers f92183ee83d34f6bbb63c00f71f8b74a (127.10.204.190:33481), 01bb09772e85443ab7bd2c4b59e86ed6 (127.10.204.188:44955)
I20260608 09:57:42.582731 12300 tablet_service.cc:1917] Received RequestConsensusVote() RPC: tablet_id: "00000000000000000000000000000000" candidate_uuid: "507ee30655d24c8b8b60266a2c44f81b" candidate_term: 2 candidate_status { last_received { term: 1 index: 11 } } ignore_live_leader: false dest_uuid: "01bb09772e85443ab7bd2c4b59e86ed6"
I20260608 09:57:42.583276 12300 raft_consensus.cc:3060] T 00000000000000000000000000000000 P 01bb09772e85443ab7bd2c4b59e86ed6 [term 1 FOLLOWER]: Advancing to term 2
W20260608 09:57:42.586071 12211 leader_election.cc:336] T 00000000000000000000000000000000 P 507ee30655d24c8b8b60266a2c44f81b [CANDIDATE]: Term 2 election: RPC error from VoteRequest() call to peer f92183ee83d34f6bbb63c00f71f8b74a (127.10.204.190:33481): Network error: Client connection negotiation failed: client connection to 127.10.204.190:33481: connect: Connection refused (error 111)
I20260608 09:57:42.588939 12300 raft_consensus.cc:2468] T 00000000000000000000000000000000 P 01bb09772e85443ab7bd2c4b59e86ed6 [term 2 FOLLOWER]: Leader election vote request: Granting yes vote for candidate 507ee30655d24c8b8b60266a2c44f81b in term 2.
I20260608 09:57:42.590008 12209 leader_election.cc:304] T 00000000000000000000000000000000 P 507ee30655d24c8b8b60266a2c44f81b [CANDIDATE]: Term 2 election: Election decided. Result: candidate won. Election summary: received 3 responses out of 3 voters: 2 yes votes; 1 no votes. yes voters: 01bb09772e85443ab7bd2c4b59e86ed6, 507ee30655d24c8b8b60266a2c44f81b; no voters: f92183ee83d34f6bbb63c00f71f8b74a
I20260608 09:57:42.590718 12670 raft_consensus.cc:2804] T 00000000000000000000000000000000 P 507ee30655d24c8b8b60266a2c44f81b [term 2 FOLLOWER]: Leader election won for term 2
I20260608 09:57:42.591763 12670 raft_consensus.cc:697] T 00000000000000000000000000000000 P 507ee30655d24c8b8b60266a2c44f81b [term 2 LEADER]: Becoming Leader. State: Replica: 507ee30655d24c8b8b60266a2c44f81b, State: Running, Role: LEADER
I20260608 09:57:42.592458 12670 consensus_queue.cc:237] T 00000000000000000000000000000000 P 507ee30655d24c8b8b60266a2c44f81b [LEADER]: Queue going to LEADER mode. State: All replicated index: 0, Majority replicated index: 11, Committed index: 11, Last appended: 1.11, Last appended by leader: 11, Current term: 2, Majority size: 2, State: 0, Mode: LEADER, active raft config: opid_index: -1 OBSOLETE_local: false peers { permanent_uuid: "f92183ee83d34f6bbb63c00f71f8b74a" member_type: VOTER last_known_addr { host: "127.10.204.190" port: 33481 } } peers { permanent_uuid: "507ee30655d24c8b8b60266a2c44f81b" member_type: VOTER last_known_addr { host: "127.10.204.189" port: 45277 } } peers { permanent_uuid: "01bb09772e85443ab7bd2c4b59e86ed6" member_type: VOTER last_known_addr { host: "127.10.204.188" port: 44955 } }
I20260608 09:57:42.596091 12673 sys_catalog.cc:455] T 00000000000000000000000000000000 P 507ee30655d24c8b8b60266a2c44f81b [sys.catalog]: SysCatalogTable state changed. Reason: New leader 507ee30655d24c8b8b60266a2c44f81b. Latest consensus state: current_term: 2 leader_uuid: "507ee30655d24c8b8b60266a2c44f81b" committed_config { opid_index: -1 OBSOLETE_local: false peers { permanent_uuid: "f92183ee83d34f6bbb63c00f71f8b74a" member_type: VOTER last_known_addr { host: "127.10.204.190" port: 33481 } } peers { permanent_uuid: "507ee30655d24c8b8b60266a2c44f81b" member_type: VOTER last_known_addr { host: "127.10.204.189" port: 45277 } } peers { permanent_uuid: "01bb09772e85443ab7bd2c4b59e86ed6" member_type: VOTER last_known_addr { host: "127.10.204.188" port: 44955 } } }
I20260608 09:57:42.596899 12673 sys_catalog.cc:458] T 00000000000000000000000000000000 P 507ee30655d24c8b8b60266a2c44f81b [sys.catalog]: This master's current role is: LEADER
I20260608 09:57:42.598443 12675 catalog_manager.cc:1510] Loading table and tablet metadata into memory...
I20260608 09:57:42.603560 12675 catalog_manager.cc:679] Loaded metadata for table test-workload [id=5d6653bf62c84ea1974753796030dae1]
I20260608 09:57:42.608222 12675 tablet_loader.cc:96] loaded metadata for tablet 0499dfe7cd3e4d1cbfc3d9af782d8e96 (table test-workload [id=5d6653bf62c84ea1974753796030dae1])
I20260608 09:57:42.609424 12675 tablet_loader.cc:96] loaded metadata for tablet 3ab39c9fc2c44661a7d786211166c6ff (table test-workload [id=5d6653bf62c84ea1974753796030dae1])
I20260608 09:57:42.610438 12675 tablet_loader.cc:96] loaded metadata for tablet 42e8d49ecb0f48d98d1f13d4511a9905 (table test-workload [id=5d6653bf62c84ea1974753796030dae1])
I20260608 09:57:42.611390 12675 catalog_manager.cc:1519] Initializing Kudu cluster ID...
I20260608 09:57:42.614547 12675 catalog_manager.cc:1294] Loaded cluster ID: 1ee324bc93734c0888de370a4a51754d
I20260608 09:57:42.614802 12675 catalog_manager.cc:1530] Initializing Kudu internal certificate authority...
I20260608 09:57:42.618486 12675 catalog_manager.cc:1539] Loading token signing keys...
I20260608 09:57:42.621702 12675 catalog_manager.cc:6080] T 00000000000000000000000000000000 P 507ee30655d24c8b8b60266a2c44f81b: Loaded TSK: 0
I20260608 09:57:42.622620 12675 catalog_manager.cc:1549] Initializing in-progress tserver states...
I20260608 09:57:42.707456 11058 tablet_server.cc:179] TabletServer@127.10.204.129:0 shutting down...
I20260608 09:57:42.707554 12367 auto_leader_rebalancer.cc:140] leader rebalance for table test-workload
I20260608 09:57:42.707978 12367 auto_leader_rebalancer.cc:451] All tables' leader rebalancing finished this round
I20260608 09:57:42.727489 11058 ts_tablet_manager.cc:1507] Shutting down tablet manager...
I20260608 09:57:42.728127 11058 tablet_replica.cc:333] T 0499dfe7cd3e4d1cbfc3d9af782d8e96 P a9779916aea7496aabbbc53587eae1ca: stopping tablet replica
I20260608 09:57:42.728639 11058 raft_consensus.cc:2243] T 0499dfe7cd3e4d1cbfc3d9af782d8e96 P a9779916aea7496aabbbc53587eae1ca [term 1 LEADER]: Raft consensus shutting down.
I20260608 09:57:42.729159 11058 raft_consensus.cc:2272] T 0499dfe7cd3e4d1cbfc3d9af782d8e96 P a9779916aea7496aabbbc53587eae1ca [term 1 FOLLOWER]: Raft consensus is shut down!
I20260608 09:57:42.746978 11058 tablet_server.cc:196] TabletServer@127.10.204.129:0 shutdown complete.
I20260608 09:57:42.756166 11058 tablet_server.cc:179] TabletServer@127.10.204.130:0 shutting down...
I20260608 09:57:42.774489 11058 ts_tablet_manager.cc:1507] Shutting down tablet manager...
I20260608 09:57:42.775272 11058 tablet_replica.cc:333] T 3ab39c9fc2c44661a7d786211166c6ff P 683b23e579354b8e8cbbefce42602dfe: stopping tablet replica
I20260608 09:57:42.775763 11058 raft_consensus.cc:2243] T 3ab39c9fc2c44661a7d786211166c6ff P 683b23e579354b8e8cbbefce42602dfe [term 1 LEADER]: Raft consensus shutting down.
I20260608 09:57:42.776157 11058 raft_consensus.cc:2272] T 3ab39c9fc2c44661a7d786211166c6ff P 683b23e579354b8e8cbbefce42602dfe [term 1 FOLLOWER]: Raft consensus is shut down!
I20260608 09:57:42.794126 11058 tablet_server.cc:196] TabletServer@127.10.204.130:0 shutdown complete.
I20260608 09:57:42.802603 11058 tablet_server.cc:179] TabletServer@127.10.204.131:0 shutting down...
I20260608 09:57:42.819782 11058 ts_tablet_manager.cc:1507] Shutting down tablet manager...
I20260608 09:57:42.820439 11058 tablet_replica.cc:333] T 42e8d49ecb0f48d98d1f13d4511a9905 P cb1347eefa1241a3933cbf0d55dcefa5: stopping tablet replica
I20260608 09:57:42.821044 11058 raft_consensus.cc:2243] T 42e8d49ecb0f48d98d1f13d4511a9905 P cb1347eefa1241a3933cbf0d55dcefa5 [term 1 LEADER]: Raft consensus shutting down.
I20260608 09:57:42.821448 11058 raft_consensus.cc:2272] T 42e8d49ecb0f48d98d1f13d4511a9905 P cb1347eefa1241a3933cbf0d55dcefa5 [term 1 FOLLOWER]: Raft consensus is shut down!
I20260608 09:57:42.839759 11058 tablet_server.cc:196] TabletServer@127.10.204.131:0 shutdown complete.
I20260608 09:57:42.848881 11058 master.cc:562] Master@127.10.204.189:45277 shutting down...
I20260608 09:57:42.862833 11058 raft_consensus.cc:2243] T 00000000000000000000000000000000 P 507ee30655d24c8b8b60266a2c44f81b [term 2 LEADER]: Raft consensus shutting down.
I20260608 09:57:42.863842 11058 pending_rounds.cc:70] T 00000000000000000000000000000000 P 507ee30655d24c8b8b60266a2c44f81b: Trying to abort 1 pending ops.
I20260608 09:57:42.864144 11058 pending_rounds.cc:77] T 00000000000000000000000000000000 P 507ee30655d24c8b8b60266a2c44f81b: Aborting op as it isn't in flight: id { term: 2 index: 12 } timestamp: 7294618265985679360 op_type: NO_OP noop_request { }
I20260608 09:57:42.864593 11058 raft_consensus.cc:2889] T 00000000000000000000000000000000 P 507ee30655d24c8b8b60266a2c44f81b [term 2 LEADER]: NO_OP replication failed: Aborted: Op aborted
I20260608 09:57:42.865056 11058 raft_consensus.cc:2272] T 00000000000000000000000000000000 P 507ee30655d24c8b8b60266a2c44f81b [term 2 FOLLOWER]: Raft consensus is shut down!
I20260608 09:57:42.865609 11058 tablet_replica.cc:333] T 00000000000000000000000000000000 P 507ee30655d24c8b8b60266a2c44f81b: stopping tablet replica
I20260608 09:57:42.885779 11058 master.cc:584] Master@127.10.204.189:45277 shutdown complete.
I20260608 09:57:42.898208 11058 master.cc:562] Master@127.10.204.188:44955 shutting down...
I20260608 09:57:42.912514 11058 raft_consensus.cc:2243] T 00000000000000000000000000000000 P 01bb09772e85443ab7bd2c4b59e86ed6 [term 2 FOLLOWER]: Raft consensus shutting down.
I20260608 09:57:42.913164 11058 raft_consensus.cc:2272] T 00000000000000000000000000000000 P 01bb09772e85443ab7bd2c4b59e86ed6 [term 2 FOLLOWER]: Raft consensus is shut down!
I20260608 09:57:42.913548 11058 tablet_replica.cc:333] T 00000000000000000000000000000000 P 01bb09772e85443ab7bd2c4b59e86ed6: stopping tablet replica
I20260608 09:57:42.932066 11058 master.cc:584] Master@127.10.204.188:44955 shutdown complete.
[       OK ] AutoRebalancerTest.NextLeaderResumesAutoRebalancing (4659 ms)
[ RUN      ] AutoRebalancerTest.MovesScheduledIfAddTserver
I20260608 09:57:42.957526 11058 internal_mini_cluster.cc:156] Creating distributed mini masters. Addrs: 127.10.204.190:37421
I20260608 09:57:42.958694 11058 file_cache.cc:492] Constructed file cache file cache with capacity 419430
W20260608 09:57:42.963996 12676 instance_detector.cc:116] could not retrieve AWS instance metadata: Network error: curl error: HTTP response code said error: The requested URL returned error: 404
W20260608 09:57:42.964315 12677 instance_detector.cc:116] could not retrieve Azure instance metadata: Network error: curl error: HTTP response code said error: The requested URL returned error: 404
W20260608 09:57:42.965526 12679 instance_detector.cc:116] could not retrieve OpenStack instance metadata: Network error: curl error: HTTP response code said error: The requested URL returned error: 404
I20260608 09:57:42.966439 11058 server_base.cc:1061] running on GCE node
I20260608 09:57:42.967253 11058 hybrid_clock.cc:584] initializing the hybrid clock with 'system_unsync' time source
W20260608 09:57:42.967468 11058 system_unsync_time.cc:38] NTP support is disabled. Clock error bounds will not be accurate. This configuration is not suitable for distributed clusters.
I20260608 09:57:42.967639 11058 hybrid_clock.cc:648] HybridClock initialized: now 1780912662967620 us; error 0 us; skew 500 ppm
I20260608 09:57:42.968221 11058 server_base.cc:861] Flag tcmalloc_max_total_thread_cache_bytes is not working since tcmalloc is not enabled.
I20260608 09:57:42.970885 11058 webserver.cc:533] Webserver started at http://127.10.204.190:33313/ using document root <none> and password file <none>
I20260608 09:57:42.971444 11058 fs_manager.cc:362] Metadata directory not provided
I20260608 09:57:42.971652 11058 fs_manager.cc:368] Using write-ahead log directory (fs_wal_dir) as metadata directory
I20260608 09:57:42.971935 11058 server_base.cc:909] This appears to be a new deployment of Kudu; creating new FS layout
I20260608 09:57:42.973433 11058 fs_manager.cc:1068] Generated new instance metadata in path /tmp/dist-test-taskAuf6WN/test-tmp/auto_rebalancer-test.0.AutoRebalancerTest.MovesScheduledIfAddTserver.1780912644021780-11058-0/minicluster-data/master-0-root/instance:
uuid: "7d303e67e878406680e2e991505927bf"
format_stamp: "Formatted at 2026-06-08 09:57:42 on dist-test-slave-1136"
I20260608 09:57:42.978446 11058 fs_manager.cc:696] Time spent creating directory manager: real 0.004s	user 0.005s	sys 0.000s
I20260608 09:57:42.981966 12684 log_block_manager.cc:4031] Time spent loading block containers with low live blocks: real 0.000s	user 0.000s	sys 0.000s
I20260608 09:57:42.982788 11058 fs_manager.cc:730] Time spent opening block manager: real 0.002s	user 0.002s	sys 0.001s
I20260608 09:57:42.983073 11058 fs_manager.cc:647] Opened local filesystem: /tmp/dist-test-taskAuf6WN/test-tmp/auto_rebalancer-test.0.AutoRebalancerTest.MovesScheduledIfAddTserver.1780912644021780-11058-0/minicluster-data/master-0-root
uuid: "7d303e67e878406680e2e991505927bf"
format_stamp: "Formatted at 2026-06-08 09:57:42 on dist-test-slave-1136"
I20260608 09:57:42.983378 11058 fs_report.cc:389] FS layout report
--------------------
wal directory: /tmp/dist-test-taskAuf6WN/test-tmp/auto_rebalancer-test.0.AutoRebalancerTest.MovesScheduledIfAddTserver.1780912644021780-11058-0/minicluster-data/master-0-root
metadata directory: /tmp/dist-test-taskAuf6WN/test-tmp/auto_rebalancer-test.0.AutoRebalancerTest.MovesScheduledIfAddTserver.1780912644021780-11058-0/minicluster-data/master-0-root
1 data directories: /tmp/dist-test-taskAuf6WN/test-tmp/auto_rebalancer-test.0.AutoRebalancerTest.MovesScheduledIfAddTserver.1780912644021780-11058-0/minicluster-data/master-0-root/data
Total live blocks: 0
Total live bytes: 0
Total live bytes (after alignment): 0
Total number of LBM containers: 0 (0 full)
Did not check for missing blocks
Did not check for orphaned blocks
Total full LBM containers with extra space: 0 (0 repaired)
Total full LBM container extra space in bytes: 0 (0 repaired)
Total incomplete LBM containers: 0 (0 repaired)
Total LBM partial records: 0 (0 repaired)
Total corrupted LBM metadata records in RocksDB: 0 (0 repaired)
I20260608 09:57:42.993611 11058 rpc_server.cc:225] running with OpenSSL 1.1.1  11 Sep 2018
I20260608 09:57:42.994688 11058 kserver.cc:163] Server-wide thread pool size limit: 3276
I20260608 09:57:43.033149 11058 rpc_server.cc:307] RPC server started. Bound to: 127.10.204.190:37421
I20260608 09:57:43.033268 12735 acceptor_pool.cc:272] collecting diagnostics on the listening RPC socket 127.10.204.190:37421 every 8 connection(s)
I20260608 09:57:43.037312 12736 data_dirs.cc:400] Could only allocate 1 dirs of requested 3 for tablet 00000000000000000000000000000000. 1 dirs total, 0 dirs full, 0 dirs failed
I20260608 09:57:43.046870 12736 tablet_bootstrap.cc:492] T 00000000000000000000000000000000 P 7d303e67e878406680e2e991505927bf: Bootstrap starting.
I20260608 09:57:43.051271 12736 tablet_bootstrap.cc:654] T 00000000000000000000000000000000 P 7d303e67e878406680e2e991505927bf: Neither blocks nor log segments found. Creating new log.
I20260608 09:57:43.055110 12736 tablet_bootstrap.cc:492] T 00000000000000000000000000000000 P 7d303e67e878406680e2e991505927bf: No bootstrap required, opened a new log
I20260608 09:57:43.057775 12736 raft_consensus.cc:359] T 00000000000000000000000000000000 P 7d303e67e878406680e2e991505927bf [term 0 FOLLOWER]: Replica starting. Triggering 0 pending ops. Active config: opid_index: -1 OBSOLETE_local: true peers { permanent_uuid: "7d303e67e878406680e2e991505927bf" member_type: VOTER }
I20260608 09:57:43.058243 12736 raft_consensus.cc:385] T 00000000000000000000000000000000 P 7d303e67e878406680e2e991505927bf [term 0 FOLLOWER]: Consensus starting up: Expiring failure detector timer to make a prompt election more likely
I20260608 09:57:43.058465 12736 raft_consensus.cc:740] T 00000000000000000000000000000000 P 7d303e67e878406680e2e991505927bf [term 0 FOLLOWER]: Becoming Follower/Learner. State: Replica: 7d303e67e878406680e2e991505927bf, State: Initialized, Role: FOLLOWER
I20260608 09:57:43.059268 12736 consensus_queue.cc:260] T 00000000000000000000000000000000 P 7d303e67e878406680e2e991505927bf [NON_LEADER]: Queue going to NON_LEADER mode. State: All replicated index: 0, Majority replicated index: 0, Committed index: 0, Last appended: 0.0, Last appended by leader: 0, Current term: 0, Majority size: -1, State: 0, Mode: NON_LEADER, active raft config: opid_index: -1 OBSOLETE_local: true peers { permanent_uuid: "7d303e67e878406680e2e991505927bf" member_type: VOTER }
I20260608 09:57:43.059746 12736 raft_consensus.cc:399] T 00000000000000000000000000000000 P 7d303e67e878406680e2e991505927bf [term 0 FOLLOWER]: Only one voter in the Raft config. Triggering election immediately
I20260608 09:57:43.059938 12736 raft_consensus.cc:493] T 00000000000000000000000000000000 P 7d303e67e878406680e2e991505927bf [term 0 FOLLOWER]: Starting leader election (initial election of a single-replica configuration)
I20260608 09:57:43.060158 12736 raft_consensus.cc:3060] T 00000000000000000000000000000000 P 7d303e67e878406680e2e991505927bf [term 0 FOLLOWER]: Advancing to term 1
I20260608 09:57:43.064285 12736 raft_consensus.cc:515] T 00000000000000000000000000000000 P 7d303e67e878406680e2e991505927bf [term 1 FOLLOWER]: Starting leader election with config: opid_index: -1 OBSOLETE_local: true peers { permanent_uuid: "7d303e67e878406680e2e991505927bf" member_type: VOTER }
I20260608 09:57:43.064877 12736 leader_election.cc:304] T 00000000000000000000000000000000 P 7d303e67e878406680e2e991505927bf [CANDIDATE]: Term 1 election: Election decided. Result: candidate won. Election summary: received 1 responses out of 1 voters: 1 yes votes; 0 no votes. yes voters: 7d303e67e878406680e2e991505927bf; no voters: 
I20260608 09:57:43.066087 12736 leader_election.cc:290] T 00000000000000000000000000000000 P 7d303e67e878406680e2e991505927bf [CANDIDATE]: Term 1 election: Requested vote from peers 
I20260608 09:57:43.066717 12739 raft_consensus.cc:2804] T 00000000000000000000000000000000 P 7d303e67e878406680e2e991505927bf [term 1 FOLLOWER]: Leader election won for term 1
I20260608 09:57:43.068365 12739 raft_consensus.cc:697] T 00000000000000000000000000000000 P 7d303e67e878406680e2e991505927bf [term 1 LEADER]: Becoming Leader. State: Replica: 7d303e67e878406680e2e991505927bf, State: Running, Role: LEADER
I20260608 09:57:43.069170 12739 consensus_queue.cc:237] T 00000000000000000000000000000000 P 7d303e67e878406680e2e991505927bf [LEADER]: Queue going to LEADER mode. State: All replicated index: 0, Majority replicated index: 0, Committed index: 0, Last appended: 0.0, Last appended by leader: 0, Current term: 1, Majority size: 1, State: 0, Mode: LEADER, active raft config: opid_index: -1 OBSOLETE_local: true peers { permanent_uuid: "7d303e67e878406680e2e991505927bf" member_type: VOTER }
I20260608 09:57:43.069413 12736 sys_catalog.cc:565] T 00000000000000000000000000000000 P 7d303e67e878406680e2e991505927bf [sys.catalog]: configured and running, proceeding with master startup.
I20260608 09:57:43.072471 12740 sys_catalog.cc:455] T 00000000000000000000000000000000 P 7d303e67e878406680e2e991505927bf [sys.catalog]: SysCatalogTable state changed. Reason: RaftConsensus started. Latest consensus state: current_term: 1 leader_uuid: "7d303e67e878406680e2e991505927bf" committed_config { opid_index: -1 OBSOLETE_local: true peers { permanent_uuid: "7d303e67e878406680e2e991505927bf" member_type: VOTER } }
I20260608 09:57:43.073092 12741 sys_catalog.cc:455] T 00000000000000000000000000000000 P 7d303e67e878406680e2e991505927bf [sys.catalog]: SysCatalogTable state changed. Reason: New leader 7d303e67e878406680e2e991505927bf. Latest consensus state: current_term: 1 leader_uuid: "7d303e67e878406680e2e991505927bf" committed_config { opid_index: -1 OBSOLETE_local: true peers { permanent_uuid: "7d303e67e878406680e2e991505927bf" member_type: VOTER } }
I20260608 09:57:43.073213 12740 sys_catalog.cc:458] T 00000000000000000000000000000000 P 7d303e67e878406680e2e991505927bf [sys.catalog]: This master's current role is: LEADER
I20260608 09:57:43.074416 12741 sys_catalog.cc:458] T 00000000000000000000000000000000 P 7d303e67e878406680e2e991505927bf [sys.catalog]: This master's current role is: LEADER
I20260608 09:57:43.077826 12745 catalog_manager.cc:1510] Loading table and tablet metadata into memory...
I20260608 09:57:43.086442 12745 catalog_manager.cc:1519] Initializing Kudu cluster ID...
I20260608 09:57:43.087582 11058 internal_mini_cluster.cc:184] Waiting to initialize catalog manager on master 0
I20260608 09:57:43.095798 12745 catalog_manager.cc:1382] Generated new cluster ID: 83cec1cc472444daaf0532fe20ca3cea
I20260608 09:57:43.096119 12745 catalog_manager.cc:1530] Initializing Kudu internal certificate authority...
I20260608 09:57:43.129631 12745 catalog_manager.cc:1405] Generated new certificate authority record
I20260608 09:57:43.130983 12745 catalog_manager.cc:1539] Loading token signing keys...
I20260608 09:57:43.142374 12745 catalog_manager.cc:6069] T 00000000000000000000000000000000 P 7d303e67e878406680e2e991505927bf: Generated new TSK 0
I20260608 09:57:43.142992 12745 catalog_manager.cc:1549] Initializing in-progress tserver states...
I20260608 09:57:43.155107 11058 file_cache.cc:492] Constructed file cache file cache with capacity 419430
W20260608 09:57:43.161335 12757 instance_detector.cc:116] could not retrieve AWS instance metadata: Network error: curl error: HTTP response code said error: The requested URL returned error: 404
W20260608 09:57:43.162451 12758 instance_detector.cc:116] could not retrieve Azure instance metadata: Network error: curl error: HTTP response code said error: The requested URL returned error: 404
W20260608 09:57:43.163589 12760 instance_detector.cc:116] could not retrieve OpenStack instance metadata: Network error: curl error: HTTP response code said error: The requested URL returned error: 404
I20260608 09:57:43.164024 11058 server_base.cc:1061] running on GCE node
I20260608 09:57:43.164913 11058 hybrid_clock.cc:584] initializing the hybrid clock with 'system_unsync' time source
W20260608 09:57:43.165091 11058 system_unsync_time.cc:38] NTP support is disabled. Clock error bounds will not be accurate. This configuration is not suitable for distributed clusters.
I20260608 09:57:43.165232 11058 hybrid_clock.cc:648] HybridClock initialized: now 1780912663165221 us; error 0 us; skew 500 ppm
I20260608 09:57:43.165746 11058 server_base.cc:861] Flag tcmalloc_max_total_thread_cache_bytes is not working since tcmalloc is not enabled.
I20260608 09:57:43.167970 11058 webserver.cc:533] Webserver started at http://127.10.204.129:46155/ using document root <none> and password file <none>
I20260608 09:57:43.168592 11058 fs_manager.cc:362] Metadata directory not provided
I20260608 09:57:43.168785 11058 fs_manager.cc:368] Using write-ahead log directory (fs_wal_dir) as metadata directory
I20260608 09:57:43.169137 11058 server_base.cc:909] This appears to be a new deployment of Kudu; creating new FS layout
I20260608 09:57:43.170230 11058 fs_manager.cc:1068] Generated new instance metadata in path /tmp/dist-test-taskAuf6WN/test-tmp/auto_rebalancer-test.0.AutoRebalancerTest.MovesScheduledIfAddTserver.1780912644021780-11058-0/minicluster-data/ts-0-root/instance:
uuid: "f8e1a8071c334507951d3d5f3078f016"
format_stamp: "Formatted at 2026-06-08 09:57:43 on dist-test-slave-1136"
I20260608 09:57:43.175084 11058 fs_manager.cc:696] Time spent creating directory manager: real 0.004s	user 0.006s	sys 0.000s
I20260608 09:57:43.178573 12765 log_block_manager.cc:4031] Time spent loading block containers with low live blocks: real 0.000s	user 0.000s	sys 0.000s
I20260608 09:57:43.179365 11058 fs_manager.cc:730] Time spent opening block manager: real 0.002s	user 0.001s	sys 0.000s
I20260608 09:57:43.179683 11058 fs_manager.cc:647] Opened local filesystem: /tmp/dist-test-taskAuf6WN/test-tmp/auto_rebalancer-test.0.AutoRebalancerTest.MovesScheduledIfAddTserver.1780912644021780-11058-0/minicluster-data/ts-0-root
uuid: "f8e1a8071c334507951d3d5f3078f016"
format_stamp: "Formatted at 2026-06-08 09:57:43 on dist-test-slave-1136"
I20260608 09:57:43.179970 11058 fs_report.cc:389] FS layout report
--------------------
wal directory: /tmp/dist-test-taskAuf6WN/test-tmp/auto_rebalancer-test.0.AutoRebalancerTest.MovesScheduledIfAddTserver.1780912644021780-11058-0/minicluster-data/ts-0-root
metadata directory: /tmp/dist-test-taskAuf6WN/test-tmp/auto_rebalancer-test.0.AutoRebalancerTest.MovesScheduledIfAddTserver.1780912644021780-11058-0/minicluster-data/ts-0-root
1 data directories: /tmp/dist-test-taskAuf6WN/test-tmp/auto_rebalancer-test.0.AutoRebalancerTest.MovesScheduledIfAddTserver.1780912644021780-11058-0/minicluster-data/ts-0-root/data
Total live blocks: 0
Total live bytes: 0
Total live bytes (after alignment): 0
Total number of LBM containers: 0 (0 full)
Did not check for missing blocks
Did not check for orphaned blocks
Total full LBM containers with extra space: 0 (0 repaired)
Total full LBM container extra space in bytes: 0 (0 repaired)
Total incomplete LBM containers: 0 (0 repaired)
Total LBM partial records: 0 (0 repaired)
Total corrupted LBM metadata records in RocksDB: 0 (0 repaired)
I20260608 09:57:43.222661 11058 rpc_server.cc:225] running with OpenSSL 1.1.1  11 Sep 2018
I20260608 09:57:43.223723 11058 kserver.cc:163] Server-wide thread pool size limit: 3276
I20260608 09:57:43.225198 11058 txn_system_client.cc:432] TxnSystemClient initialization is disabled...
I20260608 09:57:43.227514 11058 ts_tablet_manager.cc:585] Loaded tablet metadata (0 total tablets, 0 live tablets)
I20260608 09:57:43.227749 11058 ts_tablet_manager.cc:531] Time spent load tablet metadata: real 0.000s	user 0.000s	sys 0.000s
I20260608 09:57:43.227988 11058 ts_tablet_manager.cc:616] Registered 0 tablets
I20260608 09:57:43.228158 11058 ts_tablet_manager.cc:595] Time spent register tablets: real 0.000s	user 0.000s	sys 0.000s
I20260608 09:57:43.266695 11058 rpc_server.cc:307] RPC server started. Bound to: 127.10.204.129:38549
I20260608 09:57:43.266824 12827 acceptor_pool.cc:272] collecting diagnostics on the listening RPC socket 127.10.204.129:38549 every 8 connection(s)
I20260608 09:57:43.271878 11058 file_cache.cc:492] Constructed file cache file cache with capacity 419430
W20260608 09:57:43.279353 12832 instance_detector.cc:116] could not retrieve AWS instance metadata: Network error: curl error: HTTP response code said error: The requested URL returned error: 404
W20260608 09:57:43.281247 12833 instance_detector.cc:116] could not retrieve Azure instance metadata: Network error: curl error: HTTP response code said error: The requested URL returned error: 404
I20260608 09:57:43.283331 11058 server_base.cc:1061] running on GCE node
W20260608 09:57:43.283766 12835 instance_detector.cc:116] could not retrieve OpenStack instance metadata: Network error: curl error: HTTP response code said error: The requested URL returned error: 404
I20260608 09:57:43.284725 11058 hybrid_clock.cc:584] initializing the hybrid clock with 'system_unsync' time source
W20260608 09:57:43.285038 11058 system_unsync_time.cc:38] NTP support is disabled. Clock error bounds will not be accurate. This configuration is not suitable for distributed clusters.
I20260608 09:57:43.285264 11058 hybrid_clock.cc:648] HybridClock initialized: now 1780912663285245 us; error 0 us; skew 500 ppm
I20260608 09:57:43.285948 11058 server_base.cc:861] Flag tcmalloc_max_total_thread_cache_bytes is not working since tcmalloc is not enabled.
I20260608 09:57:43.288143 12828 heartbeater.cc:344] Connected to a master server at 127.10.204.190:37421
I20260608 09:57:43.288573 12828 heartbeater.cc:461] Registering TS with master...
I20260608 09:57:43.288786 11058 webserver.cc:533] Webserver started at http://127.10.204.130:42343/ using document root <none> and password file <none>
I20260608 09:57:43.289386 11058 fs_manager.cc:362] Metadata directory not provided
I20260608 09:57:43.289453 12828 heartbeater.cc:507] Master 127.10.204.190:37421 requested a full tablet report, sending...
I20260608 09:57:43.289613 11058 fs_manager.cc:368] Using write-ahead log directory (fs_wal_dir) as metadata directory
I20260608 09:57:43.289971 11058 server_base.cc:909] This appears to be a new deployment of Kudu; creating new FS layout
I20260608 09:57:43.291255 11058 fs_manager.cc:1068] Generated new instance metadata in path /tmp/dist-test-taskAuf6WN/test-tmp/auto_rebalancer-test.0.AutoRebalancerTest.MovesScheduledIfAddTserver.1780912644021780-11058-0/minicluster-data/ts-1-root/instance:
uuid: "ec59a8449b574a488a3aa7c48d17df41"
format_stamp: "Formatted at 2026-06-08 09:57:43 on dist-test-slave-1136"
I20260608 09:57:43.291764 12701 ts_manager.cc:194] Registered new tserver with Master: f8e1a8071c334507951d3d5f3078f016 (127.10.204.129:38549)
I20260608 09:57:43.293597 12701 master_service.cc:502] Signed X509 certificate for tserver {username='slave'} at 127.0.0.1:42578
I20260608 09:57:43.296669 11058 fs_manager.cc:696] Time spent creating directory manager: real 0.005s	user 0.007s	sys 0.000s
I20260608 09:57:43.300526 12840 log_block_manager.cc:4031] Time spent loading block containers with low live blocks: real 0.000s	user 0.000s	sys 0.000s
I20260608 09:57:43.301452 11058 fs_manager.cc:730] Time spent opening block manager: real 0.003s	user 0.000s	sys 0.003s
I20260608 09:57:43.301784 11058 fs_manager.cc:647] Opened local filesystem: /tmp/dist-test-taskAuf6WN/test-tmp/auto_rebalancer-test.0.AutoRebalancerTest.MovesScheduledIfAddTserver.1780912644021780-11058-0/minicluster-data/ts-1-root
uuid: "ec59a8449b574a488a3aa7c48d17df41"
format_stamp: "Formatted at 2026-06-08 09:57:43 on dist-test-slave-1136"
I20260608 09:57:43.302083 11058 fs_report.cc:389] FS layout report
--------------------
wal directory: /tmp/dist-test-taskAuf6WN/test-tmp/auto_rebalancer-test.0.AutoRebalancerTest.MovesScheduledIfAddTserver.1780912644021780-11058-0/minicluster-data/ts-1-root
metadata directory: /tmp/dist-test-taskAuf6WN/test-tmp/auto_rebalancer-test.0.AutoRebalancerTest.MovesScheduledIfAddTserver.1780912644021780-11058-0/minicluster-data/ts-1-root
1 data directories: /tmp/dist-test-taskAuf6WN/test-tmp/auto_rebalancer-test.0.AutoRebalancerTest.MovesScheduledIfAddTserver.1780912644021780-11058-0/minicluster-data/ts-1-root/data
Total live blocks: 0
Total live bytes: 0
Total live bytes (after alignment): 0
Total number of LBM containers: 0 (0 full)
Did not check for missing blocks
Did not check for orphaned blocks
Total full LBM containers with extra space: 0 (0 repaired)
Total full LBM container extra space in bytes: 0 (0 repaired)
Total incomplete LBM containers: 0 (0 repaired)
Total LBM partial records: 0 (0 repaired)
Total corrupted LBM metadata records in RocksDB: 0 (0 repaired)
I20260608 09:57:43.314345 11058 rpc_server.cc:225] running with OpenSSL 1.1.1  11 Sep 2018
I20260608 09:57:43.315474 11058 kserver.cc:163] Server-wide thread pool size limit: 3276
I20260608 09:57:43.316974 11058 txn_system_client.cc:432] TxnSystemClient initialization is disabled...
I20260608 09:57:43.319263 11058 ts_tablet_manager.cc:585] Loaded tablet metadata (0 total tablets, 0 live tablets)
I20260608 09:57:43.319491 11058 ts_tablet_manager.cc:531] Time spent load tablet metadata: real 0.000s	user 0.000s	sys 0.000s
I20260608 09:57:43.319736 11058 ts_tablet_manager.cc:616] Registered 0 tablets
I20260608 09:57:43.319914 11058 ts_tablet_manager.cc:595] Time spent register tablets: real 0.000s	user 0.000s	sys 0.000s
I20260608 09:57:43.359506 11058 rpc_server.cc:307] RPC server started. Bound to: 127.10.204.130:42273
I20260608 09:57:43.359625 12903 acceptor_pool.cc:272] collecting diagnostics on the listening RPC socket 127.10.204.130:42273 every 8 connection(s)
I20260608 09:57:43.364588 11058 file_cache.cc:492] Constructed file cache file cache with capacity 419430
W20260608 09:57:43.371730 12907 instance_detector.cc:116] could not retrieve AWS instance metadata: Network error: curl error: HTTP response code said error: The requested URL returned error: 404
W20260608 09:57:43.372978 12908 instance_detector.cc:116] could not retrieve Azure instance metadata: Network error: curl error: HTTP response code said error: The requested URL returned error: 404
W20260608 09:57:43.374768 12910 instance_detector.cc:116] could not retrieve OpenStack instance metadata: Network error: curl error: HTTP response code said error: The requested URL returned error: 404
I20260608 09:57:43.375869 11058 server_base.cc:1061] running on GCE node
I20260608 09:57:43.376797 11058 hybrid_clock.cc:584] initializing the hybrid clock with 'system_unsync' time source
W20260608 09:57:43.377101 11058 system_unsync_time.cc:38] NTP support is disabled. Clock error bounds will not be accurate. This configuration is not suitable for distributed clusters.
I20260608 09:57:43.377328 11058 hybrid_clock.cc:648] HybridClock initialized: now 1780912663377307 us; error 0 us; skew 500 ppm
I20260608 09:57:43.377475 12904 heartbeater.cc:344] Connected to a master server at 127.10.204.190:37421
I20260608 09:57:43.377908 12904 heartbeater.cc:461] Registering TS with master...
I20260608 09:57:43.378041 11058 server_base.cc:861] Flag tcmalloc_max_total_thread_cache_bytes is not working since tcmalloc is not enabled.
I20260608 09:57:43.378818 12904 heartbeater.cc:507] Master 127.10.204.190:37421 requested a full tablet report, sending...
I20260608 09:57:43.380990 11058 webserver.cc:533] Webserver started at http://127.10.204.131:45219/ using document root <none> and password file <none>
I20260608 09:57:43.381235 12701 ts_manager.cc:194] Registered new tserver with Master: ec59a8449b574a488a3aa7c48d17df41 (127.10.204.130:42273)
I20260608 09:57:43.381717 11058 fs_manager.cc:362] Metadata directory not provided
I20260608 09:57:43.382040 11058 fs_manager.cc:368] Using write-ahead log directory (fs_wal_dir) as metadata directory
I20260608 09:57:43.382342 11058 server_base.cc:909] This appears to be a new deployment of Kudu; creating new FS layout
I20260608 09:57:43.382840 12701 master_service.cc:502] Signed X509 certificate for tserver {username='slave'} at 127.0.0.1:42590
I20260608 09:57:43.383487 11058 fs_manager.cc:1068] Generated new instance metadata in path /tmp/dist-test-taskAuf6WN/test-tmp/auto_rebalancer-test.0.AutoRebalancerTest.MovesScheduledIfAddTserver.1780912644021780-11058-0/minicluster-data/ts-2-root/instance:
uuid: "93e3f2a0c35d4b1dbfa3ef6a97917950"
format_stamp: "Formatted at 2026-06-08 09:57:43 on dist-test-slave-1136"
I20260608 09:57:43.388211 11058 fs_manager.cc:696] Time spent creating directory manager: real 0.004s	user 0.007s	sys 0.000s
I20260608 09:57:43.391594 12915 log_block_manager.cc:4031] Time spent loading block containers with low live blocks: real 0.000s	user 0.000s	sys 0.000s
I20260608 09:57:43.392930 11058 fs_manager.cc:730] Time spent opening block manager: real 0.003s	user 0.003s	sys 0.000s
I20260608 09:57:43.393335 11058 fs_manager.cc:647] Opened local filesystem: /tmp/dist-test-taskAuf6WN/test-tmp/auto_rebalancer-test.0.AutoRebalancerTest.MovesScheduledIfAddTserver.1780912644021780-11058-0/minicluster-data/ts-2-root
uuid: "93e3f2a0c35d4b1dbfa3ef6a97917950"
format_stamp: "Formatted at 2026-06-08 09:57:43 on dist-test-slave-1136"
I20260608 09:57:43.393615 11058 fs_report.cc:389] FS layout report
--------------------
wal directory: /tmp/dist-test-taskAuf6WN/test-tmp/auto_rebalancer-test.0.AutoRebalancerTest.MovesScheduledIfAddTserver.1780912644021780-11058-0/minicluster-data/ts-2-root
metadata directory: /tmp/dist-test-taskAuf6WN/test-tmp/auto_rebalancer-test.0.AutoRebalancerTest.MovesScheduledIfAddTserver.1780912644021780-11058-0/minicluster-data/ts-2-root
1 data directories: /tmp/dist-test-taskAuf6WN/test-tmp/auto_rebalancer-test.0.AutoRebalancerTest.MovesScheduledIfAddTserver.1780912644021780-11058-0/minicluster-data/ts-2-root/data
Total live blocks: 0
Total live bytes: 0
Total live bytes (after alignment): 0
Total number of LBM containers: 0 (0 full)
Did not check for missing blocks
Did not check for orphaned blocks
Total full LBM containers with extra space: 0 (0 repaired)
Total full LBM container extra space in bytes: 0 (0 repaired)
Total incomplete LBM containers: 0 (0 repaired)
Total LBM partial records: 0 (0 repaired)
Total corrupted LBM metadata records in RocksDB: 0 (0 repaired)
I20260608 09:57:43.418534 11058 rpc_server.cc:225] running with OpenSSL 1.1.1  11 Sep 2018
I20260608 09:57:43.419940 11058 kserver.cc:163] Server-wide thread pool size limit: 3276
I20260608 09:57:43.421526 11058 txn_system_client.cc:432] TxnSystemClient initialization is disabled...
I20260608 09:57:43.423823 11058 ts_tablet_manager.cc:585] Loaded tablet metadata (0 total tablets, 0 live tablets)
I20260608 09:57:43.424005 11058 ts_tablet_manager.cc:531] Time spent load tablet metadata: real 0.000s	user 0.000s	sys 0.000s
I20260608 09:57:43.424304 11058 ts_tablet_manager.cc:616] Registered 0 tablets
I20260608 09:57:43.424472 11058 ts_tablet_manager.cc:595] Time spent register tablets: real 0.000s	user 0.000s	sys 0.000s
I20260608 09:57:43.461784 11058 rpc_server.cc:307] RPC server started. Bound to: 127.10.204.131:44555
I20260608 09:57:43.461903 12977 acceptor_pool.cc:272] collecting diagnostics on the listening RPC socket 127.10.204.131:44555 every 8 connection(s)
I20260608 09:57:43.475519 12978 heartbeater.cc:344] Connected to a master server at 127.10.204.190:37421
I20260608 09:57:43.475893 12978 heartbeater.cc:461] Registering TS with master...
I20260608 09:57:43.476538 12978 heartbeater.cc:507] Master 127.10.204.190:37421 requested a full tablet report, sending...
I20260608 09:57:43.478473 12701 ts_manager.cc:194] Registered new tserver with Master: 93e3f2a0c35d4b1dbfa3ef6a97917950 (127.10.204.131:44555)
I20260608 09:57:43.478626 11058 internal_mini_cluster.cc:371] 3 TS(s) registered with all masters after 0.013544445s
I20260608 09:57:43.479966 12701 master_service.cc:502] Signed X509 certificate for tserver {username='slave'} at 127.0.0.1:42602
I20260608 09:57:44.303025 12828 heartbeater.cc:499] Master 127.10.204.190:37421 was elected leader, sending a full tablet report...
