I20260608 09:59:11.546941 26862 raft_consensus.cc:515] T 91f4472618e544f58a7da4c83e808552 P a74895bfe51244d5bffbc30f6b4b232f [term 1 FOLLOWER]: Starting leader election with config: opid_index: -1 OBSOLETE_local: false peers { permanent_uuid: "a74895bfe51244d5bffbc30f6b4b232f" member_type: VOTER last_known_addr { host: "127.21.151.1" port: 38647 } } peers { permanent_uuid: "ea7e7cc2cc1948ac8fe52cfab3227785" member_type: VOTER last_known_addr { host: "127.21.151.2" port: 44403 } } peers { permanent_uuid: "5dd79d8f45f64375b1065e2fb75a8b2a" member_type: VOTER last_known_addr { host: "127.21.151.3" port: 39059 } }
I20260608 09:59:11.551736 26868 consensus_queue.cc:237] T c8d5b4f32c164fcd91d3e63957ed8ba8 P a74895bfe51244d5bffbc30f6b4b232f [LEADER]: Queue going to LEADER mode. State: All replicated index: 0, Majority replicated index: 0, Committed index: 0, Last appended: 0.0, Last appended by leader: 0, Current term: 1, Majority size: 2, State: 0, Mode: LEADER, active raft config: opid_index: -1 OBSOLETE_local: false peers { permanent_uuid: "a74895bfe51244d5bffbc30f6b4b232f" member_type: VOTER last_known_addr { host: "127.21.151.1" port: 38647 } } peers { permanent_uuid: "ea7e7cc2cc1948ac8fe52cfab3227785" member_type: VOTER last_known_addr { host: "127.21.151.2" port: 44403 } } peers { permanent_uuid: "5dd79d8f45f64375b1065e2fb75a8b2a" member_type: VOTER last_known_addr { host: "127.21.151.3" port: 39059 } }
I20260608 09:59:11.534031 26852 leader_election.cc:290] T 9e348e4561ca46e49c5605ab3e30b6c5 P ea7e7cc2cc1948ac8fe52cfab3227785 [CANDIDATE]: Term 1 election: Requested vote from peers a74895bfe51244d5bffbc30f6b4b232f (127.21.151.1:38647), 5dd79d8f45f64375b1065e2fb75a8b2a (127.21.151.3:39059)
I20260608 09:59:11.551002 26668 leader_election.cc:304] T 9e348e4561ca46e49c5605ab3e30b6c5 P ea7e7cc2cc1948ac8fe52cfab3227785 [CANDIDATE]: Term 1 election: Election decided. Result: candidate won. Election summary: received 3 responses out of 3 voters: 2 yes votes; 1 no votes. yes voters: a74895bfe51244d5bffbc30f6b4b232f, ea7e7cc2cc1948ac8fe52cfab3227785; no voters: 5dd79d8f45f64375b1065e2fb75a8b2a
I20260608 09:59:11.556144 26862 leader_election.cc:290] T 91f4472618e544f58a7da4c83e808552 P a74895bfe51244d5bffbc30f6b4b232f [CANDIDATE]: Term 1 election: Requested vote from peers ea7e7cc2cc1948ac8fe52cfab3227785 (127.21.151.2:44403), 5dd79d8f45f64375b1065e2fb75a8b2a (127.21.151.3:39059)
I20260608 09:59:11.556828 26822 raft_consensus.cc:385] T e6692c32ea3f4a30b26930b175da0a21 P a74895bfe51244d5bffbc30f6b4b232f [term 0 FOLLOWER]: Consensus starting up: Expiring failure detector timer to make a prompt election more likely
I20260608 09:59:11.557228 26822 raft_consensus.cc:740] T e6692c32ea3f4a30b26930b175da0a21 P a74895bfe51244d5bffbc30f6b4b232f [term 0 FOLLOWER]: Becoming Follower/Learner. State: Replica: a74895bfe51244d5bffbc30f6b4b232f, State: Initialized, Role: FOLLOWER
I20260608 09:59:11.557513 26777 tablet_service.cc:1917] Received RequestConsensusVote() RPC: tablet_id: "91f4472618e544f58a7da4c83e808552" candidate_uuid: "a74895bfe51244d5bffbc30f6b4b232f" candidate_term: 1 candidate_status { last_received { term: 0 index: 0 } } ignore_live_leader: false dest_uuid: "5dd79d8f45f64375b1065e2fb75a8b2a"
I20260608 09:59:11.555290 26701 tablet_service.cc:1917] Received RequestConsensusVote() RPC: tablet_id: "0aef5c2d3a5640ee87eeea2d41136d0f" candidate_uuid: "a74895bfe51244d5bffbc30f6b4b232f" candidate_term: 1 candidate_status { last_received { term: 0 index: 0 } } ignore_live_leader: false dest_uuid: "ea7e7cc2cc1948ac8fe52cfab3227785" is_pre_election: true
I20260608 09:59:11.555371 26703 tablet_service.cc:1917] Received RequestConsensusVote() RPC: tablet_id: "91f4472618e544f58a7da4c83e808552" candidate_uuid: "a74895bfe51244d5bffbc30f6b4b232f" candidate_term: 1 candidate_status { last_received { term: 0 index: 0 } } ignore_live_leader: false dest_uuid: "ea7e7cc2cc1948ac8fe52cfab3227785"
I20260608 09:59:11.558189 26822 consensus_queue.cc:260] T e6692c32ea3f4a30b26930b175da0a21 P a74895bfe51244d5bffbc30f6b4b232f [NON_LEADER]: Queue going to NON_LEADER mode. State: All replicated index: 0, Majority replicated index: 0, Committed index: 0, Last appended: 0.0, Last appended by leader: 0, Current term: 0, Majority size: -1, State: 0, Mode: NON_LEADER, active raft config: opid_index: -1 OBSOLETE_local: false peers { permanent_uuid: "a74895bfe51244d5bffbc30f6b4b232f" member_type: VOTER last_known_addr { host: "127.21.151.1" port: 38647 } } peers { permanent_uuid: "ea7e7cc2cc1948ac8fe52cfab3227785" member_type: VOTER last_known_addr { host: "127.21.151.2" port: 44403 } } peers { permanent_uuid: "5dd79d8f45f64375b1065e2fb75a8b2a" member_type: VOTER last_known_addr { host: "127.21.151.3" port: 39059 } }
I20260608 09:59:11.558974 26703 raft_consensus.cc:3060] T 91f4472618e544f58a7da4c83e808552 P ea7e7cc2cc1948ac8fe52cfab3227785 [term 0 FOLLOWER]: Advancing to term 1
I20260608 09:59:11.558153 26777 raft_consensus.cc:3060] T 91f4472618e544f58a7da4c83e808552 P 5dd79d8f45f64375b1065e2fb75a8b2a [term 0 FOLLOWER]: Advancing to term 1
W20260608 09:59:11.559263 26592 leader_election.cc:343] T 0aef5c2d3a5640ee87eeea2d41136d0f P a74895bfe51244d5bffbc30f6b4b232f [CANDIDATE]: Term 1 pre-election: Tablet error from VoteRequest() call to peer ea7e7cc2cc1948ac8fe52cfab3227785 (127.21.151.2:44403): Illegal state: must be running to vote when last-logged opid is not known
I20260608 09:59:11.562675 26824 tablet_bootstrap.cc:654] T 9e348e4561ca46e49c5605ab3e30b6c5 P 5dd79d8f45f64375b1065e2fb75a8b2a: Neither blocks nor log segments found. Creating new log.
I20260608 09:59:11.554476 26776 tablet_service.cc:1917] Received RequestConsensusVote() RPC: tablet_id: "0aef5c2d3a5640ee87eeea2d41136d0f" candidate_uuid: "a74895bfe51244d5bffbc30f6b4b232f" candidate_term: 1 candidate_status { last_received { term: 0 index: 0 } } ignore_live_leader: false dest_uuid: "5dd79d8f45f64375b1065e2fb75a8b2a" is_pre_election: true
I20260608 09:59:11.567049 26868 raft_consensus.cc:493] T 27eeb05ed1cd4772b45768472034ad13 P a74895bfe51244d5bffbc30f6b4b232f [term 0 FOLLOWER]: Starting pre-election (no leader contacted us within the election timeout)
I20260608 09:59:11.567802 26868 raft_consensus.cc:515] T 27eeb05ed1cd4772b45768472034ad13 P a74895bfe51244d5bffbc30f6b4b232f [term 0 FOLLOWER]: Starting pre-election with config: opid_index: -1 OBSOLETE_local: false peers { permanent_uuid: "a74895bfe51244d5bffbc30f6b4b232f" member_type: VOTER last_known_addr { host: "127.21.151.1" port: 38647 } } peers { permanent_uuid: "ea7e7cc2cc1948ac8fe52cfab3227785" member_type: VOTER last_known_addr { host: "127.21.151.2" port: 44403 } } peers { permanent_uuid: "5dd79d8f45f64375b1065e2fb75a8b2a" member_type: VOTER last_known_addr { host: "127.21.151.3" port: 39059 } }
W20260608 09:59:11.568684 26592 leader_election.cc:343] T 0aef5c2d3a5640ee87eeea2d41136d0f P a74895bfe51244d5bffbc30f6b4b232f [CANDIDATE]: Term 1 pre-election: Tablet error from VoteRequest() call to peer 5dd79d8f45f64375b1065e2fb75a8b2a (127.21.151.3:39059): Illegal state: must be running to vote when last-logged opid is not known
I20260608 09:59:11.569195 26592 leader_election.cc:304] T 0aef5c2d3a5640ee87eeea2d41136d0f P a74895bfe51244d5bffbc30f6b4b232f [CANDIDATE]: Term 1 pre-election: Election decided. Result: candidate lost. Election summary: received 3 responses out of 3 voters: 1 yes votes; 2 no votes. yes voters: a74895bfe51244d5bffbc30f6b4b232f; no voters: 5dd79d8f45f64375b1065e2fb75a8b2a, ea7e7cc2cc1948ac8fe52cfab3227785
I20260608 09:59:11.570060 26862 raft_consensus.cc:2749] T 0aef5c2d3a5640ee87eeea2d41136d0f P a74895bfe51244d5bffbc30f6b4b232f [term 0 FOLLOWER]: Leader pre-election lost for term 1. Reason: could not achieve majority
I20260608 09:59:11.569527 26523 catalog_manager.cc:5696] T c8d5b4f32c164fcd91d3e63957ed8ba8 P a74895bfe51244d5bffbc30f6b4b232f reported cstate change: term changed from 0 to 1, leader changed from <none> to a74895bfe51244d5bffbc30f6b4b232f (127.21.151.1). New cstate: current_term: 1 leader_uuid: "a74895bfe51244d5bffbc30f6b4b232f" committed_config { opid_index: -1 OBSOLETE_local: false peers { permanent_uuid: "a74895bfe51244d5bffbc30f6b4b232f" member_type: VOTER last_known_addr { host: "127.21.151.1" port: 38647 } health_report { overall_health: HEALTHY } } peers { permanent_uuid: "ea7e7cc2cc1948ac8fe52cfab3227785" member_type: VOTER last_known_addr { host: "127.21.151.2" port: 44403 } health_report { overall_health: UNKNOWN } } peers { permanent_uuid: "5dd79d8f45f64375b1065e2fb75a8b2a" member_type: VOTER last_known_addr { host: "127.21.151.3" port: 39059 } health_report { overall_health: UNKNOWN } } }
I20260608 09:59:11.571905 26868 leader_election.cc:290] T 27eeb05ed1cd4772b45768472034ad13 P a74895bfe51244d5bffbc30f6b4b232f [CANDIDATE]: Term 1 pre-election: Requested pre-vote from peers ea7e7cc2cc1948ac8fe52cfab3227785 (127.21.151.2:44403), 5dd79d8f45f64375b1065e2fb75a8b2a (127.21.151.3:39059)
I20260608 09:59:11.572507 26776 tablet_service.cc:1917] Received RequestConsensusVote() RPC: tablet_id: "27eeb05ed1cd4772b45768472034ad13" candidate_uuid: "a74895bfe51244d5bffbc30f6b4b232f" candidate_term: 1 candidate_status { last_received { term: 0 index: 0 } } ignore_live_leader: false dest_uuid: "5dd79d8f45f64375b1065e2fb75a8b2a" is_pre_election: true
I20260608 09:59:11.574615 26822 ts_tablet_manager.cc:1434] T e6692c32ea3f4a30b26930b175da0a21 P a74895bfe51244d5bffbc30f6b4b232f: Time spent starting tablet: real 0.027s	user 0.007s	sys 0.002s
I20260608 09:59:11.572507 26701 tablet_service.cc:1917] Received RequestConsensusVote() RPC: tablet_id: "27eeb05ed1cd4772b45768472034ad13" candidate_uuid: "a74895bfe51244d5bffbc30f6b4b232f" candidate_term: 1 candidate_status { last_received { term: 0 index: 0 } } ignore_live_leader: false dest_uuid: "ea7e7cc2cc1948ac8fe52cfab3227785" is_pre_election: true
I20260608 09:59:11.576046 26852 raft_consensus.cc:2804] T 9e348e4561ca46e49c5605ab3e30b6c5 P ea7e7cc2cc1948ac8fe52cfab3227785 [term 1 FOLLOWER]: Leader election won for term 1
I20260608 09:59:11.575645 26701 raft_consensus.cc:2468] T 27eeb05ed1cd4772b45768472034ad13 P ea7e7cc2cc1948ac8fe52cfab3227785 [term 0 FOLLOWER]: Leader pre-election vote request: Granting yes vote for candidate a74895bfe51244d5bffbc30f6b4b232f in term 0.
I20260608 09:59:11.567128 26703 raft_consensus.cc:2468] T 91f4472618e544f58a7da4c83e808552 P ea7e7cc2cc1948ac8fe52cfab3227785 [term 1 FOLLOWER]: Leader election vote request: Granting yes vote for candidate a74895bfe51244d5bffbc30f6b4b232f in term 1.
I20260608 09:59:11.580085 26592 leader_election.cc:304] T 27eeb05ed1cd4772b45768472034ad13 P a74895bfe51244d5bffbc30f6b4b232f [CANDIDATE]: Term 1 pre-election: Election decided. Result: candidate won. Election summary: received 2 responses out of 3 voters: 2 yes votes; 0 no votes. yes voters: a74895bfe51244d5bffbc30f6b4b232f, ea7e7cc2cc1948ac8fe52cfab3227785; no voters: 
I20260608 09:59:11.576126 26822 tablet_bootstrap.cc:492] T 421f9cfc284044d0ba660852daf8c746 P a74895bfe51244d5bffbc30f6b4b232f: Bootstrap starting.
I20260608 09:59:11.581691 26592 leader_election.cc:304] T 91f4472618e544f58a7da4c83e808552 P a74895bfe51244d5bffbc30f6b4b232f [CANDIDATE]: Term 1 election: Election decided. Result: candidate won. Election summary: received 2 responses out of 3 voters: 2 yes votes; 0 no votes. yes voters: a74895bfe51244d5bffbc30f6b4b232f, ea7e7cc2cc1948ac8fe52cfab3227785; no voters: 
I20260608 09:59:11.582688 26862 raft_consensus.cc:2804] T 27eeb05ed1cd4772b45768472034ad13 P a74895bfe51244d5bffbc30f6b4b232f [term 0 FOLLOWER]: Leader pre-election won for term 1
I20260608 09:59:11.583154 26862 raft_consensus.cc:493] T 27eeb05ed1cd4772b45768472034ad13 P a74895bfe51244d5bffbc30f6b4b232f [term 0 FOLLOWER]: Starting leader election (no leader contacted us within the election timeout)
I20260608 09:59:11.583513 26862 raft_consensus.cc:3060] T 27eeb05ed1cd4772b45768472034ad13 P a74895bfe51244d5bffbc30f6b4b232f [term 0 FOLLOWER]: Advancing to term 1
I20260608 09:59:11.576474 26741 leader_election.cc:304] T e4f094612c6e43dda87594f265f82bd0 P 5dd79d8f45f64375b1065e2fb75a8b2a [CANDIDATE]: Term 1 election: Election decided. Result: candidate won. Election summary: received 3 responses out of 3 voters: 2 yes votes; 1 no votes. yes voters: 5dd79d8f45f64375b1065e2fb75a8b2a, ea7e7cc2cc1948ac8fe52cfab3227785; no voters: a74895bfe51244d5bffbc30f6b4b232f
I20260608 09:59:11.585032 26867 raft_consensus.cc:2804] T e4f094612c6e43dda87594f265f82bd0 P 5dd79d8f45f64375b1065e2fb75a8b2a [term 1 FOLLOWER]: Leader election won for term 1
I20260608 09:59:11.585851 26867 raft_consensus.cc:697] T e4f094612c6e43dda87594f265f82bd0 P 5dd79d8f45f64375b1065e2fb75a8b2a [term 1 LEADER]: Becoming Leader. State: Replica: 5dd79d8f45f64375b1065e2fb75a8b2a, State: Running, Role: LEADER
I20260608 09:59:11.586905 26867 consensus_queue.cc:237] T e4f094612c6e43dda87594f265f82bd0 P 5dd79d8f45f64375b1065e2fb75a8b2a [LEADER]: Queue going to LEADER mode. State: All replicated index: 0, Majority replicated index: 0, Committed index: 0, Last appended: 0.0, Last appended by leader: 0, Current term: 1, Majority size: 2, State: 0, Mode: LEADER, active raft config: opid_index: -1 OBSOLETE_local: false peers { permanent_uuid: "a74895bfe51244d5bffbc30f6b4b232f" member_type: VOTER last_known_addr { host: "127.21.151.1" port: 38647 } } peers { permanent_uuid: "ea7e7cc2cc1948ac8fe52cfab3227785" member_type: VOTER last_known_addr { host: "127.21.151.2" port: 44403 } } peers { permanent_uuid: "5dd79d8f45f64375b1065e2fb75a8b2a" member_type: VOTER last_known_addr { host: "127.21.151.3" port: 39059 } }
I20260608 09:59:11.582715 26868 raft_consensus.cc:2804] T 91f4472618e544f58a7da4c83e808552 P a74895bfe51244d5bffbc30f6b4b232f [term 1 FOLLOWER]: Leader election won for term 1
I20260608 09:59:11.590847 26778 tablet_service.cc:1917] Received RequestConsensusVote() RPC: tablet_id: "94682ef0247248c49e0a89dcc1cf1de4" candidate_uuid: "a74895bfe51244d5bffbc30f6b4b232f" candidate_term: 1 candidate_status { last_received { term: 0 index: 0 } } ignore_live_leader: false dest_uuid: "5dd79d8f45f64375b1065e2fb75a8b2a"
I20260608 09:59:11.591107 26868 raft_consensus.cc:697] T 91f4472618e544f58a7da4c83e808552 P a74895bfe51244d5bffbc30f6b4b232f [term 1 LEADER]: Becoming Leader. State: Replica: a74895bfe51244d5bffbc30f6b4b232f, State: Running, Role: LEADER
I20260608 09:59:11.592097 26868 consensus_queue.cc:237] T 91f4472618e544f58a7da4c83e808552 P a74895bfe51244d5bffbc30f6b4b232f [LEADER]: Queue going to LEADER mode. State: All replicated index: 0, Majority replicated index: 0, Committed index: 0, Last appended: 0.0, Last appended by leader: 0, Current term: 1, Majority size: 2, State: 0, Mode: LEADER, active raft config: opid_index: -1 OBSOLETE_local: false peers { permanent_uuid: "a74895bfe51244d5bffbc30f6b4b232f" member_type: VOTER last_known_addr { host: "127.21.151.1" port: 38647 } } peers { permanent_uuid: "ea7e7cc2cc1948ac8fe52cfab3227785" member_type: VOTER last_known_addr { host: "127.21.151.2" port: 44403 } } peers { permanent_uuid: "5dd79d8f45f64375b1065e2fb75a8b2a" member_type: VOTER last_known_addr { host: "127.21.151.3" port: 39059 } }
W20260608 09:59:11.592722 26592 leader_election.cc:343] T 94682ef0247248c49e0a89dcc1cf1de4 P a74895bfe51244d5bffbc30f6b4b232f [CANDIDATE]: Term 1 election: Tablet error from VoteRequest() call to peer 5dd79d8f45f64375b1065e2fb75a8b2a (127.21.151.3:39059): Illegal state: must be running to vote when last-logged opid is not known
I20260608 09:59:11.596604 26852 raft_consensus.cc:697] T 9e348e4561ca46e49c5605ab3e30b6c5 P ea7e7cc2cc1948ac8fe52cfab3227785 [term 1 LEADER]: Becoming Leader. State: Replica: ea7e7cc2cc1948ac8fe52cfab3227785, State: Running, Role: LEADER
I20260608 09:59:11.592347 26862 raft_consensus.cc:515] T 27eeb05ed1cd4772b45768472034ad13 P a74895bfe51244d5bffbc30f6b4b232f [term 1 FOLLOWER]: Starting leader election with config: opid_index: -1 OBSOLETE_local: false peers { permanent_uuid: "a74895bfe51244d5bffbc30f6b4b232f" member_type: VOTER last_known_addr { host: "127.21.151.1" port: 38647 } } peers { permanent_uuid: "ea7e7cc2cc1948ac8fe52cfab3227785" member_type: VOTER last_known_addr { host: "127.21.151.2" port: 44403 } } peers { permanent_uuid: "5dd79d8f45f64375b1065e2fb75a8b2a" member_type: VOTER last_known_addr { host: "127.21.151.3" port: 39059 } }
I20260608 09:59:11.600065 26824 tablet_bootstrap.cc:492] T 9e348e4561ca46e49c5605ab3e30b6c5 P 5dd79d8f45f64375b1065e2fb75a8b2a: No bootstrap required, opened a new log
I20260608 09:59:11.601424 26824 ts_tablet_manager.cc:1403] T 9e348e4561ca46e49c5605ab3e30b6c5 P 5dd79d8f45f64375b1065e2fb75a8b2a: Time spent bootstrapping tablet: real 0.050s	user 0.011s	sys 0.009s
I20260608 09:59:11.602349 26862 leader_election.cc:290] T 27eeb05ed1cd4772b45768472034ad13 P a74895bfe51244d5bffbc30f6b4b232f [CANDIDATE]: Term 1 election: Requested vote from peers ea7e7cc2cc1948ac8fe52cfab3227785 (127.21.151.2:44403), 5dd79d8f45f64375b1065e2fb75a8b2a (127.21.151.3:39059)
I20260608 09:59:11.603402 26703 tablet_service.cc:1917] Received RequestConsensusVote() RPC: tablet_id: "27eeb05ed1cd4772b45768472034ad13" candidate_uuid: "a74895bfe51244d5bffbc30f6b4b232f" candidate_term: 1 candidate_status { last_received { term: 0 index: 0 } } ignore_live_leader: false dest_uuid: "ea7e7cc2cc1948ac8fe52cfab3227785"
I20260608 09:59:11.603606 26778 tablet_service.cc:1917] Received RequestConsensusVote() RPC: tablet_id: "27eeb05ed1cd4772b45768472034ad13" candidate_uuid: "a74895bfe51244d5bffbc30f6b4b232f" candidate_term: 1 candidate_status { last_received { term: 0 index: 0 } } ignore_live_leader: false dest_uuid: "5dd79d8f45f64375b1065e2fb75a8b2a"
I20260608 09:59:11.604110 26703 raft_consensus.cc:3060] T 27eeb05ed1cd4772b45768472034ad13 P ea7e7cc2cc1948ac8fe52cfab3227785 [term 0 FOLLOWER]: Advancing to term 1
I20260608 09:59:11.597872 26852 consensus_queue.cc:237] T 9e348e4561ca46e49c5605ab3e30b6c5 P ea7e7cc2cc1948ac8fe52cfab3227785 [LEADER]: Queue going to LEADER mode. State: All replicated index: 0, Majority replicated index: 0, Committed index: 0, Last appended: 0.0, Last appended by leader: 0, Current term: 1, Majority size: 2, State: 0, Mode: LEADER, active raft config: opid_index: -1 OBSOLETE_local: false peers { permanent_uuid: "a74895bfe51244d5bffbc30f6b4b232f" member_type: VOTER last_known_addr { host: "127.21.151.1" port: 38647 } } peers { permanent_uuid: "ea7e7cc2cc1948ac8fe52cfab3227785" member_type: VOTER last_known_addr { host: "127.21.151.2" port: 44403 } } peers { permanent_uuid: "5dd79d8f45f64375b1065e2fb75a8b2a" member_type: VOTER last_known_addr { host: "127.21.151.3" port: 39059 } }
I20260608 09:59:11.605139 26824 raft_consensus.cc:359] T 9e348e4561ca46e49c5605ab3e30b6c5 P 5dd79d8f45f64375b1065e2fb75a8b2a [term 0 FOLLOWER]: Replica starting. Triggering 0 pending ops. Active config: opid_index: -1 OBSOLETE_local: false peers { permanent_uuid: "a74895bfe51244d5bffbc30f6b4b232f" member_type: VOTER last_known_addr { host: "127.21.151.1" port: 38647 } } peers { permanent_uuid: "ea7e7cc2cc1948ac8fe52cfab3227785" member_type: VOTER last_known_addr { host: "127.21.151.2" port: 44403 } } peers { permanent_uuid: "5dd79d8f45f64375b1065e2fb75a8b2a" member_type: VOTER last_known_addr { host: "127.21.151.3" port: 39059 } }
I20260608 09:59:11.605831 26824 raft_consensus.cc:385] T 9e348e4561ca46e49c5605ab3e30b6c5 P 5dd79d8f45f64375b1065e2fb75a8b2a [term 0 FOLLOWER]: Consensus starting up: Expiring failure detector timer to make a prompt election more likely
I20260608 09:59:11.606109 26824 raft_consensus.cc:740] T 9e348e4561ca46e49c5605ab3e30b6c5 P 5dd79d8f45f64375b1065e2fb75a8b2a [term 0 FOLLOWER]: Becoming Follower/Learner. State: Replica: 5dd79d8f45f64375b1065e2fb75a8b2a, State: Initialized, Role: FOLLOWER
I20260608 09:59:11.606886 26824 consensus_queue.cc:260] T 9e348e4561ca46e49c5605ab3e30b6c5 P 5dd79d8f45f64375b1065e2fb75a8b2a [NON_LEADER]: Queue going to NON_LEADER mode. State: All replicated index: 0, Majority replicated index: 0, Committed index: 0, Last appended: 0.0, Last appended by leader: 0, Current term: 0, Majority size: -1, State: 0, Mode: NON_LEADER, active raft config: opid_index: -1 OBSOLETE_local: false peers { permanent_uuid: "a74895bfe51244d5bffbc30f6b4b232f" member_type: VOTER last_known_addr { host: "127.21.151.1" port: 38647 } } peers { permanent_uuid: "ea7e7cc2cc1948ac8fe52cfab3227785" member_type: VOTER last_known_addr { host: "127.21.151.2" port: 44403 } } peers { permanent_uuid: "5dd79d8f45f64375b1065e2fb75a8b2a" member_type: VOTER last_known_addr { host: "127.21.151.3" port: 39059 } }
I20260608 09:59:11.606819 26822 tablet_bootstrap.cc:654] T 421f9cfc284044d0ba660852daf8c746 P a74895bfe51244d5bffbc30f6b4b232f: Neither blocks nor log segments found. Creating new log.
I20260608 09:59:11.609766 26824 ts_tablet_manager.cc:1434] T 9e348e4561ca46e49c5605ab3e30b6c5 P 5dd79d8f45f64375b1065e2fb75a8b2a: Time spent starting tablet: real 0.008s	user 0.003s	sys 0.004s
I20260608 09:59:11.610945 26824 tablet_bootstrap.cc:492] T 35f5d4b7e0d746f3a64afc52eb758353 P 5dd79d8f45f64375b1065e2fb75a8b2a: Bootstrap starting.
I20260608 09:59:11.612797 26703 raft_consensus.cc:2468] T 27eeb05ed1cd4772b45768472034ad13 P ea7e7cc2cc1948ac8fe52cfab3227785 [term 1 FOLLOWER]: Leader election vote request: Granting yes vote for candidate a74895bfe51244d5bffbc30f6b4b232f in term 1.
I20260608 09:59:11.614261 26592 leader_election.cc:304] T 27eeb05ed1cd4772b45768472034ad13 P a74895bfe51244d5bffbc30f6b4b232f [CANDIDATE]: Term 1 election: Election decided. Result: candidate won. Election summary: received 3 responses out of 3 voters: 2 yes votes; 1 no votes. yes voters: a74895bfe51244d5bffbc30f6b4b232f, ea7e7cc2cc1948ac8fe52cfab3227785; no voters: 5dd79d8f45f64375b1065e2fb75a8b2a
I20260608 09:59:11.615345 26862 raft_consensus.cc:2804] T 27eeb05ed1cd4772b45768472034ad13 P a74895bfe51244d5bffbc30f6b4b232f [term 1 FOLLOWER]: Leader election won for term 1
I20260608 09:59:11.616431 26862 raft_consensus.cc:697] T 27eeb05ed1cd4772b45768472034ad13 P a74895bfe51244d5bffbc30f6b4b232f [term 1 LEADER]: Becoming Leader. State: Replica: a74895bfe51244d5bffbc30f6b4b232f, State: Running, Role: LEADER
I20260608 09:59:11.575641 26777 raft_consensus.cc:2468] T 91f4472618e544f58a7da4c83e808552 P 5dd79d8f45f64375b1065e2fb75a8b2a [term 1 FOLLOWER]: Leader election vote request: Granting yes vote for candidate a74895bfe51244d5bffbc30f6b4b232f in term 1.
I20260608 09:59:11.618765 26824 tablet_bootstrap.cc:654] T 35f5d4b7e0d746f3a64afc52eb758353 P 5dd79d8f45f64375b1065e2fb75a8b2a: Neither blocks nor log segments found. Creating new log.
I20260608 09:59:11.590454 26831 leader_election.cc:290] T 94682ef0247248c49e0a89dcc1cf1de4 P a74895bfe51244d5bffbc30f6b4b232f [CANDIDATE]: Term 1 election: Requested vote from peers ea7e7cc2cc1948ac8fe52cfab3227785 (127.21.151.2:44403), 5dd79d8f45f64375b1065e2fb75a8b2a (127.21.151.3:39059)
I20260608 09:59:11.611001 26843 raft_consensus.cc:697] T fd5a1183c99c4955a26fdc1734da84f4 P 5dd79d8f45f64375b1065e2fb75a8b2a [term 1 LEADER]: Becoming Leader. State: Replica: 5dd79d8f45f64375b1065e2fb75a8b2a, State: Running, Role: LEADER
I20260608 09:59:11.620685 26862 consensus_queue.cc:237] T 27eeb05ed1cd4772b45768472034ad13 P a74895bfe51244d5bffbc30f6b4b232f [LEADER]: Queue going to LEADER mode. State: All replicated index: 0, Majority replicated index: 0, Committed index: 0, Last appended: 0.0, Last appended by leader: 0, Current term: 1, Majority size: 2, State: 0, Mode: LEADER, active raft config: opid_index: -1 OBSOLETE_local: false peers { permanent_uuid: "a74895bfe51244d5bffbc30f6b4b232f" member_type: VOTER last_known_addr { host: "127.21.151.1" port: 38647 } } peers { permanent_uuid: "ea7e7cc2cc1948ac8fe52cfab3227785" member_type: VOTER last_known_addr { host: "127.21.151.2" port: 44403 } } peers { permanent_uuid: "5dd79d8f45f64375b1065e2fb75a8b2a" member_type: VOTER last_known_addr { host: "127.21.151.3" port: 39059 } }
I20260608 09:59:11.621228 26843 consensus_queue.cc:237] T fd5a1183c99c4955a26fdc1734da84f4 P 5dd79d8f45f64375b1065e2fb75a8b2a [LEADER]: Queue going to LEADER mode. State: All replicated index: 0, Majority replicated index: 0, Committed index: 0, Last appended: 0.0, Last appended by leader: 0, Current term: 1, Majority size: 2, State: 0, Mode: LEADER, active raft config: opid_index: -1 OBSOLETE_local: false peers { permanent_uuid: "a74895bfe51244d5bffbc30f6b4b232f" member_type: VOTER last_known_addr { host: "127.21.151.1" port: 38647 } } peers { permanent_uuid: "ea7e7cc2cc1948ac8fe52cfab3227785" member_type: VOTER last_known_addr { host: "127.21.151.2" port: 44403 } } peers { permanent_uuid: "5dd79d8f45f64375b1065e2fb75a8b2a" member_type: VOTER last_known_addr { host: "127.21.151.3" port: 39059 } }
I20260608 09:59:11.498615 26827 raft_consensus.cc:515] T 27eeb05ed1cd4772b45768472034ad13 P 5dd79d8f45f64375b1065e2fb75a8b2a [term 1 FOLLOWER]: Starting leader election with config: opid_index: -1 OBSOLETE_local: false peers { permanent_uuid: "a74895bfe51244d5bffbc30f6b4b232f" member_type: VOTER last_known_addr { host: "127.21.151.1" port: 38647 } } peers { permanent_uuid: "ea7e7cc2cc1948ac8fe52cfab3227785" member_type: VOTER last_known_addr { host: "127.21.151.2" port: 44403 } } peers { permanent_uuid: "5dd79d8f45f64375b1065e2fb75a8b2a" member_type: VOTER last_known_addr { host: "127.21.151.3" port: 39059 } }
I20260608 09:59:11.626302 26776 raft_consensus.cc:2393] T 27eeb05ed1cd4772b45768472034ad13 P 5dd79d8f45f64375b1065e2fb75a8b2a [term 1 FOLLOWER]: Leader pre-election vote request: Denying vote to candidate a74895bfe51244d5bffbc30f6b4b232f in current term 1: Already voted for candidate 5dd79d8f45f64375b1065e2fb75a8b2a in this term.
I20260608 09:59:11.627205 26825 tablet_bootstrap.cc:492] T e6692c32ea3f4a30b26930b175da0a21 P ea7e7cc2cc1948ac8fe52cfab3227785: No bootstrap required, opened a new log
I20260608 09:59:11.627918 26825 ts_tablet_manager.cc:1403] T e6692c32ea3f4a30b26930b175da0a21 P ea7e7cc2cc1948ac8fe52cfab3227785: Time spent bootstrapping tablet: real 0.143s	user 0.034s	sys 0.020s
I20260608 09:59:11.631402 26825 raft_consensus.cc:359] T e6692c32ea3f4a30b26930b175da0a21 P ea7e7cc2cc1948ac8fe52cfab3227785 [term 0 FOLLOWER]: Replica starting. Triggering 0 pending ops. Active config: opid_index: -1 OBSOLETE_local: false peers { permanent_uuid: "a74895bfe51244d5bffbc30f6b4b232f" member_type: VOTER last_known_addr { host: "127.21.151.1" port: 38647 } } peers { permanent_uuid: "ea7e7cc2cc1948ac8fe52cfab3227785" member_type: VOTER last_known_addr { host: "127.21.151.2" port: 44403 } } peers { permanent_uuid: "5dd79d8f45f64375b1065e2fb75a8b2a" member_type: VOTER last_known_addr { host: "127.21.151.3" port: 39059 } }
I20260608 09:59:11.637246 26825 raft_consensus.cc:385] T e6692c32ea3f4a30b26930b175da0a21 P ea7e7cc2cc1948ac8fe52cfab3227785 [term 0 FOLLOWER]: Consensus starting up: Expiring failure detector timer to make a prompt election more likely
I20260608 09:59:11.637655 26825 raft_consensus.cc:740] T e6692c32ea3f4a30b26930b175da0a21 P ea7e7cc2cc1948ac8fe52cfab3227785 [term 0 FOLLOWER]: Becoming Follower/Learner. State: Replica: ea7e7cc2cc1948ac8fe52cfab3227785, State: Initialized, Role: FOLLOWER
I20260608 09:59:11.634562 26627 tablet_service.cc:1917] Received RequestConsensusVote() RPC: tablet_id: "27eeb05ed1cd4772b45768472034ad13" candidate_uuid: "5dd79d8f45f64375b1065e2fb75a8b2a" candidate_term: 1 candidate_status { last_received { term: 0 index: 0 } } ignore_live_leader: false dest_uuid: "a74895bfe51244d5bffbc30f6b4b232f"
I20260608 09:59:11.637923 26703 tablet_service.cc:1917] Received RequestConsensusVote() RPC: tablet_id: "27eeb05ed1cd4772b45768472034ad13" candidate_uuid: "5dd79d8f45f64375b1065e2fb75a8b2a" candidate_term: 1 candidate_status { last_received { term: 0 index: 0 } } ignore_live_leader: false dest_uuid: "ea7e7cc2cc1948ac8fe52cfab3227785"
I20260608 09:59:11.640115 26703 raft_consensus.cc:2393] T 27eeb05ed1cd4772b45768472034ad13 P ea7e7cc2cc1948ac8fe52cfab3227785 [term 1 FOLLOWER]: Leader election vote request: Denying vote to candidate 5dd79d8f45f64375b1065e2fb75a8b2a in current term 1: Already voted for candidate a74895bfe51244d5bffbc30f6b4b232f in this term.
I20260608 09:59:11.643136 26524 catalog_manager.cc:5696] T 9e348e4561ca46e49c5605ab3e30b6c5 P ea7e7cc2cc1948ac8fe52cfab3227785 reported cstate change: term changed from 0 to 1, leader changed from <none> to ea7e7cc2cc1948ac8fe52cfab3227785 (127.21.151.2). New cstate: current_term: 1 leader_uuid: "ea7e7cc2cc1948ac8fe52cfab3227785" committed_config { opid_index: -1 OBSOLETE_local: false peers { permanent_uuid: "a74895bfe51244d5bffbc30f6b4b232f" member_type: VOTER last_known_addr { host: "127.21.151.1" port: 38647 } health_report { overall_health: UNKNOWN } } peers { permanent_uuid: "ea7e7cc2cc1948ac8fe52cfab3227785" member_type: VOTER last_known_addr { host: "127.21.151.2" port: 44403 } health_report { overall_health: HEALTHY } } peers { permanent_uuid: "5dd79d8f45f64375b1065e2fb75a8b2a" member_type: VOTER last_known_addr { host: "127.21.151.3" port: 39059 } health_report { overall_health: UNKNOWN } } }
I20260608 09:59:11.636611 26827 leader_election.cc:290] T 27eeb05ed1cd4772b45768472034ad13 P 5dd79d8f45f64375b1065e2fb75a8b2a [CANDIDATE]: Term 1 election: Requested vote from peers a74895bfe51244d5bffbc30f6b4b232f (127.21.151.1:38647), ea7e7cc2cc1948ac8fe52cfab3227785 (127.21.151.2:44403)
I20260608 09:59:11.641492 26825 consensus_queue.cc:260] T e6692c32ea3f4a30b26930b175da0a21 P ea7e7cc2cc1948ac8fe52cfab3227785 [NON_LEADER]: Queue going to NON_LEADER mode. State: All replicated index: 0, Majority replicated index: 0, Committed index: 0, Last appended: 0.0, Last appended by leader: 0, Current term: 0, Majority size: -1, State: 0, Mode: NON_LEADER, active raft config: opid_index: -1 OBSOLETE_local: false peers { permanent_uuid: "a74895bfe51244d5bffbc30f6b4b232f" member_type: VOTER last_known_addr { host: "127.21.151.1" port: 38647 } } peers { permanent_uuid: "ea7e7cc2cc1948ac8fe52cfab3227785" member_type: VOTER last_known_addr { host: "127.21.151.2" port: 44403 } } peers { permanent_uuid: "5dd79d8f45f64375b1065e2fb75a8b2a" member_type: VOTER last_known_addr { host: "127.21.151.3" port: 39059 } }
I20260608 09:59:11.640643 26702 raft_consensus.cc:2468] T 94682ef0247248c49e0a89dcc1cf1de4 P ea7e7cc2cc1948ac8fe52cfab3227785 [term 1 FOLLOWER]: Leader election vote request: Granting yes vote for candidate a74895bfe51244d5bffbc30f6b4b232f in term 1.
I20260608 09:59:11.644786 26741 leader_election.cc:304] T 27eeb05ed1cd4772b45768472034ad13 P 5dd79d8f45f64375b1065e2fb75a8b2a [CANDIDATE]: Term 1 election: Election decided. Result: candidate lost. Election summary: received 3 responses out of 3 voters: 1 yes votes; 2 no votes. yes voters: 5dd79d8f45f64375b1065e2fb75a8b2a; no voters: a74895bfe51244d5bffbc30f6b4b232f, ea7e7cc2cc1948ac8fe52cfab3227785
I20260608 09:59:11.646158 26827 raft_consensus.cc:2749] T 27eeb05ed1cd4772b45768472034ad13 P 5dd79d8f45f64375b1065e2fb75a8b2a [term 1 FOLLOWER]: Leader election lost for term 1. Reason: could not achieve majority
I20260608 09:59:11.646730 26825 ts_tablet_manager.cc:1434] T e6692c32ea3f4a30b26930b175da0a21 P ea7e7cc2cc1948ac8fe52cfab3227785: Time spent starting tablet: real 0.018s	user 0.007s	sys 0.000s
I20260608 09:59:11.647174 26832 raft_consensus.cc:2764] T 94682ef0247248c49e0a89dcc1cf1de4 P ea7e7cc2cc1948ac8fe52cfab3227785 [term 1 FOLLOWER]: Leader pre-election decision vote started in defunct term 0: won
I20260608 09:59:11.647809 26825 tablet_bootstrap.cc:492] T c8d5b4f32c164fcd91d3e63957ed8ba8 P ea7e7cc2cc1948ac8fe52cfab3227785: Bootstrap starting.
I20260608 09:59:11.646308 26824 tablet_bootstrap.cc:492] T 35f5d4b7e0d746f3a64afc52eb758353 P 5dd79d8f45f64375b1065e2fb75a8b2a: No bootstrap required, opened a new log
I20260608 09:59:11.650944 26824 ts_tablet_manager.cc:1403] T 35f5d4b7e0d746f3a64afc52eb758353 P 5dd79d8f45f64375b1065e2fb75a8b2a: Time spent bootstrapping tablet: real 0.040s	user 0.018s	sys 0.013s
I20260608 09:59:11.653695 26825 tablet_bootstrap.cc:654] T c8d5b4f32c164fcd91d3e63957ed8ba8 P ea7e7cc2cc1948ac8fe52cfab3227785: Neither blocks nor log segments found. Creating new log.
I20260608 09:59:11.654273 26824 raft_consensus.cc:359] T 35f5d4b7e0d746f3a64afc52eb758353 P 5dd79d8f45f64375b1065e2fb75a8b2a [term 0 FOLLOWER]: Replica starting. Triggering 0 pending ops. Active config: opid_index: -1 OBSOLETE_local: false peers { permanent_uuid: "a74895bfe51244d5bffbc30f6b4b232f" member_type: VOTER last_known_addr { host: "127.21.151.1" port: 38647 } } peers { permanent_uuid: "ea7e7cc2cc1948ac8fe52cfab3227785" member_type: VOTER last_known_addr { host: "127.21.151.2" port: 44403 } } peers { permanent_uuid: "5dd79d8f45f64375b1065e2fb75a8b2a" member_type: VOTER last_known_addr { host: "127.21.151.3" port: 39059 } }
I20260608 09:59:11.655135 26824 raft_consensus.cc:385] T 35f5d4b7e0d746f3a64afc52eb758353 P 5dd79d8f45f64375b1065e2fb75a8b2a [term 0 FOLLOWER]: Consensus starting up: Expiring failure detector timer to make a prompt election more likely
I20260608 09:59:11.655468 26824 raft_consensus.cc:740] T 35f5d4b7e0d746f3a64afc52eb758353 P 5dd79d8f45f64375b1065e2fb75a8b2a [term 0 FOLLOWER]: Becoming Follower/Learner. State: Replica: 5dd79d8f45f64375b1065e2fb75a8b2a, State: Initialized, Role: FOLLOWER
I20260608 09:59:11.656464 26824 consensus_queue.cc:260] T 35f5d4b7e0d746f3a64afc52eb758353 P 5dd79d8f45f64375b1065e2fb75a8b2a [NON_LEADER]: Queue going to NON_LEADER mode. State: All replicated index: 0, Majority replicated index: 0, Committed index: 0, Last appended: 0.0, Last appended by leader: 0, Current term: 0, Majority size: -1, State: 0, Mode: NON_LEADER, active raft config: opid_index: -1 OBSOLETE_local: false peers { permanent_uuid: "a74895bfe51244d5bffbc30f6b4b232f" member_type: VOTER last_known_addr { host: "127.21.151.1" port: 38647 } } peers { permanent_uuid: "ea7e7cc2cc1948ac8fe52cfab3227785" member_type: VOTER last_known_addr { host: "127.21.151.2" port: 44403 } } peers { permanent_uuid: "5dd79d8f45f64375b1065e2fb75a8b2a" member_type: VOTER last_known_addr { host: "127.21.151.3" port: 39059 } }
I20260608 09:59:11.658315 26822 tablet_bootstrap.cc:492] T 421f9cfc284044d0ba660852daf8c746 P a74895bfe51244d5bffbc30f6b4b232f: No bootstrap required, opened a new log
I20260608 09:59:11.658972 26824 ts_tablet_manager.cc:1434] T 35f5d4b7e0d746f3a64afc52eb758353 P 5dd79d8f45f64375b1065e2fb75a8b2a: Time spent starting tablet: real 0.008s	user 0.008s	sys 0.000s
I20260608 09:59:11.659842 26592 leader_election.cc:304] T 94682ef0247248c49e0a89dcc1cf1de4 P a74895bfe51244d5bffbc30f6b4b232f [CANDIDATE]: Term 1 election: Election decided. Result: candidate won. Election summary: received 3 responses out of 3 voters: 2 yes votes; 1 no votes. yes voters: a74895bfe51244d5bffbc30f6b4b232f, ea7e7cc2cc1948ac8fe52cfab3227785; no voters: 5dd79d8f45f64375b1065e2fb75a8b2a
I20260608 09:59:11.660293 26824 tablet_bootstrap.cc:492] T 94682ef0247248c49e0a89dcc1cf1de4 P 5dd79d8f45f64375b1065e2fb75a8b2a: Bootstrap starting.
I20260608 09:59:11.658900 26822 ts_tablet_manager.cc:1403] T 421f9cfc284044d0ba660852daf8c746 P a74895bfe51244d5bffbc30f6b4b232f: Time spent bootstrapping tablet: real 0.083s	user 0.009s	sys 0.007s
I20260608 09:59:11.663722 26822 raft_consensus.cc:359] T 421f9cfc284044d0ba660852daf8c746 P a74895bfe51244d5bffbc30f6b4b232f [term 0 FOLLOWER]: Replica starting. Triggering 0 pending ops. Active config: opid_index: -1 OBSOLETE_local: false peers { permanent_uuid: "a74895bfe51244d5bffbc30f6b4b232f" member_type: VOTER last_known_addr { host: "127.21.151.1" port: 38647 } } peers { permanent_uuid: "ea7e7cc2cc1948ac8fe52cfab3227785" member_type: VOTER last_known_addr { host: "127.21.151.2" port: 44403 } } peers { permanent_uuid: "5dd79d8f45f64375b1065e2fb75a8b2a" member_type: VOTER last_known_addr { host: "127.21.151.3" port: 39059 } }
I20260608 09:59:11.667399 26824 tablet_bootstrap.cc:654] T 94682ef0247248c49e0a89dcc1cf1de4 P 5dd79d8f45f64375b1065e2fb75a8b2a: Neither blocks nor log segments found. Creating new log.
I20260608 09:59:11.669031 26523 catalog_manager.cc:5696] T 27eeb05ed1cd4772b45768472034ad13 P a74895bfe51244d5bffbc30f6b4b232f reported cstate change: term changed from 0 to 1, leader changed from <none> to a74895bfe51244d5bffbc30f6b4b232f (127.21.151.1). New cstate: current_term: 1 leader_uuid: "a74895bfe51244d5bffbc30f6b4b232f" committed_config { opid_index: -1 OBSOLETE_local: false peers { permanent_uuid: "a74895bfe51244d5bffbc30f6b4b232f" member_type: VOTER last_known_addr { host: "127.21.151.1" port: 38647 } health_report { overall_health: HEALTHY } } peers { permanent_uuid: "ea7e7cc2cc1948ac8fe52cfab3227785" member_type: VOTER last_known_addr { host: "127.21.151.2" port: 44403 } health_report { overall_health: UNKNOWN } } peers { permanent_uuid: "5dd79d8f45f64375b1065e2fb75a8b2a" member_type: VOTER last_known_addr { host: "127.21.151.3" port: 39059 } health_report { overall_health: UNKNOWN } } }
I20260608 09:59:11.670719 26825 tablet_bootstrap.cc:492] T c8d5b4f32c164fcd91d3e63957ed8ba8 P ea7e7cc2cc1948ac8fe52cfab3227785: No bootstrap required, opened a new log
I20260608 09:59:11.671336 26825 ts_tablet_manager.cc:1403] T c8d5b4f32c164fcd91d3e63957ed8ba8 P ea7e7cc2cc1948ac8fe52cfab3227785: Time spent bootstrapping tablet: real 0.024s	user 0.016s	sys 0.002s
I20260608 09:59:11.671705 26523 catalog_manager.cc:5696] T 91f4472618e544f58a7da4c83e808552 P a74895bfe51244d5bffbc30f6b4b232f reported cstate change: term changed from 0 to 1, leader changed from <none> to a74895bfe51244d5bffbc30f6b4b232f (127.21.151.1). New cstate: current_term: 1 leader_uuid: "a74895bfe51244d5bffbc30f6b4b232f" committed_config { opid_index: -1 OBSOLETE_local: false peers { permanent_uuid: "a74895bfe51244d5bffbc30f6b4b232f" member_type: VOTER last_known_addr { host: "127.21.151.1" port: 38647 } health_report { overall_health: HEALTHY } } peers { permanent_uuid: "ea7e7cc2cc1948ac8fe52cfab3227785" member_type: VOTER last_known_addr { host: "127.21.151.2" port: 44403 } health_report { overall_health: UNKNOWN } } peers { permanent_uuid: "5dd79d8f45f64375b1065e2fb75a8b2a" member_type: VOTER last_known_addr { host: "127.21.151.3" port: 39059 } health_report { overall_health: UNKNOWN } } }
I20260608 09:59:11.669545 26822 raft_consensus.cc:385] T 421f9cfc284044d0ba660852daf8c746 P a74895bfe51244d5bffbc30f6b4b232f [term 0 FOLLOWER]: Consensus starting up: Expiring failure detector timer to make a prompt election more likely
I20260608 09:59:11.673309 26843 raft_consensus.cc:493] T 9e348e4561ca46e49c5605ab3e30b6c5 P 5dd79d8f45f64375b1065e2fb75a8b2a [term 0 FOLLOWER]: Starting pre-election (no leader contacted us within the election timeout)
I20260608 09:59:11.673916 26843 raft_consensus.cc:515] T 9e348e4561ca46e49c5605ab3e30b6c5 P 5dd79d8f45f64375b1065e2fb75a8b2a [term 0 FOLLOWER]: Starting pre-election with config: opid_index: -1 OBSOLETE_local: false peers { permanent_uuid: "a74895bfe51244d5bffbc30f6b4b232f" member_type: VOTER last_known_addr { host: "127.21.151.1" port: 38647 } } peers { permanent_uuid: "ea7e7cc2cc1948ac8fe52cfab3227785" member_type: VOTER last_known_addr { host: "127.21.151.2" port: 44403 } } peers { permanent_uuid: "5dd79d8f45f64375b1065e2fb75a8b2a" member_type: VOTER last_known_addr { host: "127.21.151.3" port: 39059 } }
I20260608 09:59:11.674250 26825 raft_consensus.cc:359] T c8d5b4f32c164fcd91d3e63957ed8ba8 P ea7e7cc2cc1948ac8fe52cfab3227785 [term 0 FOLLOWER]: Replica starting. Triggering 0 pending ops. Active config: opid_index: -1 OBSOLETE_local: false peers { permanent_uuid: "a74895bfe51244d5bffbc30f6b4b232f" member_type: VOTER last_known_addr { host: "127.21.151.1" port: 38647 } } peers { permanent_uuid: "ea7e7cc2cc1948ac8fe52cfab3227785" member_type: VOTER last_known_addr { host: "127.21.151.2" port: 44403 } } peers { permanent_uuid: "5dd79d8f45f64375b1065e2fb75a8b2a" member_type: VOTER last_known_addr { host: "127.21.151.3" port: 39059 } }
I20260608 09:59:11.675000 26825 raft_consensus.cc:385] T c8d5b4f32c164fcd91d3e63957ed8ba8 P ea7e7cc2cc1948ac8fe52cfab3227785 [term 0 FOLLOWER]: Consensus starting up: Expiring failure detector timer to make a prompt election more likely
I20260608 09:59:11.675326 26825 raft_consensus.cc:740] T c8d5b4f32c164fcd91d3e63957ed8ba8 P ea7e7cc2cc1948ac8fe52cfab3227785 [term 0 FOLLOWER]: Becoming Follower/Learner. State: Replica: ea7e7cc2cc1948ac8fe52cfab3227785, State: Initialized, Role: FOLLOWER
I20260608 09:59:11.676117 26825 consensus_queue.cc:260] T c8d5b4f32c164fcd91d3e63957ed8ba8 P ea7e7cc2cc1948ac8fe52cfab3227785 [NON_LEADER]: Queue going to NON_LEADER mode. State: All replicated index: 0, Majority replicated index: 0, Committed index: 0, Last appended: 0.0, Last appended by leader: 0, Current term: 0, Majority size: -1, State: 0, Mode: NON_LEADER, active raft config: opid_index: -1 OBSOLETE_local: false peers { permanent_uuid: "a74895bfe51244d5bffbc30f6b4b232f" member_type: VOTER last_known_addr { host: "127.21.151.1" port: 38647 } } peers { permanent_uuid: "ea7e7cc2cc1948ac8fe52cfab3227785" member_type: VOTER last_known_addr { host: "127.21.151.2" port: 44403 } } peers { permanent_uuid: "5dd79d8f45f64375b1065e2fb75a8b2a" member_type: VOTER last_known_addr { host: "127.21.151.3" port: 39059 } }
I20260608 09:59:11.677510 26627 tablet_service.cc:1917] Received RequestConsensusVote() RPC: tablet_id: "9e348e4561ca46e49c5605ab3e30b6c5" candidate_uuid: "5dd79d8f45f64375b1065e2fb75a8b2a" candidate_term: 1 candidate_status { last_received { term: 0 index: 0 } } ignore_live_leader: false dest_uuid: "a74895bfe51244d5bffbc30f6b4b232f" is_pre_election: true
I20260608 09:59:11.677073 26524 catalog_manager.cc:5696] T fd5a1183c99c4955a26fdc1734da84f4 P 5dd79d8f45f64375b1065e2fb75a8b2a reported cstate change: term changed from 0 to 1, leader changed from <none> to 5dd79d8f45f64375b1065e2fb75a8b2a (127.21.151.3). New cstate: current_term: 1 leader_uuid: "5dd79d8f45f64375b1065e2fb75a8b2a" committed_config { opid_index: -1 OBSOLETE_local: false peers { permanent_uuid: "a74895bfe51244d5bffbc30f6b4b232f" member_type: VOTER last_known_addr { host: "127.21.151.1" port: 38647 } health_report { overall_health: UNKNOWN } } peers { permanent_uuid: "ea7e7cc2cc1948ac8fe52cfab3227785" member_type: VOTER last_known_addr { host: "127.21.151.2" port: 44403 } health_report { overall_health: UNKNOWN } } peers { permanent_uuid: "5dd79d8f45f64375b1065e2fb75a8b2a" member_type: VOTER last_known_addr { host: "127.21.151.3" port: 39059 } health_report { overall_health: HEALTHY } } }
I20260608 09:59:11.678349 26627 raft_consensus.cc:2393] T 9e348e4561ca46e49c5605ab3e30b6c5 P a74895bfe51244d5bffbc30f6b4b232f [term 1 FOLLOWER]: Leader pre-election vote request: Denying vote to candidate 5dd79d8f45f64375b1065e2fb75a8b2a in current term 1: Already voted for candidate ea7e7cc2cc1948ac8fe52cfab3227785 in this term.
I20260608 09:59:11.678599 26825 ts_tablet_manager.cc:1434] T c8d5b4f32c164fcd91d3e63957ed8ba8 P ea7e7cc2cc1948ac8fe52cfab3227785: Time spent starting tablet: real 0.007s	user 0.005s	sys 0.001s
I20260608 09:59:11.679384 26824 tablet_bootstrap.cc:492] T 94682ef0247248c49e0a89dcc1cf1de4 P 5dd79d8f45f64375b1065e2fb75a8b2a: No bootstrap required, opened a new log
I20260608 09:59:11.679600 26825 tablet_bootstrap.cc:492] T 421f9cfc284044d0ba660852daf8c746 P ea7e7cc2cc1948ac8fe52cfab3227785: Bootstrap starting.
I20260608 09:59:11.680085 26824 ts_tablet_manager.cc:1403] T 94682ef0247248c49e0a89dcc1cf1de4 P 5dd79d8f45f64375b1065e2fb75a8b2a: Time spent bootstrapping tablet: real 0.020s	user 0.015s	sys 0.001s
I20260608 09:59:11.682184 26702 tablet_service.cc:1917] Received RequestConsensusVote() RPC: tablet_id: "9e348e4561ca46e49c5605ab3e30b6c5" candidate_uuid: "5dd79d8f45f64375b1065e2fb75a8b2a" candidate_term: 1 candidate_status { last_received { term: 0 index: 0 } } ignore_live_leader: false dest_uuid: "ea7e7cc2cc1948ac8fe52cfab3227785" is_pre_election: true
I20260608 09:59:11.684628 26741 leader_election.cc:304] T 9e348e4561ca46e49c5605ab3e30b6c5 P 5dd79d8f45f64375b1065e2fb75a8b2a [CANDIDATE]: Term 1 pre-election: Election decided. Result: candidate lost. Election summary: received 3 responses out of 3 voters: 1 yes votes; 2 no votes. yes voters: 5dd79d8f45f64375b1065e2fb75a8b2a; no voters: a74895bfe51244d5bffbc30f6b4b232f, ea7e7cc2cc1948ac8fe52cfab3227785
I20260608 09:59:11.685449 26824 raft_consensus.cc:359] T 94682ef0247248c49e0a89dcc1cf1de4 P 5dd79d8f45f64375b1065e2fb75a8b2a [term 0 FOLLOWER]: Replica starting. Triggering 0 pending ops. Active config: opid_index: -1 OBSOLETE_local: false peers { permanent_uuid: "a74895bfe51244d5bffbc30f6b4b232f" member_type: VOTER last_known_addr { host: "127.21.151.1" port: 38647 } } peers { permanent_uuid: "ea7e7cc2cc1948ac8fe52cfab3227785" member_type: VOTER last_known_addr { host: "127.21.151.2" port: 44403 } } peers { permanent_uuid: "5dd79d8f45f64375b1065e2fb75a8b2a" member_type: VOTER last_known_addr { host: "127.21.151.3" port: 39059 } }
I20260608 09:59:11.686234 26825 tablet_bootstrap.cc:654] T 421f9cfc284044d0ba660852daf8c746 P ea7e7cc2cc1948ac8fe52cfab3227785: Neither blocks nor log segments found. Creating new log.
I20260608 09:59:11.685883 26827 raft_consensus.cc:3060] T 9e348e4561ca46e49c5605ab3e30b6c5 P 5dd79d8f45f64375b1065e2fb75a8b2a [term 0 FOLLOWER]: Advancing to term 1
I20260608 09:59:11.682269 26843 leader_election.cc:290] T 9e348e4561ca46e49c5605ab3e30b6c5 P 5dd79d8f45f64375b1065e2fb75a8b2a [CANDIDATE]: Term 1 pre-election: Requested pre-vote from peers a74895bfe51244d5bffbc30f6b4b232f (127.21.151.1:38647), ea7e7cc2cc1948ac8fe52cfab3227785 (127.21.151.2:44403)
I20260608 09:59:11.686301 26824 raft_consensus.cc:385] T 94682ef0247248c49e0a89dcc1cf1de4 P 5dd79d8f45f64375b1065e2fb75a8b2a [term 0 FOLLOWER]: Consensus starting up: Expiring failure detector timer to make a prompt election more likely
I20260608 09:59:11.689503 26824 raft_consensus.cc:740] T 94682ef0247248c49e0a89dcc1cf1de4 P 5dd79d8f45f64375b1065e2fb75a8b2a [term 0 FOLLOWER]: Becoming Follower/Learner. State: Replica: 5dd79d8f45f64375b1065e2fb75a8b2a, State: Initialized, Role: FOLLOWER
I20260608 09:59:11.680732 26862 raft_consensus.cc:2804] T 94682ef0247248c49e0a89dcc1cf1de4 P a74895bfe51244d5bffbc30f6b4b232f [term 1 FOLLOWER]: Leader election won for term 1
I20260608 09:59:11.690418 26824 consensus_queue.cc:260] T 94682ef0247248c49e0a89dcc1cf1de4 P 5dd79d8f45f64375b1065e2fb75a8b2a [NON_LEADER]: Queue going to NON_LEADER mode. State: All replicated index: 0, Majority replicated index: 0, Committed index: 0, Last appended: 0.0, Last appended by leader: 0, Current term: 0, Majority size: -1, State: 0, Mode: NON_LEADER, active raft config: opid_index: -1 OBSOLETE_local: false peers { permanent_uuid: "a74895bfe51244d5bffbc30f6b4b232f" member_type: VOTER last_known_addr { host: "127.21.151.1" port: 38647 } } peers { permanent_uuid: "ea7e7cc2cc1948ac8fe52cfab3227785" member_type: VOTER last_known_addr { host: "127.21.151.2" port: 44403 } } peers { permanent_uuid: "5dd79d8f45f64375b1065e2fb75a8b2a" member_type: VOTER last_known_addr { host: "127.21.151.3" port: 39059 } }
I20260608 09:59:11.690762 26862 raft_consensus.cc:697] T 94682ef0247248c49e0a89dcc1cf1de4 P a74895bfe51244d5bffbc30f6b4b232f [term 1 LEADER]: Becoming Leader. State: Replica: a74895bfe51244d5bffbc30f6b4b232f, State: Running, Role: LEADER
I20260608 09:59:11.693508 26862 consensus_queue.cc:237] T 94682ef0247248c49e0a89dcc1cf1de4 P a74895bfe51244d5bffbc30f6b4b232f [LEADER]: Queue going to LEADER mode. State: All replicated index: 0, Majority replicated index: 0, Committed index: 0, Last appended: 0.0, Last appended by leader: 0, Current term: 1, Majority size: 2, State: 0, Mode: LEADER, active raft config: opid_index: -1 OBSOLETE_local: false peers { permanent_uuid: "a74895bfe51244d5bffbc30f6b4b232f" member_type: VOTER last_known_addr { host: "127.21.151.1" port: 38647 } } peers { permanent_uuid: "ea7e7cc2cc1948ac8fe52cfab3227785" member_type: VOTER last_known_addr { host: "127.21.151.2" port: 44403 } } peers { permanent_uuid: "5dd79d8f45f64375b1065e2fb75a8b2a" member_type: VOTER last_known_addr { host: "127.21.151.3" port: 39059 } }
I20260608 09:59:11.692569 26824 ts_tablet_manager.cc:1434] T 94682ef0247248c49e0a89dcc1cf1de4 P 5dd79d8f45f64375b1065e2fb75a8b2a: Time spent starting tablet: real 0.010s	user 0.005s	sys 0.000s
I20260608 09:59:11.696710 26824 tablet_bootstrap.cc:492] T 0aef5c2d3a5640ee87eeea2d41136d0f P 5dd79d8f45f64375b1065e2fb75a8b2a: Bootstrap starting.
I20260608 09:59:11.682371 26822 raft_consensus.cc:740] T 421f9cfc284044d0ba660852daf8c746 P a74895bfe51244d5bffbc30f6b4b232f [term 0 FOLLOWER]: Becoming Follower/Learner. State: Replica: a74895bfe51244d5bffbc30f6b4b232f, State: Initialized, Role: FOLLOWER
I20260608 09:59:11.703277 26822 consensus_queue.cc:260] T 421f9cfc284044d0ba660852daf8c746 P a74895bfe51244d5bffbc30f6b4b232f [NON_LEADER]: Queue going to NON_LEADER mode. State: All replicated index: 0, Majority replicated index: 0, Committed index: 0, Last appended: 0.0, Last appended by leader: 0, Current term: 0, Majority size: -1, State: 0, Mode: NON_LEADER, active raft config: opid_index: -1 OBSOLETE_local: false peers { permanent_uuid: "a74895bfe51244d5bffbc30f6b4b232f" member_type: VOTER last_known_addr { host: "127.21.151.1" port: 38647 } } peers { permanent_uuid: "ea7e7cc2cc1948ac8fe52cfab3227785" member_type: VOTER last_known_addr { host: "127.21.151.2" port: 44403 } } peers { permanent_uuid: "5dd79d8f45f64375b1065e2fb75a8b2a" member_type: VOTER last_known_addr { host: "127.21.151.3" port: 39059 } }
I20260608 09:59:11.704499 26825 tablet_bootstrap.cc:492] T 421f9cfc284044d0ba660852daf8c746 P ea7e7cc2cc1948ac8fe52cfab3227785: No bootstrap required, opened a new log
