I20260608 09:57:03.472838 26887 raft_consensus.cc:515] T 1582ffe7b77f4cf8b801d7d3b81e8c5b P 34ab19cf1fa5456cb948edb3a55d0ce8 [term 0 FOLLOWER]: Starting pre-election with config: opid_index: -1 OBSOLETE_local: false peers { permanent_uuid: "6613a01b401a4fc2946bf9ddd8bad5f8" member_type: VOTER last_known_addr { host: "127.25.105.1" port: 46379 } } peers { permanent_uuid: "3d3ca23180ac49cea8f7e4668362b2e7" member_type: VOTER last_known_addr { host: "127.25.105.2" port: 35341 } } peers { permanent_uuid: "34ab19cf1fa5456cb948edb3a55d0ce8" member_type: VOTER last_known_addr { host: "127.25.105.3" port: 41091 } }
I20260608 09:57:03.473212 26883 raft_consensus.cc:385] T 5fdf612b54874f4ab315135c751df7d0 P 34ab19cf1fa5456cb948edb3a55d0ce8 [term 0 FOLLOWER]: Consensus starting up: Expiring failure detector timer to make a prompt election more likely
I20260608 09:57:03.473596 26883 raft_consensus.cc:740] T 5fdf612b54874f4ab315135c751df7d0 P 34ab19cf1fa5456cb948edb3a55d0ce8 [term 0 FOLLOWER]: Becoming Follower/Learner. State: Replica: 34ab19cf1fa5456cb948edb3a55d0ce8, State: Initialized, Role: FOLLOWER
I20260608 09:57:03.474464 26881 ts_tablet_manager.cc:1434] T 63ba93f118574790af666f3c90537d8e P 6613a01b401a4fc2946bf9ddd8bad5f8: Time spent starting tablet: real 0.010s	user 0.006s	sys 0.000s
I20260608 09:57:03.475188 26883 consensus_queue.cc:260] T 5fdf612b54874f4ab315135c751df7d0 P 34ab19cf1fa5456cb948edb3a55d0ce8 [NON_LEADER]: Queue going to NON_LEADER mode. State: All replicated index: 0, Majority replicated index: 0, Committed index: 0, Last appended: 0.0, Last appended by leader: 0, Current term: 0, Majority size: -1, State: 0, Mode: NON_LEADER, active raft config: opid_index: -1 OBSOLETE_local: false peers { permanent_uuid: "6613a01b401a4fc2946bf9ddd8bad5f8" member_type: VOTER last_known_addr { host: "127.25.105.1" port: 46379 } } peers { permanent_uuid: "3d3ca23180ac49cea8f7e4668362b2e7" member_type: VOTER last_known_addr { host: "127.25.105.2" port: 35341 } } peers { permanent_uuid: "34ab19cf1fa5456cb948edb3a55d0ce8" member_type: VOTER last_known_addr { host: "127.25.105.3" port: 41091 } }
I20260608 09:57:03.476119 26881 tablet_bootstrap.cc:492] T 5fdf612b54874f4ab315135c751df7d0 P 6613a01b401a4fc2946bf9ddd8bad5f8: Bootstrap starting.
I20260608 09:57:03.483906 26881 tablet_bootstrap.cc:654] T 5fdf612b54874f4ab315135c751df7d0 P 6613a01b401a4fc2946bf9ddd8bad5f8: Neither blocks nor log segments found. Creating new log.
I20260608 09:57:03.488904 26686 tablet_service.cc:1917] Received RequestConsensusVote() RPC: tablet_id: "c65cffca20ec4ff492f3aef88b17d628" candidate_uuid: "3d3ca23180ac49cea8f7e4668362b2e7" candidate_term: 1 candidate_status { last_received { term: 0 index: 0 } } ignore_live_leader: false dest_uuid: "6613a01b401a4fc2946bf9ddd8bad5f8" is_pre_election: true
W20260608 09:57:03.491076 26724 leader_election.cc:343] T c65cffca20ec4ff492f3aef88b17d628 P 3d3ca23180ac49cea8f7e4668362b2e7 [CANDIDATE]: Term 1 pre-election: Tablet error from VoteRequest() call to peer 6613a01b401a4fc2946bf9ddd8bad5f8 (127.25.105.1:46379): Illegal state: must be running to vote when last-logged opid is not known
I20260608 09:57:03.492161 26887 leader_election.cc:290] T 1582ffe7b77f4cf8b801d7d3b81e8c5b P 34ab19cf1fa5456cb948edb3a55d0ce8 [CANDIDATE]: Term 1 pre-election: Requested pre-vote from peers 6613a01b401a4fc2946bf9ddd8bad5f8 (127.25.105.1:46379), 3d3ca23180ac49cea8f7e4668362b2e7 (127.25.105.2:35341)
I20260608 09:57:03.496210 26881 tablet_bootstrap.cc:492] T 5fdf612b54874f4ab315135c751df7d0 P 6613a01b401a4fc2946bf9ddd8bad5f8: No bootstrap required, opened a new log
I20260608 09:57:03.504835 26881 ts_tablet_manager.cc:1403] T 5fdf612b54874f4ab315135c751df7d0 P 6613a01b401a4fc2946bf9ddd8bad5f8: Time spent bootstrapping tablet: real 0.029s	user 0.020s	sys 0.000s
I20260608 09:57:03.508319 26881 raft_consensus.cc:359] T 5fdf612b54874f4ab315135c751df7d0 P 6613a01b401a4fc2946bf9ddd8bad5f8 [term 0 FOLLOWER]: Replica starting. Triggering 0 pending ops. Active config: opid_index: -1 OBSOLETE_local: false peers { permanent_uuid: "6613a01b401a4fc2946bf9ddd8bad5f8" member_type: VOTER last_known_addr { host: "127.25.105.1" port: 46379 } } peers { permanent_uuid: "3d3ca23180ac49cea8f7e4668362b2e7" member_type: VOTER last_known_addr { host: "127.25.105.2" port: 35341 } } peers { permanent_uuid: "34ab19cf1fa5456cb948edb3a55d0ce8" member_type: VOTER last_known_addr { host: "127.25.105.3" port: 41091 } }
I20260608 09:57:03.509222 26881 raft_consensus.cc:385] T 5fdf612b54874f4ab315135c751df7d0 P 6613a01b401a4fc2946bf9ddd8bad5f8 [term 0 FOLLOWER]: Consensus starting up: Expiring failure detector timer to make a prompt election more likely
I20260608 09:57:03.509600 26881 raft_consensus.cc:740] T 5fdf612b54874f4ab315135c751df7d0 P 6613a01b401a4fc2946bf9ddd8bad5f8 [term 0 FOLLOWER]: Becoming Follower/Learner. State: Replica: 6613a01b401a4fc2946bf9ddd8bad5f8, State: Initialized, Role: FOLLOWER
I20260608 09:57:03.510490 26881 consensus_queue.cc:260] T 5fdf612b54874f4ab315135c751df7d0 P 6613a01b401a4fc2946bf9ddd8bad5f8 [NON_LEADER]: Queue going to NON_LEADER mode. State: All replicated index: 0, Majority replicated index: 0, Committed index: 0, Last appended: 0.0, Last appended by leader: 0, Current term: 0, Majority size: -1, State: 0, Mode: NON_LEADER, active raft config: opid_index: -1 OBSOLETE_local: false peers { permanent_uuid: "6613a01b401a4fc2946bf9ddd8bad5f8" member_type: VOTER last_known_addr { host: "127.25.105.1" port: 46379 } } peers { permanent_uuid: "3d3ca23180ac49cea8f7e4668362b2e7" member_type: VOTER last_known_addr { host: "127.25.105.2" port: 35341 } } peers { permanent_uuid: "34ab19cf1fa5456cb948edb3a55d0ce8" member_type: VOTER last_known_addr { host: "127.25.105.3" port: 41091 } }
I20260608 09:57:03.513454 26881 ts_tablet_manager.cc:1434] T 5fdf612b54874f4ab315135c751df7d0 P 6613a01b401a4fc2946bf9ddd8bad5f8: Time spent starting tablet: real 0.008s	user 0.008s	sys 0.000s
I20260608 09:57:03.514690 26881 tablet_bootstrap.cc:492] T c65cffca20ec4ff492f3aef88b17d628 P 6613a01b401a4fc2946bf9ddd8bad5f8: Bootstrap starting.
I20260608 09:57:03.523440 26881 tablet_bootstrap.cc:654] T c65cffca20ec4ff492f3aef88b17d628 P 6613a01b401a4fc2946bf9ddd8bad5f8: Neither blocks nor log segments found. Creating new log.
I20260608 09:57:03.524667 26880 raft_consensus.cc:359] T 1582ffe7b77f4cf8b801d7d3b81e8c5b P 3d3ca23180ac49cea8f7e4668362b2e7 [term 0 FOLLOWER]: Replica starting. Triggering 0 pending ops. Active config: opid_index: -1 OBSOLETE_local: false peers { permanent_uuid: "6613a01b401a4fc2946bf9ddd8bad5f8" member_type: VOTER last_known_addr { host: "127.25.105.1" port: 46379 } } peers { permanent_uuid: "3d3ca23180ac49cea8f7e4668362b2e7" member_type: VOTER last_known_addr { host: "127.25.105.2" port: 35341 } } peers { permanent_uuid: "34ab19cf1fa5456cb948edb3a55d0ce8" member_type: VOTER last_known_addr { host: "127.25.105.3" port: 41091 } }
I20260608 09:57:03.525707 26880 raft_consensus.cc:385] T 1582ffe7b77f4cf8b801d7d3b81e8c5b P 3d3ca23180ac49cea8f7e4668362b2e7 [term 0 FOLLOWER]: Consensus starting up: Expiring failure detector timer to make a prompt election more likely
I20260608 09:57:03.526172 26880 raft_consensus.cc:740] T 1582ffe7b77f4cf8b801d7d3b81e8c5b P 3d3ca23180ac49cea8f7e4668362b2e7 [term 0 FOLLOWER]: Becoming Follower/Learner. State: Replica: 3d3ca23180ac49cea8f7e4668362b2e7, State: Initialized, Role: FOLLOWER
I20260608 09:57:03.527338 26880 consensus_queue.cc:260] T 1582ffe7b77f4cf8b801d7d3b81e8c5b P 3d3ca23180ac49cea8f7e4668362b2e7 [NON_LEADER]: Queue going to NON_LEADER mode. State: All replicated index: 0, Majority replicated index: 0, Committed index: 0, Last appended: 0.0, Last appended by leader: 0, Current term: 0, Majority size: -1, State: 0, Mode: NON_LEADER, active raft config: opid_index: -1 OBSOLETE_local: false peers { permanent_uuid: "6613a01b401a4fc2946bf9ddd8bad5f8" member_type: VOTER last_known_addr { host: "127.25.105.1" port: 46379 } } peers { permanent_uuid: "3d3ca23180ac49cea8f7e4668362b2e7" member_type: VOTER last_known_addr { host: "127.25.105.2" port: 35341 } } peers { permanent_uuid: "34ab19cf1fa5456cb948edb3a55d0ce8" member_type: VOTER last_known_addr { host: "127.25.105.3" port: 41091 } }
I20260608 09:57:03.547183 26583 catalog_manager.cc:5696] T 94ce5dadac294d9dbf0fe7ed8886df37 P 6613a01b401a4fc2946bf9ddd8bad5f8 reported cstate change: term changed from 0 to 1, leader changed from <none> to 6613a01b401a4fc2946bf9ddd8bad5f8 (127.25.105.1). New cstate: current_term: 1 leader_uuid: "6613a01b401a4fc2946bf9ddd8bad5f8" committed_config { opid_index: -1 OBSOLETE_local: false peers { permanent_uuid: "3d3ca23180ac49cea8f7e4668362b2e7" member_type: VOTER last_known_addr { host: "127.25.105.2" port: 35341 } health_report { overall_health: UNKNOWN } } peers { permanent_uuid: "6613a01b401a4fc2946bf9ddd8bad5f8" member_type: VOTER last_known_addr { host: "127.25.105.1" port: 46379 } health_report { overall_health: HEALTHY } } peers { permanent_uuid: "34ab19cf1fa5456cb948edb3a55d0ce8" member_type: VOTER last_known_addr { host: "127.25.105.3" port: 41091 } health_report { overall_health: UNKNOWN } } }
I20260608 09:57:03.540670 26835 tablet_service.cc:1917] Received RequestConsensusVote() RPC: tablet_id: "c65cffca20ec4ff492f3aef88b17d628" candidate_uuid: "3d3ca23180ac49cea8f7e4668362b2e7" candidate_term: 1 candidate_status { last_received { term: 0 index: 0 } } ignore_live_leader: false dest_uuid: "34ab19cf1fa5456cb948edb3a55d0ce8" is_pre_election: true
I20260608 09:57:03.556654 26761 tablet_service.cc:1917] Received RequestConsensusVote() RPC: tablet_id: "1582ffe7b77f4cf8b801d7d3b81e8c5b" candidate_uuid: "34ab19cf1fa5456cb948edb3a55d0ce8" candidate_term: 1 candidate_status { last_received { term: 0 index: 0 } } ignore_live_leader: false dest_uuid: "3d3ca23180ac49cea8f7e4668362b2e7" is_pre_election: true
I20260608 09:57:03.557060 26835 raft_consensus.cc:2468] T c65cffca20ec4ff492f3aef88b17d628 P 34ab19cf1fa5456cb948edb3a55d0ce8 [term 0 FOLLOWER]: Leader pre-election vote request: Granting yes vote for candidate 3d3ca23180ac49cea8f7e4668362b2e7 in term 0.
I20260608 09:57:03.557336 26761 raft_consensus.cc:2468] T 1582ffe7b77f4cf8b801d7d3b81e8c5b P 3d3ca23180ac49cea8f7e4668362b2e7 [term 0 FOLLOWER]: Leader pre-election vote request: Granting yes vote for candidate 34ab19cf1fa5456cb948edb3a55d0ce8 in term 0.
I20260608 09:57:03.558514 26911 raft_consensus.cc:493] T 447c84a3806b4cdba773b63d5af343c3 P 34ab19cf1fa5456cb948edb3a55d0ce8 [term 0 FOLLOWER]: Starting pre-election (no leader contacted us within the election timeout)
I20260608 09:57:03.558650 26801 leader_election.cc:304] T 1582ffe7b77f4cf8b801d7d3b81e8c5b P 34ab19cf1fa5456cb948edb3a55d0ce8 [CANDIDATE]: Term 1 pre-election: Election decided. Result: candidate won. Election summary: received 2 responses out of 3 voters: 2 yes votes; 0 no votes. yes voters: 34ab19cf1fa5456cb948edb3a55d0ce8, 3d3ca23180ac49cea8f7e4668362b2e7; no voters: 
I20260608 09:57:03.552409 26880 ts_tablet_manager.cc:1434] T 1582ffe7b77f4cf8b801d7d3b81e8c5b P 3d3ca23180ac49cea8f7e4668362b2e7: Time spent starting tablet: real 0.081s	user 0.007s	sys 0.000s
I20260608 09:57:03.556067 26883 ts_tablet_manager.cc:1434] T 5fdf612b54874f4ab315135c751df7d0 P 34ab19cf1fa5456cb948edb3a55d0ce8: Time spent starting tablet: real 0.086s	user 0.039s	sys 0.041s
I20260608 09:57:03.556075 26686 tablet_service.cc:1917] Received RequestConsensusVote() RPC: tablet_id: "1582ffe7b77f4cf8b801d7d3b81e8c5b" candidate_uuid: "34ab19cf1fa5456cb948edb3a55d0ce8" candidate_term: 1 candidate_status { last_received { term: 0 index: 0 } } ignore_live_leader: false dest_uuid: "6613a01b401a4fc2946bf9ddd8bad5f8" is_pre_election: true
I20260608 09:57:03.559170 26911 raft_consensus.cc:515] T 447c84a3806b4cdba773b63d5af343c3 P 34ab19cf1fa5456cb948edb3a55d0ce8 [term 0 FOLLOWER]: Starting pre-election with config: opid_index: -1 OBSOLETE_local: false peers { permanent_uuid: "6613a01b401a4fc2946bf9ddd8bad5f8" member_type: VOTER last_known_addr { host: "127.25.105.1" port: 46379 } } peers { permanent_uuid: "3d3ca23180ac49cea8f7e4668362b2e7" member_type: VOTER last_known_addr { host: "127.25.105.2" port: 35341 } } peers { permanent_uuid: "34ab19cf1fa5456cb948edb3a55d0ce8" member_type: VOTER last_known_addr { host: "127.25.105.3" port: 41091 } }
I20260608 09:57:03.559531 26887 raft_consensus.cc:2804] T 1582ffe7b77f4cf8b801d7d3b81e8c5b P 34ab19cf1fa5456cb948edb3a55d0ce8 [term 0 FOLLOWER]: Leader pre-election won for term 1
I20260608 09:57:03.558585 26726 leader_election.cc:304] T c65cffca20ec4ff492f3aef88b17d628 P 3d3ca23180ac49cea8f7e4668362b2e7 [CANDIDATE]: Term 1 pre-election: Election decided. Result: candidate won. Election summary: received 3 responses out of 3 voters: 2 yes votes; 1 no votes. yes voters: 34ab19cf1fa5456cb948edb3a55d0ce8, 3d3ca23180ac49cea8f7e4668362b2e7; no voters: 6613a01b401a4fc2946bf9ddd8bad5f8
I20260608 09:57:03.560055 26887 raft_consensus.cc:493] T 1582ffe7b77f4cf8b801d7d3b81e8c5b P 34ab19cf1fa5456cb948edb3a55d0ce8 [term 0 FOLLOWER]: Starting leader election (no leader contacted us within the election timeout)
I20260608 09:57:03.560029 26686 raft_consensus.cc:2468] T 1582ffe7b77f4cf8b801d7d3b81e8c5b P 6613a01b401a4fc2946bf9ddd8bad5f8 [term 0 FOLLOWER]: Leader pre-election vote request: Granting yes vote for candidate 34ab19cf1fa5456cb948edb3a55d0ce8 in term 0.
I20260608 09:57:03.560611 26889 raft_consensus.cc:2804] T c65cffca20ec4ff492f3aef88b17d628 P 3d3ca23180ac49cea8f7e4668362b2e7 [term 0 FOLLOWER]: Leader pre-election won for term 1
I20260608 09:57:03.561002 26889 raft_consensus.cc:493] T c65cffca20ec4ff492f3aef88b17d628 P 3d3ca23180ac49cea8f7e4668362b2e7 [term 0 FOLLOWER]: Starting leader election (no leader contacted us within the election timeout)
I20260608 09:57:03.561343 26889 raft_consensus.cc:3060] T c65cffca20ec4ff492f3aef88b17d628 P 3d3ca23180ac49cea8f7e4668362b2e7 [term 0 FOLLOWER]: Advancing to term 1
I20260608 09:57:03.561432 26880 tablet_bootstrap.cc:492] T 5fdf612b54874f4ab315135c751df7d0 P 3d3ca23180ac49cea8f7e4668362b2e7: Bootstrap starting.
I20260608 09:57:03.563342 26883 tablet_bootstrap.cc:492] T 7265fe08d6b549af985e442eae136ec8 P 34ab19cf1fa5456cb948edb3a55d0ce8: Bootstrap starting.
I20260608 09:57:03.564626 26686 tablet_service.cc:1917] Received RequestConsensusVote() RPC: tablet_id: "447c84a3806b4cdba773b63d5af343c3" candidate_uuid: "34ab19cf1fa5456cb948edb3a55d0ce8" candidate_term: 1 candidate_status { last_received { term: 0 index: 0 } } ignore_live_leader: false dest_uuid: "6613a01b401a4fc2946bf9ddd8bad5f8" is_pre_election: true
I20260608 09:57:03.565266 26686 raft_consensus.cc:2468] T 447c84a3806b4cdba773b63d5af343c3 P 6613a01b401a4fc2946bf9ddd8bad5f8 [term 0 FOLLOWER]: Leader pre-election vote request: Granting yes vote for candidate 34ab19cf1fa5456cb948edb3a55d0ce8 in term 0.
I20260608 09:57:03.566614 26798 leader_election.cc:304] T 447c84a3806b4cdba773b63d5af343c3 P 34ab19cf1fa5456cb948edb3a55d0ce8 [CANDIDATE]: Term 1 pre-election: Election decided. Result: candidate won. Election summary: received 2 responses out of 3 voters: 2 yes votes; 0 no votes. yes voters: 34ab19cf1fa5456cb948edb3a55d0ce8, 6613a01b401a4fc2946bf9ddd8bad5f8; no voters: 
I20260608 09:57:03.560621 26887 raft_consensus.cc:3060] T 1582ffe7b77f4cf8b801d7d3b81e8c5b P 34ab19cf1fa5456cb948edb3a55d0ce8 [term 0 FOLLOWER]: Advancing to term 1
I20260608 09:57:03.536356 26881 tablet_bootstrap.cc:492] T c65cffca20ec4ff492f3aef88b17d628 P 6613a01b401a4fc2946bf9ddd8bad5f8: No bootstrap required, opened a new log
I20260608 09:57:03.569456 26880 tablet_bootstrap.cc:654] T 5fdf612b54874f4ab315135c751df7d0 P 3d3ca23180ac49cea8f7e4668362b2e7: Neither blocks nor log segments found. Creating new log.
I20260608 09:57:03.569854 26881 ts_tablet_manager.cc:1403] T c65cffca20ec4ff492f3aef88b17d628 P 6613a01b401a4fc2946bf9ddd8bad5f8: Time spent bootstrapping tablet: real 0.055s	user 0.013s	sys 0.008s
I20260608 09:57:03.569975 26911 leader_election.cc:290] T 447c84a3806b4cdba773b63d5af343c3 P 34ab19cf1fa5456cb948edb3a55d0ce8 [CANDIDATE]: Term 1 pre-election: Requested pre-vote from peers 6613a01b401a4fc2946bf9ddd8bad5f8 (127.25.105.1:46379), 3d3ca23180ac49cea8f7e4668362b2e7 (127.25.105.2:35341)
I20260608 09:57:03.570575 26911 raft_consensus.cc:2804] T 447c84a3806b4cdba773b63d5af343c3 P 34ab19cf1fa5456cb948edb3a55d0ce8 [term 0 FOLLOWER]: Leader pre-election won for term 1
I20260608 09:57:03.570945 26911 raft_consensus.cc:493] T 447c84a3806b4cdba773b63d5af343c3 P 34ab19cf1fa5456cb948edb3a55d0ce8 [term 0 FOLLOWER]: Starting leader election (no leader contacted us within the election timeout)
I20260608 09:57:03.571282 26911 raft_consensus.cc:3060] T 447c84a3806b4cdba773b63d5af343c3 P 34ab19cf1fa5456cb948edb3a55d0ce8 [term 0 FOLLOWER]: Advancing to term 1
I20260608 09:57:03.569456 26883 tablet_bootstrap.cc:654] T 7265fe08d6b549af985e442eae136ec8 P 34ab19cf1fa5456cb948edb3a55d0ce8: Neither blocks nor log segments found. Creating new log.
I20260608 09:57:03.573449 26881 raft_consensus.cc:359] T c65cffca20ec4ff492f3aef88b17d628 P 6613a01b401a4fc2946bf9ddd8bad5f8 [term 0 FOLLOWER]: Replica starting. Triggering 0 pending ops. Active config: opid_index: -1 OBSOLETE_local: false peers { permanent_uuid: "6613a01b401a4fc2946bf9ddd8bad5f8" member_type: VOTER last_known_addr { host: "127.25.105.1" port: 46379 } } peers { permanent_uuid: "3d3ca23180ac49cea8f7e4668362b2e7" member_type: VOTER last_known_addr { host: "127.25.105.2" port: 35341 } } peers { permanent_uuid: "34ab19cf1fa5456cb948edb3a55d0ce8" member_type: VOTER last_known_addr { host: "127.25.105.3" port: 41091 } }
I20260608 09:57:03.574172 26881 raft_consensus.cc:385] T c65cffca20ec4ff492f3aef88b17d628 P 6613a01b401a4fc2946bf9ddd8bad5f8 [term 0 FOLLOWER]: Consensus starting up: Expiring failure detector timer to make a prompt election more likely
I20260608 09:57:03.578495 26881 raft_consensus.cc:740] T c65cffca20ec4ff492f3aef88b17d628 P 6613a01b401a4fc2946bf9ddd8bad5f8 [term 0 FOLLOWER]: Becoming Follower/Learner. State: Replica: 6613a01b401a4fc2946bf9ddd8bad5f8, State: Initialized, Role: FOLLOWER
I20260608 09:57:03.580430 26761 tablet_service.cc:1917] Received RequestConsensusVote() RPC: tablet_id: "447c84a3806b4cdba773b63d5af343c3" candidate_uuid: "34ab19cf1fa5456cb948edb3a55d0ce8" candidate_term: 1 candidate_status { last_received { term: 0 index: 0 } } ignore_live_leader: false dest_uuid: "3d3ca23180ac49cea8f7e4668362b2e7" is_pre_election: true
I20260608 09:57:03.581163 26761 raft_consensus.cc:2468] T 447c84a3806b4cdba773b63d5af343c3 P 3d3ca23180ac49cea8f7e4668362b2e7 [term 0 FOLLOWER]: Leader pre-election vote request: Granting yes vote for candidate 34ab19cf1fa5456cb948edb3a55d0ce8 in term 0.
I20260608 09:57:03.582799 26884 raft_consensus.cc:493] T 63ba93f118574790af666f3c90537d8e P 6613a01b401a4fc2946bf9ddd8bad5f8 [term 0 FOLLOWER]: Starting pre-election (no leader contacted us within the election timeout)
I20260608 09:57:03.583351 26884 raft_consensus.cc:515] T 63ba93f118574790af666f3c90537d8e P 6613a01b401a4fc2946bf9ddd8bad5f8 [term 0 FOLLOWER]: Starting pre-election with config: opid_index: -1 OBSOLETE_local: false peers { permanent_uuid: "6613a01b401a4fc2946bf9ddd8bad5f8" member_type: VOTER last_known_addr { host: "127.25.105.1" port: 46379 } } peers { permanent_uuid: "3d3ca23180ac49cea8f7e4668362b2e7" member_type: VOTER last_known_addr { host: "127.25.105.2" port: 35341 } } peers { permanent_uuid: "34ab19cf1fa5456cb948edb3a55d0ce8" member_type: VOTER last_known_addr { host: "127.25.105.3" port: 41091 } }
I20260608 09:57:03.585850 26884 leader_election.cc:290] T 63ba93f118574790af666f3c90537d8e P 6613a01b401a4fc2946bf9ddd8bad5f8 [CANDIDATE]: Term 1 pre-election: Requested pre-vote from peers 3d3ca23180ac49cea8f7e4668362b2e7 (127.25.105.2:35341), 34ab19cf1fa5456cb948edb3a55d0ce8 (127.25.105.3:41091)
I20260608 09:57:03.586195 26887 raft_consensus.cc:515] T 1582ffe7b77f4cf8b801d7d3b81e8c5b P 34ab19cf1fa5456cb948edb3a55d0ce8 [term 1 FOLLOWER]: Starting leader election with config: opid_index: -1 OBSOLETE_local: false peers { permanent_uuid: "6613a01b401a4fc2946bf9ddd8bad5f8" member_type: VOTER last_known_addr { host: "127.25.105.1" port: 46379 } } peers { permanent_uuid: "3d3ca23180ac49cea8f7e4668362b2e7" member_type: VOTER last_known_addr { host: "127.25.105.2" port: 35341 } } peers { permanent_uuid: "34ab19cf1fa5456cb948edb3a55d0ce8" member_type: VOTER last_known_addr { host: "127.25.105.3" port: 41091 } }
I20260608 09:57:03.587692 26761 tablet_service.cc:1917] Received RequestConsensusVote() RPC: tablet_id: "63ba93f118574790af666f3c90537d8e" candidate_uuid: "6613a01b401a4fc2946bf9ddd8bad5f8" candidate_term: 1 candidate_status { last_received { term: 0 index: 0 } } ignore_live_leader: false dest_uuid: "3d3ca23180ac49cea8f7e4668362b2e7" is_pre_election: true
I20260608 09:57:03.588338 26761 raft_consensus.cc:2468] T 63ba93f118574790af666f3c90537d8e P 3d3ca23180ac49cea8f7e4668362b2e7 [term 0 FOLLOWER]: Leader pre-election vote request: Granting yes vote for candidate 6613a01b401a4fc2946bf9ddd8bad5f8 in term 0.
I20260608 09:57:03.588490 26889 raft_consensus.cc:515] T c65cffca20ec4ff492f3aef88b17d628 P 3d3ca23180ac49cea8f7e4668362b2e7 [term 1 FOLLOWER]: Starting leader election with config: opid_index: -1 OBSOLETE_local: false peers { permanent_uuid: "6613a01b401a4fc2946bf9ddd8bad5f8" member_type: VOTER last_known_addr { host: "127.25.105.1" port: 46379 } } peers { permanent_uuid: "3d3ca23180ac49cea8f7e4668362b2e7" member_type: VOTER last_known_addr { host: "127.25.105.2" port: 35341 } } peers { permanent_uuid: "34ab19cf1fa5456cb948edb3a55d0ce8" member_type: VOTER last_known_addr { host: "127.25.105.3" port: 41091 } }
I20260608 09:57:03.588789 26835 tablet_service.cc:1917] Received RequestConsensusVote() RPC: tablet_id: "63ba93f118574790af666f3c90537d8e" candidate_uuid: "6613a01b401a4fc2946bf9ddd8bad5f8" candidate_term: 1 candidate_status { last_received { term: 0 index: 0 } } ignore_live_leader: false dest_uuid: "34ab19cf1fa5456cb948edb3a55d0ce8" is_pre_election: true
I20260608 09:57:03.589495 26835 raft_consensus.cc:2468] T 63ba93f118574790af666f3c90537d8e P 34ab19cf1fa5456cb948edb3a55d0ce8 [term 0 FOLLOWER]: Leader pre-election vote request: Granting yes vote for candidate 6613a01b401a4fc2946bf9ddd8bad5f8 in term 0.
I20260608 09:57:03.589726 26652 leader_election.cc:304] T 63ba93f118574790af666f3c90537d8e P 6613a01b401a4fc2946bf9ddd8bad5f8 [CANDIDATE]: Term 1 pre-election: Election decided. Result: candidate won. Election summary: received 2 responses out of 3 voters: 2 yes votes; 0 no votes. yes voters: 3d3ca23180ac49cea8f7e4668362b2e7, 6613a01b401a4fc2946bf9ddd8bad5f8; no voters: 
I20260608 09:57:03.590854 26884 raft_consensus.cc:2804] T 63ba93f118574790af666f3c90537d8e P 6613a01b401a4fc2946bf9ddd8bad5f8 [term 0 FOLLOWER]: Leader pre-election won for term 1
I20260608 09:57:03.591219 26884 raft_consensus.cc:493] T 63ba93f118574790af666f3c90537d8e P 6613a01b401a4fc2946bf9ddd8bad5f8 [term 0 FOLLOWER]: Starting leader election (no leader contacted us within the election timeout)
I20260608 09:57:03.591545 26884 raft_consensus.cc:3060] T 63ba93f118574790af666f3c90537d8e P 6613a01b401a4fc2946bf9ddd8bad5f8 [term 0 FOLLOWER]: Advancing to term 1
I20260608 09:57:03.591681 26686 tablet_service.cc:1917] Received RequestConsensusVote() RPC: tablet_id: "c65cffca20ec4ff492f3aef88b17d628" candidate_uuid: "3d3ca23180ac49cea8f7e4668362b2e7" candidate_term: 1 candidate_status { last_received { term: 0 index: 0 } } ignore_live_leader: false dest_uuid: "6613a01b401a4fc2946bf9ddd8bad5f8"
I20260608 09:57:03.586122 26911 raft_consensus.cc:515] T 447c84a3806b4cdba773b63d5af343c3 P 34ab19cf1fa5456cb948edb3a55d0ce8 [term 1 FOLLOWER]: Starting leader election with config: opid_index: -1 OBSOLETE_local: false peers { permanent_uuid: "6613a01b401a4fc2946bf9ddd8bad5f8" member_type: VOTER last_known_addr { host: "127.25.105.1" port: 46379 } } peers { permanent_uuid: "3d3ca23180ac49cea8f7e4668362b2e7" member_type: VOTER last_known_addr { host: "127.25.105.2" port: 35341 } } peers { permanent_uuid: "34ab19cf1fa5456cb948edb3a55d0ce8" member_type: VOTER last_known_addr { host: "127.25.105.3" port: 41091 } }
I20260608 09:57:03.596009 26685 tablet_service.cc:1917] Received RequestConsensusVote() RPC: tablet_id: "447c84a3806b4cdba773b63d5af343c3" candidate_uuid: "34ab19cf1fa5456cb948edb3a55d0ce8" candidate_term: 1 candidate_status { last_received { term: 0 index: 0 } } ignore_live_leader: false dest_uuid: "6613a01b401a4fc2946bf9ddd8bad5f8"
I20260608 09:57:03.596719 26685 raft_consensus.cc:3060] T 447c84a3806b4cdba773b63d5af343c3 P 6613a01b401a4fc2946bf9ddd8bad5f8 [term 0 FOLLOWER]: Advancing to term 1
I20260608 09:57:03.599393 26884 raft_consensus.cc:515] T 63ba93f118574790af666f3c90537d8e P 6613a01b401a4fc2946bf9ddd8bad5f8 [term 1 FOLLOWER]: Starting leader election with config: opid_index: -1 OBSOLETE_local: false peers { permanent_uuid: "6613a01b401a4fc2946bf9ddd8bad5f8" member_type: VOTER last_known_addr { host: "127.25.105.1" port: 46379 } } peers { permanent_uuid: "3d3ca23180ac49cea8f7e4668362b2e7" member_type: VOTER last_known_addr { host: "127.25.105.2" port: 35341 } } peers { permanent_uuid: "34ab19cf1fa5456cb948edb3a55d0ce8" member_type: VOTER last_known_addr { host: "127.25.105.3" port: 41091 } }
I20260608 09:57:03.602567 26761 tablet_service.cc:1917] Received RequestConsensusVote() RPC: tablet_id: "63ba93f118574790af666f3c90537d8e" candidate_uuid: "6613a01b401a4fc2946bf9ddd8bad5f8" candidate_term: 1 candidate_status { last_received { term: 0 index: 0 } } ignore_live_leader: false dest_uuid: "3d3ca23180ac49cea8f7e4668362b2e7"
I20260608 09:57:03.603744 26685 raft_consensus.cc:2468] T 447c84a3806b4cdba773b63d5af343c3 P 6613a01b401a4fc2946bf9ddd8bad5f8 [term 1 FOLLOWER]: Leader election vote request: Granting yes vote for candidate 34ab19cf1fa5456cb948edb3a55d0ce8 in term 1.
I20260608 09:57:03.604094 26761 raft_consensus.cc:3060] T 63ba93f118574790af666f3c90537d8e P 3d3ca23180ac49cea8f7e4668362b2e7 [term 0 FOLLOWER]: Advancing to term 1
I20260608 09:57:03.605043 26798 leader_election.cc:304] T 447c84a3806b4cdba773b63d5af343c3 P 34ab19cf1fa5456cb948edb3a55d0ce8 [CANDIDATE]: Term 1 election: Election decided. Result: candidate won. Election summary: received 2 responses out of 3 voters: 2 yes votes; 0 no votes. yes voters: 34ab19cf1fa5456cb948edb3a55d0ce8, 6613a01b401a4fc2946bf9ddd8bad5f8; no voters: 
I20260608 09:57:03.606117 26918 raft_consensus.cc:2804] T 447c84a3806b4cdba773b63d5af343c3 P 34ab19cf1fa5456cb948edb3a55d0ce8 [term 1 FOLLOWER]: Leader election won for term 1
I20260608 09:57:03.607839 26889 leader_election.cc:290] T c65cffca20ec4ff492f3aef88b17d628 P 3d3ca23180ac49cea8f7e4668362b2e7 [CANDIDATE]: Term 1 election: Requested vote from peers 6613a01b401a4fc2946bf9ddd8bad5f8 (127.25.105.1:46379), 34ab19cf1fa5456cb948edb3a55d0ce8 (127.25.105.3:41091)
I20260608 09:57:03.608906 26911 leader_election.cc:290] T 447c84a3806b4cdba773b63d5af343c3 P 34ab19cf1fa5456cb948edb3a55d0ce8 [CANDIDATE]: Term 1 election: Requested vote from peers 6613a01b401a4fc2946bf9ddd8bad5f8 (127.25.105.1:46379), 3d3ca23180ac49cea8f7e4668362b2e7 (127.25.105.2:35341)
I20260608 09:57:03.609117 26835 tablet_service.cc:1917] Received RequestConsensusVote() RPC: tablet_id: "c65cffca20ec4ff492f3aef88b17d628" candidate_uuid: "3d3ca23180ac49cea8f7e4668362b2e7" candidate_term: 1 candidate_status { last_received { term: 0 index: 0 } } ignore_live_leader: false dest_uuid: "34ab19cf1fa5456cb948edb3a55d0ce8"
I20260608 09:57:03.609758 26835 raft_consensus.cc:3060] T c65cffca20ec4ff492f3aef88b17d628 P 34ab19cf1fa5456cb948edb3a55d0ce8 [term 0 FOLLOWER]: Advancing to term 1
I20260608 09:57:03.611116 26685 tablet_service.cc:1917] Received RequestConsensusVote() RPC: tablet_id: "1582ffe7b77f4cf8b801d7d3b81e8c5b" candidate_uuid: "34ab19cf1fa5456cb948edb3a55d0ce8" candidate_term: 1 candidate_status { last_received { term: 0 index: 0 } } ignore_live_leader: false dest_uuid: "6613a01b401a4fc2946bf9ddd8bad5f8"
I20260608 09:57:03.611697 26685 raft_consensus.cc:3060] T 1582ffe7b77f4cf8b801d7d3b81e8c5b P 6613a01b401a4fc2946bf9ddd8bad5f8 [term 0 FOLLOWER]: Advancing to term 1
I20260608 09:57:03.612599 26761 raft_consensus.cc:2468] T 63ba93f118574790af666f3c90537d8e P 3d3ca23180ac49cea8f7e4668362b2e7 [term 1 FOLLOWER]: Leader election vote request: Granting yes vote for candidate 6613a01b401a4fc2946bf9ddd8bad5f8 in term 1.
I20260608 09:57:03.613747 26652 leader_election.cc:304] T 63ba93f118574790af666f3c90537d8e P 6613a01b401a4fc2946bf9ddd8bad5f8 [CANDIDATE]: Term 1 election: Election decided. Result: candidate won. Election summary: received 2 responses out of 3 voters: 2 yes votes; 0 no votes. yes voters: 3d3ca23180ac49cea8f7e4668362b2e7, 6613a01b401a4fc2946bf9ddd8bad5f8; no voters: 
I20260608 09:57:03.614825 26907 raft_consensus.cc:2804] T 63ba93f118574790af666f3c90537d8e P 6613a01b401a4fc2946bf9ddd8bad5f8 [term 1 FOLLOWER]: Leader election won for term 1
I20260608 09:57:03.616922 26907 raft_consensus.cc:697] T 63ba93f118574790af666f3c90537d8e P 6613a01b401a4fc2946bf9ddd8bad5f8 [term 1 LEADER]: Becoming Leader. State: Replica: 6613a01b401a4fc2946bf9ddd8bad5f8, State: Running, Role: LEADER
I20260608 09:57:03.617935 26760 tablet_service.cc:1917] Received RequestConsensusVote() RPC: tablet_id: "447c84a3806b4cdba773b63d5af343c3" candidate_uuid: "34ab19cf1fa5456cb948edb3a55d0ce8" candidate_term: 1 candidate_status { last_received { term: 0 index: 0 } } ignore_live_leader: false dest_uuid: "3d3ca23180ac49cea8f7e4668362b2e7"
I20260608 09:57:03.617867 26907 consensus_queue.cc:237] T 63ba93f118574790af666f3c90537d8e P 6613a01b401a4fc2946bf9ddd8bad5f8 [LEADER]: Queue going to LEADER mode. State: All replicated index: 0, Majority replicated index: 0, Committed index: 0, Last appended: 0.0, Last appended by leader: 0, Current term: 1, Majority size: 2, State: 0, Mode: LEADER, active raft config: opid_index: -1 OBSOLETE_local: false peers { permanent_uuid: "6613a01b401a4fc2946bf9ddd8bad5f8" member_type: VOTER last_known_addr { host: "127.25.105.1" port: 46379 } } peers { permanent_uuid: "3d3ca23180ac49cea8f7e4668362b2e7" member_type: VOTER last_known_addr { host: "127.25.105.2" port: 35341 } } peers { permanent_uuid: "34ab19cf1fa5456cb948edb3a55d0ce8" member_type: VOTER last_known_addr { host: "127.25.105.3" port: 41091 } }
I20260608 09:57:03.618731 26760 raft_consensus.cc:3060] T 447c84a3806b4cdba773b63d5af343c3 P 3d3ca23180ac49cea8f7e4668362b2e7 [term 0 FOLLOWER]: Advancing to term 1
I20260608 09:57:03.580461 26881 consensus_queue.cc:260] T c65cffca20ec4ff492f3aef88b17d628 P 6613a01b401a4fc2946bf9ddd8bad5f8 [NON_LEADER]: Queue going to NON_LEADER mode. State: All replicated index: 0, Majority replicated index: 0, Committed index: 0, Last appended: 0.0, Last appended by leader: 0, Current term: 0, Majority size: -1, State: 0, Mode: NON_LEADER, active raft config: opid_index: -1 OBSOLETE_local: false peers { permanent_uuid: "6613a01b401a4fc2946bf9ddd8bad5f8" member_type: VOTER last_known_addr { host: "127.25.105.1" port: 46379 } } peers { permanent_uuid: "3d3ca23180ac49cea8f7e4668362b2e7" member_type: VOTER last_known_addr { host: "127.25.105.2" port: 35341 } } peers { permanent_uuid: "34ab19cf1fa5456cb948edb3a55d0ce8" member_type: VOTER last_known_addr { host: "127.25.105.3" port: 41091 } }
I20260608 09:57:03.624768 26686 raft_consensus.cc:3060] T c65cffca20ec4ff492f3aef88b17d628 P 6613a01b401a4fc2946bf9ddd8bad5f8 [term 0 FOLLOWER]: Advancing to term 1
I20260608 09:57:03.625144 26887 leader_election.cc:290] T 1582ffe7b77f4cf8b801d7d3b81e8c5b P 34ab19cf1fa5456cb948edb3a55d0ce8 [CANDIDATE]: Term 1 election: Requested vote from peers 6613a01b401a4fc2946bf9ddd8bad5f8 (127.25.105.1:46379), 3d3ca23180ac49cea8f7e4668362b2e7 (127.25.105.2:35341)
I20260608 09:57:03.625888 26759 tablet_service.cc:1917] Received RequestConsensusVote() RPC: tablet_id: "1582ffe7b77f4cf8b801d7d3b81e8c5b" candidate_uuid: "34ab19cf1fa5456cb948edb3a55d0ce8" candidate_term: 1 candidate_status { last_received { term: 0 index: 0 } } ignore_live_leader: false dest_uuid: "3d3ca23180ac49cea8f7e4668362b2e7"
I20260608 09:57:03.626643 26759 raft_consensus.cc:3060] T 1582ffe7b77f4cf8b801d7d3b81e8c5b P 3d3ca23180ac49cea8f7e4668362b2e7 [term 0 FOLLOWER]: Advancing to term 1
I20260608 09:57:03.626845 26881 ts_tablet_manager.cc:1434] T c65cffca20ec4ff492f3aef88b17d628 P 6613a01b401a4fc2946bf9ddd8bad5f8: Time spent starting tablet: real 0.056s	user 0.007s	sys 0.000s
I20260608 09:57:03.627982 26881 tablet_bootstrap.cc:492] T 7265fe08d6b549af985e442eae136ec8 P 6613a01b401a4fc2946bf9ddd8bad5f8: Bootstrap starting.
I20260608 09:57:03.631659 26686 raft_consensus.cc:2468] T c65cffca20ec4ff492f3aef88b17d628 P 6613a01b401a4fc2946bf9ddd8bad5f8 [term 1 FOLLOWER]: Leader election vote request: Granting yes vote for candidate 3d3ca23180ac49cea8f7e4668362b2e7 in term 1.
I20260608 09:57:03.633364 26834 tablet_service.cc:1917] Received RequestConsensusVote() RPC: tablet_id: "63ba93f118574790af666f3c90537d8e" candidate_uuid: "6613a01b401a4fc2946bf9ddd8bad5f8" candidate_term: 1 candidate_status { last_received { term: 0 index: 0 } } ignore_live_leader: false dest_uuid: "34ab19cf1fa5456cb948edb3a55d0ce8"
I20260608 09:57:03.634011 26834 raft_consensus.cc:3060] T 63ba93f118574790af666f3c90537d8e P 34ab19cf1fa5456cb948edb3a55d0ce8 [term 0 FOLLOWER]: Advancing to term 1
I20260608 09:57:03.631604 26884 leader_election.cc:290] T 63ba93f118574790af666f3c90537d8e P 6613a01b401a4fc2946bf9ddd8bad5f8 [CANDIDATE]: Term 1 election: Requested vote from peers 3d3ca23180ac49cea8f7e4668362b2e7 (127.25.105.2:35341), 34ab19cf1fa5456cb948edb3a55d0ce8 (127.25.105.3:41091)
I20260608 09:57:03.639881 26887 raft_consensus.cc:493] T 5fdf612b54874f4ab315135c751df7d0 P 34ab19cf1fa5456cb948edb3a55d0ce8 [term 0 FOLLOWER]: Starting pre-election (no leader contacted us within the election timeout)
I20260608 09:57:03.639039 26724 leader_election.cc:304] T c65cffca20ec4ff492f3aef88b17d628 P 3d3ca23180ac49cea8f7e4668362b2e7 [CANDIDATE]: Term 1 election: Election decided. Result: candidate won. Election summary: received 2 responses out of 3 voters: 2 yes votes; 0 no votes. yes voters: 3d3ca23180ac49cea8f7e4668362b2e7, 6613a01b401a4fc2946bf9ddd8bad5f8; no voters: 
I20260608 09:57:03.641644 26887 raft_consensus.cc:515] T 5fdf612b54874f4ab315135c751df7d0 P 34ab19cf1fa5456cb948edb3a55d0ce8 [term 0 FOLLOWER]: Starting pre-election with config: opid_index: -1 OBSOLETE_local: false peers { permanent_uuid: "6613a01b401a4fc2946bf9ddd8bad5f8" member_type: VOTER last_known_addr { host: "127.25.105.1" port: 46379 } } peers { permanent_uuid: "3d3ca23180ac49cea8f7e4668362b2e7" member_type: VOTER last_known_addr { host: "127.25.105.2" port: 35341 } } peers { permanent_uuid: "34ab19cf1fa5456cb948edb3a55d0ce8" member_type: VOTER last_known_addr { host: "127.25.105.3" port: 41091 } }
I20260608 09:57:03.641448 26918 raft_consensus.cc:697] T 447c84a3806b4cdba773b63d5af343c3 P 34ab19cf1fa5456cb948edb3a55d0ce8 [term 1 LEADER]: Becoming Leader. State: Replica: 34ab19cf1fa5456cb948edb3a55d0ce8, State: Running, Role: LEADER
I20260608 09:57:03.646375 26889 raft_consensus.cc:2804] T c65cffca20ec4ff492f3aef88b17d628 P 3d3ca23180ac49cea8f7e4668362b2e7 [term 1 FOLLOWER]: Leader election won for term 1
I20260608 09:57:03.647559 26685 raft_consensus.cc:2468] T 1582ffe7b77f4cf8b801d7d3b81e8c5b P 6613a01b401a4fc2946bf9ddd8bad5f8 [term 1 FOLLOWER]: Leader election vote request: Granting yes vote for candidate 34ab19cf1fa5456cb948edb3a55d0ce8 in term 1.
I20260608 09:57:03.649103 26798 leader_election.cc:304] T 1582ffe7b77f4cf8b801d7d3b81e8c5b P 34ab19cf1fa5456cb948edb3a55d0ce8 [CANDIDATE]: Term 1 election: Election decided. Result: candidate won. Election summary: received 2 responses out of 3 voters: 2 yes votes; 0 no votes. yes voters: 34ab19cf1fa5456cb948edb3a55d0ce8, 6613a01b401a4fc2946bf9ddd8bad5f8; no voters: 
I20260608 09:57:03.649960 26911 raft_consensus.cc:2804] T 1582ffe7b77f4cf8b801d7d3b81e8c5b P 34ab19cf1fa5456cb948edb3a55d0ce8 [term 1 FOLLOWER]: Leader election won for term 1
I20260608 09:57:03.651083 26887 leader_election.cc:290] T 5fdf612b54874f4ab315135c751df7d0 P 34ab19cf1fa5456cb948edb3a55d0ce8 [CANDIDATE]: Term 1 pre-election: Requested pre-vote from peers 6613a01b401a4fc2946bf9ddd8bad5f8 (127.25.105.1:46379), 3d3ca23180ac49cea8f7e4668362b2e7 (127.25.105.2:35341)
I20260608 09:57:03.645231 26835 raft_consensus.cc:2468] T c65cffca20ec4ff492f3aef88b17d628 P 34ab19cf1fa5456cb948edb3a55d0ce8 [term 1 FOLLOWER]: Leader election vote request: Granting yes vote for candidate 3d3ca23180ac49cea8f7e4668362b2e7 in term 1.
I20260608 09:57:03.652452 26761 tablet_service.cc:1917] Received RequestConsensusVote() RPC: tablet_id: "5fdf612b54874f4ab315135c751df7d0" candidate_uuid: "34ab19cf1fa5456cb948edb3a55d0ce8" candidate_term: 1 candidate_status { last_received { term: 0 index: 0 } } ignore_live_leader: false dest_uuid: "3d3ca23180ac49cea8f7e4668362b2e7" is_pre_election: true
I20260608 09:57:03.651919 26911 raft_consensus.cc:697] T 1582ffe7b77f4cf8b801d7d3b81e8c5b P 34ab19cf1fa5456cb948edb3a55d0ce8 [term 1 LEADER]: Becoming Leader. State: Replica: 34ab19cf1fa5456cb948edb3a55d0ce8, State: Running, Role: LEADER
I20260608 09:57:03.638949 26760 raft_consensus.cc:2468] T 447c84a3806b4cdba773b63d5af343c3 P 3d3ca23180ac49cea8f7e4668362b2e7 [term 1 FOLLOWER]: Leader election vote request: Granting yes vote for candidate 34ab19cf1fa5456cb948edb3a55d0ce8 in term 1.
I20260608 09:57:03.639091 26759 raft_consensus.cc:2468] T 1582ffe7b77f4cf8b801d7d3b81e8c5b P 3d3ca23180ac49cea8f7e4668362b2e7 [term 1 FOLLOWER]: Leader election vote request: Granting yes vote for candidate 34ab19cf1fa5456cb948edb3a55d0ce8 in term 1.
W20260608 09:57:03.656682 26801 leader_election.cc:343] T 5fdf612b54874f4ab315135c751df7d0 P 34ab19cf1fa5456cb948edb3a55d0ce8 [CANDIDATE]: Term 1 pre-election: Tablet error from VoteRequest() call to peer 3d3ca23180ac49cea8f7e4668362b2e7 (127.25.105.2:35341): Illegal state: must be running to vote when last-logged opid is not known
I20260608 09:57:03.643237 26918 consensus_queue.cc:237] T 447c84a3806b4cdba773b63d5af343c3 P 34ab19cf1fa5456cb948edb3a55d0ce8 [LEADER]: Queue going to LEADER mode. State: All replicated index: 0, Majority replicated index: 0, Committed index: 0, Last appended: 0.0, Last appended by leader: 0, Current term: 1, Majority size: 2, State: 0, Mode: LEADER, active raft config: opid_index: -1 OBSOLETE_local: false peers { permanent_uuid: "6613a01b401a4fc2946bf9ddd8bad5f8" member_type: VOTER last_known_addr { host: "127.25.105.1" port: 46379 } } peers { permanent_uuid: "3d3ca23180ac49cea8f7e4668362b2e7" member_type: VOTER last_known_addr { host: "127.25.105.2" port: 35341 } } peers { permanent_uuid: "34ab19cf1fa5456cb948edb3a55d0ce8" member_type: VOTER last_known_addr { host: "127.25.105.3" port: 41091 } }
I20260608 09:57:03.656780 26911 consensus_queue.cc:237] T 1582ffe7b77f4cf8b801d7d3b81e8c5b P 34ab19cf1fa5456cb948edb3a55d0ce8 [LEADER]: Queue going to LEADER mode. State: All replicated index: 0, Majority replicated index: 0, Committed index: 0, Last appended: 0.0, Last appended by leader: 0, Current term: 1, Majority size: 2, State: 0, Mode: LEADER, active raft config: opid_index: -1 OBSOLETE_local: false peers { permanent_uuid: "6613a01b401a4fc2946bf9ddd8bad5f8" member_type: VOTER last_known_addr { host: "127.25.105.1" port: 46379 } } peers { permanent_uuid: "3d3ca23180ac49cea8f7e4668362b2e7" member_type: VOTER last_known_addr { host: "127.25.105.2" port: 35341 } } peers { permanent_uuid: "34ab19cf1fa5456cb948edb3a55d0ce8" member_type: VOTER last_known_addr { host: "127.25.105.3" port: 41091 } }
I20260608 09:57:03.660588 26881 tablet_bootstrap.cc:654] T 7265fe08d6b549af985e442eae136ec8 P 6613a01b401a4fc2946bf9ddd8bad5f8: Neither blocks nor log segments found. Creating new log.
I20260608 09:57:03.656023 26686 tablet_service.cc:1917] Received RequestConsensusVote() RPC: tablet_id: "5fdf612b54874f4ab315135c751df7d0" candidate_uuid: "34ab19cf1fa5456cb948edb3a55d0ce8" candidate_term: 1 candidate_status { last_received { term: 0 index: 0 } } ignore_live_leader: false dest_uuid: "6613a01b401a4fc2946bf9ddd8bad5f8" is_pre_election: true
I20260608 09:57:03.664536 26686 raft_consensus.cc:2468] T 5fdf612b54874f4ab315135c751df7d0 P 6613a01b401a4fc2946bf9ddd8bad5f8 [term 0 FOLLOWER]: Leader pre-election vote request: Granting yes vote for candidate 34ab19cf1fa5456cb948edb3a55d0ce8 in term 0.
I20260608 09:57:03.656390 26889 raft_consensus.cc:697] T c65cffca20ec4ff492f3aef88b17d628 P 3d3ca23180ac49cea8f7e4668362b2e7 [term 1 LEADER]: Becoming Leader. State: Replica: 3d3ca23180ac49cea8f7e4668362b2e7, State: Running, Role: LEADER
I20260608 09:57:03.653527 26834 raft_consensus.cc:2468] T 63ba93f118574790af666f3c90537d8e P 34ab19cf1fa5456cb948edb3a55d0ce8 [term 1 FOLLOWER]: Leader election vote request: Granting yes vote for candidate 6613a01b401a4fc2946bf9ddd8bad5f8 in term 1.
I20260608 09:57:03.666214 26883 tablet_bootstrap.cc:492] T 7265fe08d6b549af985e442eae136ec8 P 34ab19cf1fa5456cb948edb3a55d0ce8: No bootstrap required, opened a new log
I20260608 09:57:03.666806 26883 ts_tablet_manager.cc:1403] T 7265fe08d6b549af985e442eae136ec8 P 34ab19cf1fa5456cb948edb3a55d0ce8: Time spent bootstrapping tablet: real 0.104s	user 0.019s	sys 0.028s
I20260608 09:57:03.666913 26889 consensus_queue.cc:237] T c65cffca20ec4ff492f3aef88b17d628 P 3d3ca23180ac49cea8f7e4668362b2e7 [LEADER]: Queue going to LEADER mode. State: All replicated index: 0, Majority replicated index: 0, Committed index: 0, Last appended: 0.0, Last appended by leader: 0, Current term: 1, Majority size: 2, State: 0, Mode: LEADER, active raft config: opid_index: -1 OBSOLETE_local: false peers { permanent_uuid: "6613a01b401a4fc2946bf9ddd8bad5f8" member_type: VOTER last_known_addr { host: "127.25.105.1" port: 46379 } } peers { permanent_uuid: "3d3ca23180ac49cea8f7e4668362b2e7" member_type: VOTER last_known_addr { host: "127.25.105.2" port: 35341 } } peers { permanent_uuid: "34ab19cf1fa5456cb948edb3a55d0ce8" member_type: VOTER last_known_addr { host: "127.25.105.3" port: 41091 } }
I20260608 09:57:03.670130 26880 tablet_bootstrap.cc:492] T 5fdf612b54874f4ab315135c751df7d0 P 3d3ca23180ac49cea8f7e4668362b2e7: No bootstrap required, opened a new log
I20260608 09:57:03.670634 26880 ts_tablet_manager.cc:1403] T 5fdf612b54874f4ab315135c751df7d0 P 3d3ca23180ac49cea8f7e4668362b2e7: Time spent bootstrapping tablet: real 0.109s	user 0.028s	sys 0.019s
I20260608 09:57:03.670864 26883 raft_consensus.cc:359] T 7265fe08d6b549af985e442eae136ec8 P 34ab19cf1fa5456cb948edb3a55d0ce8 [term 0 FOLLOWER]: Replica starting. Triggering 0 pending ops. Active config: opid_index: -1 OBSOLETE_local: false peers { permanent_uuid: "6613a01b401a4fc2946bf9ddd8bad5f8" member_type: VOTER last_known_addr { host: "127.25.105.1" port: 46379 } } peers { permanent_uuid: "3d3ca23180ac49cea8f7e4668362b2e7" member_type: VOTER last_known_addr { host: "127.25.105.2" port: 35341 } } peers { permanent_uuid: "34ab19cf1fa5456cb948edb3a55d0ce8" member_type: VOTER last_known_addr { host: "127.25.105.3" port: 41091 } }
I20260608 09:57:03.671598 26883 raft_consensus.cc:385] T 7265fe08d6b549af985e442eae136ec8 P 34ab19cf1fa5456cb948edb3a55d0ce8 [term 0 FOLLOWER]: Consensus starting up: Expiring failure detector timer to make a prompt election more likely
I20260608 09:57:03.671902 26883 raft_consensus.cc:740] T 7265fe08d6b549af985e442eae136ec8 P 34ab19cf1fa5456cb948edb3a55d0ce8 [term 0 FOLLOWER]: Becoming Follower/Learner. State: Replica: 34ab19cf1fa5456cb948edb3a55d0ce8, State: Initialized, Role: FOLLOWER
I20260608 09:57:03.672734 26883 consensus_queue.cc:260] T 7265fe08d6b549af985e442eae136ec8 P 34ab19cf1fa5456cb948edb3a55d0ce8 [NON_LEADER]: Queue going to NON_LEADER mode. State: All replicated index: 0, Majority replicated index: 0, Committed index: 0, Last appended: 0.0, Last appended by leader: 0, Current term: 0, Majority size: -1, State: 0, Mode: NON_LEADER, active raft config: opid_index: -1 OBSOLETE_local: false peers { permanent_uuid: "6613a01b401a4fc2946bf9ddd8bad5f8" member_type: VOTER last_known_addr { host: "127.25.105.1" port: 46379 } } peers { permanent_uuid: "3d3ca23180ac49cea8f7e4668362b2e7" member_type: VOTER last_known_addr { host: "127.25.105.2" port: 35341 } } peers { permanent_uuid: "34ab19cf1fa5456cb948edb3a55d0ce8" member_type: VOTER last_known_addr { host: "127.25.105.3" port: 41091 } }
I20260608 09:57:03.673659 26798 leader_election.cc:304] T 5fdf612b54874f4ab315135c751df7d0 P 34ab19cf1fa5456cb948edb3a55d0ce8 [CANDIDATE]: Term 1 pre-election: Election decided. Result: candidate won. Election summary: received 3 responses out of 3 voters: 2 yes votes; 1 no votes. yes voters: 34ab19cf1fa5456cb948edb3a55d0ce8, 6613a01b401a4fc2946bf9ddd8bad5f8; no voters: 3d3ca23180ac49cea8f7e4668362b2e7
I20260608 09:57:03.676221 26883 ts_tablet_manager.cc:1434] T 7265fe08d6b549af985e442eae136ec8 P 34ab19cf1fa5456cb948edb3a55d0ce8: Time spent starting tablet: real 0.009s	user 0.004s	sys 0.002s
I20260608 09:57:03.676829 26918 raft_consensus.cc:2804] T 5fdf612b54874f4ab315135c751df7d0 P 34ab19cf1fa5456cb948edb3a55d0ce8 [term 0 FOLLOWER]: Leader pre-election won for term 1
I20260608 09:57:03.677649 26880 raft_consensus.cc:359] T 5fdf612b54874f4ab315135c751df7d0 P 3d3ca23180ac49cea8f7e4668362b2e7 [term 0 FOLLOWER]: Replica starting. Triggering 0 pending ops. Active config: opid_index: -1 OBSOLETE_local: false peers { permanent_uuid: "6613a01b401a4fc2946bf9ddd8bad5f8" member_type: VOTER last_known_addr { host: "127.25.105.1" port: 46379 } } peers { permanent_uuid: "3d3ca23180ac49cea8f7e4668362b2e7" member_type: VOTER last_known_addr { host: "127.25.105.2" port: 35341 } } peers { permanent_uuid: "34ab19cf1fa5456cb948edb3a55d0ce8" member_type: VOTER last_known_addr { host: "127.25.105.3" port: 41091 } }
I20260608 09:57:03.679229 26880 raft_consensus.cc:385] T 5fdf612b54874f4ab315135c751df7d0 P 3d3ca23180ac49cea8f7e4668362b2e7 [term 0 FOLLOWER]: Consensus starting up: Expiring failure detector timer to make a prompt election more likely
I20260608 09:57:03.679503 26880 raft_consensus.cc:740] T 5fdf612b54874f4ab315135c751df7d0 P 3d3ca23180ac49cea8f7e4668362b2e7 [term 0 FOLLOWER]: Becoming Follower/Learner. State: Replica: 3d3ca23180ac49cea8f7e4668362b2e7, State: Initialized, Role: FOLLOWER
I20260608 09:57:03.686986 26880 consensus_queue.cc:260] T 5fdf612b54874f4ab315135c751df7d0 P 3d3ca23180ac49cea8f7e4668362b2e7 [NON_LEADER]: Queue going to NON_LEADER mode. State: All replicated index: 0, Majority replicated index: 0, Committed index: 0, Last appended: 0.0, Last appended by leader: 0, Current term: 0, Majority size: -1, State: 0, Mode: NON_LEADER, active raft config: opid_index: -1 OBSOLETE_local: false peers { permanent_uuid: "6613a01b401a4fc2946bf9ddd8bad5f8" member_type: VOTER last_known_addr { host: "127.25.105.1" port: 46379 } } peers { permanent_uuid: "3d3ca23180ac49cea8f7e4668362b2e7" member_type: VOTER last_known_addr { host: "127.25.105.2" port: 35341 } } peers { permanent_uuid: "34ab19cf1fa5456cb948edb3a55d0ce8" member_type: VOTER last_known_addr { host: "127.25.105.3" port: 41091 } }
I20260608 09:57:03.680197 26925 raft_consensus.cc:493] T 42c7c557c04c455f9af68563bc47eacd P 3d3ca23180ac49cea8f7e4668362b2e7 [term 0 FOLLOWER]: Starting pre-election (no leader contacted us within the election timeout)
I20260608 09:57:03.693308 26925 raft_consensus.cc:515] T 42c7c557c04c455f9af68563bc47eacd P 3d3ca23180ac49cea8f7e4668362b2e7 [term 0 FOLLOWER]: Starting pre-election with config: opid_index: -1 OBSOLETE_local: false peers { permanent_uuid: "6613a01b401a4fc2946bf9ddd8bad5f8" member_type: VOTER last_known_addr { host: "127.25.105.1" port: 46379 } } peers { permanent_uuid: "3d3ca23180ac49cea8f7e4668362b2e7" member_type: VOTER last_known_addr { host: "127.25.105.2" port: 35341 } } peers { permanent_uuid: "34ab19cf1fa5456cb948edb3a55d0ce8" member_type: VOTER last_known_addr { host: "127.25.105.3" port: 41091 } }
I20260608 09:57:03.677642 26918 raft_consensus.cc:493] T 5fdf612b54874f4ab315135c751df7d0 P 34ab19cf1fa5456cb948edb3a55d0ce8 [term 0 FOLLOWER]: Starting leader election (no leader contacted us within the election timeout)
I20260608 09:57:03.697988 26582 catalog_manager.cc:5696] T 447c84a3806b4cdba773b63d5af343c3 P 34ab19cf1fa5456cb948edb3a55d0ce8 reported cstate change: term changed from 0 to 1, leader changed from <none> to 34ab19cf1fa5456cb948edb3a55d0ce8 (127.25.105.3). New cstate: current_term: 1 leader_uuid: "34ab19cf1fa5456cb948edb3a55d0ce8" committed_config { opid_index: -1 OBSOLETE_local: false peers { permanent_uuid: "6613a01b401a4fc2946bf9ddd8bad5f8" member_type: VOTER last_known_addr { host: "127.25.105.1" port: 46379 } health_report { overall_health: UNKNOWN } } peers { permanent_uuid: "3d3ca23180ac49cea8f7e4668362b2e7" member_type: VOTER last_known_addr { host: "127.25.105.2" port: 35341 } health_report { overall_health: UNKNOWN } } peers { permanent_uuid: "34ab19cf1fa5456cb948edb3a55d0ce8" member_type: VOTER last_known_addr { host: "127.25.105.3" port: 41091 } health_report { overall_health: HEALTHY } } }
I20260608 09:57:03.699316 26686 tablet_service.cc:1917] Received RequestConsensusVote() RPC: tablet_id: "42c7c557c04c455f9af68563bc47eacd" candidate_uuid: "3d3ca23180ac49cea8f7e4668362b2e7" candidate_term: 1 candidate_status { last_received { term: 0 index: 0 } } ignore_live_leader: false dest_uuid: "6613a01b401a4fc2946bf9ddd8bad5f8" is_pre_election: true
I20260608 09:57:03.700304 26925 leader_election.cc:290] T 42c7c557c04c455f9af68563bc47eacd P 3d3ca23180ac49cea8f7e4668362b2e7 [CANDIDATE]: Term 1 pre-election: Requested pre-vote from peers 6613a01b401a4fc2946bf9ddd8bad5f8 (127.25.105.1:46379), 34ab19cf1fa5456cb948edb3a55d0ce8 (127.25.105.3:41091)
