I20260608 09:58:16.776307 16498 consensus_queue.cc:237] T c25336d63c4e49bfab44c624fb0d281f P 2d76d6b7b3fd4bf4ada9b67c4d490d86 [LEADER]: Queue going to LEADER mode. State: All replicated index: 0, Majority replicated index: 2, Committed index: 2, Last appended: 2.2, Last appended by leader: 1, Current term: 2, Majority size: 2, State: 0, Mode: LEADER, active raft config: opid_index: 3 OBSOLETE_local: false peers { permanent_uuid: "da5502dfd0b3497da7562704e3dde662" member_type: VOTER last_known_addr { host: "127.13.16.193" port: 35375 } } peers { permanent_uuid: "45de1f76d1314da8b49eba0dd6e5c411" member_type: VOTER last_known_addr { host: "127.13.16.194" port: 44535 } attrs { replace: true } } peers { permanent_uuid: "2d76d6b7b3fd4bf4ada9b67c4d490d86" member_type: VOTER last_known_addr { host: "127.13.16.195" port: 36533 } } peers { permanent_uuid: "ff68d13fe2b5418996a74629db4fbb8e" member_type: NON_VOTER last_known_addr { host: "127.13.16.196" port: 45313 } attrs { promote: true } }
I20260608 09:58:16.786242 16421 raft_consensus.cc:1275] T c25336d63c4e49bfab44c624fb0d281f P 45de1f76d1314da8b49eba0dd6e5c411 [term 2 FOLLOWER]: Refusing update from remote peer 2d76d6b7b3fd4bf4ada9b67c4d490d86: Log matching property violated. Preceding OpId in replica: term: 2 index: 2. Preceding OpId from leader: term: 2 index: 3. (index mismatch)
W20260608 09:58:16.787379 16466 consensus_peers.cc:597] T c25336d63c4e49bfab44c624fb0d281f P 2d76d6b7b3fd4bf4ada9b67c4d490d86 -> Peer ff68d13fe2b5418996a74629db4fbb8e (127.13.16.196:45313): Couldn't send request to peer ff68d13fe2b5418996a74629db4fbb8e. Error code: TABLET_NOT_FOUND (6). Status: Not found: Tablet not found: c25336d63c4e49bfab44c624fb0d281f. This is attempt 1: this message will repeat every 5th retry.
I20260608 09:58:16.787880 16350 raft_consensus.cc:1275] T c25336d63c4e49bfab44c624fb0d281f P da5502dfd0b3497da7562704e3dde662 [term 2 FOLLOWER]: Refusing update from remote peer 2d76d6b7b3fd4bf4ada9b67c4d490d86: Log matching property violated. Preceding OpId in replica: term: 2 index: 2. Preceding OpId from leader: term: 2 index: 3. (index mismatch)
I20260608 09:58:16.788866 16865 consensus_queue.cc:1048] T c25336d63c4e49bfab44c624fb0d281f P 2d76d6b7b3fd4bf4ada9b67c4d490d86 [LEADER]: Connected to new peer: Peer: permanent_uuid: "45de1f76d1314da8b49eba0dd6e5c411" member_type: VOTER last_known_addr { host: "127.13.16.194" port: 44535 } attrs { replace: true }, Status: LMP_MISMATCH, Last received: 0.0, Next index: 3, Last known committed idx: 2, Time since last communication: 0.000s
I20260608 09:58:16.789856 16864 consensus_queue.cc:1048] T c25336d63c4e49bfab44c624fb0d281f P 2d76d6b7b3fd4bf4ada9b67c4d490d86 [LEADER]: Connected to new peer: Peer: permanent_uuid: "da5502dfd0b3497da7562704e3dde662" member_type: VOTER last_known_addr { host: "127.13.16.193" port: 35375 }, Status: LMP_MISMATCH, Last received: 0.0, Next index: 3, Last known committed idx: 2, Time since last communication: 0.000s
I20260608 09:58:16.799233 16865 raft_consensus.cc:2955] T c25336d63c4e49bfab44c624fb0d281f P 2d76d6b7b3fd4bf4ada9b67c4d490d86 [term 2 LEADER]: Committing config change with OpId 2.3: config changed from index -1 to 3, NON_VOTER ff68d13fe2b5418996a74629db4fbb8e (127.13.16.196) added. New config: { opid_index: 3 OBSOLETE_local: false peers { permanent_uuid: "da5502dfd0b3497da7562704e3dde662" member_type: VOTER last_known_addr { host: "127.13.16.193" port: 35375 } } peers { permanent_uuid: "45de1f76d1314da8b49eba0dd6e5c411" member_type: VOTER last_known_addr { host: "127.13.16.194" port: 44535 } attrs { replace: true } } peers { permanent_uuid: "2d76d6b7b3fd4bf4ada9b67c4d490d86" member_type: VOTER last_known_addr { host: "127.13.16.195" port: 36533 } } peers { permanent_uuid: "ff68d13fe2b5418996a74629db4fbb8e" member_type: NON_VOTER last_known_addr { host: "127.13.16.196" port: 45313 } attrs { promote: true } } }
I20260608 09:58:16.802366 16350 raft_consensus.cc:2955] T c25336d63c4e49bfab44c624fb0d281f P da5502dfd0b3497da7562704e3dde662 [term 2 FOLLOWER]: Committing config change with OpId 2.3: config changed from index -1 to 3, NON_VOTER ff68d13fe2b5418996a74629db4fbb8e (127.13.16.196) added. New config: { opid_index: 3 OBSOLETE_local: false peers { permanent_uuid: "da5502dfd0b3497da7562704e3dde662" member_type: VOTER last_known_addr { host: "127.13.16.193" port: 35375 } } peers { permanent_uuid: "45de1f76d1314da8b49eba0dd6e5c411" member_type: VOTER last_known_addr { host: "127.13.16.194" port: 44535 } attrs { replace: true } } peers { permanent_uuid: "2d76d6b7b3fd4bf4ada9b67c4d490d86" member_type: VOTER last_known_addr { host: "127.13.16.195" port: 36533 } } peers { permanent_uuid: "ff68d13fe2b5418996a74629db4fbb8e" member_type: NON_VOTER last_known_addr { host: "127.13.16.196" port: 45313 } attrs { promote: true } } }
I20260608 09:58:16.802742 16421 raft_consensus.cc:2955] T c25336d63c4e49bfab44c624fb0d281f P 45de1f76d1314da8b49eba0dd6e5c411 [term 2 FOLLOWER]: Committing config change with OpId 2.3: config changed from index -1 to 3, NON_VOTER ff68d13fe2b5418996a74629db4fbb8e (127.13.16.196) added. New config: { opid_index: 3 OBSOLETE_local: false peers { permanent_uuid: "da5502dfd0b3497da7562704e3dde662" member_type: VOTER last_known_addr { host: "127.13.16.193" port: 35375 } } peers { permanent_uuid: "45de1f76d1314da8b49eba0dd6e5c411" member_type: VOTER last_known_addr { host: "127.13.16.194" port: 44535 } attrs { replace: true } } peers { permanent_uuid: "2d76d6b7b3fd4bf4ada9b67c4d490d86" member_type: VOTER last_known_addr { host: "127.13.16.195" port: 36533 } } peers { permanent_uuid: "ff68d13fe2b5418996a74629db4fbb8e" member_type: NON_VOTER last_known_addr { host: "127.13.16.196" port: 45313 } attrs { promote: true } } }
I20260608 09:58:16.816066 16249 catalog_manager.cc:5696] T c25336d63c4e49bfab44c624fb0d281f P 45de1f76d1314da8b49eba0dd6e5c411 reported cstate change: config changed from index -1 to 3, NON_VOTER ff68d13fe2b5418996a74629db4fbb8e (127.13.16.196) added. New cstate: current_term: 2 leader_uuid: "2d76d6b7b3fd4bf4ada9b67c4d490d86" committed_config { opid_index: 3 OBSOLETE_local: false peers { permanent_uuid: "da5502dfd0b3497da7562704e3dde662" member_type: VOTER last_known_addr { host: "127.13.16.193" port: 35375 } } peers { permanent_uuid: "45de1f76d1314da8b49eba0dd6e5c411" member_type: VOTER last_known_addr { host: "127.13.16.194" port: 44535 } attrs { replace: true } } peers { permanent_uuid: "2d76d6b7b3fd4bf4ada9b67c4d490d86" member_type: VOTER last_known_addr { host: "127.13.16.195" port: 36533 } } peers { permanent_uuid: "ff68d13fe2b5418996a74629db4fbb8e" member_type: NON_VOTER last_known_addr { host: "127.13.16.196" port: 45313 } attrs { promote: true } } }
I20260608 09:58:16.902269 16302 auto_leader_rebalancer.cc:140] leader rebalance for table range_aware_rebalance_new_range
I20260608 09:58:16.929497 16498 tablet_service.cc:2072] Received LeaderStepDown RPC: tablet_id: "c25336d63c4e49bfab44c624fb0d281f"
dest_uuid: "2d76d6b7b3fd4bf4ada9b67c4d490d86"
mode: GRACEFUL
new_leader_uuid: "da5502dfd0b3497da7562704e3dde662"
 from {username='slave'} at 127.0.0.1:45274
I20260608 09:58:16.930164 16498 raft_consensus.cc:606] T c25336d63c4e49bfab44c624fb0d281f P 2d76d6b7b3fd4bf4ada9b67c4d490d86 [term 2 LEADER]: Received request to transfer leadership to TS da5502dfd0b3497da7562704e3dde662
I20260608 09:58:16.931829 16302 auto_leader_rebalancer.cc:388] table: range_aware_rebalance_new_range, leader rebalance finish, leader transfer count: 1
I20260608 09:58:16.932629 16302 auto_leader_rebalancer.cc:451] All tables' leader rebalancing finished this round
I20260608 09:58:17.010327 16889 ts_tablet_manager.cc:933] T b4ac24bbf7e540f3926942174255c5e2 P 2d76d6b7b3fd4bf4ada9b67c4d490d86: Initiating tablet copy from peer 45de1f76d1314da8b49eba0dd6e5c411 (127.13.16.194:44535)
I20260608 09:58:17.012939 16889 tablet_copy_client.cc:323] T b4ac24bbf7e540f3926942174255c5e2 P 2d76d6b7b3fd4bf4ada9b67c4d490d86: tablet copy: Beginning tablet copy session from remote peer at address 127.13.16.194:44535
I20260608 09:58:17.014932 16436 tablet_copy_service.cc:140] P 45de1f76d1314da8b49eba0dd6e5c411: Received BeginTabletCopySession request for tablet b4ac24bbf7e540f3926942174255c5e2 from peer 2d76d6b7b3fd4bf4ada9b67c4d490d86 ({username='slave'} at 127.0.0.1:41004)
I20260608 09:58:17.015534 16436 tablet_copy_service.cc:161] P 45de1f76d1314da8b49eba0dd6e5c411: Beginning new tablet copy session on tablet b4ac24bbf7e540f3926942174255c5e2 from peer 2d76d6b7b3fd4bf4ada9b67c4d490d86 at {username='slave'} at 127.0.0.1:41004: session id = 2d76d6b7b3fd4bf4ada9b67c4d490d86-b4ac24bbf7e540f3926942174255c5e2
I20260608 09:58:17.023411 16436 tablet_copy_source_session.cc:215] T b4ac24bbf7e540f3926942174255c5e2 P 45de1f76d1314da8b49eba0dd6e5c411: Tablet Copy: opened 0 blocks and 1 log segments
I20260608 09:58:17.026402 16889 data_dirs.cc:400] Could only allocate 1 dirs of requested 3 for tablet b4ac24bbf7e540f3926942174255c5e2. 1 dirs total, 0 dirs full, 0 dirs failed
I20260608 09:58:17.037950 16889 tablet_copy_client.cc:806] T b4ac24bbf7e540f3926942174255c5e2 P 2d76d6b7b3fd4bf4ada9b67c4d490d86: tablet copy: Starting download of 0 data blocks...
I20260608 09:58:17.038506 16889 tablet_copy_client.cc:670] T b4ac24bbf7e540f3926942174255c5e2 P 2d76d6b7b3fd4bf4ada9b67c4d490d86: tablet copy: Starting download of 1 WAL segments...
I20260608 09:58:17.042706 16889 tablet_copy_client.cc:538] T b4ac24bbf7e540f3926942174255c5e2 P 2d76d6b7b3fd4bf4ada9b67c4d490d86: tablet copy: Tablet Copy complete. Replacing tablet superblock.
I20260608 09:58:17.049628 16889 tablet_bootstrap.cc:492] T b4ac24bbf7e540f3926942174255c5e2 P 2d76d6b7b3fd4bf4ada9b67c4d490d86: Bootstrap starting.
I20260608 09:58:17.069546 16889 tablet_bootstrap.cc:492] T b4ac24bbf7e540f3926942174255c5e2 P 2d76d6b7b3fd4bf4ada9b67c4d490d86: Bootstrap replayed 1/1 log segments. Stats: ops{read=2 overwritten=0 applied=2 ignored=0} inserts{seen=0 ignored=0} mutations{seen=0 ignored=0} orphaned_commits=0. Pending: 0 replicates
I20260608 09:58:17.070324 16889 tablet_bootstrap.cc:492] T b4ac24bbf7e540f3926942174255c5e2 P 2d76d6b7b3fd4bf4ada9b67c4d490d86: Bootstrap complete.
I20260608 09:58:17.071024 16889 ts_tablet_manager.cc:1403] T b4ac24bbf7e540f3926942174255c5e2 P 2d76d6b7b3fd4bf4ada9b67c4d490d86: Time spent bootstrapping tablet: real 0.022s	user 0.014s	sys 0.005s
I20260608 09:58:17.074143 16889 raft_consensus.cc:359] T b4ac24bbf7e540f3926942174255c5e2 P 2d76d6b7b3fd4bf4ada9b67c4d490d86 [term 1 LEARNER]: Replica starting. Triggering 0 pending ops. Active config: opid_index: 2 OBSOLETE_local: false peers { permanent_uuid: "da5502dfd0b3497da7562704e3dde662" member_type: VOTER last_known_addr { host: "127.13.16.193" port: 35375 } } peers { permanent_uuid: "45de1f76d1314da8b49eba0dd6e5c411" member_type: VOTER last_known_addr { host: "127.13.16.194" port: 44535 } } peers { permanent_uuid: "ff68d13fe2b5418996a74629db4fbb8e" member_type: VOTER last_known_addr { host: "127.13.16.196" port: 45313 } attrs { replace: true } } peers { permanent_uuid: "2d76d6b7b3fd4bf4ada9b67c4d490d86" member_type: NON_VOTER last_known_addr { host: "127.13.16.195" port: 36533 } attrs { promote: true } }
I20260608 09:58:17.075014 16889 raft_consensus.cc:740] T b4ac24bbf7e540f3926942174255c5e2 P 2d76d6b7b3fd4bf4ada9b67c4d490d86 [term 1 LEARNER]: Becoming Follower/Learner. State: Replica: 2d76d6b7b3fd4bf4ada9b67c4d490d86, State: Initialized, Role: LEARNER
I20260608 09:58:17.075721 16889 consensus_queue.cc:260] T b4ac24bbf7e540f3926942174255c5e2 P 2d76d6b7b3fd4bf4ada9b67c4d490d86 [NON_LEADER]: Queue going to NON_LEADER mode. State: All replicated index: 0, Majority replicated index: 0, Committed index: 2, Last appended: 1.2, Last appended by leader: 2, Current term: 0, Majority size: -1, State: 0, Mode: NON_LEADER, active raft config: opid_index: 2 OBSOLETE_local: false peers { permanent_uuid: "da5502dfd0b3497da7562704e3dde662" member_type: VOTER last_known_addr { host: "127.13.16.193" port: 35375 } } peers { permanent_uuid: "45de1f76d1314da8b49eba0dd6e5c411" member_type: VOTER last_known_addr { host: "127.13.16.194" port: 44535 } } peers { permanent_uuid: "ff68d13fe2b5418996a74629db4fbb8e" member_type: VOTER last_known_addr { host: "127.13.16.196" port: 45313 } attrs { replace: true } } peers { permanent_uuid: "2d76d6b7b3fd4bf4ada9b67c4d490d86" member_type: NON_VOTER last_known_addr { host: "127.13.16.195" port: 36533 } attrs { promote: true } }
I20260608 09:58:17.078320 16889 ts_tablet_manager.cc:1434] T b4ac24bbf7e540f3926942174255c5e2 P 2d76d6b7b3fd4bf4ada9b67c4d490d86: Time spent starting tablet: real 0.007s	user 0.000s	sys 0.004s
I20260608 09:58:17.080309 16436 tablet_copy_service.cc:342] P 45de1f76d1314da8b49eba0dd6e5c411: Request end of tablet copy session 2d76d6b7b3fd4bf4ada9b67c4d490d86-b4ac24bbf7e540f3926942174255c5e2 received from {username='slave'} at 127.0.0.1:41004
I20260608 09:58:17.080786 16436 tablet_copy_service.cc:434] P 45de1f76d1314da8b49eba0dd6e5c411: ending tablet copy session 2d76d6b7b3fd4bf4ada9b67c4d490d86-b4ac24bbf7e540f3926942174255c5e2 on tablet b4ac24bbf7e540f3926942174255c5e2 with peer 2d76d6b7b3fd4bf4ada9b67c4d490d86
I20260608 09:58:17.228576 16892 ts_tablet_manager.cc:933] T 916c58d536d740dcab26e4a0c9f74a27 P 45de1f76d1314da8b49eba0dd6e5c411: Initiating tablet copy from peer 2d76d6b7b3fd4bf4ada9b67c4d490d86 (127.13.16.195:36533)
I20260608 09:58:17.230859 16892 tablet_copy_client.cc:323] T 916c58d536d740dcab26e4a0c9f74a27 P 45de1f76d1314da8b49eba0dd6e5c411: tablet copy: Beginning tablet copy session from remote peer at address 127.13.16.195:36533
I20260608 09:58:17.232795 16510 tablet_copy_service.cc:140] P 2d76d6b7b3fd4bf4ada9b67c4d490d86: Received BeginTabletCopySession request for tablet 916c58d536d740dcab26e4a0c9f74a27 from peer 45de1f76d1314da8b49eba0dd6e5c411 ({username='slave'} at 127.0.0.1:45240)
I20260608 09:58:17.233335 16510 tablet_copy_service.cc:161] P 2d76d6b7b3fd4bf4ada9b67c4d490d86: Beginning new tablet copy session on tablet 916c58d536d740dcab26e4a0c9f74a27 from peer 45de1f76d1314da8b49eba0dd6e5c411 at {username='slave'} at 127.0.0.1:45240: session id = 45de1f76d1314da8b49eba0dd6e5c411-916c58d536d740dcab26e4a0c9f74a27
I20260608 09:58:17.239778 16510 tablet_copy_source_session.cc:215] T 916c58d536d740dcab26e4a0c9f74a27 P 2d76d6b7b3fd4bf4ada9b67c4d490d86: Tablet Copy: opened 0 blocks and 1 log segments
I20260608 09:58:17.242818 16892 data_dirs.cc:400] Could only allocate 1 dirs of requested 3 for tablet 916c58d536d740dcab26e4a0c9f74a27. 1 dirs total, 0 dirs full, 0 dirs failed
I20260608 09:58:17.254516 16864 raft_consensus.cc:993] T c25336d63c4e49bfab44c624fb0d281f P 2d76d6b7b3fd4bf4ada9b67c4d490d86: : Instructing follower da5502dfd0b3497da7562704e3dde662 to start an election
I20260608 09:58:17.254532 16894 ts_tablet_manager.cc:933] T c25336d63c4e49bfab44c624fb0d281f P ff68d13fe2b5418996a74629db4fbb8e: Initiating tablet copy from peer 2d76d6b7b3fd4bf4ada9b67c4d490d86 (127.13.16.195:36533)
I20260608 09:58:17.255456 16864 raft_consensus.cc:1081] T c25336d63c4e49bfab44c624fb0d281f P 2d76d6b7b3fd4bf4ada9b67c4d490d86 [term 2 LEADER]: Signalling peer da5502dfd0b3497da7562704e3dde662 to start an election
I20260608 09:58:17.257447 16350 tablet_service.cc:2044] Received Run Leader Election RPC: tablet_id: "c25336d63c4e49bfab44c624fb0d281f"
dest_uuid: "da5502dfd0b3497da7562704e3dde662"
 from {username='slave'} at 127.0.0.1:44920
I20260608 09:58:17.258037 16350 raft_consensus.cc:493] T c25336d63c4e49bfab44c624fb0d281f P da5502dfd0b3497da7562704e3dde662 [term 2 FOLLOWER]: Starting forced leader election (received explicit request)
I20260608 09:58:17.258405 16350 raft_consensus.cc:3060] T c25336d63c4e49bfab44c624fb0d281f P da5502dfd0b3497da7562704e3dde662 [term 2 FOLLOWER]: Advancing to term 3
I20260608 09:58:17.259817 16892 tablet_copy_client.cc:806] T 916c58d536d740dcab26e4a0c9f74a27 P 45de1f76d1314da8b49eba0dd6e5c411: tablet copy: Starting download of 0 data blocks...
I20260608 09:58:17.260596 16892 tablet_copy_client.cc:670] T 916c58d536d740dcab26e4a0c9f74a27 P 45de1f76d1314da8b49eba0dd6e5c411: tablet copy: Starting download of 1 WAL segments...
I20260608 09:58:17.262105 16894 tablet_copy_client.cc:323] T c25336d63c4e49bfab44c624fb0d281f P ff68d13fe2b5418996a74629db4fbb8e: tablet copy: Beginning tablet copy session from remote peer at address 127.13.16.195:36533
I20260608 09:58:17.264880 16509 tablet_copy_service.cc:140] P 2d76d6b7b3fd4bf4ada9b67c4d490d86: Received BeginTabletCopySession request for tablet c25336d63c4e49bfab44c624fb0d281f from peer ff68d13fe2b5418996a74629db4fbb8e ({username='slave'} at 127.0.0.1:45254)
I20260608 09:58:17.265504 16509 tablet_copy_service.cc:161] P 2d76d6b7b3fd4bf4ada9b67c4d490d86: Beginning new tablet copy session on tablet c25336d63c4e49bfab44c624fb0d281f from peer ff68d13fe2b5418996a74629db4fbb8e at {username='slave'} at 127.0.0.1:45254: session id = ff68d13fe2b5418996a74629db4fbb8e-c25336d63c4e49bfab44c624fb0d281f
I20260608 09:58:17.265934 16350 raft_consensus.cc:515] T c25336d63c4e49bfab44c624fb0d281f P da5502dfd0b3497da7562704e3dde662 [term 3 FOLLOWER]: Starting forced leader election with config: opid_index: 3 OBSOLETE_local: false peers { permanent_uuid: "da5502dfd0b3497da7562704e3dde662" member_type: VOTER last_known_addr { host: "127.13.16.193" port: 35375 } } peers { permanent_uuid: "45de1f76d1314da8b49eba0dd6e5c411" member_type: VOTER last_known_addr { host: "127.13.16.194" port: 44535 } attrs { replace: true } } peers { permanent_uuid: "2d76d6b7b3fd4bf4ada9b67c4d490d86" member_type: VOTER last_known_addr { host: "127.13.16.195" port: 36533 } } peers { permanent_uuid: "ff68d13fe2b5418996a74629db4fbb8e" member_type: NON_VOTER last_known_addr { host: "127.13.16.196" port: 45313 } attrs { promote: true } }
I20260608 09:58:17.269284 16421 tablet_service.cc:1917] Received RequestConsensusVote() RPC: tablet_id: "c25336d63c4e49bfab44c624fb0d281f" candidate_uuid: "da5502dfd0b3497da7562704e3dde662" candidate_term: 3 candidate_status { last_received { term: 2 index: 3 } } ignore_live_leader: true dest_uuid: "45de1f76d1314da8b49eba0dd6e5c411"
I20260608 09:58:17.269572 16498 tablet_service.cc:1917] Received RequestConsensusVote() RPC: tablet_id: "c25336d63c4e49bfab44c624fb0d281f" candidate_uuid: "da5502dfd0b3497da7562704e3dde662" candidate_term: 3 candidate_status { last_received { term: 2 index: 3 } } ignore_live_leader: true dest_uuid: "2d76d6b7b3fd4bf4ada9b67c4d490d86"
I20260608 09:58:17.269876 16421 raft_consensus.cc:3060] T c25336d63c4e49bfab44c624fb0d281f P 45de1f76d1314da8b49eba0dd6e5c411 [term 2 FOLLOWER]: Advancing to term 3
I20260608 09:58:17.270208 16498 raft_consensus.cc:3055] T c25336d63c4e49bfab44c624fb0d281f P 2d76d6b7b3fd4bf4ada9b67c4d490d86 [term 2 LEADER]: Stepping down as leader of term 2
I20260608 09:58:17.270560 16498 raft_consensus.cc:740] T c25336d63c4e49bfab44c624fb0d281f P 2d76d6b7b3fd4bf4ada9b67c4d490d86 [term 2 LEADER]: Becoming Follower/Learner. State: Replica: 2d76d6b7b3fd4bf4ada9b67c4d490d86, State: Running, Role: LEADER
I20260608 09:58:17.271629 16498 consensus_queue.cc:260] T c25336d63c4e49bfab44c624fb0d281f P 2d76d6b7b3fd4bf4ada9b67c4d490d86 [NON_LEADER]: Queue going to NON_LEADER mode. State: All replicated index: 0, Majority replicated index: 3, Committed index: 3, Last appended: 2.3, Last appended by leader: 3, Current term: 2, Majority size: -1, State: 0, Mode: NON_LEADER, active raft config: opid_index: 3 OBSOLETE_local: false peers { permanent_uuid: "da5502dfd0b3497da7562704e3dde662" member_type: VOTER last_known_addr { host: "127.13.16.193" port: 35375 } } peers { permanent_uuid: "45de1f76d1314da8b49eba0dd6e5c411" member_type: VOTER last_known_addr { host: "127.13.16.194" port: 44535 } attrs { replace: true } } peers { permanent_uuid: "2d76d6b7b3fd4bf4ada9b67c4d490d86" member_type: VOTER last_known_addr { host: "127.13.16.195" port: 36533 } } peers { permanent_uuid: "ff68d13fe2b5418996a74629db4fbb8e" member_type: NON_VOTER last_known_addr { host: "127.13.16.196" port: 45313 } attrs { promote: true } }
I20260608 09:58:17.272825 16892 tablet_copy_client.cc:538] T 916c58d536d740dcab26e4a0c9f74a27 P 45de1f76d1314da8b49eba0dd6e5c411: tablet copy: Tablet Copy complete. Replacing tablet superblock.
I20260608 09:58:17.273021 16498 raft_consensus.cc:3060] T c25336d63c4e49bfab44c624fb0d281f P 2d76d6b7b3fd4bf4ada9b67c4d490d86 [term 2 FOLLOWER]: Advancing to term 3
I20260608 09:58:17.276885 16421 raft_consensus.cc:2468] T c25336d63c4e49bfab44c624fb0d281f P 45de1f76d1314da8b49eba0dd6e5c411 [term 3 FOLLOWER]: Leader election vote request: Granting yes vote for candidate da5502dfd0b3497da7562704e3dde662 in term 3.
I20260608 09:58:17.277479 16350 leader_election.cc:290] T c25336d63c4e49bfab44c624fb0d281f P da5502dfd0b3497da7562704e3dde662 [CANDIDATE]: Term 3 election: Requested vote from peers 45de1f76d1314da8b49eba0dd6e5c411 (127.13.16.194:44535), 2d76d6b7b3fd4bf4ada9b67c4d490d86 (127.13.16.195:36533)
I20260608 09:58:17.278617 16316 leader_election.cc:304] T c25336d63c4e49bfab44c624fb0d281f P da5502dfd0b3497da7562704e3dde662 [CANDIDATE]: Term 3 election: Election decided. Result: candidate won. Election summary: received 2 responses out of 3 voters: 2 yes votes; 0 no votes. yes voters: 45de1f76d1314da8b49eba0dd6e5c411, da5502dfd0b3497da7562704e3dde662; no voters: 
I20260608 09:58:17.279630 16871 raft_consensus.cc:2804] T c25336d63c4e49bfab44c624fb0d281f P da5502dfd0b3497da7562704e3dde662 [term 3 FOLLOWER]: Leader election won for term 3
I20260608 09:58:17.283077 16892 tablet_bootstrap.cc:492] T 916c58d536d740dcab26e4a0c9f74a27 P 45de1f76d1314da8b49eba0dd6e5c411: Bootstrap starting.
I20260608 09:58:17.287808 16498 raft_consensus.cc:2468] T c25336d63c4e49bfab44c624fb0d281f P 2d76d6b7b3fd4bf4ada9b67c4d490d86 [term 3 FOLLOWER]: Leader election vote request: Granting yes vote for candidate da5502dfd0b3497da7562704e3dde662 in term 3.
I20260608 09:58:17.290525 16509 tablet_copy_source_session.cc:215] T c25336d63c4e49bfab44c624fb0d281f P 2d76d6b7b3fd4bf4ada9b67c4d490d86: Tablet Copy: opened 0 blocks and 1 log segments
I20260608 09:58:17.292098 16871 raft_consensus.cc:697] T c25336d63c4e49bfab44c624fb0d281f P da5502dfd0b3497da7562704e3dde662 [term 3 LEADER]: Becoming Leader. State: Replica: da5502dfd0b3497da7562704e3dde662, State: Running, Role: LEADER
I20260608 09:58:17.293084 16871 consensus_queue.cc:237] T c25336d63c4e49bfab44c624fb0d281f P da5502dfd0b3497da7562704e3dde662 [LEADER]: Queue going to LEADER mode. State: All replicated index: 0, Majority replicated index: 3, Committed index: 3, Last appended: 2.3, Last appended by leader: 3, Current term: 3, Majority size: 2, State: 0, Mode: LEADER, active raft config: opid_index: 3 OBSOLETE_local: false peers { permanent_uuid: "da5502dfd0b3497da7562704e3dde662" member_type: VOTER last_known_addr { host: "127.13.16.193" port: 35375 } } peers { permanent_uuid: "45de1f76d1314da8b49eba0dd6e5c411" member_type: VOTER last_known_addr { host: "127.13.16.194" port: 44535 } attrs { replace: true } } peers { permanent_uuid: "2d76d6b7b3fd4bf4ada9b67c4d490d86" member_type: VOTER last_known_addr { host: "127.13.16.195" port: 36533 } } peers { permanent_uuid: "ff68d13fe2b5418996a74629db4fbb8e" member_type: NON_VOTER last_known_addr { host: "127.13.16.196" port: 45313 } attrs { promote: true } }
I20260608 09:58:17.297430 16894 data_dirs.cc:400] Could only allocate 1 dirs of requested 3 for tablet c25336d63c4e49bfab44c624fb0d281f. 1 dirs total, 0 dirs full, 0 dirs failed
I20260608 09:58:17.304750 16246 catalog_manager.cc:5696] T c25336d63c4e49bfab44c624fb0d281f P da5502dfd0b3497da7562704e3dde662 reported cstate change: term changed from 2 to 3, leader changed from 2d76d6b7b3fd4bf4ada9b67c4d490d86 (127.13.16.195) to da5502dfd0b3497da7562704e3dde662 (127.13.16.193). New cstate: current_term: 3 leader_uuid: "da5502dfd0b3497da7562704e3dde662" committed_config { opid_index: 3 OBSOLETE_local: false peers { permanent_uuid: "da5502dfd0b3497da7562704e3dde662" member_type: VOTER last_known_addr { host: "127.13.16.193" port: 35375 } health_report { overall_health: HEALTHY } } peers { permanent_uuid: "45de1f76d1314da8b49eba0dd6e5c411" member_type: VOTER last_known_addr { host: "127.13.16.194" port: 44535 } attrs { replace: true } health_report { overall_health: UNKNOWN } } peers { permanent_uuid: "2d76d6b7b3fd4bf4ada9b67c4d490d86" member_type: VOTER last_known_addr { host: "127.13.16.195" port: 36533 } health_report { overall_health: UNKNOWN } } peers { permanent_uuid: "ff68d13fe2b5418996a74629db4fbb8e" member_type: NON_VOTER last_known_addr { host: "127.13.16.196" port: 45313 } attrs { promote: true } health_report { overall_health: UNKNOWN } } }
I20260608 09:58:17.308121 16898 ts_tablet_manager.cc:933] T 26e3f25fda9546979a7af662575537c6 P ff68d13fe2b5418996a74629db4fbb8e: Initiating tablet copy from peer da5502dfd0b3497da7562704e3dde662 (127.13.16.193:35375)
I20260608 09:58:17.311759 16898 tablet_copy_client.cc:323] T 26e3f25fda9546979a7af662575537c6 P ff68d13fe2b5418996a74629db4fbb8e: tablet copy: Beginning tablet copy session from remote peer at address 127.13.16.193:35375
I20260608 09:58:17.314144 16361 tablet_copy_service.cc:140] P da5502dfd0b3497da7562704e3dde662: Received BeginTabletCopySession request for tablet 26e3f25fda9546979a7af662575537c6 from peer ff68d13fe2b5418996a74629db4fbb8e ({username='slave'} at 127.0.0.1:44950)
I20260608 09:58:17.314960 16361 tablet_copy_service.cc:161] P da5502dfd0b3497da7562704e3dde662: Beginning new tablet copy session on tablet 26e3f25fda9546979a7af662575537c6 from peer ff68d13fe2b5418996a74629db4fbb8e at {username='slave'} at 127.0.0.1:44950: session id = ff68d13fe2b5418996a74629db4fbb8e-26e3f25fda9546979a7af662575537c6
I20260608 09:58:17.319777 16892 tablet_bootstrap.cc:492] T 916c58d536d740dcab26e4a0c9f74a27 P 45de1f76d1314da8b49eba0dd6e5c411: Bootstrap replayed 1/1 log segments. Stats: ops{read=2 overwritten=0 applied=2 ignored=0} inserts{seen=0 ignored=0} mutations{seen=0 ignored=0} orphaned_commits=0. Pending: 0 replicates
I20260608 09:58:17.320775 16892 tablet_bootstrap.cc:492] T 916c58d536d740dcab26e4a0c9f74a27 P 45de1f76d1314da8b49eba0dd6e5c411: Bootstrap complete.
I20260608 09:58:17.321448 16892 ts_tablet_manager.cc:1403] T 916c58d536d740dcab26e4a0c9f74a27 P 45de1f76d1314da8b49eba0dd6e5c411: Time spent bootstrapping tablet: real 0.039s	user 0.024s	sys 0.004s
I20260608 09:58:17.322613 16361 tablet_copy_source_session.cc:215] T 26e3f25fda9546979a7af662575537c6 P da5502dfd0b3497da7562704e3dde662: Tablet Copy: opened 0 blocks and 1 log segments
I20260608 09:58:17.324741 16892 raft_consensus.cc:359] T 916c58d536d740dcab26e4a0c9f74a27 P 45de1f76d1314da8b49eba0dd6e5c411 [term 1 LEARNER]: Replica starting. Triggering 0 pending ops. Active config: opid_index: 2 OBSOLETE_local: false peers { permanent_uuid: "da5502dfd0b3497da7562704e3dde662" member_type: VOTER last_known_addr { host: "127.13.16.193" port: 35375 } } peers { permanent_uuid: "ff68d13fe2b5418996a74629db4fbb8e" member_type: VOTER last_known_addr { host: "127.13.16.196" port: 45313 } attrs { replace: true } } peers { permanent_uuid: "2d76d6b7b3fd4bf4ada9b67c4d490d86" member_type: VOTER last_known_addr { host: "127.13.16.195" port: 36533 } } peers { permanent_uuid: "45de1f76d1314da8b49eba0dd6e5c411" member_type: NON_VOTER last_known_addr { host: "127.13.16.194" port: 44535 } attrs { promote: true } }
I20260608 09:58:17.325591 16892 raft_consensus.cc:740] T 916c58d536d740dcab26e4a0c9f74a27 P 45de1f76d1314da8b49eba0dd6e5c411 [term 1 LEARNER]: Becoming Follower/Learner. State: Replica: 45de1f76d1314da8b49eba0dd6e5c411, State: Initialized, Role: LEARNER
I20260608 09:58:17.326016 16898 data_dirs.cc:400] Could only allocate 1 dirs of requested 3 for tablet 26e3f25fda9546979a7af662575537c6. 1 dirs total, 0 dirs full, 0 dirs failed
I20260608 09:58:17.326016 16894 tablet_copy_client.cc:806] T c25336d63c4e49bfab44c624fb0d281f P ff68d13fe2b5418996a74629db4fbb8e: tablet copy: Starting download of 0 data blocks...
I20260608 09:58:17.326874 16894 tablet_copy_client.cc:670] T c25336d63c4e49bfab44c624fb0d281f P ff68d13fe2b5418996a74629db4fbb8e: tablet copy: Starting download of 1 WAL segments...
I20260608 09:58:17.326259 16892 consensus_queue.cc:260] T 916c58d536d740dcab26e4a0c9f74a27 P 45de1f76d1314da8b49eba0dd6e5c411 [NON_LEADER]: Queue going to NON_LEADER mode. State: All replicated index: 0, Majority replicated index: 0, Committed index: 2, Last appended: 1.2, Last appended by leader: 2, Current term: 0, Majority size: -1, State: 0, Mode: NON_LEADER, active raft config: opid_index: 2 OBSOLETE_local: false peers { permanent_uuid: "da5502dfd0b3497da7562704e3dde662" member_type: VOTER last_known_addr { host: "127.13.16.193" port: 35375 } } peers { permanent_uuid: "ff68d13fe2b5418996a74629db4fbb8e" member_type: VOTER last_known_addr { host: "127.13.16.196" port: 45313 } attrs { replace: true } } peers { permanent_uuid: "2d76d6b7b3fd4bf4ada9b67c4d490d86" member_type: VOTER last_known_addr { host: "127.13.16.195" port: 36533 } } peers { permanent_uuid: "45de1f76d1314da8b49eba0dd6e5c411" member_type: NON_VOTER last_known_addr { host: "127.13.16.194" port: 44535 } attrs { promote: true } }
I20260608 09:58:17.329082 16892 ts_tablet_manager.cc:1434] T 916c58d536d740dcab26e4a0c9f74a27 P 45de1f76d1314da8b49eba0dd6e5c411: Time spent starting tablet: real 0.007s	user 0.008s	sys 0.000s
I20260608 09:58:17.331420 16510 tablet_copy_service.cc:342] P 2d76d6b7b3fd4bf4ada9b67c4d490d86: Request end of tablet copy session 45de1f76d1314da8b49eba0dd6e5c411-916c58d536d740dcab26e4a0c9f74a27 received from {username='slave'} at 127.0.0.1:45240
I20260608 09:58:17.331876 16510 tablet_copy_service.cc:434] P 2d76d6b7b3fd4bf4ada9b67c4d490d86: ending tablet copy session 45de1f76d1314da8b49eba0dd6e5c411-916c58d536d740dcab26e4a0c9f74a27 on tablet 916c58d536d740dcab26e4a0c9f74a27 with peer 45de1f76d1314da8b49eba0dd6e5c411
I20260608 09:58:17.333801 16894 tablet_copy_client.cc:538] T c25336d63c4e49bfab44c624fb0d281f P ff68d13fe2b5418996a74629db4fbb8e: tablet copy: Tablet Copy complete. Replacing tablet superblock.
I20260608 09:58:17.343073 16894 tablet_bootstrap.cc:492] T c25336d63c4e49bfab44c624fb0d281f P ff68d13fe2b5418996a74629db4fbb8e: Bootstrap starting.
I20260608 09:58:17.346784 16898 tablet_copy_client.cc:806] T 26e3f25fda9546979a7af662575537c6 P ff68d13fe2b5418996a74629db4fbb8e: tablet copy: Starting download of 0 data blocks...
I20260608 09:58:17.347476 16898 tablet_copy_client.cc:670] T 26e3f25fda9546979a7af662575537c6 P ff68d13fe2b5418996a74629db4fbb8e: tablet copy: Starting download of 1 WAL segments...
I20260608 09:58:17.353509 16898 tablet_copy_client.cc:538] T 26e3f25fda9546979a7af662575537c6 P ff68d13fe2b5418996a74629db4fbb8e: tablet copy: Tablet Copy complete. Replacing tablet superblock.
I20260608 09:58:17.362543 16898 tablet_bootstrap.cc:492] T 26e3f25fda9546979a7af662575537c6 P ff68d13fe2b5418996a74629db4fbb8e: Bootstrap starting.
I20260608 09:58:17.370404 16894 tablet_bootstrap.cc:492] T c25336d63c4e49bfab44c624fb0d281f P ff68d13fe2b5418996a74629db4fbb8e: Bootstrap replayed 1/1 log segments. Stats: ops{read=3 overwritten=0 applied=3 ignored=0} inserts{seen=0 ignored=0} mutations{seen=0 ignored=0} orphaned_commits=0. Pending: 0 replicates
I20260608 09:58:17.371191 16894 tablet_bootstrap.cc:492] T c25336d63c4e49bfab44c624fb0d281f P ff68d13fe2b5418996a74629db4fbb8e: Bootstrap complete.
I20260608 09:58:17.371904 16894 ts_tablet_manager.cc:1403] T c25336d63c4e49bfab44c624fb0d281f P ff68d13fe2b5418996a74629db4fbb8e: Time spent bootstrapping tablet: real 0.029s	user 0.019s	sys 0.008s
I20260608 09:58:17.375696 16894 raft_consensus.cc:359] T c25336d63c4e49bfab44c624fb0d281f P ff68d13fe2b5418996a74629db4fbb8e [term 3 LEARNER]: Replica starting. Triggering 0 pending ops. Active config: opid_index: 3 OBSOLETE_local: false peers { permanent_uuid: "da5502dfd0b3497da7562704e3dde662" member_type: VOTER last_known_addr { host: "127.13.16.193" port: 35375 } } peers { permanent_uuid: "45de1f76d1314da8b49eba0dd6e5c411" member_type: VOTER last_known_addr { host: "127.13.16.194" port: 44535 } attrs { replace: true } } peers { permanent_uuid: "2d76d6b7b3fd4bf4ada9b67c4d490d86" member_type: VOTER last_known_addr { host: "127.13.16.195" port: 36533 } } peers { permanent_uuid: "ff68d13fe2b5418996a74629db4fbb8e" member_type: NON_VOTER last_known_addr { host: "127.13.16.196" port: 45313 } attrs { promote: true } }
I20260608 09:58:17.376549 16894 raft_consensus.cc:740] T c25336d63c4e49bfab44c624fb0d281f P ff68d13fe2b5418996a74629db4fbb8e [term 3 LEARNER]: Becoming Follower/Learner. State: Replica: ff68d13fe2b5418996a74629db4fbb8e, State: Initialized, Role: LEARNER
I20260608 09:58:17.377249 16894 consensus_queue.cc:260] T c25336d63c4e49bfab44c624fb0d281f P ff68d13fe2b5418996a74629db4fbb8e [NON_LEADER]: Queue going to NON_LEADER mode. State: All replicated index: 0, Majority replicated index: 0, Committed index: 3, Last appended: 2.3, Last appended by leader: 3, Current term: 0, Majority size: -1, State: 0, Mode: NON_LEADER, active raft config: opid_index: 3 OBSOLETE_local: false peers { permanent_uuid: "da5502dfd0b3497da7562704e3dde662" member_type: VOTER last_known_addr { host: "127.13.16.193" port: 35375 } } peers { permanent_uuid: "45de1f76d1314da8b49eba0dd6e5c411" member_type: VOTER last_known_addr { host: "127.13.16.194" port: 44535 } attrs { replace: true } } peers { permanent_uuid: "2d76d6b7b3fd4bf4ada9b67c4d490d86" member_type: VOTER last_known_addr { host: "127.13.16.195" port: 36533 } } peers { permanent_uuid: "ff68d13fe2b5418996a74629db4fbb8e" member_type: NON_VOTER last_known_addr { host: "127.13.16.196" port: 45313 } attrs { promote: true } }
I20260608 09:58:17.381850 16894 ts_tablet_manager.cc:1434] T c25336d63c4e49bfab44c624fb0d281f P ff68d13fe2b5418996a74629db4fbb8e: Time spent starting tablet: real 0.010s	user 0.007s	sys 0.001s
I20260608 09:58:17.383838 16510 tablet_copy_service.cc:342] P 2d76d6b7b3fd4bf4ada9b67c4d490d86: Request end of tablet copy session ff68d13fe2b5418996a74629db4fbb8e-c25336d63c4e49bfab44c624fb0d281f received from {username='slave'} at 127.0.0.1:45254
I20260608 09:58:17.384318 16510 tablet_copy_service.cc:434] P 2d76d6b7b3fd4bf4ada9b67c4d490d86: ending tablet copy session ff68d13fe2b5418996a74629db4fbb8e-c25336d63c4e49bfab44c624fb0d281f on tablet c25336d63c4e49bfab44c624fb0d281f with peer ff68d13fe2b5418996a74629db4fbb8e
I20260608 09:58:17.392072 16898 tablet_bootstrap.cc:492] T 26e3f25fda9546979a7af662575537c6 P ff68d13fe2b5418996a74629db4fbb8e: Bootstrap replayed 1/1 log segments. Stats: ops{read=2 overwritten=0 applied=2 ignored=0} inserts{seen=0 ignored=0} mutations{seen=0 ignored=0} orphaned_commits=0. Pending: 0 replicates
I20260608 09:58:17.393043 16898 tablet_bootstrap.cc:492] T 26e3f25fda9546979a7af662575537c6 P ff68d13fe2b5418996a74629db4fbb8e: Bootstrap complete.
I20260608 09:58:17.393760 16898 ts_tablet_manager.cc:1403] T 26e3f25fda9546979a7af662575537c6 P ff68d13fe2b5418996a74629db4fbb8e: Time spent bootstrapping tablet: real 0.031s	user 0.015s	sys 0.013s
I20260608 09:58:17.396458 16898 raft_consensus.cc:359] T 26e3f25fda9546979a7af662575537c6 P ff68d13fe2b5418996a74629db4fbb8e [term 1 LEARNER]: Replica starting. Triggering 0 pending ops. Active config: opid_index: 2 OBSOLETE_local: false peers { permanent_uuid: "da5502dfd0b3497da7562704e3dde662" member_type: VOTER last_known_addr { host: "127.13.16.193" port: 35375 } } peers { permanent_uuid: "45de1f76d1314da8b49eba0dd6e5c411" member_type: VOTER last_known_addr { host: "127.13.16.194" port: 44535 } } peers { permanent_uuid: "2d76d6b7b3fd4bf4ada9b67c4d490d86" member_type: VOTER last_known_addr { host: "127.13.16.195" port: 36533 } attrs { replace: true } } peers { permanent_uuid: "ff68d13fe2b5418996a74629db4fbb8e" member_type: NON_VOTER last_known_addr { host: "127.13.16.196" port: 45313 } attrs { promote: true } }
I20260608 09:58:17.397058 16898 raft_consensus.cc:740] T 26e3f25fda9546979a7af662575537c6 P ff68d13fe2b5418996a74629db4fbb8e [term 1 LEARNER]: Becoming Follower/Learner. State: Replica: ff68d13fe2b5418996a74629db4fbb8e, State: Initialized, Role: LEARNER
I20260608 09:58:17.397607 16898 consensus_queue.cc:260] T 26e3f25fda9546979a7af662575537c6 P ff68d13fe2b5418996a74629db4fbb8e [NON_LEADER]: Queue going to NON_LEADER mode. State: All replicated index: 0, Majority replicated index: 0, Committed index: 2, Last appended: 1.2, Last appended by leader: 2, Current term: 0, Majority size: -1, State: 0, Mode: NON_LEADER, active raft config: opid_index: 2 OBSOLETE_local: false peers { permanent_uuid: "da5502dfd0b3497da7562704e3dde662" member_type: VOTER last_known_addr { host: "127.13.16.193" port: 35375 } } peers { permanent_uuid: "45de1f76d1314da8b49eba0dd6e5c411" member_type: VOTER last_known_addr { host: "127.13.16.194" port: 44535 } } peers { permanent_uuid: "2d76d6b7b3fd4bf4ada9b67c4d490d86" member_type: VOTER last_known_addr { host: "127.13.16.195" port: 36533 } attrs { replace: true } } peers { permanent_uuid: "ff68d13fe2b5418996a74629db4fbb8e" member_type: NON_VOTER last_known_addr { host: "127.13.16.196" port: 45313 } attrs { promote: true } }
I20260608 09:58:17.399842 16898 ts_tablet_manager.cc:1434] T 26e3f25fda9546979a7af662575537c6 P ff68d13fe2b5418996a74629db4fbb8e: Time spent starting tablet: real 0.006s	user 0.008s	sys 0.000s
I20260608 09:58:17.401654 16361 tablet_copy_service.cc:342] P da5502dfd0b3497da7562704e3dde662: Request end of tablet copy session ff68d13fe2b5418996a74629db4fbb8e-26e3f25fda9546979a7af662575537c6 received from {username='slave'} at 127.0.0.1:44950
I20260608 09:58:17.402107 16361 tablet_copy_service.cc:434] P da5502dfd0b3497da7562704e3dde662: ending tablet copy session ff68d13fe2b5418996a74629db4fbb8e-26e3f25fda9546979a7af662575537c6 on tablet 26e3f25fda9546979a7af662575537c6 with peer ff68d13fe2b5418996a74629db4fbb8e
I20260608 09:58:17.492027 16498 raft_consensus.cc:1217] T b4ac24bbf7e540f3926942174255c5e2 P 2d76d6b7b3fd4bf4ada9b67c4d490d86 [term 1 LEARNER]: Deduplicated request from leader. Original: 1.1->[1.2-1.2]   Dedup: 1.2->[]
I20260608 09:58:17.681066 16654 raft_consensus.cc:1217] T 26e3f25fda9546979a7af662575537c6 P ff68d13fe2b5418996a74629db4fbb8e [term 1 LEARNER]: Deduplicated request from leader. Original: 1.1->[1.2-1.2]   Dedup: 1.2->[]
I20260608 09:58:17.761322 16498 raft_consensus.cc:1275] T c25336d63c4e49bfab44c624fb0d281f P 2d76d6b7b3fd4bf4ada9b67c4d490d86 [term 3 FOLLOWER]: Refusing update from remote peer da5502dfd0b3497da7562704e3dde662: Log matching property violated. Preceding OpId in replica: term: 2 index: 3. Preceding OpId from leader: term: 3 index: 4. (index mismatch)
I20260608 09:58:17.762708 16896 consensus_queue.cc:1048] T c25336d63c4e49bfab44c624fb0d281f P da5502dfd0b3497da7562704e3dde662 [LEADER]: Connected to new peer: Peer: permanent_uuid: "2d76d6b7b3fd4bf4ada9b67c4d490d86" member_type: VOTER last_known_addr { host: "127.13.16.195" port: 36533 }, Status: LMP_MISMATCH, Last received: 0.0, Next index: 4, Last known committed idx: 3, Time since last communication: 0.000s
I20260608 09:58:17.773070 16421 raft_consensus.cc:1275] T c25336d63c4e49bfab44c624fb0d281f P 45de1f76d1314da8b49eba0dd6e5c411 [term 3 FOLLOWER]: Refusing update from remote peer da5502dfd0b3497da7562704e3dde662: Log matching property violated. Preceding OpId in replica: term: 2 index: 3. Preceding OpId from leader: term: 3 index: 4. (index mismatch)
I20260608 09:58:17.775015 16871 consensus_queue.cc:1048] T c25336d63c4e49bfab44c624fb0d281f P da5502dfd0b3497da7562704e3dde662 [LEADER]: Connected to new peer: Peer: permanent_uuid: "45de1f76d1314da8b49eba0dd6e5c411" member_type: VOTER last_known_addr { host: "127.13.16.194" port: 44535 } attrs { replace: true }, Status: LMP_MISMATCH, Last received: 0.0, Next index: 4, Last known committed idx: 3, Time since last communication: 0.000s
I20260608 09:58:17.773070 16654 raft_consensus.cc:1275] T c25336d63c4e49bfab44c624fb0d281f P ff68d13fe2b5418996a74629db4fbb8e [term 3 LEARNER]: Refusing update from remote peer da5502dfd0b3497da7562704e3dde662: Log matching property violated. Preceding OpId in replica: term: 2 index: 3. Preceding OpId from leader: term: 3 index: 4. (index mismatch)
I20260608 09:58:17.777860 16871 consensus_queue.cc:1048] T c25336d63c4e49bfab44c624fb0d281f P da5502dfd0b3497da7562704e3dde662 [LEADER]: Connected to new peer: Peer: permanent_uuid: "ff68d13fe2b5418996a74629db4fbb8e" member_type: NON_VOTER last_known_addr { host: "127.13.16.196" port: 45313 } attrs { promote: true }, Status: LMP_MISMATCH, Last received: 0.0, Next index: 4, Last known committed idx: 3, Time since last communication: 0.000s
I20260608 09:58:17.779479 16424 raft_consensus.cc:1217] T 916c58d536d740dcab26e4a0c9f74a27 P 45de1f76d1314da8b49eba0dd6e5c411 [term 1 LEARNER]: Deduplicated request from leader. Original: 1.1->[1.2-1.2]   Dedup: 1.2->[]
I20260608 09:58:17.802213 16871 raft_consensus.cc:1064] T c25336d63c4e49bfab44c624fb0d281f P da5502dfd0b3497da7562704e3dde662: attempting to promote NON_VOTER ff68d13fe2b5418996a74629db4fbb8e to VOTER
I20260608 09:58:17.804998 16871 consensus_queue.cc:237] T c25336d63c4e49bfab44c624fb0d281f P da5502dfd0b3497da7562704e3dde662 [LEADER]: Queue going to LEADER mode. State: All replicated index: 0, Majority replicated index: 4, Committed index: 4, Last appended: 3.4, Last appended by leader: 3, Current term: 3, Majority size: 3, State: 0, Mode: LEADER, active raft config: opid_index: 5 OBSOLETE_local: false peers { permanent_uuid: "da5502dfd0b3497da7562704e3dde662" member_type: VOTER last_known_addr { host: "127.13.16.193" port: 35375 } } peers { permanent_uuid: "45de1f76d1314da8b49eba0dd6e5c411" member_type: VOTER last_known_addr { host: "127.13.16.194" port: 44535 } attrs { replace: true } } peers { permanent_uuid: "2d76d6b7b3fd4bf4ada9b67c4d490d86" member_type: VOTER last_known_addr { host: "127.13.16.195" port: 36533 } } peers { permanent_uuid: "ff68d13fe2b5418996a74629db4fbb8e" member_type: VOTER last_known_addr { host: "127.13.16.196" port: 45313 } attrs { promote: false } }
I20260608 09:58:17.815388 16498 raft_consensus.cc:1275] T c25336d63c4e49bfab44c624fb0d281f P 2d76d6b7b3fd4bf4ada9b67c4d490d86 [term 3 FOLLOWER]: Refusing update from remote peer da5502dfd0b3497da7562704e3dde662: Log matching property violated. Preceding OpId in replica: term: 3 index: 4. Preceding OpId from leader: term: 3 index: 5. (index mismatch)
I20260608 09:58:17.815864 16421 raft_consensus.cc:1275] T c25336d63c4e49bfab44c624fb0d281f P 45de1f76d1314da8b49eba0dd6e5c411 [term 3 FOLLOWER]: Refusing update from remote peer da5502dfd0b3497da7562704e3dde662: Log matching property violated. Preceding OpId in replica: term: 3 index: 4. Preceding OpId from leader: term: 3 index: 5. (index mismatch)
I20260608 09:58:17.816802 16654 raft_consensus.cc:1275] T c25336d63c4e49bfab44c624fb0d281f P ff68d13fe2b5418996a74629db4fbb8e [term 3 LEARNER]: Refusing update from remote peer da5502dfd0b3497da7562704e3dde662: Log matching property violated. Preceding OpId in replica: term: 3 index: 4. Preceding OpId from leader: term: 3 index: 5. (index mismatch)
I20260608 09:58:17.817063 16896 consensus_queue.cc:1048] T c25336d63c4e49bfab44c624fb0d281f P da5502dfd0b3497da7562704e3dde662 [LEADER]: Connected to new peer: Peer: permanent_uuid: "2d76d6b7b3fd4bf4ada9b67c4d490d86" member_type: VOTER last_known_addr { host: "127.13.16.195" port: 36533 }, Status: LMP_MISMATCH, Last received: 0.0, Next index: 5, Last known committed idx: 4, Time since last communication: 0.000s
I20260608 09:58:17.818411 16871 consensus_queue.cc:1048] T c25336d63c4e49bfab44c624fb0d281f P da5502dfd0b3497da7562704e3dde662 [LEADER]: Connected to new peer: Peer: permanent_uuid: "45de1f76d1314da8b49eba0dd6e5c411" member_type: VOTER last_known_addr { host: "127.13.16.194" port: 44535 } attrs { replace: true }, Status: LMP_MISMATCH, Last received: 0.0, Next index: 5, Last known committed idx: 4, Time since last communication: 0.000s
I20260608 09:58:17.819360 16896 consensus_queue.cc:1048] T c25336d63c4e49bfab44c624fb0d281f P da5502dfd0b3497da7562704e3dde662 [LEADER]: Connected to new peer: Peer: permanent_uuid: "ff68d13fe2b5418996a74629db4fbb8e" member_type: VOTER last_known_addr { host: "127.13.16.196" port: 45313 } attrs { promote: false }, Status: LMP_MISMATCH, Last received: 0.0, Next index: 5, Last known committed idx: 4, Time since last communication: 0.000s
I20260608 09:58:17.831597 16897 raft_consensus.cc:2955] T c25336d63c4e49bfab44c624fb0d281f P da5502dfd0b3497da7562704e3dde662 [term 3 LEADER]: Committing config change with OpId 3.5: config changed from index 3 to 5, ff68d13fe2b5418996a74629db4fbb8e (127.13.16.196) changed from NON_VOTER to VOTER. New config: { opid_index: 5 OBSOLETE_local: false peers { permanent_uuid: "da5502dfd0b3497da7562704e3dde662" member_type: VOTER last_known_addr { host: "127.13.16.193" port: 35375 } } peers { permanent_uuid: "45de1f76d1314da8b49eba0dd6e5c411" member_type: VOTER last_known_addr { host: "127.13.16.194" port: 44535 } attrs { replace: true } } peers { permanent_uuid: "2d76d6b7b3fd4bf4ada9b67c4d490d86" member_type: VOTER last_known_addr { host: "127.13.16.195" port: 36533 } } peers { permanent_uuid: "ff68d13fe2b5418996a74629db4fbb8e" member_type: VOTER last_known_addr { host: "127.13.16.196" port: 45313 } attrs { promote: false } } }
I20260608 09:58:17.833582 16421 raft_consensus.cc:2955] T c25336d63c4e49bfab44c624fb0d281f P 45de1f76d1314da8b49eba0dd6e5c411 [term 3 FOLLOWER]: Committing config change with OpId 3.5: config changed from index 3 to 5, ff68d13fe2b5418996a74629db4fbb8e (127.13.16.196) changed from NON_VOTER to VOTER. New config: { opid_index: 5 OBSOLETE_local: false peers { permanent_uuid: "da5502dfd0b3497da7562704e3dde662" member_type: VOTER last_known_addr { host: "127.13.16.193" port: 35375 } } peers { permanent_uuid: "45de1f76d1314da8b49eba0dd6e5c411" member_type: VOTER last_known_addr { host: "127.13.16.194" port: 44535 } attrs { replace: true } } peers { permanent_uuid: "2d76d6b7b3fd4bf4ada9b67c4d490d86" member_type: VOTER last_known_addr { host: "127.13.16.195" port: 36533 } } peers { permanent_uuid: "ff68d13fe2b5418996a74629db4fbb8e" member_type: VOTER last_known_addr { host: "127.13.16.196" port: 45313 } attrs { promote: false } } }
I20260608 09:58:17.834290 16654 raft_consensus.cc:2955] T c25336d63c4e49bfab44c624fb0d281f P ff68d13fe2b5418996a74629db4fbb8e [term 3 FOLLOWER]: Committing config change with OpId 3.5: config changed from index 3 to 5, ff68d13fe2b5418996a74629db4fbb8e (127.13.16.196) changed from NON_VOTER to VOTER. New config: { opid_index: 5 OBSOLETE_local: false peers { permanent_uuid: "da5502dfd0b3497da7562704e3dde662" member_type: VOTER last_known_addr { host: "127.13.16.193" port: 35375 } } peers { permanent_uuid: "45de1f76d1314da8b49eba0dd6e5c411" member_type: VOTER last_known_addr { host: "127.13.16.194" port: 44535 } attrs { replace: true } } peers { permanent_uuid: "2d76d6b7b3fd4bf4ada9b67c4d490d86" member_type: VOTER last_known_addr { host: "127.13.16.195" port: 36533 } } peers { permanent_uuid: "ff68d13fe2b5418996a74629db4fbb8e" member_type: VOTER last_known_addr { host: "127.13.16.196" port: 45313 } attrs { promote: false } } }
I20260608 09:58:17.848860 16248 catalog_manager.cc:5696] T c25336d63c4e49bfab44c624fb0d281f P ff68d13fe2b5418996a74629db4fbb8e reported cstate change: config changed from index 3 to 5, ff68d13fe2b5418996a74629db4fbb8e (127.13.16.196) changed from NON_VOTER to VOTER. New cstate: current_term: 3 leader_uuid: "da5502dfd0b3497da7562704e3dde662" committed_config { opid_index: 5 OBSOLETE_local: false peers { permanent_uuid: "da5502dfd0b3497da7562704e3dde662" member_type: VOTER last_known_addr { host: "127.13.16.193" port: 35375 } } peers { permanent_uuid: "45de1f76d1314da8b49eba0dd6e5c411" member_type: VOTER last_known_addr { host: "127.13.16.194" port: 44535 } attrs { replace: true } } peers { permanent_uuid: "2d76d6b7b3fd4bf4ada9b67c4d490d86" member_type: VOTER last_known_addr { host: "127.13.16.195" port: 36533 } } peers { permanent_uuid: "ff68d13fe2b5418996a74629db4fbb8e" member_type: VOTER last_known_addr { host: "127.13.16.196" port: 45313 } attrs { promote: false } } }
I20260608 09:58:17.846529 16498 raft_consensus.cc:2955] T c25336d63c4e49bfab44c624fb0d281f P 2d76d6b7b3fd4bf4ada9b67c4d490d86 [term 3 FOLLOWER]: Committing config change with OpId 3.5: config changed from index 3 to 5, ff68d13fe2b5418996a74629db4fbb8e (127.13.16.196) changed from NON_VOTER to VOTER. New config: { opid_index: 5 OBSOLETE_local: false peers { permanent_uuid: "da5502dfd0b3497da7562704e3dde662" member_type: VOTER last_known_addr { host: "127.13.16.193" port: 35375 } } peers { permanent_uuid: "45de1f76d1314da8b49eba0dd6e5c411" member_type: VOTER last_known_addr { host: "127.13.16.194" port: 44535 } attrs { replace: true } } peers { permanent_uuid: "2d76d6b7b3fd4bf4ada9b67c4d490d86" member_type: VOTER last_known_addr { host: "127.13.16.195" port: 36533 } } peers { permanent_uuid: "ff68d13fe2b5418996a74629db4fbb8e" member_type: VOTER last_known_addr { host: "127.13.16.196" port: 45313 } attrs { promote: false } } }
