I20260608 09:58:20.059070 20833 tablet_bootstrap.cc:492] T d1ef73d426af493880824ce8b4353ddb P 5f0aa7a0c65b42d79cb82a8b43d27d94: Bootstrap starting.
I20260608 09:58:20.082996 20445 raft_consensus.cc:1275] T c9fe500038744cf78e90dff4164ed878 P 5f0aa7a0c65b42d79cb82a8b43d27d94 [term 3 FOLLOWER]: Refusing update from remote peer 2bfd34cbb21d42ba92eb76593a99fd8a: Log matching property violated. Preceding OpId in replica: term: 2 index: 2. Preceding OpId from leader: term: 3 index: 3. (index mismatch)
I20260608 09:58:20.085670 20836 consensus_queue.cc:1048] T c9fe500038744cf78e90dff4164ed878 P 2bfd34cbb21d42ba92eb76593a99fd8a [LEADER]: Connected to new peer: Peer: permanent_uuid: "5f0aa7a0c65b42d79cb82a8b43d27d94" member_type: VOTER last_known_addr { host: "127.16.222.67" port: 41791 }, Status: LMP_MISMATCH, Last received: 0.0, Next index: 3, Last known committed idx: 2, Time since last communication: 0.001s
I20260608 09:58:20.099514 20833 tablet_bootstrap.cc:492] T d1ef73d426af493880824ce8b4353ddb P 5f0aa7a0c65b42d79cb82a8b43d27d94: Bootstrap replayed 1/1 log segments. Stats: ops{read=2 overwritten=0 applied=2 ignored=0} inserts{seen=0 ignored=0} mutations{seen=0 ignored=0} orphaned_commits=0. Pending: 0 replicates
I20260608 09:58:20.100575 20833 tablet_bootstrap.cc:492] T d1ef73d426af493880824ce8b4353ddb P 5f0aa7a0c65b42d79cb82a8b43d27d94: Bootstrap complete.
I20260608 09:58:20.101265 20833 ts_tablet_manager.cc:1403] T d1ef73d426af493880824ce8b4353ddb P 5f0aa7a0c65b42d79cb82a8b43d27d94: Time spent bootstrapping tablet: real 0.042s	user 0.029s	sys 0.012s
I20260608 09:58:20.104447 20833 raft_consensus.cc:359] T d1ef73d426af493880824ce8b4353ddb P 5f0aa7a0c65b42d79cb82a8b43d27d94 [term 1 LEARNER]: Replica starting. Triggering 0 pending ops. Active config: opid_index: 2 OBSOLETE_local: false peers { permanent_uuid: "3fadae95327a47b2a82a568cc93e88b7" member_type: VOTER last_known_addr { host: "127.16.222.68" port: 40119 } attrs { replace: true } } peers { permanent_uuid: "2bfd34cbb21d42ba92eb76593a99fd8a" member_type: VOTER last_known_addr { host: "127.16.222.66" port: 35999 } } peers { permanent_uuid: "3d43ffa183344ac284caee761aa34d4c" member_type: VOTER last_known_addr { host: "127.16.222.65" port: 43985 } } peers { permanent_uuid: "5f0aa7a0c65b42d79cb82a8b43d27d94" member_type: NON_VOTER last_known_addr { host: "127.16.222.67" port: 41791 } attrs { promote: true } }
I20260608 09:58:20.105355 20833 raft_consensus.cc:740] T d1ef73d426af493880824ce8b4353ddb P 5f0aa7a0c65b42d79cb82a8b43d27d94 [term 1 LEARNER]: Becoming Follower/Learner. State: Replica: 5f0aa7a0c65b42d79cb82a8b43d27d94, State: Initialized, Role: LEARNER
I20260608 09:58:20.106047 20833 consensus_queue.cc:260] T d1ef73d426af493880824ce8b4353ddb P 5f0aa7a0c65b42d79cb82a8b43d27d94 [NON_LEADER]: Queue going to NON_LEADER mode. State: All replicated index: 0, Majority replicated index: 0, Committed index: 2, Last appended: 1.2, Last appended by leader: 2, Current term: 0, Majority size: -1, State: 0, Mode: NON_LEADER, active raft config: opid_index: 2 OBSOLETE_local: false peers { permanent_uuid: "3fadae95327a47b2a82a568cc93e88b7" member_type: VOTER last_known_addr { host: "127.16.222.68" port: 40119 } attrs { replace: true } } peers { permanent_uuid: "2bfd34cbb21d42ba92eb76593a99fd8a" member_type: VOTER last_known_addr { host: "127.16.222.66" port: 35999 } } peers { permanent_uuid: "3d43ffa183344ac284caee761aa34d4c" member_type: VOTER last_known_addr { host: "127.16.222.65" port: 43985 } } peers { permanent_uuid: "5f0aa7a0c65b42d79cb82a8b43d27d94" member_type: NON_VOTER last_known_addr { host: "127.16.222.67" port: 41791 } attrs { promote: true } }
I20260608 09:58:20.108661 20833 ts_tablet_manager.cc:1434] T d1ef73d426af493880824ce8b4353ddb P 5f0aa7a0c65b42d79cb82a8b43d27d94: Time spent starting tablet: real 0.007s	user 0.008s	sys 0.000s
I20260608 09:58:20.110564 20382 tablet_copy_service.cc:342] P 2bfd34cbb21d42ba92eb76593a99fd8a: Request end of tablet copy session 5f0aa7a0c65b42d79cb82a8b43d27d94-d1ef73d426af493880824ce8b4353ddb received from {username='slave'} at 127.0.0.1:40572
I20260608 09:58:20.111037 20382 tablet_copy_service.cc:434] P 2bfd34cbb21d42ba92eb76593a99fd8a: ending tablet copy session 5f0aa7a0c65b42d79cb82a8b43d27d94-d1ef73d426af493880824ce8b4353ddb on tablet d1ef73d426af493880824ce8b4353ddb with peer 5f0aa7a0c65b42d79cb82a8b43d27d94
I20260608 09:58:20.295027 20370 raft_consensus.cc:1217] T 8f051f1cb527426e90e11573069a0cf0 P 2bfd34cbb21d42ba92eb76593a99fd8a [term 1 LEARNER]: Deduplicated request from leader. Original: 1.1->[1.2-1.2]   Dedup: 1.2->[]
I20260608 09:58:20.318894 20599 raft_consensus.cc:1217] T 2cbd26f6f3f44ae08822cc26cecd1201 P 3fadae95327a47b2a82a568cc93e88b7 [term 1 LEARNER]: Deduplicated request from leader. Original: 1.1->[1.2-1.2]   Dedup: 1.2->[]
I20260608 09:58:20.562023 20445 raft_consensus.cc:1217] T d1ef73d426af493880824ce8b4353ddb P 5f0aa7a0c65b42d79cb82a8b43d27d94 [term 1 LEARNER]: Deduplicated request from leader. Original: 1.1->[1.2-1.2]   Dedup: 1.2->[]
I20260608 09:58:20.830073 20807 raft_consensus.cc:1064] T 8f051f1cb527426e90e11573069a0cf0 P 5f0aa7a0c65b42d79cb82a8b43d27d94: attempting to promote NON_VOTER 2bfd34cbb21d42ba92eb76593a99fd8a to VOTER
I20260608 09:58:20.832095 20807 consensus_queue.cc:237] T 8f051f1cb527426e90e11573069a0cf0 P 5f0aa7a0c65b42d79cb82a8b43d27d94 [LEADER]: Queue going to LEADER mode. State: All replicated index: 0, Majority replicated index: 2, Committed index: 2, Last appended: 1.2, Last appended by leader: 0, Current term: 1, Majority size: 3, State: 0, Mode: LEADER, active raft config: opid_index: 3 OBSOLETE_local: false peers { permanent_uuid: "3d43ffa183344ac284caee761aa34d4c" member_type: VOTER last_known_addr { host: "127.16.222.65" port: 43985 } } peers { permanent_uuid: "5f0aa7a0c65b42d79cb82a8b43d27d94" member_type: VOTER last_known_addr { host: "127.16.222.67" port: 41791 } } peers { permanent_uuid: "3fadae95327a47b2a82a568cc93e88b7" member_type: VOTER last_known_addr { host: "127.16.222.68" port: 40119 } attrs { replace: true } } peers { permanent_uuid: "2bfd34cbb21d42ba92eb76593a99fd8a" member_type: VOTER last_known_addr { host: "127.16.222.66" port: 35999 } attrs { promote: false } }
I20260608 09:58:20.840277 20370 raft_consensus.cc:1275] T 8f051f1cb527426e90e11573069a0cf0 P 2bfd34cbb21d42ba92eb76593a99fd8a [term 1 LEARNER]: Refusing update from remote peer 5f0aa7a0c65b42d79cb82a8b43d27d94: Log matching property violated. Preceding OpId in replica: term: 1 index: 2. Preceding OpId from leader: term: 1 index: 3. (index mismatch)
I20260608 09:58:20.840798 20599 raft_consensus.cc:1275] T 8f051f1cb527426e90e11573069a0cf0 P 3fadae95327a47b2a82a568cc93e88b7 [term 1 FOLLOWER]: Refusing update from remote peer 5f0aa7a0c65b42d79cb82a8b43d27d94: Log matching property violated. Preceding OpId in replica: term: 1 index: 2. Preceding OpId from leader: term: 1 index: 3. (index mismatch)
I20260608 09:58:20.842232 20848 consensus_queue.cc:1048] T 8f051f1cb527426e90e11573069a0cf0 P 5f0aa7a0c65b42d79cb82a8b43d27d94 [LEADER]: Connected to new peer: Peer: permanent_uuid: "2bfd34cbb21d42ba92eb76593a99fd8a" member_type: VOTER last_known_addr { host: "127.16.222.66" port: 35999 } attrs { promote: false }, Status: LMP_MISMATCH, Last received: 0.0, Next index: 3, Last known committed idx: 2, Time since last communication: 0.000s
I20260608 09:58:20.844403 20850 consensus_queue.cc:1048] T 8f051f1cb527426e90e11573069a0cf0 P 5f0aa7a0c65b42d79cb82a8b43d27d94 [LEADER]: Connected to new peer: Peer: permanent_uuid: "3fadae95327a47b2a82a568cc93e88b7" member_type: VOTER last_known_addr { host: "127.16.222.68" port: 40119 } attrs { replace: true }, Status: LMP_MISMATCH, Last received: 0.0, Next index: 3, Last known committed idx: 2, Time since last communication: 0.001s
I20260608 09:58:20.850207 20294 raft_consensus.cc:1275] T 8f051f1cb527426e90e11573069a0cf0 P 3d43ffa183344ac284caee761aa34d4c [term 1 FOLLOWER]: Refusing update from remote peer 5f0aa7a0c65b42d79cb82a8b43d27d94: Log matching property violated. Preceding OpId in replica: term: 1 index: 2. Preceding OpId from leader: term: 1 index: 3. (index mismatch)
I20260608 09:58:20.853082 20848 consensus_queue.cc:1048] T 8f051f1cb527426e90e11573069a0cf0 P 5f0aa7a0c65b42d79cb82a8b43d27d94 [LEADER]: Connected to new peer: Peer: permanent_uuid: "3d43ffa183344ac284caee761aa34d4c" member_type: VOTER last_known_addr { host: "127.16.222.65" port: 43985 }, Status: LMP_MISMATCH, Last received: 0.0, Next index: 3, Last known committed idx: 2, Time since last communication: 0.001s
I20260608 09:58:20.877876 20802 raft_consensus.cc:1064] T 2cbd26f6f3f44ae08822cc26cecd1201 P 3d43ffa183344ac284caee761aa34d4c: attempting to promote NON_VOTER 3fadae95327a47b2a82a568cc93e88b7 to VOTER
I20260608 09:58:20.881559 20851 raft_consensus.cc:2955] T 8f051f1cb527426e90e11573069a0cf0 P 5f0aa7a0c65b42d79cb82a8b43d27d94 [term 1 LEADER]: Committing config change with OpId 1.3: config changed from index 2 to 3, 2bfd34cbb21d42ba92eb76593a99fd8a (127.16.222.66) changed from NON_VOTER to VOTER. New config: { opid_index: 3 OBSOLETE_local: false peers { permanent_uuid: "3d43ffa183344ac284caee761aa34d4c" member_type: VOTER last_known_addr { host: "127.16.222.65" port: 43985 } } peers { permanent_uuid: "5f0aa7a0c65b42d79cb82a8b43d27d94" member_type: VOTER last_known_addr { host: "127.16.222.67" port: 41791 } } peers { permanent_uuid: "3fadae95327a47b2a82a568cc93e88b7" member_type: VOTER last_known_addr { host: "127.16.222.68" port: 40119 } attrs { replace: true } } peers { permanent_uuid: "2bfd34cbb21d42ba92eb76593a99fd8a" member_type: VOTER last_known_addr { host: "127.16.222.66" port: 35999 } attrs { promote: false } } }
I20260608 09:58:20.884235 20802 consensus_queue.cc:237] T 2cbd26f6f3f44ae08822cc26cecd1201 P 3d43ffa183344ac284caee761aa34d4c [LEADER]: Queue going to LEADER mode. State: All replicated index: 0, Majority replicated index: 2, Committed index: 2, Last appended: 1.2, Last appended by leader: 0, Current term: 1, Majority size: 3, State: 0, Mode: LEADER, active raft config: opid_index: 3 OBSOLETE_local: false peers { permanent_uuid: "5f0aa7a0c65b42d79cb82a8b43d27d94" member_type: VOTER last_known_addr { host: "127.16.222.67" port: 41791 } attrs { replace: true } } peers { permanent_uuid: "3d43ffa183344ac284caee761aa34d4c" member_type: VOTER last_known_addr { host: "127.16.222.65" port: 43985 } } peers { permanent_uuid: "2bfd34cbb21d42ba92eb76593a99fd8a" member_type: VOTER last_known_addr { host: "127.16.222.66" port: 35999 } } peers { permanent_uuid: "3fadae95327a47b2a82a568cc93e88b7" member_type: VOTER last_known_addr { host: "127.16.222.68" port: 40119 } attrs { promote: false } }
I20260608 09:58:20.883891 20370 raft_consensus.cc:2955] T 8f051f1cb527426e90e11573069a0cf0 P 2bfd34cbb21d42ba92eb76593a99fd8a [term 1 FOLLOWER]: Committing config change with OpId 1.3: config changed from index 2 to 3, 2bfd34cbb21d42ba92eb76593a99fd8a (127.16.222.66) changed from NON_VOTER to VOTER. New config: { opid_index: 3 OBSOLETE_local: false peers { permanent_uuid: "3d43ffa183344ac284caee761aa34d4c" member_type: VOTER last_known_addr { host: "127.16.222.65" port: 43985 } } peers { permanent_uuid: "5f0aa7a0c65b42d79cb82a8b43d27d94" member_type: VOTER last_known_addr { host: "127.16.222.67" port: 41791 } } peers { permanent_uuid: "3fadae95327a47b2a82a568cc93e88b7" member_type: VOTER last_known_addr { host: "127.16.222.68" port: 40119 } attrs { replace: true } } peers { permanent_uuid: "2bfd34cbb21d42ba92eb76593a99fd8a" member_type: VOTER last_known_addr { host: "127.16.222.66" port: 35999 } attrs { promote: false } } }
I20260608 09:58:20.900508 20190 catalog_manager.cc:5696] T 8f051f1cb527426e90e11573069a0cf0 P 2bfd34cbb21d42ba92eb76593a99fd8a reported cstate change: config changed from index 2 to 3, 2bfd34cbb21d42ba92eb76593a99fd8a (127.16.222.66) changed from NON_VOTER to VOTER. New cstate: current_term: 1 leader_uuid: "5f0aa7a0c65b42d79cb82a8b43d27d94" committed_config { opid_index: 3 OBSOLETE_local: false peers { permanent_uuid: "3d43ffa183344ac284caee761aa34d4c" member_type: VOTER last_known_addr { host: "127.16.222.65" port: 43985 } } peers { permanent_uuid: "5f0aa7a0c65b42d79cb82a8b43d27d94" member_type: VOTER last_known_addr { host: "127.16.222.67" port: 41791 } } peers { permanent_uuid: "3fadae95327a47b2a82a568cc93e88b7" member_type: VOTER last_known_addr { host: "127.16.222.68" port: 40119 } attrs { replace: true } } peers { permanent_uuid: "2bfd34cbb21d42ba92eb76593a99fd8a" member_type: VOTER last_known_addr { host: "127.16.222.66" port: 35999 } attrs { promote: false } } }
I20260608 09:58:20.906827 20294 raft_consensus.cc:2955] T 8f051f1cb527426e90e11573069a0cf0 P 3d43ffa183344ac284caee761aa34d4c [term 1 FOLLOWER]: Committing config change with OpId 1.3: config changed from index 2 to 3, 2bfd34cbb21d42ba92eb76593a99fd8a (127.16.222.66) changed from NON_VOTER to VOTER. New config: { opid_index: 3 OBSOLETE_local: false peers { permanent_uuid: "3d43ffa183344ac284caee761aa34d4c" member_type: VOTER last_known_addr { host: "127.16.222.65" port: 43985 } } peers { permanent_uuid: "5f0aa7a0c65b42d79cb82a8b43d27d94" member_type: VOTER last_known_addr { host: "127.16.222.67" port: 41791 } } peers { permanent_uuid: "3fadae95327a47b2a82a568cc93e88b7" member_type: VOTER last_known_addr { host: "127.16.222.68" port: 40119 } attrs { replace: true } } peers { permanent_uuid: "2bfd34cbb21d42ba92eb76593a99fd8a" member_type: VOTER last_known_addr { host: "127.16.222.66" port: 35999 } attrs { promote: false } } }
I20260608 09:58:20.916011 20599 raft_consensus.cc:1275] T 2cbd26f6f3f44ae08822cc26cecd1201 P 3fadae95327a47b2a82a568cc93e88b7 [term 1 LEARNER]: Refusing update from remote peer 3d43ffa183344ac284caee761aa34d4c: Log matching property violated. Preceding OpId in replica: term: 1 index: 2. Preceding OpId from leader: term: 1 index: 3. (index mismatch)
I20260608 09:58:20.915143 20601 raft_consensus.cc:2955] T 8f051f1cb527426e90e11573069a0cf0 P 3fadae95327a47b2a82a568cc93e88b7 [term 1 FOLLOWER]: Committing config change with OpId 1.3: config changed from index 2 to 3, 2bfd34cbb21d42ba92eb76593a99fd8a (127.16.222.66) changed from NON_VOTER to VOTER. New config: { opid_index: 3 OBSOLETE_local: false peers { permanent_uuid: "3d43ffa183344ac284caee761aa34d4c" member_type: VOTER last_known_addr { host: "127.16.222.65" port: 43985 } } peers { permanent_uuid: "5f0aa7a0c65b42d79cb82a8b43d27d94" member_type: VOTER last_known_addr { host: "127.16.222.67" port: 41791 } } peers { permanent_uuid: "3fadae95327a47b2a82a568cc93e88b7" member_type: VOTER last_known_addr { host: "127.16.222.68" port: 40119 } attrs { replace: true } } peers { permanent_uuid: "2bfd34cbb21d42ba92eb76593a99fd8a" member_type: VOTER last_known_addr { host: "127.16.222.66" port: 35999 } attrs { promote: false } } }
I20260608 09:58:20.924459 20855 consensus_queue.cc:1048] T 2cbd26f6f3f44ae08822cc26cecd1201 P 3d43ffa183344ac284caee761aa34d4c [LEADER]: Connected to new peer: Peer: permanent_uuid: "3fadae95327a47b2a82a568cc93e88b7" member_type: VOTER last_known_addr { host: "127.16.222.68" port: 40119 } attrs { promote: false }, Status: LMP_MISMATCH, Last received: 0.0, Next index: 3, Last known committed idx: 2, Time since last communication: 0.001s
I20260608 09:58:20.929013 20370 raft_consensus.cc:1275] T 2cbd26f6f3f44ae08822cc26cecd1201 P 2bfd34cbb21d42ba92eb76593a99fd8a [term 1 FOLLOWER]: Refusing update from remote peer 3d43ffa183344ac284caee761aa34d4c: Log matching property violated. Preceding OpId in replica: term: 1 index: 2. Preceding OpId from leader: term: 1 index: 3. (index mismatch)
I20260608 09:58:20.933418 20855 consensus_queue.cc:1048] T 2cbd26f6f3f44ae08822cc26cecd1201 P 3d43ffa183344ac284caee761aa34d4c [LEADER]: Connected to new peer: Peer: permanent_uuid: "2bfd34cbb21d42ba92eb76593a99fd8a" member_type: VOTER last_known_addr { host: "127.16.222.66" port: 35999 }, Status: LMP_MISMATCH, Last received: 0.0, Next index: 3, Last known committed idx: 2, Time since last communication: 0.001s
I20260608 09:58:20.964509 20445 raft_consensus.cc:1275] T 2cbd26f6f3f44ae08822cc26cecd1201 P 5f0aa7a0c65b42d79cb82a8b43d27d94 [term 1 FOLLOWER]: Refusing update from remote peer 3d43ffa183344ac284caee761aa34d4c: Log matching property violated. Preceding OpId in replica: term: 1 index: 2. Preceding OpId from leader: term: 1 index: 3. (index mismatch)
I20260608 09:58:20.967044 20861 consensus_queue.cc:1048] T 2cbd26f6f3f44ae08822cc26cecd1201 P 3d43ffa183344ac284caee761aa34d4c [LEADER]: Connected to new peer: Peer: permanent_uuid: "5f0aa7a0c65b42d79cb82a8b43d27d94" member_type: VOTER last_known_addr { host: "127.16.222.67" port: 41791 } attrs { replace: true }, Status: LMP_MISMATCH, Last received: 0.0, Next index: 3, Last known committed idx: 2, Time since last communication: 0.001s
I20260608 09:58:20.972088 20855 raft_consensus.cc:2955] T 2cbd26f6f3f44ae08822cc26cecd1201 P 3d43ffa183344ac284caee761aa34d4c [term 1 LEADER]: Committing config change with OpId 1.3: config changed from index 2 to 3, 3fadae95327a47b2a82a568cc93e88b7 (127.16.222.68) changed from NON_VOTER to VOTER. New config: { opid_index: 3 OBSOLETE_local: false peers { permanent_uuid: "5f0aa7a0c65b42d79cb82a8b43d27d94" member_type: VOTER last_known_addr { host: "127.16.222.67" port: 41791 } attrs { replace: true } } peers { permanent_uuid: "3d43ffa183344ac284caee761aa34d4c" member_type: VOTER last_known_addr { host: "127.16.222.65" port: 43985 } } peers { permanent_uuid: "2bfd34cbb21d42ba92eb76593a99fd8a" member_type: VOTER last_known_addr { host: "127.16.222.66" port: 35999 } } peers { permanent_uuid: "3fadae95327a47b2a82a568cc93e88b7" member_type: VOTER last_known_addr { host: "127.16.222.68" port: 40119 } attrs { promote: false } } }
I20260608 09:58:20.980804 20599 raft_consensus.cc:2955] T 2cbd26f6f3f44ae08822cc26cecd1201 P 3fadae95327a47b2a82a568cc93e88b7 [term 1 FOLLOWER]: Committing config change with OpId 1.3: config changed from index 2 to 3, 3fadae95327a47b2a82a568cc93e88b7 (127.16.222.68) changed from NON_VOTER to VOTER. New config: { opid_index: 3 OBSOLETE_local: false peers { permanent_uuid: "5f0aa7a0c65b42d79cb82a8b43d27d94" member_type: VOTER last_known_addr { host: "127.16.222.67" port: 41791 } attrs { replace: true } } peers { permanent_uuid: "3d43ffa183344ac284caee761aa34d4c" member_type: VOTER last_known_addr { host: "127.16.222.65" port: 43985 } } peers { permanent_uuid: "2bfd34cbb21d42ba92eb76593a99fd8a" member_type: VOTER last_known_addr { host: "127.16.222.66" port: 35999 } } peers { permanent_uuid: "3fadae95327a47b2a82a568cc93e88b7" member_type: VOTER last_known_addr { host: "127.16.222.68" port: 40119 } attrs { promote: false } } }
I20260608 09:58:20.985138 20446 consensus_queue.cc:237] T 8f051f1cb527426e90e11573069a0cf0 P 5f0aa7a0c65b42d79cb82a8b43d27d94 [LEADER]: Queue going to LEADER mode. State: All replicated index: 0, Majority replicated index: 3, Committed index: 3, Last appended: 1.3, Last appended by leader: 0, Current term: 1, Majority size: 2, State: 0, Mode: LEADER, active raft config: opid_index: 4 OBSOLETE_local: false peers { permanent_uuid: "3d43ffa183344ac284caee761aa34d4c" member_type: VOTER last_known_addr { host: "127.16.222.65" port: 43985 } } peers { permanent_uuid: "5f0aa7a0c65b42d79cb82a8b43d27d94" member_type: VOTER last_known_addr { host: "127.16.222.67" port: 41791 } } peers { permanent_uuid: "2bfd34cbb21d42ba92eb76593a99fd8a" member_type: VOTER last_known_addr { host: "127.16.222.66" port: 35999 } attrs { promote: false } }
I20260608 09:58:21.003796 20370 raft_consensus.cc:1275] T 8f051f1cb527426e90e11573069a0cf0 P 2bfd34cbb21d42ba92eb76593a99fd8a [term 1 FOLLOWER]: Refusing update from remote peer 5f0aa7a0c65b42d79cb82a8b43d27d94: Log matching property violated. Preceding OpId in replica: term: 1 index: 3. Preceding OpId from leader: term: 1 index: 4. (index mismatch)
I20260608 09:58:21.004139 20294 raft_consensus.cc:1275] T 8f051f1cb527426e90e11573069a0cf0 P 3d43ffa183344ac284caee761aa34d4c [term 1 FOLLOWER]: Refusing update from remote peer 5f0aa7a0c65b42d79cb82a8b43d27d94: Log matching property violated. Preceding OpId in replica: term: 1 index: 3. Preceding OpId from leader: term: 1 index: 4. (index mismatch)
I20260608 09:58:21.005937 20851 consensus_queue.cc:1048] T 8f051f1cb527426e90e11573069a0cf0 P 5f0aa7a0c65b42d79cb82a8b43d27d94 [LEADER]: Connected to new peer: Peer: permanent_uuid: "2bfd34cbb21d42ba92eb76593a99fd8a" member_type: VOTER last_known_addr { host: "127.16.222.66" port: 35999 } attrs { promote: false }, Status: LMP_MISMATCH, Last received: 0.0, Next index: 4, Last known committed idx: 3, Time since last communication: 0.001s
I20260608 09:58:21.008747 20807 consensus_queue.cc:1048] T 8f051f1cb527426e90e11573069a0cf0 P 5f0aa7a0c65b42d79cb82a8b43d27d94 [LEADER]: Connected to new peer: Peer: permanent_uuid: "3d43ffa183344ac284caee761aa34d4c" member_type: VOTER last_known_addr { host: "127.16.222.65" port: 43985 }, Status: LMP_MISMATCH, Last received: 0.0, Next index: 4, Last known committed idx: 3, Time since last communication: 0.001s
I20260608 09:58:21.013762 20370 raft_consensus.cc:2955] T 2cbd26f6f3f44ae08822cc26cecd1201 P 2bfd34cbb21d42ba92eb76593a99fd8a [term 1 FOLLOWER]: Committing config change with OpId 1.3: config changed from index 2 to 3, 3fadae95327a47b2a82a568cc93e88b7 (127.16.222.68) changed from NON_VOTER to VOTER. New config: { opid_index: 3 OBSOLETE_local: false peers { permanent_uuid: "5f0aa7a0c65b42d79cb82a8b43d27d94" member_type: VOTER last_known_addr { host: "127.16.222.67" port: 41791 } attrs { replace: true } } peers { permanent_uuid: "3d43ffa183344ac284caee761aa34d4c" member_type: VOTER last_known_addr { host: "127.16.222.65" port: 43985 } } peers { permanent_uuid: "2bfd34cbb21d42ba92eb76593a99fd8a" member_type: VOTER last_known_addr { host: "127.16.222.66" port: 35999 } } peers { permanent_uuid: "3fadae95327a47b2a82a568cc93e88b7" member_type: VOTER last_known_addr { host: "127.16.222.68" port: 40119 } attrs { promote: false } } }
I20260608 09:58:21.026693 20192 catalog_manager.cc:5696] T 2cbd26f6f3f44ae08822cc26cecd1201 P 3fadae95327a47b2a82a568cc93e88b7 reported cstate change: config changed from index 2 to 3, 3fadae95327a47b2a82a568cc93e88b7 (127.16.222.68) changed from NON_VOTER to VOTER. New cstate: current_term: 1 leader_uuid: "3d43ffa183344ac284caee761aa34d4c" committed_config { opid_index: 3 OBSOLETE_local: false peers { permanent_uuid: "5f0aa7a0c65b42d79cb82a8b43d27d94" member_type: VOTER last_known_addr { host: "127.16.222.67" port: 41791 } attrs { replace: true } } peers { permanent_uuid: "3d43ffa183344ac284caee761aa34d4c" member_type: VOTER last_known_addr { host: "127.16.222.65" port: 43985 } } peers { permanent_uuid: "2bfd34cbb21d42ba92eb76593a99fd8a" member_type: VOTER last_known_addr { host: "127.16.222.66" port: 35999 } } peers { permanent_uuid: "3fadae95327a47b2a82a568cc93e88b7" member_type: VOTER last_known_addr { host: "127.16.222.68" port: 40119 } attrs { promote: false } } }
I20260608 09:58:21.037344 20848 raft_consensus.cc:2955] T 8f051f1cb527426e90e11573069a0cf0 P 5f0aa7a0c65b42d79cb82a8b43d27d94 [term 1 LEADER]: Committing config change with OpId 1.4: config changed from index 3 to 4, VOTER 3fadae95327a47b2a82a568cc93e88b7 (127.16.222.68) evicted. New config: { opid_index: 4 OBSOLETE_local: false peers { permanent_uuid: "3d43ffa183344ac284caee761aa34d4c" member_type: VOTER last_known_addr { host: "127.16.222.65" port: 43985 } } peers { permanent_uuid: "5f0aa7a0c65b42d79cb82a8b43d27d94" member_type: VOTER last_known_addr { host: "127.16.222.67" port: 41791 } } peers { permanent_uuid: "2bfd34cbb21d42ba92eb76593a99fd8a" member_type: VOTER last_known_addr { host: "127.16.222.66" port: 35999 } attrs { promote: false } } }
I20260608 09:58:21.040570 20370 raft_consensus.cc:2955] T 8f051f1cb527426e90e11573069a0cf0 P 2bfd34cbb21d42ba92eb76593a99fd8a [term 1 FOLLOWER]: Committing config change with OpId 1.4: config changed from index 3 to 4, VOTER 3fadae95327a47b2a82a568cc93e88b7 (127.16.222.68) evicted. New config: { opid_index: 4 OBSOLETE_local: false peers { permanent_uuid: "3d43ffa183344ac284caee761aa34d4c" member_type: VOTER last_known_addr { host: "127.16.222.65" port: 43985 } } peers { permanent_uuid: "5f0aa7a0c65b42d79cb82a8b43d27d94" member_type: VOTER last_known_addr { host: "127.16.222.67" port: 41791 } } peers { permanent_uuid: "2bfd34cbb21d42ba92eb76593a99fd8a" member_type: VOTER last_known_addr { host: "127.16.222.66" port: 35999 } attrs { promote: false } } }
I20260608 09:58:21.042840 20294 raft_consensus.cc:2955] T 8f051f1cb527426e90e11573069a0cf0 P 3d43ffa183344ac284caee761aa34d4c [term 1 FOLLOWER]: Committing config change with OpId 1.4: config changed from index 3 to 4, VOTER 3fadae95327a47b2a82a568cc93e88b7 (127.16.222.68) evicted. New config: { opid_index: 4 OBSOLETE_local: false peers { permanent_uuid: "3d43ffa183344ac284caee761aa34d4c" member_type: VOTER last_known_addr { host: "127.16.222.65" port: 43985 } } peers { permanent_uuid: "5f0aa7a0c65b42d79cb82a8b43d27d94" member_type: VOTER last_known_addr { host: "127.16.222.67" port: 41791 } } peers { permanent_uuid: "2bfd34cbb21d42ba92eb76593a99fd8a" member_type: VOTER last_known_addr { host: "127.16.222.66" port: 35999 } attrs { promote: false } } }
I20260608 09:58:21.045077 20445 raft_consensus.cc:2955] T 2cbd26f6f3f44ae08822cc26cecd1201 P 5f0aa7a0c65b42d79cb82a8b43d27d94 [term 1 FOLLOWER]: Committing config change with OpId 1.3: config changed from index 2 to 3, 3fadae95327a47b2a82a568cc93e88b7 (127.16.222.68) changed from NON_VOTER to VOTER. New config: { opid_index: 3 OBSOLETE_local: false peers { permanent_uuid: "5f0aa7a0c65b42d79cb82a8b43d27d94" member_type: VOTER last_known_addr { host: "127.16.222.67" port: 41791 } attrs { replace: true } } peers { permanent_uuid: "3d43ffa183344ac284caee761aa34d4c" member_type: VOTER last_known_addr { host: "127.16.222.65" port: 43985 } } peers { permanent_uuid: "2bfd34cbb21d42ba92eb76593a99fd8a" member_type: VOTER last_known_addr { host: "127.16.222.66" port: 35999 } } peers { permanent_uuid: "3fadae95327a47b2a82a568cc93e88b7" member_type: VOTER last_known_addr { host: "127.16.222.68" port: 40119 } attrs { promote: false } } }
I20260608 09:58:21.049458 20180 catalog_manager.cc:5209] ChangeConfig:REMOVE_PEER RPC for tablet 8f051f1cb527426e90e11573069a0cf0 with cas_config_opid_index 3: ChangeConfig:REMOVE_PEER succeeded (attempt 1)
I20260608 09:58:21.051728 20295 consensus_queue.cc:237] T 2cbd26f6f3f44ae08822cc26cecd1201 P 3d43ffa183344ac284caee761aa34d4c [LEADER]: Queue going to LEADER mode. State: All replicated index: 0, Majority replicated index: 3, Committed index: 3, Last appended: 1.3, Last appended by leader: 0, Current term: 1, Majority size: 2, State: 0, Mode: LEADER, active raft config: opid_index: 4 OBSOLETE_local: false peers { permanent_uuid: "3d43ffa183344ac284caee761aa34d4c" member_type: VOTER last_known_addr { host: "127.16.222.65" port: 43985 } } peers { permanent_uuid: "2bfd34cbb21d42ba92eb76593a99fd8a" member_type: VOTER last_known_addr { host: "127.16.222.66" port: 35999 } } peers { permanent_uuid: "3fadae95327a47b2a82a568cc93e88b7" member_type: VOTER last_known_addr { host: "127.16.222.68" port: 40119 } attrs { promote: false } }
I20260608 09:58:21.061301 20847 raft_consensus.cc:1064] T d1ef73d426af493880824ce8b4353ddb P 2bfd34cbb21d42ba92eb76593a99fd8a: attempting to promote NON_VOTER 5f0aa7a0c65b42d79cb82a8b43d27d94 to VOTER
I20260608 09:58:21.063462 20847 consensus_queue.cc:237] T d1ef73d426af493880824ce8b4353ddb P 2bfd34cbb21d42ba92eb76593a99fd8a [LEADER]: Queue going to LEADER mode. State: All replicated index: 0, Majority replicated index: 2, Committed index: 2, Last appended: 1.2, Last appended by leader: 0, Current term: 1, Majority size: 3, State: 0, Mode: LEADER, active raft config: opid_index: 3 OBSOLETE_local: false peers { permanent_uuid: "3fadae95327a47b2a82a568cc93e88b7" member_type: VOTER last_known_addr { host: "127.16.222.68" port: 40119 } attrs { replace: true } } peers { permanent_uuid: "2bfd34cbb21d42ba92eb76593a99fd8a" member_type: VOTER last_known_addr { host: "127.16.222.66" port: 35999 } } peers { permanent_uuid: "3d43ffa183344ac284caee761aa34d4c" member_type: VOTER last_known_addr { host: "127.16.222.65" port: 43985 } } peers { permanent_uuid: "5f0aa7a0c65b42d79cb82a8b43d27d94" member_type: VOTER last_known_addr { host: "127.16.222.67" port: 41791 } attrs { promote: false } }
I20260608 09:58:21.069099 20193 catalog_manager.cc:5696] T 8f051f1cb527426e90e11573069a0cf0 P 5f0aa7a0c65b42d79cb82a8b43d27d94 reported cstate change: config changed from index 3 to 4, VOTER 3fadae95327a47b2a82a568cc93e88b7 (127.16.222.68) evicted. New cstate: current_term: 1 leader_uuid: "5f0aa7a0c65b42d79cb82a8b43d27d94" committed_config { opid_index: 4 OBSOLETE_local: false peers { permanent_uuid: "3d43ffa183344ac284caee761aa34d4c" member_type: VOTER last_known_addr { host: "127.16.222.65" port: 43985 } health_report { overall_health: HEALTHY } } peers { permanent_uuid: "5f0aa7a0c65b42d79cb82a8b43d27d94" member_type: VOTER last_known_addr { host: "127.16.222.67" port: 41791 } health_report { overall_health: HEALTHY } } peers { permanent_uuid: "2bfd34cbb21d42ba92eb76593a99fd8a" member_type: VOTER last_known_addr { host: "127.16.222.66" port: 35999 } attrs { promote: false } health_report { overall_health: HEALTHY } } }
I20260608 09:58:21.070243 20599 raft_consensus.cc:1275] T 2cbd26f6f3f44ae08822cc26cecd1201 P 3fadae95327a47b2a82a568cc93e88b7 [term 1 FOLLOWER]: Refusing update from remote peer 3d43ffa183344ac284caee761aa34d4c: Log matching property violated. Preceding OpId in replica: term: 1 index: 3. Preceding OpId from leader: term: 1 index: 4. (index mismatch)
I20260608 09:58:21.072351 20855 consensus_queue.cc:1048] T 2cbd26f6f3f44ae08822cc26cecd1201 P 3d43ffa183344ac284caee761aa34d4c [LEADER]: Connected to new peer: Peer: permanent_uuid: "3fadae95327a47b2a82a568cc93e88b7" member_type: VOTER last_known_addr { host: "127.16.222.68" port: 40119 } attrs { promote: false }, Status: LMP_MISMATCH, Last received: 0.0, Next index: 4, Last known committed idx: 3, Time since last communication: 0.000s
I20260608 09:58:21.081374 20370 raft_consensus.cc:1275] T 2cbd26f6f3f44ae08822cc26cecd1201 P 2bfd34cbb21d42ba92eb76593a99fd8a [term 1 FOLLOWER]: Refusing update from remote peer 3d43ffa183344ac284caee761aa34d4c: Log matching property violated. Preceding OpId in replica: term: 1 index: 3. Preceding OpId from leader: term: 1 index: 4. (index mismatch)
I20260608 09:58:21.083362 20857 consensus_queue.cc:1048] T 2cbd26f6f3f44ae08822cc26cecd1201 P 3d43ffa183344ac284caee761aa34d4c [LEADER]: Connected to new peer: Peer: permanent_uuid: "2bfd34cbb21d42ba92eb76593a99fd8a" member_type: VOTER last_known_addr { host: "127.16.222.66" port: 35999 }, Status: LMP_MISMATCH, Last received: 0.0, Next index: 4, Last known committed idx: 3, Time since last communication: 0.000s
I20260608 09:58:21.085001 20802 raft_consensus.cc:2955] T 2cbd26f6f3f44ae08822cc26cecd1201 P 3d43ffa183344ac284caee761aa34d4c [term 1 LEADER]: Committing config change with OpId 1.4: config changed from index 3 to 4, VOTER 5f0aa7a0c65b42d79cb82a8b43d27d94 (127.16.222.67) evicted. New config: { opid_index: 4 OBSOLETE_local: false peers { permanent_uuid: "3d43ffa183344ac284caee761aa34d4c" member_type: VOTER last_known_addr { host: "127.16.222.65" port: 43985 } } peers { permanent_uuid: "2bfd34cbb21d42ba92eb76593a99fd8a" member_type: VOTER last_known_addr { host: "127.16.222.66" port: 35999 } } peers { permanent_uuid: "3fadae95327a47b2a82a568cc93e88b7" member_type: VOTER last_known_addr { host: "127.16.222.68" port: 40119 } attrs { promote: false } } }
I20260608 09:58:21.092394 20599 raft_consensus.cc:2955] T 2cbd26f6f3f44ae08822cc26cecd1201 P 3fadae95327a47b2a82a568cc93e88b7 [term 1 FOLLOWER]: Committing config change with OpId 1.4: config changed from index 3 to 4, VOTER 5f0aa7a0c65b42d79cb82a8b43d27d94 (127.16.222.67) evicted. New config: { opid_index: 4 OBSOLETE_local: false peers { permanent_uuid: "3d43ffa183344ac284caee761aa34d4c" member_type: VOTER last_known_addr { host: "127.16.222.65" port: 43985 } } peers { permanent_uuid: "2bfd34cbb21d42ba92eb76593a99fd8a" member_type: VOTER last_known_addr { host: "127.16.222.66" port: 35999 } } peers { permanent_uuid: "3fadae95327a47b2a82a568cc93e88b7" member_type: VOTER last_known_addr { host: "127.16.222.68" port: 40119 } attrs { promote: false } } }
I20260608 09:58:21.093669 20592 tablet_service.cc:1558] Processing DeleteTablet for tablet 8f051f1cb527426e90e11573069a0cf0 with delete_type TABLET_DATA_TOMBSTONED (TS 3fadae95327a47b2a82a568cc93e88b7 not found in new config with opid_index 4) from {username='slave'} at 127.0.0.1:42574
I20260608 09:58:21.097725 20445 raft_consensus.cc:1275] T d1ef73d426af493880824ce8b4353ddb P 5f0aa7a0c65b42d79cb82a8b43d27d94 [term 1 LEARNER]: Refusing update from remote peer 2bfd34cbb21d42ba92eb76593a99fd8a: Log matching property violated. Preceding OpId in replica: term: 1 index: 2. Preceding OpId from leader: term: 1 index: 3. (index mismatch)
I20260608 09:58:21.099395 20820 consensus_queue.cc:1048] T d1ef73d426af493880824ce8b4353ddb P 2bfd34cbb21d42ba92eb76593a99fd8a [LEADER]: Connected to new peer: Peer: permanent_uuid: "5f0aa7a0c65b42d79cb82a8b43d27d94" member_type: VOTER last_known_addr { host: "127.16.222.67" port: 41791 } attrs { promote: false }, Status: LMP_MISMATCH, Last received: 0.0, Next index: 3, Last known committed idx: 2, Time since last communication: 0.000s
I20260608 09:58:21.105794 20371 raft_consensus.cc:2955] T 2cbd26f6f3f44ae08822cc26cecd1201 P 2bfd34cbb21d42ba92eb76593a99fd8a [term 1 FOLLOWER]: Committing config change with OpId 1.4: config changed from index 3 to 4, VOTER 5f0aa7a0c65b42d79cb82a8b43d27d94 (127.16.222.67) evicted. New config: { opid_index: 4 OBSOLETE_local: false peers { permanent_uuid: "3d43ffa183344ac284caee761aa34d4c" member_type: VOTER last_known_addr { host: "127.16.222.65" port: 43985 } } peers { permanent_uuid: "2bfd34cbb21d42ba92eb76593a99fd8a" member_type: VOTER last_known_addr { host: "127.16.222.66" port: 35999 } } peers { permanent_uuid: "3fadae95327a47b2a82a568cc93e88b7" member_type: VOTER last_known_addr { host: "127.16.222.68" port: 40119 } attrs { promote: false } } }
I20260608 09:58:21.109819 20601 raft_consensus.cc:1275] T d1ef73d426af493880824ce8b4353ddb P 3fadae95327a47b2a82a568cc93e88b7 [term 1 FOLLOWER]: Refusing update from remote peer 2bfd34cbb21d42ba92eb76593a99fd8a: Log matching property violated. Preceding OpId in replica: term: 1 index: 2. Preceding OpId from leader: term: 1 index: 3. (index mismatch)
I20260608 09:58:21.113957 20836 consensus_queue.cc:1048] T d1ef73d426af493880824ce8b4353ddb P 2bfd34cbb21d42ba92eb76593a99fd8a [LEADER]: Connected to new peer: Peer: permanent_uuid: "3fadae95327a47b2a82a568cc93e88b7" member_type: VOTER last_known_addr { host: "127.16.222.68" port: 40119 } attrs { replace: true }, Status: LMP_MISMATCH, Last received: 0.0, Next index: 3, Last known committed idx: 2, Time since last communication: 0.001s
I20260608 09:58:21.126631 20295 raft_consensus.cc:1275] T d1ef73d426af493880824ce8b4353ddb P 3d43ffa183344ac284caee761aa34d4c [term 1 FOLLOWER]: Refusing update from remote peer 2bfd34cbb21d42ba92eb76593a99fd8a: Log matching property violated. Preceding OpId in replica: term: 1 index: 2. Preceding OpId from leader: term: 1 index: 3. (index mismatch)
I20260608 09:58:21.128893 20836 consensus_queue.cc:1048] T d1ef73d426af493880824ce8b4353ddb P 2bfd34cbb21d42ba92eb76593a99fd8a [LEADER]: Connected to new peer: Peer: permanent_uuid: "3d43ffa183344ac284caee761aa34d4c" member_type: VOTER last_known_addr { host: "127.16.222.65" port: 43985 }, Status: LMP_MISMATCH, Last received: 0.0, Next index: 3, Last known committed idx: 2, Time since last communication: 0.001s
I20260608 09:58:21.171906 20180 catalog_manager.cc:5209] ChangeConfig:REMOVE_PEER RPC for tablet 2cbd26f6f3f44ae08822cc26cecd1201 with cas_config_opid_index 3: ChangeConfig:REMOVE_PEER succeeded (attempt 1)
I20260608 09:58:21.177434 20193 catalog_manager.cc:5696] T 2cbd26f6f3f44ae08822cc26cecd1201 P 3d43ffa183344ac284caee761aa34d4c reported cstate change: config changed from index 3 to 4, VOTER 5f0aa7a0c65b42d79cb82a8b43d27d94 (127.16.222.67) evicted. New cstate: current_term: 1 leader_uuid: "3d43ffa183344ac284caee761aa34d4c" committed_config { opid_index: 4 OBSOLETE_local: false peers { permanent_uuid: "3d43ffa183344ac284caee761aa34d4c" member_type: VOTER last_known_addr { host: "127.16.222.65" port: 43985 } health_report { overall_health: HEALTHY } } peers { permanent_uuid: "2bfd34cbb21d42ba92eb76593a99fd8a" member_type: VOTER last_known_addr { host: "127.16.222.66" port: 35999 } health_report { overall_health: HEALTHY } } peers { permanent_uuid: "3fadae95327a47b2a82a568cc93e88b7" member_type: VOTER last_known_addr { host: "127.16.222.68" port: 40119 } attrs { promote: false } health_report { overall_health: HEALTHY } } }
I20260608 09:58:21.191555 20820 raft_consensus.cc:2955] T d1ef73d426af493880824ce8b4353ddb P 2bfd34cbb21d42ba92eb76593a99fd8a [term 1 LEADER]: Committing config change with OpId 1.3: config changed from index 2 to 3, 5f0aa7a0c65b42d79cb82a8b43d27d94 (127.16.222.67) changed from NON_VOTER to VOTER. New config: { opid_index: 3 OBSOLETE_local: false peers { permanent_uuid: "3fadae95327a47b2a82a568cc93e88b7" member_type: VOTER last_known_addr { host: "127.16.222.68" port: 40119 } attrs { replace: true } } peers { permanent_uuid: "2bfd34cbb21d42ba92eb76593a99fd8a" member_type: VOTER last_known_addr { host: "127.16.222.66" port: 35999 } } peers { permanent_uuid: "3d43ffa183344ac284caee761aa34d4c" member_type: VOTER last_known_addr { host: "127.16.222.65" port: 43985 } } peers { permanent_uuid: "5f0aa7a0c65b42d79cb82a8b43d27d94" member_type: VOTER last_known_addr { host: "127.16.222.67" port: 41791 } attrs { promote: false } } }
I20260608 09:58:21.197245 20870 tablet_replica.cc:333] T 8f051f1cb527426e90e11573069a0cf0 P 3fadae95327a47b2a82a568cc93e88b7: stopping tablet replica
I20260608 09:58:21.202520 20436 tablet_service.cc:1558] Processing DeleteTablet for tablet 2cbd26f6f3f44ae08822cc26cecd1201 with delete_type TABLET_DATA_TOMBSTONED (TS 5f0aa7a0c65b42d79cb82a8b43d27d94 not found in new config with opid_index 4) from {username='slave'} at 127.0.0.1:56812
I20260608 09:58:21.196697 20602 raft_consensus.cc:2955] T d1ef73d426af493880824ce8b4353ddb P 3fadae95327a47b2a82a568cc93e88b7 [term 1 FOLLOWER]: Committing config change with OpId 1.3: config changed from index 2 to 3, 5f0aa7a0c65b42d79cb82a8b43d27d94 (127.16.222.67) changed from NON_VOTER to VOTER. New config: { opid_index: 3 OBSOLETE_local: false peers { permanent_uuid: "3fadae95327a47b2a82a568cc93e88b7" member_type: VOTER last_known_addr { host: "127.16.222.68" port: 40119 } attrs { replace: true } } peers { permanent_uuid: "2bfd34cbb21d42ba92eb76593a99fd8a" member_type: VOTER last_known_addr { host: "127.16.222.66" port: 35999 } } peers { permanent_uuid: "3d43ffa183344ac284caee761aa34d4c" member_type: VOTER last_known_addr { host: "127.16.222.65" port: 43985 } } peers { permanent_uuid: "5f0aa7a0c65b42d79cb82a8b43d27d94" member_type: VOTER last_known_addr { host: "127.16.222.67" port: 41791 } attrs { promote: false } } }
I20260608 09:58:21.198834 20870 raft_consensus.cc:2243] T 8f051f1cb527426e90e11573069a0cf0 P 3fadae95327a47b2a82a568cc93e88b7 [term 1 FOLLOWER]: Raft consensus shutting down.
I20260608 09:58:21.208652 20870 raft_consensus.cc:2272] T 8f051f1cb527426e90e11573069a0cf0 P 3fadae95327a47b2a82a568cc93e88b7 [term 1 FOLLOWER]: Raft consensus is shut down!
I20260608 09:58:21.220651 20875 tablet_replica.cc:333] T 2cbd26f6f3f44ae08822cc26cecd1201 P 5f0aa7a0c65b42d79cb82a8b43d27d94: stopping tablet replica
I20260608 09:58:21.224206 20875 raft_consensus.cc:2243] T 2cbd26f6f3f44ae08822cc26cecd1201 P 5f0aa7a0c65b42d79cb82a8b43d27d94 [term 1 FOLLOWER]: Raft consensus shutting down.
I20260608 09:58:21.220746 20870 ts_tablet_manager.cc:1916] T 8f051f1cb527426e90e11573069a0cf0 P 3fadae95327a47b2a82a568cc93e88b7: Deleting tablet data with delete state TABLET_DATA_TOMBSTONED
I20260608 09:58:21.225378 20875 raft_consensus.cc:2272] T 2cbd26f6f3f44ae08822cc26cecd1201 P 5f0aa7a0c65b42d79cb82a8b43d27d94 [term 1 FOLLOWER]: Raft consensus is shut down!
I20260608 09:58:21.232125 20875 ts_tablet_manager.cc:1916] T 2cbd26f6f3f44ae08822cc26cecd1201 P 5f0aa7a0c65b42d79cb82a8b43d27d94: Deleting tablet data with delete state TABLET_DATA_TOMBSTONED
W20260608 09:58:21.274415 20338 outbound_call.cc:321] RPC callback for RPC call kudu.consensus.ConsensusService.UpdateConsensus -> {remote=127.16.222.68:40119, user_credentials={real_user=slave}} blocked reactor thread for 45760.8us
I20260608 09:58:21.272133 20294 raft_consensus.cc:2955] T d1ef73d426af493880824ce8b4353ddb P 3d43ffa183344ac284caee761aa34d4c [term 1 FOLLOWER]: Committing config change with OpId 1.3: config changed from index 2 to 3, 5f0aa7a0c65b42d79cb82a8b43d27d94 (127.16.222.67) changed from NON_VOTER to VOTER. New config: { opid_index: 3 OBSOLETE_local: false peers { permanent_uuid: "3fadae95327a47b2a82a568cc93e88b7" member_type: VOTER last_known_addr { host: "127.16.222.68" port: 40119 } attrs { replace: true } } peers { permanent_uuid: "2bfd34cbb21d42ba92eb76593a99fd8a" member_type: VOTER last_known_addr { host: "127.16.222.66" port: 35999 } } peers { permanent_uuid: "3d43ffa183344ac284caee761aa34d4c" member_type: VOTER last_known_addr { host: "127.16.222.65" port: 43985 } } peers { permanent_uuid: "5f0aa7a0c65b42d79cb82a8b43d27d94" member_type: VOTER last_known_addr { host: "127.16.222.67" port: 41791 } attrs { promote: false } } }
I20260608 09:58:21.284762 20445 raft_consensus.cc:2955] T d1ef73d426af493880824ce8b4353ddb P 5f0aa7a0c65b42d79cb82a8b43d27d94 [term 1 FOLLOWER]: Committing config change with OpId 1.3: config changed from index 2 to 3, 5f0aa7a0c65b42d79cb82a8b43d27d94 (127.16.222.67) changed from NON_VOTER to VOTER. New config: { opid_index: 3 OBSOLETE_local: false peers { permanent_uuid: "3fadae95327a47b2a82a568cc93e88b7" member_type: VOTER last_known_addr { host: "127.16.222.68" port: 40119 } attrs { replace: true } } peers { permanent_uuid: "2bfd34cbb21d42ba92eb76593a99fd8a" member_type: VOTER last_known_addr { host: "127.16.222.66" port: 35999 } } peers { permanent_uuid: "3d43ffa183344ac284caee761aa34d4c" member_type: VOTER last_known_addr { host: "127.16.222.65" port: 43985 } } peers { permanent_uuid: "5f0aa7a0c65b42d79cb82a8b43d27d94" member_type: VOTER last_known_addr { host: "127.16.222.67" port: 41791 } attrs { promote: false } } }
I20260608 09:58:21.299158 20193 catalog_manager.cc:5696] T d1ef73d426af493880824ce8b4353ddb P 3fadae95327a47b2a82a568cc93e88b7 reported cstate change: config changed from index 2 to 3, 5f0aa7a0c65b42d79cb82a8b43d27d94 (127.16.222.67) changed from NON_VOTER to VOTER. New cstate: current_term: 1 leader_uuid: "2bfd34cbb21d42ba92eb76593a99fd8a" committed_config { opid_index: 3 OBSOLETE_local: false peers { permanent_uuid: "3fadae95327a47b2a82a568cc93e88b7" member_type: VOTER last_known_addr { host: "127.16.222.68" port: 40119 } attrs { replace: true } } peers { permanent_uuid: "2bfd34cbb21d42ba92eb76593a99fd8a" member_type: VOTER last_known_addr { host: "127.16.222.66" port: 35999 } } peers { permanent_uuid: "3d43ffa183344ac284caee761aa34d4c" member_type: VOTER last_known_addr { host: "127.16.222.65" port: 43985 } } peers { permanent_uuid: "5f0aa7a0c65b42d79cb82a8b43d27d94" member_type: VOTER last_known_addr { host: "127.16.222.67" port: 41791 } attrs { promote: false } } }
I20260608 09:58:21.299039 20870 ts_tablet_manager.cc:1929] T 8f051f1cb527426e90e11573069a0cf0 P 3fadae95327a47b2a82a568cc93e88b7: tablet deleted with delete type TABLET_DATA_TOMBSTONED: last-logged OpId 1.3
I20260608 09:58:21.308952 20870 log.cc:1199] T 8f051f1cb527426e90e11573069a0cf0 P 3fadae95327a47b2a82a568cc93e88b7: Deleting WAL directory at /tmp/dist-test-taskkm8kJD/test-tmp/auto_rebalancer-test.0.AutoRebalancerTest.RangeAwareRebalancesNewRangeReplicas.1780912610605527-17273-0/minicluster-data/ts-3-root/wals/8f051f1cb527426e90e11573069a0cf0
I20260608 09:58:21.312294 20180 catalog_manager.cc:5027] TS 3fadae95327a47b2a82a568cc93e88b7 (127.16.222.68:40119): tablet 8f051f1cb527426e90e11573069a0cf0 (table range_aware_rebalance_new_range [id=c4c76b6534784173b958292c51c9e39f]) successfully deleted
I20260608 09:58:21.316089 20875 ts_tablet_manager.cc:1929] T 2cbd26f6f3f44ae08822cc26cecd1201 P 5f0aa7a0c65b42d79cb82a8b43d27d94: tablet deleted with delete type TABLET_DATA_TOMBSTONED: last-logged OpId 1.3
I20260608 09:58:21.316699 20875 log.cc:1199] T 2cbd26f6f3f44ae08822cc26cecd1201 P 5f0aa7a0c65b42d79cb82a8b43d27d94: Deleting WAL directory at /tmp/dist-test-taskkm8kJD/test-tmp/auto_rebalancer-test.0.AutoRebalancerTest.RangeAwareRebalancesNewRangeReplicas.1780912610605527-17273-0/minicluster-data/ts-2-root/wals/2cbd26f6f3f44ae08822cc26cecd1201
I20260608 09:58:21.323164 20180 catalog_manager.cc:5027] TS 5f0aa7a0c65b42d79cb82a8b43d27d94 (127.16.222.67:41791): tablet 2cbd26f6f3f44ae08822cc26cecd1201 (table range_aware_rebalance_new_range [id=c4c76b6534784173b958292c51c9e39f]) successfully deleted
I20260608 09:58:21.324123 20247 auto_leader_rebalancer.cc:140] leader rebalance for table range_aware_rebalance_new_range
I20260608 09:58:21.342331 20371 consensus_queue.cc:237] T d1ef73d426af493880824ce8b4353ddb P 2bfd34cbb21d42ba92eb76593a99fd8a [LEADER]: Queue going to LEADER mode. State: All replicated index: 0, Majority replicated index: 3, Committed index: 3, Last appended: 1.3, Last appended by leader: 0, Current term: 1, Majority size: 2, State: 0, Mode: LEADER, active raft config: opid_index: 4 OBSOLETE_local: false peers { permanent_uuid: "2bfd34cbb21d42ba92eb76593a99fd8a" member_type: VOTER last_known_addr { host: "127.16.222.66" port: 35999 } } peers { permanent_uuid: "3d43ffa183344ac284caee761aa34d4c" member_type: VOTER last_known_addr { host: "127.16.222.65" port: 43985 } } peers { permanent_uuid: "5f0aa7a0c65b42d79cb82a8b43d27d94" member_type: VOTER last_known_addr { host: "127.16.222.67" port: 41791 } attrs { promote: false } }
I20260608 09:58:21.350214 20445 raft_consensus.cc:1275] T d1ef73d426af493880824ce8b4353ddb P 5f0aa7a0c65b42d79cb82a8b43d27d94 [term 1 FOLLOWER]: Refusing update from remote peer 2bfd34cbb21d42ba92eb76593a99fd8a: Log matching property violated. Preceding OpId in replica: term: 1 index: 3. Preceding OpId from leader: term: 1 index: 4. (index mismatch)
I20260608 09:58:21.351271 20294 raft_consensus.cc:1275] T d1ef73d426af493880824ce8b4353ddb P 3d43ffa183344ac284caee761aa34d4c [term 1 FOLLOWER]: Refusing update from remote peer 2bfd34cbb21d42ba92eb76593a99fd8a: Log matching property violated. Preceding OpId in replica: term: 1 index: 3. Preceding OpId from leader: term: 1 index: 4. (index mismatch)
I20260608 09:58:21.353413 20847 consensus_queue.cc:1048] T d1ef73d426af493880824ce8b4353ddb P 2bfd34cbb21d42ba92eb76593a99fd8a [LEADER]: Connected to new peer: Peer: permanent_uuid: "3d43ffa183344ac284caee761aa34d4c" member_type: VOTER last_known_addr { host: "127.16.222.65" port: 43985 }, Status: LMP_MISMATCH, Last received: 0.0, Next index: 4, Last known committed idx: 3, Time since last communication: 0.001s
I20260608 09:58:21.354822 20876 consensus_queue.cc:1048] T d1ef73d426af493880824ce8b4353ddb P 2bfd34cbb21d42ba92eb76593a99fd8a [LEADER]: Connected to new peer: Peer: permanent_uuid: "5f0aa7a0c65b42d79cb82a8b43d27d94" member_type: VOTER last_known_addr { host: "127.16.222.67" port: 41791 } attrs { promote: false }, Status: LMP_MISMATCH, Last received: 0.0, Next index: 4, Last known committed idx: 3, Time since last communication: 0.001s
I20260608 09:58:21.358752 20371 tablet_service.cc:2072] Received LeaderStepDown RPC: tablet_id: "d1ef73d426af493880824ce8b4353ddb"
dest_uuid: "2bfd34cbb21d42ba92eb76593a99fd8a"
mode: GRACEFUL
new_leader_uuid: "3fadae95327a47b2a82a568cc93e88b7"
 from {username='slave'} at 127.0.0.1:40614
I20260608 09:58:21.359549 20371 raft_consensus.cc:606] T d1ef73d426af493880824ce8b4353ddb P 2bfd34cbb21d42ba92eb76593a99fd8a [term 1 LEADER]: Received request to transfer leadership to TS 3fadae95327a47b2a82a568cc93e88b7
I20260608 09:58:21.360088 20371 raft_consensus.cc:630] T d1ef73d426af493880824ce8b4353ddb P 2bfd34cbb21d42ba92eb76593a99fd8a [term 1 LEADER]: Rejecting request to transfer leadership because tablet server 3fadae95327a47b2a82a568cc93e88b7 is not a voter in the active config
I20260608 09:58:21.361953 20247 auto_leader_rebalancer.cc:388] table: range_aware_rebalance_new_range, leader rebalance finish, leader transfer count: 1
I20260608 09:58:21.363170 20247 auto_leader_rebalancer.cc:451] All tables' leader rebalancing finished this round
I20260608 09:58:21.364317 20820 raft_consensus.cc:2955] T d1ef73d426af493880824ce8b4353ddb P 2bfd34cbb21d42ba92eb76593a99fd8a [term 1 LEADER]: Committing config change with OpId 1.4: config changed from index 3 to 4, VOTER 3fadae95327a47b2a82a568cc93e88b7 (127.16.222.68) evicted. New config: { opid_index: 4 OBSOLETE_local: false peers { permanent_uuid: "2bfd34cbb21d42ba92eb76593a99fd8a" member_type: VOTER last_known_addr { host: "127.16.222.66" port: 35999 } } peers { permanent_uuid: "3d43ffa183344ac284caee761aa34d4c" member_type: VOTER last_known_addr { host: "127.16.222.65" port: 43985 } } peers { permanent_uuid: "5f0aa7a0c65b42d79cb82a8b43d27d94" member_type: VOTER last_known_addr { host: "127.16.222.67" port: 41791 } attrs { promote: false } } }
