I20260608 09:57:06.298067 24977 raft_consensus.cc:2804] T 00000000000000000000000000000000 P c6d010127c7747f3a2d401333895d546 [term 1 FOLLOWER]: Leader pre-election won for term 2
I20260608 09:57:06.298501 24977 raft_consensus.cc:493] T 00000000000000000000000000000000 P c6d010127c7747f3a2d401333895d546 [term 1 FOLLOWER]: Starting leader election (detected failure of leader 7f136a9bf03948d2abb28c9148770cfa)
I20260608 09:57:06.298627 24521 leader_election.cc:304] T 00000000000000000000000000000000 P 38e584caf0904ce09d96198374977ad6 [CANDIDATE]: Term 2 pre-election: Election decided. Result: candidate won. Election summary: received 2 responses out of 3 voters: 2 yes votes; 0 no votes. yes voters: 38e584caf0904ce09d96198374977ad6, c6d010127c7747f3a2d401333895d546; no voters: 
I20260608 09:57:06.298949 24977 raft_consensus.cc:3060] T 00000000000000000000000000000000 P c6d010127c7747f3a2d401333895d546 [term 1 FOLLOWER]: Advancing to term 2
I20260608 09:57:06.299476 24978 raft_consensus.cc:2804] T 00000000000000000000000000000000 P 38e584caf0904ce09d96198374977ad6 [term 1 FOLLOWER]: Leader pre-election won for term 2
I20260608 09:57:06.299772 24978 raft_consensus.cc:493] T 00000000000000000000000000000000 P 38e584caf0904ce09d96198374977ad6 [term 1 FOLLOWER]: Starting leader election (detected failure of leader 7f136a9bf03948d2abb28c9148770cfa)
I20260608 09:57:06.300124 24978 raft_consensus.cc:3060] T 00000000000000000000000000000000 P 38e584caf0904ce09d96198374977ad6 [term 1 FOLLOWER]: Advancing to term 2
W20260608 09:57:06.301177 24519 leader_election.cc:336] T 00000000000000000000000000000000 P 38e584caf0904ce09d96198374977ad6 [CANDIDATE]: Term 2 pre-election: RPC error from VoteRequest() call to peer 7f136a9bf03948d2abb28c9148770cfa (127.22.211.254:46715): Network error: Client connection negotiation failed: client connection to 127.22.211.254:46715: connect: Connection refused (error 111)
I20260608 09:57:06.304414 24977 raft_consensus.cc:515] T 00000000000000000000000000000000 P c6d010127c7747f3a2d401333895d546 [term 2 FOLLOWER]: Starting leader election with config: opid_index: -1 OBSOLETE_local: false peers { permanent_uuid: "7f136a9bf03948d2abb28c9148770cfa" member_type: VOTER last_known_addr { host: "127.22.211.254" port: 46715 } } peers { permanent_uuid: "38e584caf0904ce09d96198374977ad6" member_type: VOTER last_known_addr { host: "127.22.211.253" port: 37775 } } peers { permanent_uuid: "c6d010127c7747f3a2d401333895d546" member_type: VOTER last_known_addr { host: "127.22.211.252" port: 33887 } }
I20260608 09:57:06.304800 24978 raft_consensus.cc:515] T 00000000000000000000000000000000 P 38e584caf0904ce09d96198374977ad6 [term 2 FOLLOWER]: Starting leader election with config: opid_index: -1 OBSOLETE_local: false peers { permanent_uuid: "7f136a9bf03948d2abb28c9148770cfa" member_type: VOTER last_known_addr { host: "127.22.211.254" port: 46715 } } peers { permanent_uuid: "38e584caf0904ce09d96198374977ad6" member_type: VOTER last_known_addr { host: "127.22.211.253" port: 37775 } } peers { permanent_uuid: "c6d010127c7747f3a2d401333895d546" member_type: VOTER last_known_addr { host: "127.22.211.252" port: 33887 } }
I20260608 09:57:06.306209 24977 leader_election.cc:290] T 00000000000000000000000000000000 P c6d010127c7747f3a2d401333895d546 [CANDIDATE]: Term 2 election: Requested vote from peers 7f136a9bf03948d2abb28c9148770cfa (127.22.211.254:46715), 38e584caf0904ce09d96198374977ad6 (127.22.211.253:37775)
I20260608 09:57:06.306651 24978 leader_election.cc:290] T 00000000000000000000000000000000 P 38e584caf0904ce09d96198374977ad6 [CANDIDATE]: Term 2 election: Requested vote from peers 7f136a9bf03948d2abb28c9148770cfa (127.22.211.254:46715), c6d010127c7747f3a2d401333895d546 (127.22.211.252:33887)
I20260608 09:57:06.307868 24610 tablet_service.cc:1917] Received RequestConsensusVote() RPC: tablet_id: "00000000000000000000000000000000" candidate_uuid: "38e584caf0904ce09d96198374977ad6" candidate_term: 2 candidate_status { last_received { term: 1 index: 9 } } ignore_live_leader: false dest_uuid: "c6d010127c7747f3a2d401333895d546"
I20260608 09:57:06.308099 24545 tablet_service.cc:1917] Received RequestConsensusVote() RPC: tablet_id: "00000000000000000000000000000000" candidate_uuid: "c6d010127c7747f3a2d401333895d546" candidate_term: 2 candidate_status { last_received { term: 1 index: 9 } } ignore_live_leader: false dest_uuid: "38e584caf0904ce09d96198374977ad6"
I20260608 09:57:06.308688 24610 raft_consensus.cc:2393] T 00000000000000000000000000000000 P c6d010127c7747f3a2d401333895d546 [term 2 FOLLOWER]: Leader election vote request: Denying vote to candidate 38e584caf0904ce09d96198374977ad6 in current term 2: Already voted for candidate c6d010127c7747f3a2d401333895d546 in this term.
I20260608 09:57:06.308857 24545 raft_consensus.cc:2393] T 00000000000000000000000000000000 P 38e584caf0904ce09d96198374977ad6 [term 2 FOLLOWER]: Leader election vote request: Denying vote to candidate c6d010127c7747f3a2d401333895d546 in current term 2: Already voted for candidate 38e584caf0904ce09d96198374977ad6 in this term.
W20260608 09:57:06.310573 24583 leader_election.cc:336] T 00000000000000000000000000000000 P c6d010127c7747f3a2d401333895d546 [CANDIDATE]: Term 2 election: RPC error from VoteRequest() call to peer 7f136a9bf03948d2abb28c9148770cfa (127.22.211.254:46715): Network error: Client connection negotiation failed: client connection to 127.22.211.254:46715: connect: Connection refused (error 111)
I20260608 09:57:06.311043 24583 leader_election.cc:304] T 00000000000000000000000000000000 P c6d010127c7747f3a2d401333895d546 [CANDIDATE]: Term 2 election: Election decided. Result: candidate lost. Election summary: received 3 responses out of 3 voters: 1 yes votes; 2 no votes. yes voters: c6d010127c7747f3a2d401333895d546; no voters: 38e584caf0904ce09d96198374977ad6, 7f136a9bf03948d2abb28c9148770cfa
I20260608 09:57:06.311731 24977 raft_consensus.cc:2749] T 00000000000000000000000000000000 P c6d010127c7747f3a2d401333895d546 [term 2 FOLLOWER]: Leader election lost for term 2. Reason: could not achieve majority
W20260608 09:57:06.311864 24519 leader_election.cc:336] T 00000000000000000000000000000000 P 38e584caf0904ce09d96198374977ad6 [CANDIDATE]: Term 2 election: RPC error from VoteRequest() call to peer 7f136a9bf03948d2abb28c9148770cfa (127.22.211.254:46715): Network error: Client connection negotiation failed: client connection to 127.22.211.254:46715: connect: Connection refused (error 111)
I20260608 09:57:06.312409 24519 leader_election.cc:304] T 00000000000000000000000000000000 P 38e584caf0904ce09d96198374977ad6 [CANDIDATE]: Term 2 election: Election decided. Result: candidate lost. Election summary: received 3 responses out of 3 voters: 1 yes votes; 2 no votes. yes voters: 38e584caf0904ce09d96198374977ad6; no voters: 7f136a9bf03948d2abb28c9148770cfa, c6d010127c7747f3a2d401333895d546
I20260608 09:57:06.313026 24978 raft_consensus.cc:2749] T 00000000000000000000000000000000 P 38e584caf0904ce09d96198374977ad6 [term 2 FOLLOWER]: Leader election lost for term 2. Reason: could not achieve majority
I20260608 09:57:07.893151 24989 raft_consensus.cc:493] T 00000000000000000000000000000000 P c6d010127c7747f3a2d401333895d546 [term 2 FOLLOWER]: Starting pre-election (no leader contacted us within the election timeout)
I20260608 09:57:07.893623 24989 raft_consensus.cc:515] T 00000000000000000000000000000000 P c6d010127c7747f3a2d401333895d546 [term 2 FOLLOWER]: Starting pre-election with config: opid_index: -1 OBSOLETE_local: false peers { permanent_uuid: "7f136a9bf03948d2abb28c9148770cfa" member_type: VOTER last_known_addr { host: "127.22.211.254" port: 46715 } } peers { permanent_uuid: "38e584caf0904ce09d96198374977ad6" member_type: VOTER last_known_addr { host: "127.22.211.253" port: 37775 } } peers { permanent_uuid: "c6d010127c7747f3a2d401333895d546" member_type: VOTER last_known_addr { host: "127.22.211.252" port: 33887 } }
I20260608 09:57:07.895391 24989 leader_election.cc:290] T 00000000000000000000000000000000 P c6d010127c7747f3a2d401333895d546 [CANDIDATE]: Term 3 pre-election: Requested pre-vote from peers 7f136a9bf03948d2abb28c9148770cfa (127.22.211.254:46715), 38e584caf0904ce09d96198374977ad6 (127.22.211.253:37775)
I20260608 09:57:07.896629 24545 tablet_service.cc:1917] Received RequestConsensusVote() RPC: tablet_id: "00000000000000000000000000000000" candidate_uuid: "c6d010127c7747f3a2d401333895d546" candidate_term: 3 candidate_status { last_received { term: 1 index: 9 } } ignore_live_leader: false dest_uuid: "38e584caf0904ce09d96198374977ad6" is_pre_election: true
I20260608 09:57:07.897327 24545 raft_consensus.cc:2468] T 00000000000000000000000000000000 P 38e584caf0904ce09d96198374977ad6 [term 2 FOLLOWER]: Leader pre-election vote request: Granting yes vote for candidate c6d010127c7747f3a2d401333895d546 in term 2.
W20260608 09:57:07.898020 24583 proxy.cc:239] Call had error, refreshing address and retrying: Network error: Client connection negotiation failed: client connection to 127.22.211.254:46715: connect: Connection refused (error 111) [suppressed 9 similar messages]
I20260608 09:57:07.898517 24586 leader_election.cc:304] T 00000000000000000000000000000000 P c6d010127c7747f3a2d401333895d546 [CANDIDATE]: Term 3 pre-election: Election decided. Result: candidate won. Election summary: received 2 responses out of 3 voters: 2 yes votes; 0 no votes. yes voters: 38e584caf0904ce09d96198374977ad6, c6d010127c7747f3a2d401333895d546; no voters: 
I20260608 09:57:07.899195 24989 raft_consensus.cc:2804] T 00000000000000000000000000000000 P c6d010127c7747f3a2d401333895d546 [term 2 FOLLOWER]: Leader pre-election won for term 3
I20260608 09:57:07.899475 24989 raft_consensus.cc:493] T 00000000000000000000000000000000 P c6d010127c7747f3a2d401333895d546 [term 2 FOLLOWER]: Starting leader election (no leader contacted us within the election timeout)
I20260608 09:57:07.899770 24989 raft_consensus.cc:3060] T 00000000000000000000000000000000 P c6d010127c7747f3a2d401333895d546 [term 2 FOLLOWER]: Advancing to term 3
W20260608 09:57:07.901810 24583 leader_election.cc:336] T 00000000000000000000000000000000 P c6d010127c7747f3a2d401333895d546 [CANDIDATE]: Term 3 pre-election: RPC error from VoteRequest() call to peer 7f136a9bf03948d2abb28c9148770cfa (127.22.211.254:46715): Network error: Client connection negotiation failed: client connection to 127.22.211.254:46715: connect: Connection refused (error 111)
I20260608 09:57:07.904238 24989 raft_consensus.cc:515] T 00000000000000000000000000000000 P c6d010127c7747f3a2d401333895d546 [term 3 FOLLOWER]: Starting leader election with config: opid_index: -1 OBSOLETE_local: false peers { permanent_uuid: "7f136a9bf03948d2abb28c9148770cfa" member_type: VOTER last_known_addr { host: "127.22.211.254" port: 46715 } } peers { permanent_uuid: "38e584caf0904ce09d96198374977ad6" member_type: VOTER last_known_addr { host: "127.22.211.253" port: 37775 } } peers { permanent_uuid: "c6d010127c7747f3a2d401333895d546" member_type: VOTER last_known_addr { host: "127.22.211.252" port: 33887 } }
I20260608 09:57:07.906001 24989 leader_election.cc:290] T 00000000000000000000000000000000 P c6d010127c7747f3a2d401333895d546 [CANDIDATE]: Term 3 election: Requested vote from peers 7f136a9bf03948d2abb28c9148770cfa (127.22.211.254:46715), 38e584caf0904ce09d96198374977ad6 (127.22.211.253:37775)
I20260608 09:57:07.906965 24545 tablet_service.cc:1917] Received RequestConsensusVote() RPC: tablet_id: "00000000000000000000000000000000" candidate_uuid: "c6d010127c7747f3a2d401333895d546" candidate_term: 3 candidate_status { last_received { term: 1 index: 9 } } ignore_live_leader: false dest_uuid: "38e584caf0904ce09d96198374977ad6"
I20260608 09:57:07.907409 24545 raft_consensus.cc:3060] T 00000000000000000000000000000000 P 38e584caf0904ce09d96198374977ad6 [term 2 FOLLOWER]: Advancing to term 3
W20260608 09:57:07.909404 24583 leader_election.cc:336] T 00000000000000000000000000000000 P c6d010127c7747f3a2d401333895d546 [CANDIDATE]: Term 3 election: RPC error from VoteRequest() call to peer 7f136a9bf03948d2abb28c9148770cfa (127.22.211.254:46715): Network error: Client connection negotiation failed: client connection to 127.22.211.254:46715: connect: Connection refused (error 111)
I20260608 09:57:07.911866 24545 raft_consensus.cc:2468] T 00000000000000000000000000000000 P 38e584caf0904ce09d96198374977ad6 [term 3 FOLLOWER]: Leader election vote request: Granting yes vote for candidate c6d010127c7747f3a2d401333895d546 in term 3.
I20260608 09:57:07.912796 24586 leader_election.cc:304] T 00000000000000000000000000000000 P c6d010127c7747f3a2d401333895d546 [CANDIDATE]: Term 3 election: Election decided. Result: candidate won. Election summary: received 3 responses out of 3 voters: 2 yes votes; 1 no votes. yes voters: 38e584caf0904ce09d96198374977ad6, c6d010127c7747f3a2d401333895d546; no voters: 7f136a9bf03948d2abb28c9148770cfa
I20260608 09:57:07.913442 24989 raft_consensus.cc:2804] T 00000000000000000000000000000000 P c6d010127c7747f3a2d401333895d546 [term 3 FOLLOWER]: Leader election won for term 3
I20260608 09:57:07.914456 24989 raft_consensus.cc:697] T 00000000000000000000000000000000 P c6d010127c7747f3a2d401333895d546 [term 3 LEADER]: Becoming Leader. State: Replica: c6d010127c7747f3a2d401333895d546, State: Running, Role: LEADER
I20260608 09:57:07.915122 24989 consensus_queue.cc:237] T 00000000000000000000000000000000 P c6d010127c7747f3a2d401333895d546 [LEADER]: Queue going to LEADER mode. State: All replicated index: 0, Majority replicated index: 9, Committed index: 9, Last appended: 1.9, Last appended by leader: 9, Current term: 3, Majority size: 2, State: 0, Mode: LEADER, active raft config: opid_index: -1 OBSOLETE_local: false peers { permanent_uuid: "7f136a9bf03948d2abb28c9148770cfa" member_type: VOTER last_known_addr { host: "127.22.211.254" port: 46715 } } peers { permanent_uuid: "38e584caf0904ce09d96198374977ad6" member_type: VOTER last_known_addr { host: "127.22.211.253" port: 37775 } } peers { permanent_uuid: "c6d010127c7747f3a2d401333895d546" member_type: VOTER last_known_addr { host: "127.22.211.252" port: 33887 } }
I20260608 09:57:07.918601 24992 sys_catalog.cc:455] T 00000000000000000000000000000000 P c6d010127c7747f3a2d401333895d546 [sys.catalog]: SysCatalogTable state changed. Reason: New leader c6d010127c7747f3a2d401333895d546. Latest consensus state: current_term: 3 leader_uuid: "c6d010127c7747f3a2d401333895d546" committed_config { opid_index: -1 OBSOLETE_local: false peers { permanent_uuid: "7f136a9bf03948d2abb28c9148770cfa" member_type: VOTER last_known_addr { host: "127.22.211.254" port: 46715 } } peers { permanent_uuid: "38e584caf0904ce09d96198374977ad6" member_type: VOTER last_known_addr { host: "127.22.211.253" port: 37775 } } peers { permanent_uuid: "c6d010127c7747f3a2d401333895d546" member_type: VOTER last_known_addr { host: "127.22.211.252" port: 33887 } } }
I20260608 09:57:07.919332 24992 sys_catalog.cc:458] T 00000000000000000000000000000000 P c6d010127c7747f3a2d401333895d546 [sys.catalog]: This master's current role is: LEADER
I20260608 09:57:07.920773 24994 catalog_manager.cc:1510] Loading table and tablet metadata into memory...
I20260608 09:57:07.925643 24994 catalog_manager.cc:679] Loaded metadata for table test-workload [id=fc132f98652e4fac897f91b80842386d]
I20260608 09:57:07.930291 24994 tablet_loader.cc:96] loaded metadata for tablet 0fe00d5cc41c4b8aa6ab6ab8d301f29a (table test-workload [id=fc132f98652e4fac897f91b80842386d])
I20260608 09:57:07.931238 24994 tablet_loader.cc:96] loaded metadata for tablet 6fef68bd60b24d1c8f93001b7c387fc4 (table test-workload [id=fc132f98652e4fac897f91b80842386d])
I20260608 09:57:07.932197 24994 tablet_loader.cc:96] loaded metadata for tablet b4a1698f15654c839706cf89f393933a (table test-workload [id=fc132f98652e4fac897f91b80842386d])
I20260608 09:57:07.933115 24994 catalog_manager.cc:1519] Initializing Kudu cluster ID...
I20260608 09:57:07.936246 24994 catalog_manager.cc:1294] Loaded cluster ID: 51e85a96e0984fc78b22586d160dad57
I20260608 09:57:07.936439 24994 catalog_manager.cc:1530] Initializing Kudu internal certificate authority...
I20260608 09:57:07.939841 24994 catalog_manager.cc:1539] Loading token signing keys...
I20260608 09:57:07.942775 24994 catalog_manager.cc:6080] T 00000000000000000000000000000000 P c6d010127c7747f3a2d401333895d546: Loaded TSK: 0
I20260608 09:57:07.943634 24994 catalog_manager.cc:1549] Initializing in-progress tserver states...
I20260608 09:57:08.302311 24545 raft_consensus.cc:1275] T 00000000000000000000000000000000 P 38e584caf0904ce09d96198374977ad6 [term 3 FOLLOWER]: Refusing update from remote peer c6d010127c7747f3a2d401333895d546: Log matching property violated. Preceding OpId in replica: term: 1 index: 9. Preceding OpId from leader: term: 3 index: 10. (index mismatch)
I20260608 09:57:08.303686 24992 consensus_queue.cc:1048] T 00000000000000000000000000000000 P c6d010127c7747f3a2d401333895d546 [LEADER]: Connected to new peer: Peer: permanent_uuid: "38e584caf0904ce09d96198374977ad6" member_type: VOTER last_known_addr { host: "127.22.211.253" port: 37775 }, Status: LMP_MISMATCH, Last received: 0.0, Next index: 10, Last known committed idx: 9, Time since last communication: 0.000s
I20260608 09:57:08.309563 24995 sys_catalog.cc:455] T 00000000000000000000000000000000 P 38e584caf0904ce09d96198374977ad6 [sys.catalog]: SysCatalogTable state changed. Reason: New leader c6d010127c7747f3a2d401333895d546. Latest consensus state: current_term: 3 leader_uuid: "c6d010127c7747f3a2d401333895d546" committed_config { opid_index: -1 OBSOLETE_local: false peers { permanent_uuid: "7f136a9bf03948d2abb28c9148770cfa" member_type: VOTER last_known_addr { host: "127.22.211.254" port: 46715 } } peers { permanent_uuid: "38e584caf0904ce09d96198374977ad6" member_type: VOTER last_known_addr { host: "127.22.211.253" port: 37775 } } peers { permanent_uuid: "c6d010127c7747f3a2d401333895d546" member_type: VOTER last_known_addr { host: "127.22.211.252" port: 33887 } } }
I20260608 09:57:08.310284 24995 sys_catalog.cc:458] T 00000000000000000000000000000000 P 38e584caf0904ce09d96198374977ad6 [sys.catalog]: This master's current role is: FOLLOWER
I20260608 09:57:08.312440 24989 sys_catalog.cc:455] T 00000000000000000000000000000000 P c6d010127c7747f3a2d401333895d546 [sys.catalog]: SysCatalogTable state changed. Reason: Peer health change. Latest consensus state: current_term: 3 leader_uuid: "c6d010127c7747f3a2d401333895d546" committed_config { opid_index: -1 OBSOLETE_local: false peers { permanent_uuid: "7f136a9bf03948d2abb28c9148770cfa" member_type: VOTER last_known_addr { host: "127.22.211.254" port: 46715 } } peers { permanent_uuid: "38e584caf0904ce09d96198374977ad6" member_type: VOTER last_known_addr { host: "127.22.211.253" port: 37775 } } peers { permanent_uuid: "c6d010127c7747f3a2d401333895d546" member_type: VOTER last_known_addr { host: "127.22.211.252" port: 33887 } } }
I20260608 09:57:08.313220 24989 sys_catalog.cc:458] T 00000000000000000000000000000000 P c6d010127c7747f3a2d401333895d546 [sys.catalog]: This master's current role is: LEADER
I20260608 09:57:08.315609 24995 sys_catalog.cc:455] T 00000000000000000000000000000000 P 38e584caf0904ce09d96198374977ad6 [sys.catalog]: SysCatalogTable state changed. Reason: Replicated consensus-only round. Latest consensus state: current_term: 3 leader_uuid: "c6d010127c7747f3a2d401333895d546" committed_config { opid_index: -1 OBSOLETE_local: false peers { permanent_uuid: "7f136a9bf03948d2abb28c9148770cfa" member_type: VOTER last_known_addr { host: "127.22.211.254" port: 46715 } } peers { permanent_uuid: "38e584caf0904ce09d96198374977ad6" member_type: VOTER last_known_addr { host: "127.22.211.253" port: 37775 } } peers { permanent_uuid: "c6d010127c7747f3a2d401333895d546" member_type: VOTER last_known_addr { host: "127.22.211.252" port: 33887 } } }
I20260608 09:57:08.316105 24995 sys_catalog.cc:458] T 00000000000000000000000000000000 P 38e584caf0904ce09d96198374977ad6 [sys.catalog]: This master's current role is: FOLLOWER
W20260608 09:57:08.316432 24583 consensus_peers.cc:597] T 00000000000000000000000000000000 P c6d010127c7747f3a2d401333895d546 -> Peer 7f136a9bf03948d2abb28c9148770cfa (127.22.211.254:46715): Couldn't send request to peer 7f136a9bf03948d2abb28c9148770cfa. Status: Network error: Client connection negotiation failed: client connection to 127.22.211.254:46715: connect: Connection refused (error 111). This is attempt 1: this message will repeat every 5th retry.
I20260608 09:57:08.506543 24677 auto_leader_rebalancer.cc:140] leader rebalance for table test-workload
I20260608 09:57:08.506970 24677 auto_leader_rebalancer.cc:451] All tables' leader rebalancing finished this round
I20260608 09:57:09.015354 23375 tablet_server.cc:179] TabletServer@127.22.211.193:0 shutting down...
I20260608 09:57:09.036485 23375 ts_tablet_manager.cc:1507] Shutting down tablet manager...
I20260608 09:57:09.037279 23375 tablet_replica.cc:333] T 0fe00d5cc41c4b8aa6ab6ab8d301f29a P be2ad525c8084c9690fc846fbf768758: stopping tablet replica
I20260608 09:57:09.037863 23375 raft_consensus.cc:2243] T 0fe00d5cc41c4b8aa6ab6ab8d301f29a P be2ad525c8084c9690fc846fbf768758 [term 1 LEADER]: Raft consensus shutting down.
I20260608 09:57:09.038426 23375 raft_consensus.cc:2272] T 0fe00d5cc41c4b8aa6ab6ab8d301f29a P be2ad525c8084c9690fc846fbf768758 [term 1 FOLLOWER]: Raft consensus is shut down!
I20260608 09:57:09.057430 23375 tablet_server.cc:196] TabletServer@127.22.211.193:0 shutdown complete.
I20260608 09:57:09.068670 23375 tablet_server.cc:179] TabletServer@127.22.211.194:0 shutting down...
I20260608 09:57:09.087527 23375 ts_tablet_manager.cc:1507] Shutting down tablet manager...
I20260608 09:57:09.088269 23375 tablet_replica.cc:333] T b4a1698f15654c839706cf89f393933a P 4bc3becaefee4d3eaeeace826041b71f: stopping tablet replica
I20260608 09:57:09.088785 23375 raft_consensus.cc:2243] T b4a1698f15654c839706cf89f393933a P 4bc3becaefee4d3eaeeace826041b71f [term 1 LEADER]: Raft consensus shutting down.
I20260608 09:57:09.089355 23375 raft_consensus.cc:2272] T b4a1698f15654c839706cf89f393933a P 4bc3becaefee4d3eaeeace826041b71f [term 1 FOLLOWER]: Raft consensus is shut down!
I20260608 09:57:09.108312 23375 tablet_server.cc:196] TabletServer@127.22.211.194:0 shutdown complete.
I20260608 09:57:09.117986 23375 tablet_server.cc:179] TabletServer@127.22.211.195:0 shutting down...
I20260608 09:57:09.138901 23375 ts_tablet_manager.cc:1507] Shutting down tablet manager...
I20260608 09:57:09.139601 23375 tablet_replica.cc:333] T 6fef68bd60b24d1c8f93001b7c387fc4 P 40c7dde698c14440853e46c6eca30192: stopping tablet replica
I20260608 09:57:09.140102 23375 raft_consensus.cc:2243] T 6fef68bd60b24d1c8f93001b7c387fc4 P 40c7dde698c14440853e46c6eca30192 [term 1 LEADER]: Raft consensus shutting down.
I20260608 09:57:09.140658 23375 raft_consensus.cc:2272] T 6fef68bd60b24d1c8f93001b7c387fc4 P 40c7dde698c14440853e46c6eca30192 [term 1 FOLLOWER]: Raft consensus is shut down!
I20260608 09:57:09.159121 23375 tablet_server.cc:196] TabletServer@127.22.211.195:0 shutdown complete.
I20260608 09:57:09.168922 23375 master.cc:562] Master@127.22.211.253:37775 shutting down...
I20260608 09:57:09.189177 23375 raft_consensus.cc:2243] T 00000000000000000000000000000000 P 38e584caf0904ce09d96198374977ad6 [term 3 FOLLOWER]: Raft consensus shutting down.
I20260608 09:57:09.189785 23375 raft_consensus.cc:2272] T 00000000000000000000000000000000 P 38e584caf0904ce09d96198374977ad6 [term 3 FOLLOWER]: Raft consensus is shut down!
I20260608 09:57:09.190085 23375 tablet_replica.cc:333] T 00000000000000000000000000000000 P 38e584caf0904ce09d96198374977ad6: stopping tablet replica
I20260608 09:57:09.209295 23375 master.cc:584] Master@127.22.211.253:37775 shutdown complete.
I20260608 09:57:09.222072 23375 master.cc:562] Master@127.22.211.252:33887 shutting down...
I20260608 09:57:09.238332 23375 raft_consensus.cc:2243] T 00000000000000000000000000000000 P c6d010127c7747f3a2d401333895d546 [term 3 LEADER]: Raft consensus shutting down.
I20260608 09:57:09.239327 23375 raft_consensus.cc:2272] T 00000000000000000000000000000000 P c6d010127c7747f3a2d401333895d546 [term 3 FOLLOWER]: Raft consensus is shut down!
I20260608 09:57:09.239667 23375 tablet_replica.cc:333] T 00000000000000000000000000000000 P c6d010127c7747f3a2d401333895d546: stopping tablet replica
I20260608 09:57:09.259047 23375 master.cc:584] Master@127.22.211.252:33887 shutdown complete.
[       OK ] AutoRebalancerTest.NextLeaderResumesAutoRebalancing (7166 ms)
[ RUN      ] AutoRebalancerTest.MovesScheduledIfAddTserver
I20260608 09:57:09.291733 23375 internal_mini_cluster.cc:156] Creating distributed mini masters. Addrs: 127.22.211.254:35509
I20260608 09:57:09.292953 23375 file_cache.cc:492] Constructed file cache file cache with capacity 419430
W20260608 09:57:09.298863 25006 instance_detector.cc:116] could not retrieve AWS instance metadata: Network error: curl error: HTTP response code said error: The requested URL returned error: 404
W20260608 09:57:09.298905 25007 instance_detector.cc:116] could not retrieve Azure instance metadata: Network error: curl error: HTTP response code said error: The requested URL returned error: 404
W20260608 09:57:09.299474 25009 instance_detector.cc:116] could not retrieve OpenStack instance metadata: Network error: curl error: HTTP response code said error: The requested URL returned error: 404
I20260608 09:57:09.300299 23375 server_base.cc:1061] running on GCE node
I20260608 09:57:09.301047 23375 hybrid_clock.cc:584] initializing the hybrid clock with 'system_unsync' time source
W20260608 09:57:09.301237 23375 system_unsync_time.cc:38] NTP support is disabled. Clock error bounds will not be accurate. This configuration is not suitable for distributed clusters.
I20260608 09:57:09.301389 23375 hybrid_clock.cc:648] HybridClock initialized: now 1780912629301372 us; error 0 us; skew 500 ppm
I20260608 09:57:09.301975 23375 server_base.cc:861] Flag tcmalloc_max_total_thread_cache_bytes is not working since tcmalloc is not enabled.
I20260608 09:57:09.304370 23375 webserver.cc:533] Webserver started at http://127.22.211.254:44211/ using document root <none> and password file <none>
I20260608 09:57:09.304849 23375 fs_manager.cc:362] Metadata directory not provided
I20260608 09:57:09.305029 23375 fs_manager.cc:368] Using write-ahead log directory (fs_wal_dir) as metadata directory
I20260608 09:57:09.305294 23375 server_base.cc:909] This appears to be a new deployment of Kudu; creating new FS layout
I20260608 09:57:09.306517 23375 fs_manager.cc:1068] Generated new instance metadata in path /tmp/dist-test-task6lqjAW/test-tmp/auto_rebalancer-test.0.AutoRebalancerTest.MovesScheduledIfAddTserver.1780912608195076-23375-0/minicluster-data/master-0-root/instance:
uuid: "731ddb2696a942a49a4a1b7e7cc89cb4"
format_stamp: "Formatted at 2026-06-08 09:57:09 on dist-test-slave-961j"
I20260608 09:57:09.311115 23375 fs_manager.cc:696] Time spent creating directory manager: real 0.004s	user 0.006s	sys 0.000s
I20260608 09:57:09.314617 25014 log_block_manager.cc:4031] Time spent loading block containers with low live blocks: real 0.000s	user 0.000s	sys 0.000s
I20260608 09:57:09.315395 23375 fs_manager.cc:730] Time spent opening block manager: real 0.002s	user 0.002s	sys 0.000s
I20260608 09:57:09.315677 23375 fs_manager.cc:647] Opened local filesystem: /tmp/dist-test-task6lqjAW/test-tmp/auto_rebalancer-test.0.AutoRebalancerTest.MovesScheduledIfAddTserver.1780912608195076-23375-0/minicluster-data/master-0-root
uuid: "731ddb2696a942a49a4a1b7e7cc89cb4"
format_stamp: "Formatted at 2026-06-08 09:57:09 on dist-test-slave-961j"
I20260608 09:57:09.315940 23375 fs_report.cc:389] FS layout report
--------------------
wal directory: /tmp/dist-test-task6lqjAW/test-tmp/auto_rebalancer-test.0.AutoRebalancerTest.MovesScheduledIfAddTserver.1780912608195076-23375-0/minicluster-data/master-0-root
metadata directory: /tmp/dist-test-task6lqjAW/test-tmp/auto_rebalancer-test.0.AutoRebalancerTest.MovesScheduledIfAddTserver.1780912608195076-23375-0/minicluster-data/master-0-root
1 data directories: /tmp/dist-test-task6lqjAW/test-tmp/auto_rebalancer-test.0.AutoRebalancerTest.MovesScheduledIfAddTserver.1780912608195076-23375-0/minicluster-data/master-0-root/data
Total live blocks: 0
Total live bytes: 0
Total live bytes (after alignment): 0
Total number of LBM containers: 0 (0 full)
Did not check for missing blocks
Did not check for orphaned blocks
Total full LBM containers with extra space: 0 (0 repaired)
Total full LBM container extra space in bytes: 0 (0 repaired)
Total incomplete LBM containers: 0 (0 repaired)
Total LBM partial records: 0 (0 repaired)
Total corrupted LBM metadata records in RocksDB: 0 (0 repaired)
I20260608 09:57:09.339641 23375 rpc_server.cc:225] running with OpenSSL 1.1.1  11 Sep 2018
I20260608 09:57:09.340942 23375 kserver.cc:163] Server-wide thread pool size limit: 3276
I20260608 09:57:09.378666 23375 rpc_server.cc:307] RPC server started. Bound to: 127.22.211.254:35509
I20260608 09:57:09.378783 25065 acceptor_pool.cc:272] collecting diagnostics on the listening RPC socket 127.22.211.254:35509 every 8 connection(s)
I20260608 09:57:09.382865 25066 data_dirs.cc:400] Could only allocate 1 dirs of requested 3 for tablet 00000000000000000000000000000000. 1 dirs total, 0 dirs full, 0 dirs failed
I20260608 09:57:09.393494 25066 tablet_bootstrap.cc:492] T 00000000000000000000000000000000 P 731ddb2696a942a49a4a1b7e7cc89cb4: Bootstrap starting.
I20260608 09:57:09.398370 25066 tablet_bootstrap.cc:654] T 00000000000000000000000000000000 P 731ddb2696a942a49a4a1b7e7cc89cb4: Neither blocks nor log segments found. Creating new log.
I20260608 09:57:09.402834 25066 tablet_bootstrap.cc:492] T 00000000000000000000000000000000 P 731ddb2696a942a49a4a1b7e7cc89cb4: No bootstrap required, opened a new log
I20260608 09:57:09.405179 25066 raft_consensus.cc:359] T 00000000000000000000000000000000 P 731ddb2696a942a49a4a1b7e7cc89cb4 [term 0 FOLLOWER]: Replica starting. Triggering 0 pending ops. Active config: opid_index: -1 OBSOLETE_local: true peers { permanent_uuid: "731ddb2696a942a49a4a1b7e7cc89cb4" member_type: VOTER }
I20260608 09:57:09.405567 25066 raft_consensus.cc:385] T 00000000000000000000000000000000 P 731ddb2696a942a49a4a1b7e7cc89cb4 [term 0 FOLLOWER]: Consensus starting up: Expiring failure detector timer to make a prompt election more likely
I20260608 09:57:09.405763 25066 raft_consensus.cc:740] T 00000000000000000000000000000000 P 731ddb2696a942a49a4a1b7e7cc89cb4 [term 0 FOLLOWER]: Becoming Follower/Learner. State: Replica: 731ddb2696a942a49a4a1b7e7cc89cb4, State: Initialized, Role: FOLLOWER
I20260608 09:57:09.406313 25066 consensus_queue.cc:260] T 00000000000000000000000000000000 P 731ddb2696a942a49a4a1b7e7cc89cb4 [NON_LEADER]: Queue going to NON_LEADER mode. State: All replicated index: 0, Majority replicated index: 0, Committed index: 0, Last appended: 0.0, Last appended by leader: 0, Current term: 0, Majority size: -1, State: 0, Mode: NON_LEADER, active raft config: opid_index: -1 OBSOLETE_local: true peers { permanent_uuid: "731ddb2696a942a49a4a1b7e7cc89cb4" member_type: VOTER }
I20260608 09:57:09.406759 25066 raft_consensus.cc:399] T 00000000000000000000000000000000 P 731ddb2696a942a49a4a1b7e7cc89cb4 [term 0 FOLLOWER]: Only one voter in the Raft config. Triggering election immediately
I20260608 09:57:09.406950 25066 raft_consensus.cc:493] T 00000000000000000000000000000000 P 731ddb2696a942a49a4a1b7e7cc89cb4 [term 0 FOLLOWER]: Starting leader election (initial election of a single-replica configuration)
I20260608 09:57:09.407168 25066 raft_consensus.cc:3060] T 00000000000000000000000000000000 P 731ddb2696a942a49a4a1b7e7cc89cb4 [term 0 FOLLOWER]: Advancing to term 1
I20260608 09:57:09.411875 25066 raft_consensus.cc:515] T 00000000000000000000000000000000 P 731ddb2696a942a49a4a1b7e7cc89cb4 [term 1 FOLLOWER]: Starting leader election with config: opid_index: -1 OBSOLETE_local: true peers { permanent_uuid: "731ddb2696a942a49a4a1b7e7cc89cb4" member_type: VOTER }
I20260608 09:57:09.412461 25066 leader_election.cc:304] T 00000000000000000000000000000000 P 731ddb2696a942a49a4a1b7e7cc89cb4 [CANDIDATE]: Term 1 election: Election decided. Result: candidate won. Election summary: received 1 responses out of 1 voters: 1 yes votes; 0 no votes. yes voters: 731ddb2696a942a49a4a1b7e7cc89cb4; no voters: 
I20260608 09:57:09.413648 25066 leader_election.cc:290] T 00000000000000000000000000000000 P 731ddb2696a942a49a4a1b7e7cc89cb4 [CANDIDATE]: Term 1 election: Requested vote from peers 
I20260608 09:57:09.414064 25069 raft_consensus.cc:2804] T 00000000000000000000000000000000 P 731ddb2696a942a49a4a1b7e7cc89cb4 [term 1 FOLLOWER]: Leader election won for term 1
I20260608 09:57:09.415421 25069 raft_consensus.cc:697] T 00000000000000000000000000000000 P 731ddb2696a942a49a4a1b7e7cc89cb4 [term 1 LEADER]: Becoming Leader. State: Replica: 731ddb2696a942a49a4a1b7e7cc89cb4, State: Running, Role: LEADER
I20260608 09:57:09.416062 25069 consensus_queue.cc:237] T 00000000000000000000000000000000 P 731ddb2696a942a49a4a1b7e7cc89cb4 [LEADER]: Queue going to LEADER mode. State: All replicated index: 0, Majority replicated index: 0, Committed index: 0, Last appended: 0.0, Last appended by leader: 0, Current term: 1, Majority size: 1, State: 0, Mode: LEADER, active raft config: opid_index: -1 OBSOLETE_local: true peers { permanent_uuid: "731ddb2696a942a49a4a1b7e7cc89cb4" member_type: VOTER }
I20260608 09:57:09.416752 25066 sys_catalog.cc:565] T 00000000000000000000000000000000 P 731ddb2696a942a49a4a1b7e7cc89cb4 [sys.catalog]: configured and running, proceeding with master startup.
I20260608 09:57:09.419253 25070 sys_catalog.cc:455] T 00000000000000000000000000000000 P 731ddb2696a942a49a4a1b7e7cc89cb4 [sys.catalog]: SysCatalogTable state changed. Reason: RaftConsensus started. Latest consensus state: current_term: 1 leader_uuid: "731ddb2696a942a49a4a1b7e7cc89cb4" committed_config { opid_index: -1 OBSOLETE_local: true peers { permanent_uuid: "731ddb2696a942a49a4a1b7e7cc89cb4" member_type: VOTER } }
I20260608 09:57:09.419359 25071 sys_catalog.cc:455] T 00000000000000000000000000000000 P 731ddb2696a942a49a4a1b7e7cc89cb4 [sys.catalog]: SysCatalogTable state changed. Reason: New leader 731ddb2696a942a49a4a1b7e7cc89cb4. Latest consensus state: current_term: 1 leader_uuid: "731ddb2696a942a49a4a1b7e7cc89cb4" committed_config { opid_index: -1 OBSOLETE_local: true peers { permanent_uuid: "731ddb2696a942a49a4a1b7e7cc89cb4" member_type: VOTER } }
I20260608 09:57:09.420012 25071 sys_catalog.cc:458] T 00000000000000000000000000000000 P 731ddb2696a942a49a4a1b7e7cc89cb4 [sys.catalog]: This master's current role is: LEADER
I20260608 09:57:09.420012 25070 sys_catalog.cc:458] T 00000000000000000000000000000000 P 731ddb2696a942a49a4a1b7e7cc89cb4 [sys.catalog]: This master's current role is: LEADER
I20260608 09:57:09.429700 25074 catalog_manager.cc:1510] Loading table and tablet metadata into memory...
I20260608 09:57:09.434779 25074 catalog_manager.cc:1519] Initializing Kudu cluster ID...
I20260608 09:57:09.435802 23375 internal_mini_cluster.cc:184] Waiting to initialize catalog manager on master 0
I20260608 09:57:09.443819 25074 catalog_manager.cc:1382] Generated new cluster ID: 387702a2a6a4454f8f68f5f2dee5de2a
I20260608 09:57:09.444072 25074 catalog_manager.cc:1530] Initializing Kudu internal certificate authority...
I20260608 09:57:09.483500 25074 catalog_manager.cc:1405] Generated new certificate authority record
I20260608 09:57:09.484810 25074 catalog_manager.cc:1539] Loading token signing keys...
I20260608 09:57:09.499222 25074 catalog_manager.cc:6069] T 00000000000000000000000000000000 P 731ddb2696a942a49a4a1b7e7cc89cb4: Generated new TSK 0
I20260608 09:57:09.499804 25074 catalog_manager.cc:1549] Initializing in-progress tserver states...
I20260608 09:57:09.567243 23375 file_cache.cc:492] Constructed file cache file cache with capacity 419430
W20260608 09:57:09.573575 25087 instance_detector.cc:116] could not retrieve AWS instance metadata: Network error: curl error: HTTP response code said error: The requested URL returned error: 404
W20260608 09:57:09.574517 25088 instance_detector.cc:116] could not retrieve Azure instance metadata: Network error: curl error: HTTP response code said error: The requested URL returned error: 404
W20260608 09:57:09.575953 25090 instance_detector.cc:116] could not retrieve OpenStack instance metadata: Network error: curl error: HTTP response code said error: The requested URL returned error: 404
I20260608 09:57:09.576941 23375 server_base.cc:1061] running on GCE node
I20260608 09:57:09.577708 23375 hybrid_clock.cc:584] initializing the hybrid clock with 'system_unsync' time source
W20260608 09:57:09.577903 23375 system_unsync_time.cc:38] NTP support is disabled. Clock error bounds will not be accurate. This configuration is not suitable for distributed clusters.
I20260608 09:57:09.578052 23375 hybrid_clock.cc:648] HybridClock initialized: now 1780912629578034 us; error 0 us; skew 500 ppm
I20260608 09:57:09.578651 23375 server_base.cc:861] Flag tcmalloc_max_total_thread_cache_bytes is not working since tcmalloc is not enabled.
I20260608 09:57:09.580909 23375 webserver.cc:533] Webserver started at http://127.22.211.193:36241/ using document root <none> and password file <none>
I20260608 09:57:09.581461 23375 fs_manager.cc:362] Metadata directory not provided
I20260608 09:57:09.581647 23375 fs_manager.cc:368] Using write-ahead log directory (fs_wal_dir) as metadata directory
I20260608 09:57:09.581898 23375 server_base.cc:909] This appears to be a new deployment of Kudu; creating new FS layout
I20260608 09:57:09.582996 23375 fs_manager.cc:1068] Generated new instance metadata in path /tmp/dist-test-task6lqjAW/test-tmp/auto_rebalancer-test.0.AutoRebalancerTest.MovesScheduledIfAddTserver.1780912608195076-23375-0/minicluster-data/ts-0-root/instance:
uuid: "566ad1d135664342b07cf42b40183226"
format_stamp: "Formatted at 2026-06-08 09:57:09 on dist-test-slave-961j"
I20260608 09:57:09.587558 23375 fs_manager.cc:696] Time spent creating directory manager: real 0.004s	user 0.002s	sys 0.004s
I20260608 09:57:09.591099 25095 log_block_manager.cc:4031] Time spent loading block containers with low live blocks: real 0.000s	user 0.000s	sys 0.000s
I20260608 09:57:09.591944 23375 fs_manager.cc:730] Time spent opening block manager: real 0.002s	user 0.002s	sys 0.000s
I20260608 09:57:09.592299 23375 fs_manager.cc:647] Opened local filesystem: /tmp/dist-test-task6lqjAW/test-tmp/auto_rebalancer-test.0.AutoRebalancerTest.MovesScheduledIfAddTserver.1780912608195076-23375-0/minicluster-data/ts-0-root
uuid: "566ad1d135664342b07cf42b40183226"
format_stamp: "Formatted at 2026-06-08 09:57:09 on dist-test-slave-961j"
I20260608 09:57:09.592602 23375 fs_report.cc:389] FS layout report
--------------------
wal directory: /tmp/dist-test-task6lqjAW/test-tmp/auto_rebalancer-test.0.AutoRebalancerTest.MovesScheduledIfAddTserver.1780912608195076-23375-0/minicluster-data/ts-0-root
metadata directory: /tmp/dist-test-task6lqjAW/test-tmp/auto_rebalancer-test.0.AutoRebalancerTest.MovesScheduledIfAddTserver.1780912608195076-23375-0/minicluster-data/ts-0-root
1 data directories: /tmp/dist-test-task6lqjAW/test-tmp/auto_rebalancer-test.0.AutoRebalancerTest.MovesScheduledIfAddTserver.1780912608195076-23375-0/minicluster-data/ts-0-root/data
Total live blocks: 0
Total live bytes: 0
Total live bytes (after alignment): 0
Total number of LBM containers: 0 (0 full)
Did not check for missing blocks
Did not check for orphaned blocks
Total full LBM containers with extra space: 0 (0 repaired)
Total full LBM container extra space in bytes: 0 (0 repaired)
Total incomplete LBM containers: 0 (0 repaired)
Total LBM partial records: 0 (0 repaired)
Total corrupted LBM metadata records in RocksDB: 0 (0 repaired)
I20260608 09:57:09.601742 23375 rpc_server.cc:225] running with OpenSSL 1.1.1  11 Sep 2018
I20260608 09:57:09.603034 23375 kserver.cc:163] Server-wide thread pool size limit: 3276
I20260608 09:57:09.604584 23375 txn_system_client.cc:432] TxnSystemClient initialization is disabled...
I20260608 09:57:09.607173 23375 ts_tablet_manager.cc:585] Loaded tablet metadata (0 total tablets, 0 live tablets)
I20260608 09:57:09.607381 23375 ts_tablet_manager.cc:531] Time spent load tablet metadata: real 0.000s	user 0.000s	sys 0.000s
I20260608 09:57:09.607636 23375 ts_tablet_manager.cc:616] Registered 0 tablets
I20260608 09:57:09.607795 23375 ts_tablet_manager.cc:595] Time spent register tablets: real 0.000s	user 0.000s	sys 0.000s
I20260608 09:57:09.649156 23375 rpc_server.cc:307] RPC server started. Bound to: 127.22.211.193:38437
I20260608 09:57:09.649322 25157 acceptor_pool.cc:272] collecting diagnostics on the listening RPC socket 127.22.211.193:38437 every 8 connection(s)
I20260608 09:57:09.654600 23375 file_cache.cc:492] Constructed file cache file cache with capacity 419430
W20260608 09:57:09.661891 25162 instance_detector.cc:116] could not retrieve AWS instance metadata: Network error: curl error: HTTP response code said error: The requested URL returned error: 404
W20260608 09:57:09.664273 25163 instance_detector.cc:116] could not retrieve Azure instance metadata: Network error: curl error: HTTP response code said error: The requested URL returned error: 404
W20260608 09:57:09.665203 25165 instance_detector.cc:116] could not retrieve OpenStack instance metadata: Network error: curl error: HTTP response code said error: The requested URL returned error: 404
I20260608 09:57:09.665644 23375 server_base.cc:1061] running on GCE node
I20260608 09:57:09.666524 23375 hybrid_clock.cc:584] initializing the hybrid clock with 'system_unsync' time source
W20260608 09:57:09.666733 23375 system_unsync_time.cc:38] NTP support is disabled. Clock error bounds will not be accurate. This configuration is not suitable for distributed clusters.
I20260608 09:57:09.666909 23375 hybrid_clock.cc:648] HybridClock initialized: now 1780912629666891 us; error 0 us; skew 500 ppm
I20260608 09:57:09.667526 23375 server_base.cc:861] Flag tcmalloc_max_total_thread_cache_bytes is not working since tcmalloc is not enabled.
I20260608 09:57:09.671043 23375 webserver.cc:533] Webserver started at http://127.22.211.194:37971/ using document root <none> and password file <none>
I20260608 09:57:09.671600 25158 heartbeater.cc:344] Connected to a master server at 127.22.211.254:35509
I20260608 09:57:09.671669 23375 fs_manager.cc:362] Metadata directory not provided
I20260608 09:57:09.672061 23375 fs_manager.cc:368] Using write-ahead log directory (fs_wal_dir) as metadata directory
I20260608 09:57:09.672129 25158 heartbeater.cc:461] Registering TS with master...
I20260608 09:57:09.672389 23375 server_base.cc:909] This appears to be a new deployment of Kudu; creating new FS layout
I20260608 09:57:09.672952 25158 heartbeater.cc:507] Master 127.22.211.254:35509 requested a full tablet report, sending...
I20260608 09:57:09.673606 23375 fs_manager.cc:1068] Generated new instance metadata in path /tmp/dist-test-task6lqjAW/test-tmp/auto_rebalancer-test.0.AutoRebalancerTest.MovesScheduledIfAddTserver.1780912608195076-23375-0/minicluster-data/ts-1-root/instance:
uuid: "32b20a4e90514faeb31e2ce0538d11c9"
format_stamp: "Formatted at 2026-06-08 09:57:09 on dist-test-slave-961j"
I20260608 09:57:09.675185 25031 ts_manager.cc:194] Registered new tserver with Master: 566ad1d135664342b07cf42b40183226 (127.22.211.193:38437)
I20260608 09:57:09.677037 25031 master_service.cc:502] Signed X509 certificate for tserver {username='slave'} at 127.0.0.1:44724
I20260608 09:57:09.678759 23375 fs_manager.cc:696] Time spent creating directory manager: real 0.004s	user 0.006s	sys 0.000s
I20260608 09:57:09.682334 25170 log_block_manager.cc:4031] Time spent loading block containers with low live blocks: real 0.000s	user 0.000s	sys 0.000s
I20260608 09:57:09.683140 23375 fs_manager.cc:730] Time spent opening block manager: real 0.002s	user 0.002s	sys 0.000s
I20260608 09:57:09.683425 23375 fs_manager.cc:647] Opened local filesystem: /tmp/dist-test-task6lqjAW/test-tmp/auto_rebalancer-test.0.AutoRebalancerTest.MovesScheduledIfAddTserver.1780912608195076-23375-0/minicluster-data/ts-1-root
uuid: "32b20a4e90514faeb31e2ce0538d11c9"
format_stamp: "Formatted at 2026-06-08 09:57:09 on dist-test-slave-961j"
I20260608 09:57:09.683693 23375 fs_report.cc:389] FS layout report
--------------------
wal directory: /tmp/dist-test-task6lqjAW/test-tmp/auto_rebalancer-test.0.AutoRebalancerTest.MovesScheduledIfAddTserver.1780912608195076-23375-0/minicluster-data/ts-1-root
metadata directory: /tmp/dist-test-task6lqjAW/test-tmp/auto_rebalancer-test.0.AutoRebalancerTest.MovesScheduledIfAddTserver.1780912608195076-23375-0/minicluster-data/ts-1-root
1 data directories: /tmp/dist-test-task6lqjAW/test-tmp/auto_rebalancer-test.0.AutoRebalancerTest.MovesScheduledIfAddTserver.1780912608195076-23375-0/minicluster-data/ts-1-root/data
Total live blocks: 0
Total live bytes: 0
Total live bytes (after alignment): 0
Total number of LBM containers: 0 (0 full)
Did not check for missing blocks
Did not check for orphaned blocks
Total full LBM containers with extra space: 0 (0 repaired)
Total full LBM container extra space in bytes: 0 (0 repaired)
Total incomplete LBM containers: 0 (0 repaired)
Total LBM partial records: 0 (0 repaired)
Total corrupted LBM metadata records in RocksDB: 0 (0 repaired)
I20260608 09:57:09.706800 23375 rpc_server.cc:225] running with OpenSSL 1.1.1  11 Sep 2018
I20260608 09:57:09.708096 23375 kserver.cc:163] Server-wide thread pool size limit: 3276
I20260608 09:57:09.709645 23375 txn_system_client.cc:432] TxnSystemClient initialization is disabled...
I20260608 09:57:09.711967 23375 ts_tablet_manager.cc:585] Loaded tablet metadata (0 total tablets, 0 live tablets)
I20260608 09:57:09.712203 23375 ts_tablet_manager.cc:531] Time spent load tablet metadata: real 0.000s	user 0.000s	sys 0.000s
I20260608 09:57:09.712441 23375 ts_tablet_manager.cc:616] Registered 0 tablets
I20260608 09:57:09.712599 23375 ts_tablet_manager.cc:595] Time spent register tablets: real 0.000s	user 0.000s	sys 0.000s
I20260608 09:57:09.752614 23375 rpc_server.cc:307] RPC server started. Bound to: 127.22.211.194:36039
I20260608 09:57:09.752728 25232 acceptor_pool.cc:272] collecting diagnostics on the listening RPC socket 127.22.211.194:36039 every 8 connection(s)
I20260608 09:57:09.757814 23375 file_cache.cc:492] Constructed file cache file cache with capacity 419430
W20260608 09:57:09.765202 25236 instance_detector.cc:116] could not retrieve AWS instance metadata: Network error: curl error: HTTP response code said error: The requested URL returned error: 404
W20260608 09:57:09.766942 25237 instance_detector.cc:116] could not retrieve Azure instance metadata: Network error: curl error: HTTP response code said error: The requested URL returned error: 404
I20260608 09:57:09.771606 25233 heartbeater.cc:344] Connected to a master server at 127.22.211.254:35509
I20260608 09:57:09.772122 25233 heartbeater.cc:461] Registering TS with master...
I20260608 09:57:09.773180 23375 server_base.cc:1061] running on GCE node
I20260608 09:57:09.773221 25233 heartbeater.cc:507] Master 127.22.211.254:35509 requested a full tablet report, sending...
W20260608 09:57:09.774309 25240 instance_detector.cc:116] could not retrieve OpenStack instance metadata: Network error: curl error: HTTP response code said error: The requested URL returned error: 404
I20260608 09:57:09.775384 23375 hybrid_clock.cc:584] initializing the hybrid clock with 'system_unsync' time source
W20260608 09:57:09.775655 23375 system_unsync_time.cc:38] NTP support is disabled. Clock error bounds will not be accurate. This configuration is not suitable for distributed clusters.
I20260608 09:57:09.775861 23375 hybrid_clock.cc:648] HybridClock initialized: now 1780912629775841 us; error 0 us; skew 500 ppm
I20260608 09:57:09.776031 25031 ts_manager.cc:194] Registered new tserver with Master: 32b20a4e90514faeb31e2ce0538d11c9 (127.22.211.194:36039)
I20260608 09:57:09.776682 23375 server_base.cc:861] Flag tcmalloc_max_total_thread_cache_bytes is not working since tcmalloc is not enabled.
I20260608 09:57:09.777887 25031 master_service.cc:502] Signed X509 certificate for tserver {username='slave'} at 127.0.0.1:44726
I20260608 09:57:09.779587 23375 webserver.cc:533] Webserver started at http://127.22.211.195:33663/ using document root <none> and password file <none>
I20260608 09:57:09.780100 23375 fs_manager.cc:362] Metadata directory not provided
I20260608 09:57:09.780335 23375 fs_manager.cc:368] Using write-ahead log directory (fs_wal_dir) as metadata directory
I20260608 09:57:09.780597 23375 server_base.cc:909] This appears to be a new deployment of Kudu; creating new FS layout
I20260608 09:57:09.781728 23375 fs_manager.cc:1068] Generated new instance metadata in path /tmp/dist-test-task6lqjAW/test-tmp/auto_rebalancer-test.0.AutoRebalancerTest.MovesScheduledIfAddTserver.1780912608195076-23375-0/minicluster-data/ts-2-root/instance:
uuid: "4b7c6b4e6b0a478bac15b6b3c76e27cb"
format_stamp: "Formatted at 2026-06-08 09:57:09 on dist-test-slave-961j"
I20260608 09:57:09.786281 23375 fs_manager.cc:696] Time spent creating directory manager: real 0.004s	user 0.005s	sys 0.000s
I20260608 09:57:09.789582 25244 log_block_manager.cc:4031] Time spent loading block containers with low live blocks: real 0.000s	user 0.000s	sys 0.000s
I20260608 09:57:09.790339 23375 fs_manager.cc:730] Time spent opening block manager: real 0.002s	user 0.003s	sys 0.000s
I20260608 09:57:09.790612 23375 fs_manager.cc:647] Opened local filesystem: /tmp/dist-test-task6lqjAW/test-tmp/auto_rebalancer-test.0.AutoRebalancerTest.MovesScheduledIfAddTserver.1780912608195076-23375-0/minicluster-data/ts-2-root
uuid: "4b7c6b4e6b0a478bac15b6b3c76e27cb"
format_stamp: "Formatted at 2026-06-08 09:57:09 on dist-test-slave-961j"
