I20260608 09:58:05.199074 26241 raft_consensus.cc:493] T bf7f8a64c20f46429462150e6e835ec5 P e9ccb663c012488392cd7d87951209bf [term 1 FOLLOWER]: Starting pre-election (no leader contacted us within the election timeout)
I20260608 09:58:05.199687 26241 raft_consensus.cc:515] T bf7f8a64c20f46429462150e6e835ec5 P e9ccb663c012488392cd7d87951209bf [term 1 FOLLOWER]: Starting pre-election with config: opid_index: -1 OBSOLETE_local: false peers { permanent_uuid: "2179780b4aac47ec8456f5b6d1a73ec8" member_type: VOTER last_known_addr { host: "127.22.211.193" port: 42785 } } peers { permanent_uuid: "e9ccb663c012488392cd7d87951209bf" member_type: VOTER last_known_addr { host: "127.22.211.194" port: 41251 } } peers { permanent_uuid: "896b10885ca3472284c3c2d2810ef027" member_type: VOTER last_known_addr { host: "127.22.211.195" port: 39757 } }
I20260608 09:58:05.202109 26241 leader_election.cc:290] T bf7f8a64c20f46429462150e6e835ec5 P e9ccb663c012488392cd7d87951209bf [CANDIDATE]: Term 2 pre-election: Requested pre-vote from peers 2179780b4aac47ec8456f5b6d1a73ec8 (127.22.211.193:42785), 896b10885ca3472284c3c2d2810ef027 (127.22.211.195:39757)
I20260608 09:58:05.204272 26151 tablet_service.cc:1917] Received RequestConsensusVote() RPC: tablet_id: "bf7f8a64c20f46429462150e6e835ec5" candidate_uuid: "e9ccb663c012488392cd7d87951209bf" candidate_term: 2 candidate_status { last_received { term: 0 index: 0 } } ignore_live_leader: false dest_uuid: "896b10885ca3472284c3c2d2810ef027" is_pre_election: true
I20260608 09:58:05.204973 26151 raft_consensus.cc:2468] T bf7f8a64c20f46429462150e6e835ec5 P 896b10885ca3472284c3c2d2810ef027 [term 1 FOLLOWER]: Leader pre-election vote request: Granting yes vote for candidate e9ccb663c012488392cd7d87951209bf in term 1.
I20260608 09:58:05.206566 26043 leader_election.cc:304] T bf7f8a64c20f46429462150e6e835ec5 P e9ccb663c012488392cd7d87951209bf [CANDIDATE]: Term 2 pre-election: Election decided. Result: candidate won. Election summary: received 2 responses out of 3 voters: 2 yes votes; 0 no votes. yes voters: 896b10885ca3472284c3c2d2810ef027, e9ccb663c012488392cd7d87951209bf; no voters: 
I20260608 09:58:05.207494 26241 raft_consensus.cc:2804] T bf7f8a64c20f46429462150e6e835ec5 P e9ccb663c012488392cd7d87951209bf [term 1 FOLLOWER]: Leader pre-election won for term 2
W20260608 09:58:05.207707 26042 leader_election.cc:336] T bf7f8a64c20f46429462150e6e835ec5 P e9ccb663c012488392cd7d87951209bf [CANDIDATE]: Term 2 pre-election: RPC error from VoteRequest() call to peer 2179780b4aac47ec8456f5b6d1a73ec8 (127.22.211.193:42785): Network error: Client connection negotiation failed: client connection to 127.22.211.193:42785: connect: Connection refused (error 111)
I20260608 09:58:05.207903 26241 raft_consensus.cc:493] T bf7f8a64c20f46429462150e6e835ec5 P e9ccb663c012488392cd7d87951209bf [term 1 FOLLOWER]: Starting leader election (no leader contacted us within the election timeout)
I20260608 09:58:05.208310 26241 raft_consensus.cc:3060] T bf7f8a64c20f46429462150e6e835ec5 P e9ccb663c012488392cd7d87951209bf [term 1 FOLLOWER]: Advancing to term 2
I20260608 09:58:05.213709 26241 raft_consensus.cc:515] T bf7f8a64c20f46429462150e6e835ec5 P e9ccb663c012488392cd7d87951209bf [term 2 FOLLOWER]: Starting leader election with config: opid_index: -1 OBSOLETE_local: false peers { permanent_uuid: "2179780b4aac47ec8456f5b6d1a73ec8" member_type: VOTER last_known_addr { host: "127.22.211.193" port: 42785 } } peers { permanent_uuid: "e9ccb663c012488392cd7d87951209bf" member_type: VOTER last_known_addr { host: "127.22.211.194" port: 41251 } } peers { permanent_uuid: "896b10885ca3472284c3c2d2810ef027" member_type: VOTER last_known_addr { host: "127.22.211.195" port: 39757 } }
I20260608 09:58:05.215683 26241 leader_election.cc:290] T bf7f8a64c20f46429462150e6e835ec5 P e9ccb663c012488392cd7d87951209bf [CANDIDATE]: Term 2 election: Requested vote from peers 2179780b4aac47ec8456f5b6d1a73ec8 (127.22.211.193:42785), 896b10885ca3472284c3c2d2810ef027 (127.22.211.195:39757)
I20260608 09:58:05.216892 26151 tablet_service.cc:1917] Received RequestConsensusVote() RPC: tablet_id: "bf7f8a64c20f46429462150e6e835ec5" candidate_uuid: "e9ccb663c012488392cd7d87951209bf" candidate_term: 2 candidate_status { last_received { term: 0 index: 0 } } ignore_live_leader: false dest_uuid: "896b10885ca3472284c3c2d2810ef027"
I20260608 09:58:05.217622 26151 raft_consensus.cc:3060] T bf7f8a64c20f46429462150e6e835ec5 P 896b10885ca3472284c3c2d2810ef027 [term 1 FOLLOWER]: Advancing to term 2
W20260608 09:58:05.220209 26042 leader_election.cc:336] T bf7f8a64c20f46429462150e6e835ec5 P e9ccb663c012488392cd7d87951209bf [CANDIDATE]: Term 2 election: RPC error from VoteRequest() call to peer 2179780b4aac47ec8456f5b6d1a73ec8 (127.22.211.193:42785): Network error: Client connection negotiation failed: client connection to 127.22.211.193:42785: connect: Connection refused (error 111)
I20260608 09:58:05.222862 26151 raft_consensus.cc:2468] T bf7f8a64c20f46429462150e6e835ec5 P 896b10885ca3472284c3c2d2810ef027 [term 2 FOLLOWER]: Leader election vote request: Granting yes vote for candidate e9ccb663c012488392cd7d87951209bf in term 2.
I20260608 09:58:05.223884 26043 leader_election.cc:304] T bf7f8a64c20f46429462150e6e835ec5 P e9ccb663c012488392cd7d87951209bf [CANDIDATE]: Term 2 election: Election decided. Result: candidate won. Election summary: received 3 responses out of 3 voters: 2 yes votes; 1 no votes. yes voters: 896b10885ca3472284c3c2d2810ef027, e9ccb663c012488392cd7d87951209bf; no voters: 2179780b4aac47ec8456f5b6d1a73ec8
I20260608 09:58:05.224673 26241 raft_consensus.cc:2804] T bf7f8a64c20f46429462150e6e835ec5 P e9ccb663c012488392cd7d87951209bf [term 2 FOLLOWER]: Leader election won for term 2
I20260608 09:58:05.225916 26241 raft_consensus.cc:697] T bf7f8a64c20f46429462150e6e835ec5 P e9ccb663c012488392cd7d87951209bf [term 2 LEADER]: Becoming Leader. State: Replica: e9ccb663c012488392cd7d87951209bf, State: Running, Role: LEADER
I20260608 09:58:05.226722 26241 consensus_queue.cc:237] T bf7f8a64c20f46429462150e6e835ec5 P e9ccb663c012488392cd7d87951209bf [LEADER]: Queue going to LEADER mode. State: All replicated index: 0, Majority replicated index: 0, Committed index: 0, Last appended: 0.0, Last appended by leader: 0, Current term: 2, Majority size: 2, State: 0, Mode: LEADER, active raft config: opid_index: -1 OBSOLETE_local: false peers { permanent_uuid: "2179780b4aac47ec8456f5b6d1a73ec8" member_type: VOTER last_known_addr { host: "127.22.211.193" port: 42785 } } peers { permanent_uuid: "e9ccb663c012488392cd7d87951209bf" member_type: VOTER last_known_addr { host: "127.22.211.194" port: 41251 } } peers { permanent_uuid: "896b10885ca3472284c3c2d2810ef027" member_type: VOTER last_known_addr { host: "127.22.211.195" port: 39757 } }
I20260608 09:58:05.234810 25898 catalog_manager.cc:5696] T bf7f8a64c20f46429462150e6e835ec5 P e9ccb663c012488392cd7d87951209bf reported cstate change: term changed from 1 to 2, leader changed from 2179780b4aac47ec8456f5b6d1a73ec8 (127.22.211.193) to e9ccb663c012488392cd7d87951209bf (127.22.211.194). New cstate: current_term: 2 leader_uuid: "e9ccb663c012488392cd7d87951209bf" committed_config { opid_index: -1 OBSOLETE_local: false peers { permanent_uuid: "2179780b4aac47ec8456f5b6d1a73ec8" member_type: VOTER last_known_addr { host: "127.22.211.193" port: 42785 } health_report { overall_health: UNKNOWN } } peers { permanent_uuid: "e9ccb663c012488392cd7d87951209bf" member_type: VOTER last_known_addr { host: "127.22.211.194" port: 41251 } health_report { overall_health: HEALTHY } } peers { permanent_uuid: "896b10885ca3472284c3c2d2810ef027" member_type: VOTER last_known_addr { host: "127.22.211.195" port: 39757 } health_report { overall_health: UNKNOWN } } }
I20260608 09:58:05.291841 26077 raft_consensus.cc:1275] T 811dd3e77d55413395c25fca182ff0a0 P e9ccb663c012488392cd7d87951209bf [term 2 FOLLOWER]: Refusing update from remote peer 896b10885ca3472284c3c2d2810ef027: Log matching property violated. Preceding OpId in replica: term: 1 index: 1. Preceding OpId from leader: term: 2 index: 2. (index mismatch)
I20260608 09:58:05.293220 26221 consensus_queue.cc:1048] T 811dd3e77d55413395c25fca182ff0a0 P 896b10885ca3472284c3c2d2810ef027 [LEADER]: Connected to new peer: Peer: permanent_uuid: "e9ccb663c012488392cd7d87951209bf" member_type: VOTER last_known_addr { host: "127.22.211.194" port: 41251 }, Status: LMP_MISMATCH, Last received: 0.0, Next index: 2, Last known committed idx: 1, Time since last communication: 0.000s
W20260608 09:58:05.312034 26116 consensus_peers.cc:597] T 811dd3e77d55413395c25fca182ff0a0 P 896b10885ca3472284c3c2d2810ef027 -> Peer 2179780b4aac47ec8456f5b6d1a73ec8 (127.22.211.193:42785): Couldn't send request to peer 2179780b4aac47ec8456f5b6d1a73ec8. Status: Network error: Client connection negotiation failed: client connection to 127.22.211.193:42785: connect: Connection refused (error 111). This is attempt 1: this message will repeat every 5th retry.
I20260608 09:58:05.373625 25953 auto_leader_rebalancer.cc:140] leader rebalance for table range_aware_auto_rebalancer_test
I20260608 09:58:05.388366 26151 tablet_service.cc:2072] Received LeaderStepDown RPC: tablet_id: "89bb4b273af7483cab676c3a86a9245b"
dest_uuid: "896b10885ca3472284c3c2d2810ef027"
mode: GRACEFUL
new_leader_uuid: "2179780b4aac47ec8456f5b6d1a73ec8"
 from {username='slave'} at 127.0.0.1:47594
I20260608 09:58:05.388972 26151 raft_consensus.cc:606] T 89bb4b273af7483cab676c3a86a9245b P 896b10885ca3472284c3c2d2810ef027 [term 1 LEADER]: Received request to transfer leadership to TS 2179780b4aac47ec8456f5b6d1a73ec8
W20260608 09:58:05.389667 23375 thread.cc:527] Waited for 2000ms trying to join with diag-logger (tid 26023)
I20260608 09:58:05.390157 25953 auto_leader_rebalancer.cc:388] table: range_aware_auto_rebalancer_test, leader rebalance finish, leader transfer count: 1
I20260608 09:58:05.390652 25953 auto_leader_rebalancer.cc:451] All tables' leader rebalancing finished this round
I20260608 09:58:05.608449 23375 tablet_server.cc:196] TabletServer@127.22.211.193:0 shutdown complete.
I20260608 09:58:05.619642 23375 tablet_server.cc:179] TabletServer@127.22.211.194:0 shutting down...
I20260608 09:58:05.627800 26151 raft_consensus.cc:1275] T bf7f8a64c20f46429462150e6e835ec5 P 896b10885ca3472284c3c2d2810ef027 [term 2 FOLLOWER]: Refusing update from remote peer e9ccb663c012488392cd7d87951209bf: Log matching property violated. Preceding OpId in replica: term: 0 index: 0. Preceding OpId from leader: term: 2 index: 1. (index mismatch)
I20260608 09:58:05.630501 26241 consensus_queue.cc:1048] T bf7f8a64c20f46429462150e6e835ec5 P e9ccb663c012488392cd7d87951209bf [LEADER]: Connected to new peer: Peer: permanent_uuid: "896b10885ca3472284c3c2d2810ef027" member_type: VOTER last_known_addr { host: "127.22.211.195" port: 39757 }, Status: LMP_MISMATCH, Last received: 0.0, Next index: 1, Last known committed idx: 0, Time since last communication: 0.000s
W20260608 09:58:05.648020 26042 consensus_peers.cc:597] T bf7f8a64c20f46429462150e6e835ec5 P e9ccb663c012488392cd7d87951209bf -> Peer 2179780b4aac47ec8456f5b6d1a73ec8 (127.22.211.193:42785): Couldn't send request to peer 2179780b4aac47ec8456f5b6d1a73ec8. Status: Network error: Client connection negotiation failed: client connection to 127.22.211.193:42785: connect: Connection refused (error 111). This is attempt 1: this message will repeat every 5th retry.
I20260608 09:58:05.650862 23375 ts_tablet_manager.cc:1507] Shutting down tablet manager...
I20260608 09:58:05.651564 23375 tablet_replica.cc:333] T c6270e83f9ed446fa780efa52e33a356 P e9ccb663c012488392cd7d87951209bf: stopping tablet replica
I20260608 09:58:05.652256 23375 raft_consensus.cc:2243] T c6270e83f9ed446fa780efa52e33a356 P e9ccb663c012488392cd7d87951209bf [term 1 FOLLOWER]: Raft consensus shutting down.
I20260608 09:58:05.652701 23375 raft_consensus.cc:2272] T c6270e83f9ed446fa780efa52e33a356 P e9ccb663c012488392cd7d87951209bf [term 1 FOLLOWER]: Raft consensus is shut down!
I20260608 09:58:05.654565 23375 tablet_replica.cc:333] T bf7f8a64c20f46429462150e6e835ec5 P e9ccb663c012488392cd7d87951209bf: stopping tablet replica
I20260608 09:58:05.655124 23375 raft_consensus.cc:2243] T bf7f8a64c20f46429462150e6e835ec5 P e9ccb663c012488392cd7d87951209bf [term 2 LEADER]: Raft consensus shutting down.
I20260608 09:58:05.655838 23375 raft_consensus.cc:2272] T bf7f8a64c20f46429462150e6e835ec5 P e9ccb663c012488392cd7d87951209bf [term 2 FOLLOWER]: Raft consensus is shut down!
I20260608 09:58:05.658126 23375 tablet_replica.cc:333] T 89bb4b273af7483cab676c3a86a9245b P e9ccb663c012488392cd7d87951209bf: stopping tablet replica
I20260608 09:58:05.658638 23375 raft_consensus.cc:2243] T 89bb4b273af7483cab676c3a86a9245b P e9ccb663c012488392cd7d87951209bf [term 1 FOLLOWER]: Raft consensus shutting down.
I20260608 09:58:05.659044 23375 raft_consensus.cc:2272] T 89bb4b273af7483cab676c3a86a9245b P e9ccb663c012488392cd7d87951209bf [term 1 FOLLOWER]: Raft consensus is shut down!
I20260608 09:58:05.660827 23375 tablet_replica.cc:333] T 811dd3e77d55413395c25fca182ff0a0 P e9ccb663c012488392cd7d87951209bf: stopping tablet replica
I20260608 09:58:05.661273 23375 raft_consensus.cc:2243] T 811dd3e77d55413395c25fca182ff0a0 P e9ccb663c012488392cd7d87951209bf [term 2 FOLLOWER]: Raft consensus shutting down.
I20260608 09:58:05.661664 23375 raft_consensus.cc:2272] T 811dd3e77d55413395c25fca182ff0a0 P e9ccb663c012488392cd7d87951209bf [term 2 FOLLOWER]: Raft consensus is shut down!
I20260608 09:58:05.684221 23375 tablet_server.cc:196] TabletServer@127.22.211.194:0 shutdown complete.
I20260608 09:58:05.695816 23375 tablet_server.cc:179] TabletServer@127.22.211.195:0 shutting down...
I20260608 09:58:05.711320 23375 ts_tablet_manager.cc:1507] Shutting down tablet manager...
I20260608 09:58:05.711931 23375 tablet_replica.cc:333] T 89bb4b273af7483cab676c3a86a9245b P 896b10885ca3472284c3c2d2810ef027: stopping tablet replica
I20260608 09:58:05.712518 23375 raft_consensus.cc:2243] T 89bb4b273af7483cab676c3a86a9245b P 896b10885ca3472284c3c2d2810ef027 [term 1 LEADER]: Raft consensus shutting down.
I20260608 09:58:05.713307 23375 raft_consensus.cc:2272] T 89bb4b273af7483cab676c3a86a9245b P 896b10885ca3472284c3c2d2810ef027 [term 1 FOLLOWER]: Raft consensus is shut down!
I20260608 09:58:05.715108 23375 tablet_replica.cc:333] T bf7f8a64c20f46429462150e6e835ec5 P 896b10885ca3472284c3c2d2810ef027: stopping tablet replica
I20260608 09:58:05.715595 23375 raft_consensus.cc:2243] T bf7f8a64c20f46429462150e6e835ec5 P 896b10885ca3472284c3c2d2810ef027 [term 2 FOLLOWER]: Raft consensus shutting down.
I20260608 09:58:05.715967 23375 raft_consensus.cc:2272] T bf7f8a64c20f46429462150e6e835ec5 P 896b10885ca3472284c3c2d2810ef027 [term 2 FOLLOWER]: Raft consensus is shut down!
I20260608 09:58:05.718063 23375 tablet_replica.cc:333] T 811dd3e77d55413395c25fca182ff0a0 P 896b10885ca3472284c3c2d2810ef027: stopping tablet replica
I20260608 09:58:05.718533 23375 raft_consensus.cc:2243] T 811dd3e77d55413395c25fca182ff0a0 P 896b10885ca3472284c3c2d2810ef027 [term 2 LEADER]: Raft consensus shutting down.
I20260608 09:58:05.719249 23375 raft_consensus.cc:2272] T 811dd3e77d55413395c25fca182ff0a0 P 896b10885ca3472284c3c2d2810ef027 [term 2 FOLLOWER]: Raft consensus is shut down!
I20260608 09:58:05.721230 23375 tablet_replica.cc:333] T c6270e83f9ed446fa780efa52e33a356 P 896b10885ca3472284c3c2d2810ef027: stopping tablet replica
I20260608 09:58:05.721670 23375 raft_consensus.cc:2243] T c6270e83f9ed446fa780efa52e33a356 P 896b10885ca3472284c3c2d2810ef027 [term 1 LEADER]: Raft consensus shutting down.
I20260608 09:58:05.722366 23375 raft_consensus.cc:2272] T c6270e83f9ed446fa780efa52e33a356 P 896b10885ca3472284c3c2d2810ef027 [term 1 FOLLOWER]: Raft consensus is shut down!
I20260608 09:58:05.733680 23375 tablet_server.cc:196] TabletServer@127.22.211.195:0 shutdown complete.
I20260608 09:58:05.744436 23375 master.cc:562] Master@127.22.211.254:42223 shutting down...
I20260608 09:58:05.758862 23375 raft_consensus.cc:2243] T 00000000000000000000000000000000 P d00af698298a4427b5c608bad42d2d4a [term 1 LEADER]: Raft consensus shutting down.
I20260608 09:58:05.759383 23375 raft_consensus.cc:2272] T 00000000000000000000000000000000 P d00af698298a4427b5c608bad42d2d4a [term 1 FOLLOWER]: Raft consensus is shut down!
I20260608 09:58:05.759680 23375 tablet_replica.cc:333] T 00000000000000000000000000000000 P d00af698298a4427b5c608bad42d2d4a: stopping tablet replica
I20260608 09:58:05.777617 23375 master.cc:584] Master@127.22.211.254:42223 shutdown complete.
[       OK ] AutoRebalancerTest.RangeAwareBuildClusterInfoGroupsByRange (4617 ms)
[ RUN      ] AutoRebalancerTest.RangeAwareRebalancesNewRangeReplicas
I20260608 09:58:05.809711 23375 internal_mini_cluster.cc:156] Creating distributed mini masters. Addrs: 127.22.211.254:34939
I20260608 09:58:05.810791 23375 file_cache.cc:492] Constructed file cache file cache with capacity 419430
W20260608 09:58:05.815920 26261 instance_detector.cc:116] could not retrieve Azure instance metadata: Network error: curl error: HTTP response code said error: The requested URL returned error: 404
W20260608 09:58:05.815953 26260 instance_detector.cc:116] could not retrieve AWS instance metadata: Network error: curl error: HTTP response code said error: The requested URL returned error: 404
W20260608 09:58:05.817448 26263 instance_detector.cc:116] could not retrieve OpenStack instance metadata: Network error: curl error: HTTP response code said error: The requested URL returned error: 404
I20260608 09:58:05.819010 23375 server_base.cc:1061] running on GCE node
I20260608 09:58:05.819849 23375 hybrid_clock.cc:584] initializing the hybrid clock with 'system_unsync' time source
W20260608 09:58:05.820042 23375 system_unsync_time.cc:38] NTP support is disabled. Clock error bounds will not be accurate. This configuration is not suitable for distributed clusters.
I20260608 09:58:05.820217 23375 hybrid_clock.cc:648] HybridClock initialized: now 1780912685820198 us; error 0 us; skew 500 ppm
I20260608 09:58:05.820806 23375 server_base.cc:861] Flag tcmalloc_max_total_thread_cache_bytes is not working since tcmalloc is not enabled.
I20260608 09:58:05.823091 23375 webserver.cc:533] Webserver started at http://127.22.211.254:34929/ using document root <none> and password file <none>
I20260608 09:58:05.823594 23375 fs_manager.cc:362] Metadata directory not provided
I20260608 09:58:05.823774 23375 fs_manager.cc:368] Using write-ahead log directory (fs_wal_dir) as metadata directory
I20260608 09:58:05.824028 23375 server_base.cc:909] This appears to be a new deployment of Kudu; creating new FS layout
I20260608 09:58:05.825098 23375 fs_manager.cc:1068] Generated new instance metadata in path /tmp/dist-test-task6lqjAW/test-tmp/auto_rebalancer-test.0.AutoRebalancerTest.RangeAwareRebalancesNewRangeReplicas.1780912608195076-23375-0/minicluster-data/master-0-root/instance:
uuid: "43d27a70c9cb48e58b6f527c0c834e02"
format_stamp: "Formatted at 2026-06-08 09:58:05 on dist-test-slave-961j"
I20260608 09:58:05.829599 23375 fs_manager.cc:696] Time spent creating directory manager: real 0.004s	user 0.005s	sys 0.000s
I20260608 09:58:05.832916 26268 log_block_manager.cc:4031] Time spent loading block containers with low live blocks: real 0.000s	user 0.000s	sys 0.000s
I20260608 09:58:05.833614 23375 fs_manager.cc:730] Time spent opening block manager: real 0.002s	user 0.003s	sys 0.000s
I20260608 09:58:05.833884 23375 fs_manager.cc:647] Opened local filesystem: /tmp/dist-test-task6lqjAW/test-tmp/auto_rebalancer-test.0.AutoRebalancerTest.RangeAwareRebalancesNewRangeReplicas.1780912608195076-23375-0/minicluster-data/master-0-root
uuid: "43d27a70c9cb48e58b6f527c0c834e02"
format_stamp: "Formatted at 2026-06-08 09:58:05 on dist-test-slave-961j"
I20260608 09:58:05.834147 23375 fs_report.cc:389] FS layout report
--------------------
wal directory: /tmp/dist-test-task6lqjAW/test-tmp/auto_rebalancer-test.0.AutoRebalancerTest.RangeAwareRebalancesNewRangeReplicas.1780912608195076-23375-0/minicluster-data/master-0-root
metadata directory: /tmp/dist-test-task6lqjAW/test-tmp/auto_rebalancer-test.0.AutoRebalancerTest.RangeAwareRebalancesNewRangeReplicas.1780912608195076-23375-0/minicluster-data/master-0-root
1 data directories: /tmp/dist-test-task6lqjAW/test-tmp/auto_rebalancer-test.0.AutoRebalancerTest.RangeAwareRebalancesNewRangeReplicas.1780912608195076-23375-0/minicluster-data/master-0-root/data
Total live blocks: 0
Total live bytes: 0
Total live bytes (after alignment): 0
Total number of LBM containers: 0 (0 full)
Did not check for missing blocks
Did not check for orphaned blocks
Total full LBM containers with extra space: 0 (0 repaired)
Total full LBM container extra space in bytes: 0 (0 repaired)
Total incomplete LBM containers: 0 (0 repaired)
Total LBM partial records: 0 (0 repaired)
Total corrupted LBM metadata records in RocksDB: 0 (0 repaired)
I20260608 09:58:05.857832 23375 rpc_server.cc:225] running with OpenSSL 1.1.1  11 Sep 2018
I20260608 09:58:05.858891 23375 kserver.cc:163] Server-wide thread pool size limit: 3276
I20260608 09:58:05.893622 23375 rpc_server.cc:307] RPC server started. Bound to: 127.22.211.254:34939
I20260608 09:58:05.893750 26319 acceptor_pool.cc:272] collecting diagnostics on the listening RPC socket 127.22.211.254:34939 every 8 connection(s)
I20260608 09:58:05.897643 26320 data_dirs.cc:400] Could only allocate 1 dirs of requested 3 for tablet 00000000000000000000000000000000. 1 dirs total, 0 dirs full, 0 dirs failed
I20260608 09:58:05.907451 26320 tablet_bootstrap.cc:492] T 00000000000000000000000000000000 P 43d27a70c9cb48e58b6f527c0c834e02: Bootstrap starting.
I20260608 09:58:05.911921 26320 tablet_bootstrap.cc:654] T 00000000000000000000000000000000 P 43d27a70c9cb48e58b6f527c0c834e02: Neither blocks nor log segments found. Creating new log.
I20260608 09:58:05.915838 26320 tablet_bootstrap.cc:492] T 00000000000000000000000000000000 P 43d27a70c9cb48e58b6f527c0c834e02: No bootstrap required, opened a new log
I20260608 09:58:05.917909 26320 raft_consensus.cc:359] T 00000000000000000000000000000000 P 43d27a70c9cb48e58b6f527c0c834e02 [term 0 FOLLOWER]: Replica starting. Triggering 0 pending ops. Active config: opid_index: -1 OBSOLETE_local: true peers { permanent_uuid: "43d27a70c9cb48e58b6f527c0c834e02" member_type: VOTER }
I20260608 09:58:05.918270 26320 raft_consensus.cc:385] T 00000000000000000000000000000000 P 43d27a70c9cb48e58b6f527c0c834e02 [term 0 FOLLOWER]: Consensus starting up: Expiring failure detector timer to make a prompt election more likely
I20260608 09:58:05.918499 26320 raft_consensus.cc:740] T 00000000000000000000000000000000 P 43d27a70c9cb48e58b6f527c0c834e02 [term 0 FOLLOWER]: Becoming Follower/Learner. State: Replica: 43d27a70c9cb48e58b6f527c0c834e02, State: Initialized, Role: FOLLOWER
I20260608 09:58:05.919113 26320 consensus_queue.cc:260] T 00000000000000000000000000000000 P 43d27a70c9cb48e58b6f527c0c834e02 [NON_LEADER]: Queue going to NON_LEADER mode. State: All replicated index: 0, Majority replicated index: 0, Committed index: 0, Last appended: 0.0, Last appended by leader: 0, Current term: 0, Majority size: -1, State: 0, Mode: NON_LEADER, active raft config: opid_index: -1 OBSOLETE_local: true peers { permanent_uuid: "43d27a70c9cb48e58b6f527c0c834e02" member_type: VOTER }
I20260608 09:58:05.919595 26320 raft_consensus.cc:399] T 00000000000000000000000000000000 P 43d27a70c9cb48e58b6f527c0c834e02 [term 0 FOLLOWER]: Only one voter in the Raft config. Triggering election immediately
I20260608 09:58:05.919802 26320 raft_consensus.cc:493] T 00000000000000000000000000000000 P 43d27a70c9cb48e58b6f527c0c834e02 [term 0 FOLLOWER]: Starting leader election (initial election of a single-replica configuration)
I20260608 09:58:05.920055 26320 raft_consensus.cc:3060] T 00000000000000000000000000000000 P 43d27a70c9cb48e58b6f527c0c834e02 [term 0 FOLLOWER]: Advancing to term 1
I20260608 09:58:05.924252 26320 raft_consensus.cc:515] T 00000000000000000000000000000000 P 43d27a70c9cb48e58b6f527c0c834e02 [term 1 FOLLOWER]: Starting leader election with config: opid_index: -1 OBSOLETE_local: true peers { permanent_uuid: "43d27a70c9cb48e58b6f527c0c834e02" member_type: VOTER }
I20260608 09:58:05.924764 26320 leader_election.cc:304] T 00000000000000000000000000000000 P 43d27a70c9cb48e58b6f527c0c834e02 [CANDIDATE]: Term 1 election: Election decided. Result: candidate won. Election summary: received 1 responses out of 1 voters: 1 yes votes; 0 no votes. yes voters: 43d27a70c9cb48e58b6f527c0c834e02; no voters: 
I20260608 09:58:05.925894 26320 leader_election.cc:290] T 00000000000000000000000000000000 P 43d27a70c9cb48e58b6f527c0c834e02 [CANDIDATE]: Term 1 election: Requested vote from peers 
I20260608 09:58:05.926232 26323 raft_consensus.cc:2804] T 00000000000000000000000000000000 P 43d27a70c9cb48e58b6f527c0c834e02 [term 1 FOLLOWER]: Leader election won for term 1
I20260608 09:58:05.927484 26323 raft_consensus.cc:697] T 00000000000000000000000000000000 P 43d27a70c9cb48e58b6f527c0c834e02 [term 1 LEADER]: Becoming Leader. State: Replica: 43d27a70c9cb48e58b6f527c0c834e02, State: Running, Role: LEADER
I20260608 09:58:05.928158 26323 consensus_queue.cc:237] T 00000000000000000000000000000000 P 43d27a70c9cb48e58b6f527c0c834e02 [LEADER]: Queue going to LEADER mode. State: All replicated index: 0, Majority replicated index: 0, Committed index: 0, Last appended: 0.0, Last appended by leader: 0, Current term: 1, Majority size: 1, State: 0, Mode: LEADER, active raft config: opid_index: -1 OBSOLETE_local: true peers { permanent_uuid: "43d27a70c9cb48e58b6f527c0c834e02" member_type: VOTER }
I20260608 09:58:05.928761 26320 sys_catalog.cc:565] T 00000000000000000000000000000000 P 43d27a70c9cb48e58b6f527c0c834e02 [sys.catalog]: configured and running, proceeding with master startup.
I20260608 09:58:05.932548 26325 sys_catalog.cc:455] T 00000000000000000000000000000000 P 43d27a70c9cb48e58b6f527c0c834e02 [sys.catalog]: SysCatalogTable state changed. Reason: New leader 43d27a70c9cb48e58b6f527c0c834e02. Latest consensus state: current_term: 1 leader_uuid: "43d27a70c9cb48e58b6f527c0c834e02" committed_config { opid_index: -1 OBSOLETE_local: true peers { permanent_uuid: "43d27a70c9cb48e58b6f527c0c834e02" member_type: VOTER } }
I20260608 09:58:05.933107 26325 sys_catalog.cc:458] T 00000000000000000000000000000000 P 43d27a70c9cb48e58b6f527c0c834e02 [sys.catalog]: This master's current role is: LEADER
I20260608 09:58:05.933063 26324 sys_catalog.cc:455] T 00000000000000000000000000000000 P 43d27a70c9cb48e58b6f527c0c834e02 [sys.catalog]: SysCatalogTable state changed. Reason: RaftConsensus started. Latest consensus state: current_term: 1 leader_uuid: "43d27a70c9cb48e58b6f527c0c834e02" committed_config { opid_index: -1 OBSOLETE_local: true peers { permanent_uuid: "43d27a70c9cb48e58b6f527c0c834e02" member_type: VOTER } }
I20260608 09:58:05.933691 26324 sys_catalog.cc:458] T 00000000000000000000000000000000 P 43d27a70c9cb48e58b6f527c0c834e02 [sys.catalog]: This master's current role is: LEADER
I20260608 09:58:05.937156 26331 catalog_manager.cc:1510] Loading table and tablet metadata into memory...
I20260608 09:58:05.942612 26331 catalog_manager.cc:1519] Initializing Kudu cluster ID...
I20260608 09:58:05.943982 23375 internal_mini_cluster.cc:184] Waiting to initialize catalog manager on master 0
I20260608 09:58:05.951792 26331 catalog_manager.cc:1382] Generated new cluster ID: 30d1fd0fa8e64eaab0f7d868d05cb46c
I20260608 09:58:05.952076 26331 catalog_manager.cc:1530] Initializing Kudu internal certificate authority...
I20260608 09:58:05.973251 26331 catalog_manager.cc:1405] Generated new certificate authority record
I20260608 09:58:05.974529 26331 catalog_manager.cc:1539] Loading token signing keys...
I20260608 09:58:05.994012 26331 catalog_manager.cc:6069] T 00000000000000000000000000000000 P 43d27a70c9cb48e58b6f527c0c834e02: Generated new TSK 0
I20260608 09:58:05.994604 26331 catalog_manager.cc:1549] Initializing in-progress tserver states...
I20260608 09:58:06.010784 23375 file_cache.cc:492] Constructed file cache file cache with capacity 419430
W20260608 09:58:06.016875 26341 instance_detector.cc:116] could not retrieve AWS instance metadata: Network error: curl error: HTTP response code said error: The requested URL returned error: 404
W20260608 09:58:06.017516 26342 instance_detector.cc:116] could not retrieve Azure instance metadata: Network error: curl error: HTTP response code said error: The requested URL returned error: 404
W20260608 09:58:06.019213 26344 instance_detector.cc:116] could not retrieve OpenStack instance metadata: Network error: curl error: HTTP response code said error: The requested URL returned error: 404
I20260608 09:58:06.023526 23375 server_base.cc:1061] running on GCE node
I20260608 09:58:06.026891 23375 hybrid_clock.cc:584] initializing the hybrid clock with 'system_unsync' time source
W20260608 09:58:06.027155 23375 system_unsync_time.cc:38] NTP support is disabled. Clock error bounds will not be accurate. This configuration is not suitable for distributed clusters.
I20260608 09:58:06.027326 23375 hybrid_clock.cc:648] HybridClock initialized: now 1780912686027308 us; error 0 us; skew 500 ppm
I20260608 09:58:06.027895 23375 server_base.cc:861] Flag tcmalloc_max_total_thread_cache_bytes is not working since tcmalloc is not enabled.
I20260608 09:58:06.030440 23375 webserver.cc:533] Webserver started at http://127.22.211.193:46693/ using document root <none> and password file <none>
I20260608 09:58:06.030975 23375 fs_manager.cc:362] Metadata directory not provided
I20260608 09:58:06.031169 23375 fs_manager.cc:368] Using write-ahead log directory (fs_wal_dir) as metadata directory
I20260608 09:58:06.031436 23375 server_base.cc:909] This appears to be a new deployment of Kudu; creating new FS layout
I20260608 09:58:06.032748 23375 fs_manager.cc:1068] Generated new instance metadata in path /tmp/dist-test-task6lqjAW/test-tmp/auto_rebalancer-test.0.AutoRebalancerTest.RangeAwareRebalancesNewRangeReplicas.1780912608195076-23375-0/minicluster-data/ts-0-root/instance:
uuid: "e028e41089f7475b90565579626ce671"
format_stamp: "Formatted at 2026-06-08 09:58:06 on dist-test-slave-961j"
I20260608 09:58:06.037364 23375 fs_manager.cc:696] Time spent creating directory manager: real 0.004s	user 0.004s	sys 0.000s
I20260608 09:58:06.040918 26349 log_block_manager.cc:4031] Time spent loading block containers with low live blocks: real 0.000s	user 0.000s	sys 0.000s
I20260608 09:58:06.041640 23375 fs_manager.cc:730] Time spent opening block manager: real 0.002s	user 0.003s	sys 0.000s
I20260608 09:58:06.041918 23375 fs_manager.cc:647] Opened local filesystem: /tmp/dist-test-task6lqjAW/test-tmp/auto_rebalancer-test.0.AutoRebalancerTest.RangeAwareRebalancesNewRangeReplicas.1780912608195076-23375-0/minicluster-data/ts-0-root
uuid: "e028e41089f7475b90565579626ce671"
format_stamp: "Formatted at 2026-06-08 09:58:06 on dist-test-slave-961j"
I20260608 09:58:06.042201 23375 fs_report.cc:389] FS layout report
--------------------
wal directory: /tmp/dist-test-task6lqjAW/test-tmp/auto_rebalancer-test.0.AutoRebalancerTest.RangeAwareRebalancesNewRangeReplicas.1780912608195076-23375-0/minicluster-data/ts-0-root
metadata directory: /tmp/dist-test-task6lqjAW/test-tmp/auto_rebalancer-test.0.AutoRebalancerTest.RangeAwareRebalancesNewRangeReplicas.1780912608195076-23375-0/minicluster-data/ts-0-root
1 data directories: /tmp/dist-test-task6lqjAW/test-tmp/auto_rebalancer-test.0.AutoRebalancerTest.RangeAwareRebalancesNewRangeReplicas.1780912608195076-23375-0/minicluster-data/ts-0-root/data
Total live blocks: 0
Total live bytes: 0
Total live bytes (after alignment): 0
Total number of LBM containers: 0 (0 full)
Did not check for missing blocks
Did not check for orphaned blocks
Total full LBM containers with extra space: 0 (0 repaired)
Total full LBM container extra space in bytes: 0 (0 repaired)
Total incomplete LBM containers: 0 (0 repaired)
Total LBM partial records: 0 (0 repaired)
Total corrupted LBM metadata records in RocksDB: 0 (0 repaired)
I20260608 09:58:06.062990 23375 rpc_server.cc:225] running with OpenSSL 1.1.1  11 Sep 2018
I20260608 09:58:06.064298 23375 kserver.cc:163] Server-wide thread pool size limit: 3276
I20260608 09:58:06.065789 23375 txn_system_client.cc:432] TxnSystemClient initialization is disabled...
I20260608 09:58:06.068143 23375 ts_tablet_manager.cc:585] Loaded tablet metadata (0 total tablets, 0 live tablets)
I20260608 09:58:06.068351 23375 ts_tablet_manager.cc:531] Time spent load tablet metadata: real 0.000s	user 0.000s	sys 0.000s
I20260608 09:58:06.068585 23375 ts_tablet_manager.cc:616] Registered 0 tablets
I20260608 09:58:06.068737 23375 ts_tablet_manager.cc:595] Time spent register tablets: real 0.000s	user 0.000s	sys 0.000s
I20260608 09:58:06.105896 23375 rpc_server.cc:307] RPC server started. Bound to: 127.22.211.193:37071
I20260608 09:58:06.106003 26411 acceptor_pool.cc:272] collecting diagnostics on the listening RPC socket 127.22.211.193:37071 every 8 connection(s)
I20260608 09:58:06.110908 23375 file_cache.cc:492] Constructed file cache file cache with capacity 419430
W20260608 09:58:06.118240 26416 instance_detector.cc:116] could not retrieve AWS instance metadata: Network error: curl error: HTTP response code said error: The requested URL returned error: 404
W20260608 09:58:06.119490 26417 instance_detector.cc:116] could not retrieve Azure instance metadata: Network error: curl error: HTTP response code said error: The requested URL returned error: 404
W20260608 09:58:06.122053 26419 instance_detector.cc:116] could not retrieve OpenStack instance metadata: Network error: curl error: HTTP response code said error: The requested URL returned error: 404
I20260608 09:58:06.122687 23375 server_base.cc:1061] running on GCE node
I20260608 09:58:06.123404 26412 heartbeater.cc:344] Connected to a master server at 127.22.211.254:34939
I20260608 09:58:06.123531 23375 hybrid_clock.cc:584] initializing the hybrid clock with 'system_unsync' time source
I20260608 09:58:06.123751 26412 heartbeater.cc:461] Registering TS with master...
W20260608 09:58:06.123809 23375 system_unsync_time.cc:38] NTP support is disabled. Clock error bounds will not be accurate. This configuration is not suitable for distributed clusters.
I20260608 09:58:06.124114 23375 hybrid_clock.cc:648] HybridClock initialized: now 1780912686124095 us; error 0 us; skew 500 ppm
I20260608 09:58:06.124662 26412 heartbeater.cc:507] Master 127.22.211.254:34939 requested a full tablet report, sending...
I20260608 09:58:06.124779 23375 server_base.cc:861] Flag tcmalloc_max_total_thread_cache_bytes is not working since tcmalloc is not enabled.
I20260608 09:58:06.126950 26285 ts_manager.cc:194] Registered new tserver with Master: e028e41089f7475b90565579626ce671 (127.22.211.193:37071)
I20260608 09:58:06.127585 23375 webserver.cc:533] Webserver started at http://127.22.211.194:38747/ using document root <none> and password file <none>
I20260608 09:58:06.128147 23375 fs_manager.cc:362] Metadata directory not provided
I20260608 09:58:06.128376 23375 fs_manager.cc:368] Using write-ahead log directory (fs_wal_dir) as metadata directory
I20260608 09:58:06.128623 23375 server_base.cc:909] This appears to be a new deployment of Kudu; creating new FS layout
I20260608 09:58:06.128940 26285 master_service.cc:502] Signed X509 certificate for tserver {username='slave'} at 127.0.0.1:46854
I20260608 09:58:06.129680 23375 fs_manager.cc:1068] Generated new instance metadata in path /tmp/dist-test-task6lqjAW/test-tmp/auto_rebalancer-test.0.AutoRebalancerTest.RangeAwareRebalancesNewRangeReplicas.1780912608195076-23375-0/minicluster-data/ts-1-root/instance:
uuid: "9219275a75f14736bc8d28d5c86202a8"
format_stamp: "Formatted at 2026-06-08 09:58:06 on dist-test-slave-961j"
I20260608 09:58:06.134172 23375 fs_manager.cc:696] Time spent creating directory manager: real 0.004s	user 0.005s	sys 0.000s
I20260608 09:58:06.137380 26424 log_block_manager.cc:4031] Time spent loading block containers with low live blocks: real 0.000s	user 0.000s	sys 0.000s
I20260608 09:58:06.138053 23375 fs_manager.cc:730] Time spent opening block manager: real 0.002s	user 0.002s	sys 0.001s
I20260608 09:58:06.138338 23375 fs_manager.cc:647] Opened local filesystem: /tmp/dist-test-task6lqjAW/test-tmp/auto_rebalancer-test.0.AutoRebalancerTest.RangeAwareRebalancesNewRangeReplicas.1780912608195076-23375-0/minicluster-data/ts-1-root
uuid: "9219275a75f14736bc8d28d5c86202a8"
format_stamp: "Formatted at 2026-06-08 09:58:06 on dist-test-slave-961j"
I20260608 09:58:06.138630 23375 fs_report.cc:389] FS layout report
--------------------
wal directory: /tmp/dist-test-task6lqjAW/test-tmp/auto_rebalancer-test.0.AutoRebalancerTest.RangeAwareRebalancesNewRangeReplicas.1780912608195076-23375-0/minicluster-data/ts-1-root
metadata directory: /tmp/dist-test-task6lqjAW/test-tmp/auto_rebalancer-test.0.AutoRebalancerTest.RangeAwareRebalancesNewRangeReplicas.1780912608195076-23375-0/minicluster-data/ts-1-root
1 data directories: /tmp/dist-test-task6lqjAW/test-tmp/auto_rebalancer-test.0.AutoRebalancerTest.RangeAwareRebalancesNewRangeReplicas.1780912608195076-23375-0/minicluster-data/ts-1-root/data
Total live blocks: 0
Total live bytes: 0
Total live bytes (after alignment): 0
Total number of LBM containers: 0 (0 full)
Did not check for missing blocks
Did not check for orphaned blocks
Total full LBM containers with extra space: 0 (0 repaired)
Total full LBM container extra space in bytes: 0 (0 repaired)
Total incomplete LBM containers: 0 (0 repaired)
Total LBM partial records: 0 (0 repaired)
Total corrupted LBM metadata records in RocksDB: 0 (0 repaired)
I20260608 09:58:06.154213 23375 rpc_server.cc:225] running with OpenSSL 1.1.1  11 Sep 2018
I20260608 09:58:06.155364 23375 kserver.cc:163] Server-wide thread pool size limit: 3276
I20260608 09:58:06.156834 23375 txn_system_client.cc:432] TxnSystemClient initialization is disabled...
I20260608 09:58:06.159320 23375 ts_tablet_manager.cc:585] Loaded tablet metadata (0 total tablets, 0 live tablets)
I20260608 09:58:06.159533 23375 ts_tablet_manager.cc:531] Time spent load tablet metadata: real 0.000s	user 0.000s	sys 0.000s
I20260608 09:58:06.159775 23375 ts_tablet_manager.cc:616] Registered 0 tablets
I20260608 09:58:06.159932 23375 ts_tablet_manager.cc:595] Time spent register tablets: real 0.000s	user 0.000s	sys 0.000s
I20260608 09:58:06.199024 23375 rpc_server.cc:307] RPC server started. Bound to: 127.22.211.194:41001
I20260608 09:58:06.199126 26486 acceptor_pool.cc:272] collecting diagnostics on the listening RPC socket 127.22.211.194:41001 every 8 connection(s)
I20260608 09:58:06.204082 23375 file_cache.cc:492] Constructed file cache file cache with capacity 419430
W20260608 09:58:06.211112 26490 instance_detector.cc:116] could not retrieve AWS instance metadata: Network error: curl error: HTTP response code said error: The requested URL returned error: 404
W20260608 09:58:06.213289 26491 instance_detector.cc:116] could not retrieve Azure instance metadata: Network error: curl error: HTTP response code said error: The requested URL returned error: 404
W20260608 09:58:06.215332 26493 instance_detector.cc:116] could not retrieve OpenStack instance metadata: Network error: curl error: HTTP response code said error: The requested URL returned error: 404
I20260608 09:58:06.216048 23375 server_base.cc:1061] running on GCE node
I20260608 09:58:06.216907 23375 hybrid_clock.cc:584] initializing the hybrid clock with 'system_unsync' time source
W20260608 09:58:06.217114 23375 system_unsync_time.cc:38] NTP support is disabled. Clock error bounds will not be accurate. This configuration is not suitable for distributed clusters.
I20260608 09:58:06.217299 26487 heartbeater.cc:344] Connected to a master server at 127.22.211.254:34939
I20260608 09:58:06.217307 23375 hybrid_clock.cc:648] HybridClock initialized: now 1780912686217286 us; error 0 us; skew 500 ppm
I20260608 09:58:06.217773 26487 heartbeater.cc:461] Registering TS with master...
I20260608 09:58:06.218212 23375 server_base.cc:861] Flag tcmalloc_max_total_thread_cache_bytes is not working since tcmalloc is not enabled.
I20260608 09:58:06.218560 26487 heartbeater.cc:507] Master 127.22.211.254:34939 requested a full tablet report, sending...
I20260608 09:58:06.220860 23375 webserver.cc:533] Webserver started at http://127.22.211.195:38387/ using document root <none> and password file <none>
I20260608 09:58:06.220969 26285 ts_manager.cc:194] Registered new tserver with Master: 9219275a75f14736bc8d28d5c86202a8 (127.22.211.194:41001)
I20260608 09:58:06.221618 23375 fs_manager.cc:362] Metadata directory not provided
I20260608 09:58:06.221910 23375 fs_manager.cc:368] Using write-ahead log directory (fs_wal_dir) as metadata directory
I20260608 09:58:06.222234 23375 server_base.cc:909] This appears to be a new deployment of Kudu; creating new FS layout
I20260608 09:58:06.222819 26285 master_service.cc:502] Signed X509 certificate for tserver {username='slave'} at 127.0.0.1:46862
I20260608 09:58:06.223676 23375 fs_manager.cc:1068] Generated new instance metadata in path /tmp/dist-test-task6lqjAW/test-tmp/auto_rebalancer-test.0.AutoRebalancerTest.RangeAwareRebalancesNewRangeReplicas.1780912608195076-23375-0/minicluster-data/ts-2-root/instance:
uuid: "37468d93700946e5a8b7e89f319ecb5a"
format_stamp: "Formatted at 2026-06-08 09:58:06 on dist-test-slave-961j"
I20260608 09:58:06.228241 23375 fs_manager.cc:696] Time spent creating directory manager: real 0.004s	user 0.000s	sys 0.003s
I20260608 09:58:06.231609 26498 log_block_manager.cc:4031] Time spent loading block containers with low live blocks: real 0.000s	user 0.000s	sys 0.000s
I20260608 09:58:06.232371 23375 fs_manager.cc:730] Time spent opening block manager: real 0.002s	user 0.003s	sys 0.000s
I20260608 09:58:06.232661 23375 fs_manager.cc:647] Opened local filesystem: /tmp/dist-test-task6lqjAW/test-tmp/auto_rebalancer-test.0.AutoRebalancerTest.RangeAwareRebalancesNewRangeReplicas.1780912608195076-23375-0/minicluster-data/ts-2-root
uuid: "37468d93700946e5a8b7e89f319ecb5a"
format_stamp: "Formatted at 2026-06-08 09:58:06 on dist-test-slave-961j"
I20260608 09:58:06.232932 23375 fs_report.cc:389] FS layout report
--------------------
wal directory: /tmp/dist-test-task6lqjAW/test-tmp/auto_rebalancer-test.0.AutoRebalancerTest.RangeAwareRebalancesNewRangeReplicas.1780912608195076-23375-0/minicluster-data/ts-2-root
metadata directory: /tmp/dist-test-task6lqjAW/test-tmp/auto_rebalancer-test.0.AutoRebalancerTest.RangeAwareRebalancesNewRangeReplicas.1780912608195076-23375-0/minicluster-data/ts-2-root
1 data directories: /tmp/dist-test-task6lqjAW/test-tmp/auto_rebalancer-test.0.AutoRebalancerTest.RangeAwareRebalancesNewRangeReplicas.1780912608195076-23375-0/minicluster-data/ts-2-root/data
Total live blocks: 0
Total live bytes: 0
Total live bytes (after alignment): 0
Total number of LBM containers: 0 (0 full)
Did not check for missing blocks
Did not check for orphaned blocks
Total full LBM containers with extra space: 0 (0 repaired)
Total full LBM container extra space in bytes: 0 (0 repaired)
Total incomplete LBM containers: 0 (0 repaired)
Total LBM partial records: 0 (0 repaired)
Total corrupted LBM metadata records in RocksDB: 0 (0 repaired)
I20260608 09:58:06.242123 23375 rpc_server.cc:225] running with OpenSSL 1.1.1  11 Sep 2018
I20260608 09:58:06.243202 23375 kserver.cc:163] Server-wide thread pool size limit: 3276
I20260608 09:58:06.244685 23375 txn_system_client.cc:432] TxnSystemClient initialization is disabled...
I20260608 09:58:06.246927 23375 ts_tablet_manager.cc:585] Loaded tablet metadata (0 total tablets, 0 live tablets)
I20260608 09:58:06.247124 23375 ts_tablet_manager.cc:531] Time spent load tablet metadata: real 0.000s	user 0.000s	sys 0.000s
I20260608 09:58:06.247346 23375 ts_tablet_manager.cc:616] Registered 0 tablets
I20260608 09:58:06.247499 23375 ts_tablet_manager.cc:595] Time spent register tablets: real 0.000s	user 0.000s	sys 0.000s
I20260608 09:58:06.284016 23375 rpc_server.cc:307] RPC server started. Bound to: 127.22.211.195:41631
I20260608 09:58:06.284164 26560 acceptor_pool.cc:272] collecting diagnostics on the listening RPC socket 127.22.211.195:41631 every 8 connection(s)
I20260608 09:58:06.297385 26561 heartbeater.cc:344] Connected to a master server at 127.22.211.254:34939
I20260608 09:58:06.297772 26561 heartbeater.cc:461] Registering TS with master...
I20260608 09:58:06.298485 26561 heartbeater.cc:507] Master 127.22.211.254:34939 requested a full tablet report, sending...
I20260608 09:58:06.300403 26285 ts_manager.cc:194] Registered new tserver with Master: 37468d93700946e5a8b7e89f319ecb5a (127.22.211.195:41631)
I20260608 09:58:06.300678 23375 internal_mini_cluster.cc:371] 3 TS(s) registered with all masters after 0.013304812s
I20260608 09:58:06.301715 26285 master_service.cc:502] Signed X509 certificate for tserver {username='slave'} at 127.0.0.1:46872
I20260608 09:58:07.131436 26412 heartbeater.cc:499] Master 127.22.211.254:34939 was elected leader, sending a full tablet report...
I20260608 09:58:07.225466 26487 heartbeater.cc:499] Master 127.22.211.254:34939 was elected leader, sending a full tablet report...
I20260608 09:58:07.304469 26561 heartbeater.cc:499] Master 127.22.211.254:34939 was elected leader, sending a full tablet report...
I20260608 09:58:07.358850 26285 catalog_manager.cc:2282] Servicing CreateTable request from {username='slave'} at 127.0.0.1:46876:
name: "range_aware_rebalance_new_range"
schema {
  columns {
    name: "key"
    type: INT32
    is_key: true
    is_nullable: false
    encoding: AUTO_ENCODING
    compression: DEFAULT_COMPRESSION
    cfile_block_size: 0
    immutable: false
  }
}
num_replicas: 3
split_rows_range_bounds {
  rows: "\006\001\000\000\000\000\007\001\n\000\000\000""\006\001\000\000\000\000\007\001\n\000\000\000"
  indirect_data: """"
}
partition_schema {
  hash_schema {
    columns {
      name: "key"
    }
    num_buckets: 8
    seed: 0
  }
  range_schema {
    columns {
      name: "key"
    }
  }
}
W20260608 09:58:07.361024 26285 catalog_manager.cc:7076] The number of live tablet servers is not enough to re-replicate a tablet replica of the newly created table range_aware_rebalance_new_range in case of a server failure: 4 tablet servers would be needed, 3 are available. Consider bringing up more tablet servers.
I20260608 09:58:07.429999 26376 tablet_service.cc:1511] Processing CreateTablet for tablet 8658486164634ab09fffa2b7e748103f (DEFAULT_TABLE table=range_aware_rebalance_new_range [id=52c1d711221843b9bb4a0d522b947196]), partition=HASH (key) PARTITION 1, RANGE (key) PARTITION 0 <= VALUES < 10
I20260608 09:58:07.430869 26377 tablet_service.cc:1511] Processing CreateTablet for tablet b53798d91cfb4065873cb9196e2c085c (DEFAULT_TABLE table=range_aware_rebalance_new_range [id=52c1d711221843b9bb4a0d522b947196]), partition=HASH (key) PARTITION 0, RANGE (key) PARTITION 0 <= VALUES < 10
I20260608 09:58:07.431545 26376 data_dirs.cc:400] Could only allocate 1 dirs of requested 3 for tablet 8658486164634ab09fffa2b7e748103f. 1 dirs total, 0 dirs full, 0 dirs failed
I20260608 09:58:07.432336 26377 data_dirs.cc:400] Could only allocate 1 dirs of requested 3 for tablet b53798d91cfb4065873cb9196e2c085c. 1 dirs total, 0 dirs full, 0 dirs failed
I20260608 09:58:07.433209 26375 tablet_service.cc:1511] Processing CreateTablet for tablet 31ebd20f1bbb479796ca85553f57a200 (DEFAULT_TABLE table=range_aware_rebalance_new_range [id=52c1d711221843b9bb4a0d522b947196]), partition=HASH (key) PARTITION 2, RANGE (key) PARTITION 0 <= VALUES < 10
I20260608 09:58:07.434585 26375 data_dirs.cc:400] Could only allocate 1 dirs of requested 3 for tablet 31ebd20f1bbb479796ca85553f57a200. 1 dirs total, 0 dirs full, 0 dirs failed
I20260608 09:58:07.435053 26374 tablet_service.cc:1511] Processing CreateTablet for tablet 586b1a999d9a458abf8894a1527721b1 (DEFAULT_TABLE table=range_aware_rebalance_new_range [id=52c1d711221843b9bb4a0d522b947196]), partition=HASH (key) PARTITION 3, RANGE (key) PARTITION 0 <= VALUES < 10
I20260608 09:58:07.436576 26374 data_dirs.cc:400] Could only allocate 1 dirs of requested 3 for tablet 586b1a999d9a458abf8894a1527721b1. 1 dirs total, 0 dirs full, 0 dirs failed
I20260608 09:58:07.438592 26525 tablet_service.cc:1511] Processing CreateTablet for tablet 8658486164634ab09fffa2b7e748103f (DEFAULT_TABLE table=range_aware_rebalance_new_range [id=52c1d711221843b9bb4a0d522b947196]), partition=HASH (key) PARTITION 1, RANGE (key) PARTITION 0 <= VALUES < 10
I20260608 09:58:07.439812 26373 tablet_service.cc:1511] Processing CreateTablet for tablet 82cf707ae44144ed81e94d409f7dbdd8 (DEFAULT_TABLE table=range_aware_rebalance_new_range [id=52c1d711221843b9bb4a0d522b947196]), partition=HASH (key) PARTITION 4, RANGE (key) PARTITION 0 <= VALUES < 10
I20260608 09:58:07.441303 26373 data_dirs.cc:400] Could only allocate 1 dirs of requested 3 for tablet 82cf707ae44144ed81e94d409f7dbdd8. 1 dirs total, 0 dirs full, 0 dirs failed
I20260608 09:58:07.442425 26526 tablet_service.cc:1511] Processing CreateTablet for tablet b53798d91cfb4065873cb9196e2c085c (DEFAULT_TABLE table=range_aware_rebalance_new_range [id=52c1d711221843b9bb4a0d522b947196]), partition=HASH (key) PARTITION 0, RANGE (key) PARTITION 0 <= VALUES < 10
I20260608 09:58:07.444766 26523 tablet_service.cc:1511] Processing CreateTablet for tablet 586b1a999d9a458abf8894a1527721b1 (DEFAULT_TABLE table=range_aware_rebalance_new_range [id=52c1d711221843b9bb4a0d522b947196]), partition=HASH (key) PARTITION 3, RANGE (key) PARTITION 0 <= VALUES < 10
I20260608 09:58:07.449275 26522 tablet_service.cc:1511] Processing CreateTablet for tablet 82cf707ae44144ed81e94d409f7dbdd8 (DEFAULT_TABLE table=range_aware_rebalance_new_range [id=52c1d711221843b9bb4a0d522b947196]), partition=HASH (key) PARTITION 4, RANGE (key) PARTITION 0 <= VALUES < 10
