I20260608 09:58:18.768362 27222 leader_election.cc:304] T 8b1492b69bbb4874b180e9020bfbdcfd P 6a77af308cc54b8da1e9b194f0332c0e [CANDIDATE]: Term 1 election: Election decided. Result: candidate won. Election summary: received 2 responses out of 3 voters: 2 yes votes; 0 no votes. yes voters: 5f9e658eb54246c290ef3706072e0660, 6a77af308cc54b8da1e9b194f0332c0e; no voters: 
I20260608 09:58:18.769644 27383 raft_consensus.cc:2804] T 8b1492b69bbb4874b180e9020bfbdcfd P 6a77af308cc54b8da1e9b194f0332c0e [term 1 FOLLOWER]: Leader election won for term 1
I20260608 09:58:18.771428 27383 raft_consensus.cc:697] T 8b1492b69bbb4874b180e9020bfbdcfd P 6a77af308cc54b8da1e9b194f0332c0e [term 1 LEADER]: Becoming Leader. State: Replica: 6a77af308cc54b8da1e9b194f0332c0e, State: Running, Role: LEADER
I20260608 09:58:18.772897 27383 consensus_queue.cc:237] T 8b1492b69bbb4874b180e9020bfbdcfd P 6a77af308cc54b8da1e9b194f0332c0e [LEADER]: Queue going to LEADER mode. State: All replicated index: 0, Majority replicated index: 0, Committed index: 0, Last appended: 0.0, Last appended by leader: 0, Current term: 1, Majority size: 2, State: 0, Mode: LEADER, active raft config: opid_index: -1 OBSOLETE_local: false peers { permanent_uuid: "6a77af308cc54b8da1e9b194f0332c0e" member_type: VOTER last_known_addr { host: "127.22.211.195" port: 42721 } } peers { permanent_uuid: "5f9e658eb54246c290ef3706072e0660" member_type: VOTER last_known_addr { host: "127.22.211.193" port: 41731 } } peers { permanent_uuid: "bee26186ef0b49bbb9e6410756b2fb7b" member_type: VOTER last_known_addr { host: "127.22.211.194" port: 34169 } }
I20260608 09:58:18.784619 27006 catalog_manager.cc:5696] T 8b1492b69bbb4874b180e9020bfbdcfd P 6a77af308cc54b8da1e9b194f0332c0e reported cstate change: term changed from 0 to 1, leader changed from <none> to 6a77af308cc54b8da1e9b194f0332c0e (127.22.211.195). New cstate: current_term: 1 leader_uuid: "6a77af308cc54b8da1e9b194f0332c0e" committed_config { opid_index: -1 OBSOLETE_local: false peers { permanent_uuid: "6a77af308cc54b8da1e9b194f0332c0e" member_type: VOTER last_known_addr { host: "127.22.211.195" port: 42721 } health_report { overall_health: HEALTHY } } peers { permanent_uuid: "5f9e658eb54246c290ef3706072e0660" member_type: VOTER last_known_addr { host: "127.22.211.193" port: 41731 } health_report { overall_health: UNKNOWN } } peers { permanent_uuid: "bee26186ef0b49bbb9e6410756b2fb7b" member_type: VOTER last_known_addr { host: "127.22.211.194" port: 34169 } health_report { overall_health: UNKNOWN } } }
I20260608 09:58:18.987610 27358 heartbeater.cc:499] Master 127.22.211.254:37433 was elected leader, sending a full tablet report...
I20260608 09:58:19.324450 27393 consensus_queue.cc:1048] T 8b1492b69bbb4874b180e9020bfbdcfd P 6a77af308cc54b8da1e9b194f0332c0e [LEADER]: Connected to new peer: Peer: permanent_uuid: "5f9e658eb54246c290ef3706072e0660" member_type: VOTER last_known_addr { host: "127.22.211.193" port: 41731 }, Status: LMP_MISMATCH, Last received: 0.0, Next index: 1, Last known committed idx: 0, Time since last communication: 0.000s
I20260608 09:58:19.340723 27393 consensus_queue.cc:1048] T 8b1492b69bbb4874b180e9020bfbdcfd P 6a77af308cc54b8da1e9b194f0332c0e [LEADER]: Connected to new peer: Peer: permanent_uuid: "bee26186ef0b49bbb9e6410756b2fb7b" member_type: VOTER last_known_addr { host: "127.22.211.194" port: 34169 }, Status: LMP_MISMATCH, Last received: 0.0, Next index: 1, Last known committed idx: 0, Time since last communication: 0.000s
I20260608 09:58:19.697161 27060 auto_leader_rebalancer.cc:140] leader rebalance for table test-workload
I20260608 09:58:19.699090 27060 auto_leader_rebalancer.cc:388] table: test-workload, leader rebalance finish, leader transfer count: 0
I20260608 09:58:19.699579 27060 auto_leader_rebalancer.cc:451] All tables' leader rebalancing finished this round
W20260608 09:58:20.735215 27206 debug-util.cc:398] Leaking SignalData structure 0x7b080018a4a0 after lost signal to thread 23378
W20260608 09:58:20.736142 27206 debug-util.cc:398] Leaking SignalData structure 0x7b08000ab680 after lost signal to thread 27041
W20260608 09:58:20.737113 27206 debug-util.cc:398] Leaking SignalData structure 0x7b08000cdf80 after lost signal to thread 27134
W20260608 09:58:20.737890 27206 debug-util.cc:398] Leaking SignalData structure 0x7b08001b4860 after lost signal to thread 27209
W20260608 09:58:20.738703 27206 debug-util.cc:398] Leaking SignalData structure 0x7b08000d1140 after lost signal to thread 27283
W20260608 09:58:20.739473 27206 debug-util.cc:398] Leaking SignalData structure 0x7b080011f0e0 after lost signal to thread 27357
I20260608 09:58:21.700804 27060 auto_leader_rebalancer.cc:140] leader rebalance for table test-workload
I20260608 09:58:21.702631 27060 auto_leader_rebalancer.cc:388] table: test-workload, leader rebalance finish, leader transfer count: 0
I20260608 09:58:21.703022 27060 auto_leader_rebalancer.cc:451] All tables' leader rebalancing finished this round
I20260608 09:58:23.703920 27060 auto_leader_rebalancer.cc:140] leader rebalance for table test-workload
I20260608 09:58:23.705289 27060 auto_leader_rebalancer.cc:388] table: test-workload, leader rebalance finish, leader transfer count: 0
I20260608 09:58:23.705562 27060 auto_leader_rebalancer.cc:451] All tables' leader rebalancing finished this round
I20260608 09:58:25.706539 27060 auto_leader_rebalancer.cc:140] leader rebalance for table test-workload
I20260608 09:58:25.707933 27060 auto_leader_rebalancer.cc:388] table: test-workload, leader rebalance finish, leader transfer count: 0
I20260608 09:58:25.708264 27060 auto_leader_rebalancer.cc:451] All tables' leader rebalancing finished this round
I20260608 09:58:27.709239 27060 auto_leader_rebalancer.cc:140] leader rebalance for table test-workload
I20260608 09:58:27.710613 27060 auto_leader_rebalancer.cc:388] table: test-workload, leader rebalance finish, leader transfer count: 0
I20260608 09:58:27.710909 27060 auto_leader_rebalancer.cc:451] All tables' leader rebalancing finished this round
W20260608 09:58:29.700335 27354 debug-util.cc:398] Leaking SignalData structure 0x7b0800114720 after lost signal to thread 23378
W20260608 09:58:29.701607 27354 debug-util.cc:398] Leaking SignalData structure 0x7b080024c360 after lost signal to thread 27041
W20260608 09:58:29.702956 27354 debug-util.cc:398] Leaking SignalData structure 0x7b08000de5a0 after lost signal to thread 27134
W20260608 09:58:29.704016 27354 debug-util.cc:398] Leaking SignalData structure 0x7b0800196900 after lost signal to thread 27209
W20260608 09:58:29.705408 27354 debug-util.cc:398] Leaking SignalData structure 0x7b08000846e0 after lost signal to thread 27283
W20260608 09:58:29.706393 27354 debug-util.cc:398] Leaking SignalData structure 0x7b08000d8cc0 after lost signal to thread 27357
I20260608 09:58:29.712280 27060 auto_leader_rebalancer.cc:140] leader rebalance for table test-workload
I20260608 09:58:29.714495 27060 auto_leader_rebalancer.cc:388] table: test-workload, leader rebalance finish, leader transfer count: 0
I20260608 09:58:29.714990 27060 auto_leader_rebalancer.cc:451] All tables' leader rebalancing finished this round
I20260608 09:58:30.684527 23375 tablet_server.cc:179] TabletServer@127.22.211.193:0 shutting down...
I20260608 09:58:30.730492 23375 ts_tablet_manager.cc:1507] Shutting down tablet manager...
I20260608 09:58:30.731494 23375 tablet_replica.cc:333] T 8b1492b69bbb4874b180e9020bfbdcfd P 5f9e658eb54246c290ef3706072e0660: stopping tablet replica
I20260608 09:58:30.732299 23375 raft_consensus.cc:2243] T 8b1492b69bbb4874b180e9020bfbdcfd P 5f9e658eb54246c290ef3706072e0660 [term 1 FOLLOWER]: Raft consensus shutting down.
I20260608 09:58:30.733400 23375 raft_consensus.cc:2272] T 8b1492b69bbb4874b180e9020bfbdcfd P 5f9e658eb54246c290ef3706072e0660 [term 1 FOLLOWER]: Raft consensus is shut down!
I20260608 09:58:30.757236 23375 tablet_server.cc:196] TabletServer@127.22.211.193:0 shutdown complete.
I20260608 09:58:30.774276 23375 tablet_server.cc:179] TabletServer@127.22.211.194:0 shutting down...
I20260608 09:58:30.802191 23375 ts_tablet_manager.cc:1507] Shutting down tablet manager...
I20260608 09:58:30.803042 23375 tablet_replica.cc:333] T 8b1492b69bbb4874b180e9020bfbdcfd P bee26186ef0b49bbb9e6410756b2fb7b: stopping tablet replica
I20260608 09:58:30.803767 23375 raft_consensus.cc:2243] T 8b1492b69bbb4874b180e9020bfbdcfd P bee26186ef0b49bbb9e6410756b2fb7b [term 1 FOLLOWER]: Raft consensus shutting down.
I20260608 09:58:30.804571 23375 raft_consensus.cc:2272] T 8b1492b69bbb4874b180e9020bfbdcfd P bee26186ef0b49bbb9e6410756b2fb7b [term 1 FOLLOWER]: Raft consensus is shut down!
I20260608 09:58:30.845249 23375 tablet_server.cc:196] TabletServer@127.22.211.194:0 shutdown complete.
I20260608 09:58:30.858757 23375 tablet_server.cc:179] TabletServer@127.22.211.195:0 shutting down...
I20260608 09:58:30.889988 23375 ts_tablet_manager.cc:1507] Shutting down tablet manager...
I20260608 09:58:30.890816 23375 tablet_replica.cc:333] T 8b1492b69bbb4874b180e9020bfbdcfd P 6a77af308cc54b8da1e9b194f0332c0e: stopping tablet replica
I20260608 09:58:30.891460 23375 raft_consensus.cc:2243] T 8b1492b69bbb4874b180e9020bfbdcfd P 6a77af308cc54b8da1e9b194f0332c0e [term 1 LEADER]: Raft consensus shutting down.
I20260608 09:58:30.892613 23375 raft_consensus.cc:2272] T 8b1492b69bbb4874b180e9020bfbdcfd P 6a77af308cc54b8da1e9b194f0332c0e [term 1 FOLLOWER]: Raft consensus is shut down!
I20260608 09:58:30.913582 23375 tablet_server.cc:196] TabletServer@127.22.211.195:0 shutdown complete.
I20260608 09:58:30.929057 23375 tablet_server.cc:179] TabletServer@127.22.211.196:0 shutting down...
I20260608 09:58:30.955354 23375 ts_tablet_manager.cc:1507] Shutting down tablet manager...
I20260608 09:58:31.716059 27060 auto_leader_rebalancer.cc:140] leader rebalance for table test-workload
I20260608 09:58:31.717499 27060 auto_leader_rebalancer.cc:388] table: test-workload, leader rebalance finish, leader transfer count: 0
I20260608 09:58:31.717875 27060 auto_leader_rebalancer.cc:451] All tables' leader rebalancing finished this round
W20260608 09:58:31.969815 23375 thread.cc:527] Waited for 1000ms trying to join with diag-logger (tid 27354)
I20260608 09:58:32.373764 23375 tablet_server.cc:196] TabletServer@127.22.211.196:0 shutdown complete.
I20260608 09:58:32.383512 23375 master.cc:562] Master@127.22.211.254:37433 shutting down...
I20260608 09:58:32.399814 23375 raft_consensus.cc:2243] T 00000000000000000000000000000000 P ab20a798152a4f579de5d5f9ab3e93ea [term 1 LEADER]: Raft consensus shutting down.
I20260608 09:58:32.400453 23375 raft_consensus.cc:2272] T 00000000000000000000000000000000 P ab20a798152a4f579de5d5f9ab3e93ea [term 1 FOLLOWER]: Raft consensus is shut down!
I20260608 09:58:32.400802 23375 tablet_replica.cc:333] T 00000000000000000000000000000000 P ab20a798152a4f579de5d5f9ab3e93ea: stopping tablet replica
I20260608 09:58:32.419641 23375 master.cc:584] Master@127.22.211.254:37433 shutdown complete.
[       OK ] AutoRebalancerTest.NoReplicaMovesIfLocationLoadSkewedByOne (15094 ms)
[ RUN      ] AutoRebalancerTest.NoReplicaMovesIfCannotFixPlacementPolicy
I20260608 09:58:32.455143 23375 internal_mini_cluster.cc:156] Creating distributed mini masters. Addrs: 127.22.211.254:35725
I20260608 09:58:32.456425 23375 file_cache.cc:492] Constructed file cache file cache with capacity 419430
W20260608 09:58:32.462203 27410 instance_detector.cc:116] could not retrieve Azure instance metadata: Network error: curl error: HTTP response code said error: The requested URL returned error: 404
W20260608 09:58:32.462111 27409 instance_detector.cc:116] could not retrieve AWS instance metadata: Network error: curl error: HTTP response code said error: The requested URL returned error: 404
W20260608 09:58:32.463374 27412 instance_detector.cc:116] could not retrieve OpenStack instance metadata: Network error: curl error: HTTP response code said error: The requested URL returned error: 404
I20260608 09:58:32.464217 23375 server_base.cc:1061] running on GCE node
I20260608 09:58:32.465086 23375 hybrid_clock.cc:584] initializing the hybrid clock with 'system_unsync' time source
W20260608 09:58:32.465278 23375 system_unsync_time.cc:38] NTP support is disabled. Clock error bounds will not be accurate. This configuration is not suitable for distributed clusters.
I20260608 09:58:32.465427 23375 hybrid_clock.cc:648] HybridClock initialized: now 1780912712465408 us; error 0 us; skew 500 ppm
I20260608 09:58:32.465976 23375 server_base.cc:861] Flag tcmalloc_max_total_thread_cache_bytes is not working since tcmalloc is not enabled.
I20260608 09:58:32.468430 23375 webserver.cc:533] Webserver started at http://127.22.211.254:33905/ using document root <none> and password file <none>
I20260608 09:58:32.468959 23375 fs_manager.cc:362] Metadata directory not provided
I20260608 09:58:32.469134 23375 fs_manager.cc:368] Using write-ahead log directory (fs_wal_dir) as metadata directory
I20260608 09:58:32.469404 23375 server_base.cc:909] This appears to be a new deployment of Kudu; creating new FS layout
I20260608 09:58:32.470633 23375 fs_manager.cc:1068] Generated new instance metadata in path /tmp/dist-test-task6lqjAW/test-tmp/auto_rebalancer-test.0.AutoRebalancerTest.NoReplicaMovesIfCannotFixPlacementPolicy.1780912608195076-23375-0/minicluster-data/master-0-root/instance:
uuid: "f7be4a8aaf864c96b86ca6c2264bbdb2"
format_stamp: "Formatted at 2026-06-08 09:58:32 on dist-test-slave-961j"
I20260608 09:58:32.475419 23375 fs_manager.cc:696] Time spent creating directory manager: real 0.004s	user 0.005s	sys 0.002s
I20260608 09:58:32.479108 27417 log_block_manager.cc:4031] Time spent loading block containers with low live blocks: real 0.000s	user 0.000s	sys 0.000s
I20260608 09:58:32.479825 23375 fs_manager.cc:730] Time spent opening block manager: real 0.002s	user 0.002s	sys 0.000s
I20260608 09:58:32.480103 23375 fs_manager.cc:647] Opened local filesystem: /tmp/dist-test-task6lqjAW/test-tmp/auto_rebalancer-test.0.AutoRebalancerTest.NoReplicaMovesIfCannotFixPlacementPolicy.1780912608195076-23375-0/minicluster-data/master-0-root
uuid: "f7be4a8aaf864c96b86ca6c2264bbdb2"
format_stamp: "Formatted at 2026-06-08 09:58:32 on dist-test-slave-961j"
I20260608 09:58:32.480458 23375 fs_report.cc:389] FS layout report
--------------------
wal directory: /tmp/dist-test-task6lqjAW/test-tmp/auto_rebalancer-test.0.AutoRebalancerTest.NoReplicaMovesIfCannotFixPlacementPolicy.1780912608195076-23375-0/minicluster-data/master-0-root
metadata directory: /tmp/dist-test-task6lqjAW/test-tmp/auto_rebalancer-test.0.AutoRebalancerTest.NoReplicaMovesIfCannotFixPlacementPolicy.1780912608195076-23375-0/minicluster-data/master-0-root
1 data directories: /tmp/dist-test-task6lqjAW/test-tmp/auto_rebalancer-test.0.AutoRebalancerTest.NoReplicaMovesIfCannotFixPlacementPolicy.1780912608195076-23375-0/minicluster-data/master-0-root/data
Total live blocks: 0
Total live bytes: 0
Total live bytes (after alignment): 0
Total number of LBM containers: 0 (0 full)
Did not check for missing blocks
Did not check for orphaned blocks
Total full LBM containers with extra space: 0 (0 repaired)
Total full LBM container extra space in bytes: 0 (0 repaired)
Total incomplete LBM containers: 0 (0 repaired)
Total LBM partial records: 0 (0 repaired)
Total corrupted LBM metadata records in RocksDB: 0 (0 repaired)
I20260608 09:58:32.494037 23375 rpc_server.cc:225] running with OpenSSL 1.1.1  11 Sep 2018
I20260608 09:58:32.495314 23375 kserver.cc:163] Server-wide thread pool size limit: 3276
I20260608 09:58:32.533171 23375 rpc_server.cc:307] RPC server started. Bound to: 127.22.211.254:35725
I20260608 09:58:32.533269 27468 acceptor_pool.cc:272] collecting diagnostics on the listening RPC socket 127.22.211.254:35725 every 8 connection(s)
I20260608 09:58:32.538709 27469 data_dirs.cc:400] Could only allocate 1 dirs of requested 3 for tablet 00000000000000000000000000000000. 1 dirs total, 0 dirs full, 0 dirs failed
I20260608 09:58:32.549753 27469 tablet_bootstrap.cc:492] T 00000000000000000000000000000000 P f7be4a8aaf864c96b86ca6c2264bbdb2: Bootstrap starting.
I20260608 09:58:32.554703 27469 tablet_bootstrap.cc:654] T 00000000000000000000000000000000 P f7be4a8aaf864c96b86ca6c2264bbdb2: Neither blocks nor log segments found. Creating new log.
I20260608 09:58:32.559177 27469 tablet_bootstrap.cc:492] T 00000000000000000000000000000000 P f7be4a8aaf864c96b86ca6c2264bbdb2: No bootstrap required, opened a new log
I20260608 09:58:32.561617 27469 raft_consensus.cc:359] T 00000000000000000000000000000000 P f7be4a8aaf864c96b86ca6c2264bbdb2 [term 0 FOLLOWER]: Replica starting. Triggering 0 pending ops. Active config: opid_index: -1 OBSOLETE_local: true peers { permanent_uuid: "f7be4a8aaf864c96b86ca6c2264bbdb2" member_type: VOTER }
I20260608 09:58:32.562052 27469 raft_consensus.cc:385] T 00000000000000000000000000000000 P f7be4a8aaf864c96b86ca6c2264bbdb2 [term 0 FOLLOWER]: Consensus starting up: Expiring failure detector timer to make a prompt election more likely
I20260608 09:58:32.562273 27469 raft_consensus.cc:740] T 00000000000000000000000000000000 P f7be4a8aaf864c96b86ca6c2264bbdb2 [term 0 FOLLOWER]: Becoming Follower/Learner. State: Replica: f7be4a8aaf864c96b86ca6c2264bbdb2, State: Initialized, Role: FOLLOWER
I20260608 09:58:32.562906 27469 consensus_queue.cc:260] T 00000000000000000000000000000000 P f7be4a8aaf864c96b86ca6c2264bbdb2 [NON_LEADER]: Queue going to NON_LEADER mode. State: All replicated index: 0, Majority replicated index: 0, Committed index: 0, Last appended: 0.0, Last appended by leader: 0, Current term: 0, Majority size: -1, State: 0, Mode: NON_LEADER, active raft config: opid_index: -1 OBSOLETE_local: true peers { permanent_uuid: "f7be4a8aaf864c96b86ca6c2264bbdb2" member_type: VOTER }
I20260608 09:58:32.563406 27469 raft_consensus.cc:399] T 00000000000000000000000000000000 P f7be4a8aaf864c96b86ca6c2264bbdb2 [term 0 FOLLOWER]: Only one voter in the Raft config. Triggering election immediately
I20260608 09:58:32.563617 27469 raft_consensus.cc:493] T 00000000000000000000000000000000 P f7be4a8aaf864c96b86ca6c2264bbdb2 [term 0 FOLLOWER]: Starting leader election (initial election of a single-replica configuration)
I20260608 09:58:32.563875 27469 raft_consensus.cc:3060] T 00000000000000000000000000000000 P f7be4a8aaf864c96b86ca6c2264bbdb2 [term 0 FOLLOWER]: Advancing to term 1
I20260608 09:58:32.568728 27469 raft_consensus.cc:515] T 00000000000000000000000000000000 P f7be4a8aaf864c96b86ca6c2264bbdb2 [term 1 FOLLOWER]: Starting leader election with config: opid_index: -1 OBSOLETE_local: true peers { permanent_uuid: "f7be4a8aaf864c96b86ca6c2264bbdb2" member_type: VOTER }
I20260608 09:58:32.569278 27469 leader_election.cc:304] T 00000000000000000000000000000000 P f7be4a8aaf864c96b86ca6c2264bbdb2 [CANDIDATE]: Term 1 election: Election decided. Result: candidate won. Election summary: received 1 responses out of 1 voters: 1 yes votes; 0 no votes. yes voters: f7be4a8aaf864c96b86ca6c2264bbdb2; no voters: 
I20260608 09:58:32.570416 27469 leader_election.cc:290] T 00000000000000000000000000000000 P f7be4a8aaf864c96b86ca6c2264bbdb2 [CANDIDATE]: Term 1 election: Requested vote from peers 
I20260608 09:58:32.570887 27472 raft_consensus.cc:2804] T 00000000000000000000000000000000 P f7be4a8aaf864c96b86ca6c2264bbdb2 [term 1 FOLLOWER]: Leader election won for term 1
I20260608 09:58:32.572170 27472 raft_consensus.cc:697] T 00000000000000000000000000000000 P f7be4a8aaf864c96b86ca6c2264bbdb2 [term 1 LEADER]: Becoming Leader. State: Replica: f7be4a8aaf864c96b86ca6c2264bbdb2, State: Running, Role: LEADER
I20260608 09:58:32.572939 27472 consensus_queue.cc:237] T 00000000000000000000000000000000 P f7be4a8aaf864c96b86ca6c2264bbdb2 [LEADER]: Queue going to LEADER mode. State: All replicated index: 0, Majority replicated index: 0, Committed index: 0, Last appended: 0.0, Last appended by leader: 0, Current term: 1, Majority size: 1, State: 0, Mode: LEADER, active raft config: opid_index: -1 OBSOLETE_local: true peers { permanent_uuid: "f7be4a8aaf864c96b86ca6c2264bbdb2" member_type: VOTER }
I20260608 09:58:32.573398 27469 sys_catalog.cc:565] T 00000000000000000000000000000000 P f7be4a8aaf864c96b86ca6c2264bbdb2 [sys.catalog]: configured and running, proceeding with master startup.
I20260608 09:58:32.578182 27474 sys_catalog.cc:455] T 00000000000000000000000000000000 P f7be4a8aaf864c96b86ca6c2264bbdb2 [sys.catalog]: SysCatalogTable state changed. Reason: New leader f7be4a8aaf864c96b86ca6c2264bbdb2. Latest consensus state: current_term: 1 leader_uuid: "f7be4a8aaf864c96b86ca6c2264bbdb2" committed_config { opid_index: -1 OBSOLETE_local: true peers { permanent_uuid: "f7be4a8aaf864c96b86ca6c2264bbdb2" member_type: VOTER } }
I20260608 09:58:32.579398 27474 sys_catalog.cc:458] T 00000000000000000000000000000000 P f7be4a8aaf864c96b86ca6c2264bbdb2 [sys.catalog]: This master's current role is: LEADER
I20260608 09:58:32.579200 27473 sys_catalog.cc:455] T 00000000000000000000000000000000 P f7be4a8aaf864c96b86ca6c2264bbdb2 [sys.catalog]: SysCatalogTable state changed. Reason: RaftConsensus started. Latest consensus state: current_term: 1 leader_uuid: "f7be4a8aaf864c96b86ca6c2264bbdb2" committed_config { opid_index: -1 OBSOLETE_local: true peers { permanent_uuid: "f7be4a8aaf864c96b86ca6c2264bbdb2" member_type: VOTER } }
I20260608 09:58:32.579944 27473 sys_catalog.cc:458] T 00000000000000000000000000000000 P f7be4a8aaf864c96b86ca6c2264bbdb2 [sys.catalog]: This master's current role is: LEADER
I20260608 09:58:32.581568 27482 catalog_manager.cc:1510] Loading table and tablet metadata into memory...
I20260608 09:58:32.589310 27482 catalog_manager.cc:1519] Initializing Kudu cluster ID...
I20260608 09:58:32.590345 23375 internal_mini_cluster.cc:184] Waiting to initialize catalog manager on master 0
I20260608 09:58:32.599110 27482 catalog_manager.cc:1382] Generated new cluster ID: 3f0ba9aea20640d4ac30c8b5d43c9a79
I20260608 09:58:32.599421 27482 catalog_manager.cc:1530] Initializing Kudu internal certificate authority...
I20260608 09:58:32.634150 27482 catalog_manager.cc:1405] Generated new certificate authority record
I20260608 09:58:32.635521 27482 catalog_manager.cc:1539] Loading token signing keys...
I20260608 09:58:32.652165 27482 catalog_manager.cc:6069] T 00000000000000000000000000000000 P f7be4a8aaf864c96b86ca6c2264bbdb2: Generated new TSK 0
I20260608 09:58:32.652819 27482 catalog_manager.cc:1549] Initializing in-progress tserver states...
I20260608 09:58:32.721256 23375 file_cache.cc:492] Constructed file cache file cache with capacity 419430
W20260608 09:58:32.727592 27490 instance_detector.cc:116] could not retrieve AWS instance metadata: Network error: curl error: HTTP response code said error: The requested URL returned error: 404
W20260608 09:58:32.728382 27491 instance_detector.cc:116] could not retrieve Azure instance metadata: Network error: curl error: HTTP response code said error: The requested URL returned error: 404
I20260608 09:58:32.730067 23375 server_base.cc:1061] running on GCE node
W20260608 09:58:32.730020 27493 instance_detector.cc:116] could not retrieve OpenStack instance metadata: Network error: curl error: HTTP response code said error: The requested URL returned error: 404
I20260608 09:58:32.731089 23375 hybrid_clock.cc:584] initializing the hybrid clock with 'system_unsync' time source
W20260608 09:58:32.731276 23375 system_unsync_time.cc:38] NTP support is disabled. Clock error bounds will not be accurate. This configuration is not suitable for distributed clusters.
I20260608 09:58:32.731433 23375 hybrid_clock.cc:648] HybridClock initialized: now 1780912712731413 us; error 0 us; skew 500 ppm
I20260608 09:58:32.732002 23375 server_base.cc:861] Flag tcmalloc_max_total_thread_cache_bytes is not working since tcmalloc is not enabled.
I20260608 09:58:32.734218 23375 webserver.cc:533] Webserver started at http://127.22.211.193:44237/ using document root <none> and password file <none>
I20260608 09:58:32.734720 23375 fs_manager.cc:362] Metadata directory not provided
I20260608 09:58:32.734889 23375 fs_manager.cc:368] Using write-ahead log directory (fs_wal_dir) as metadata directory
I20260608 09:58:32.735143 23375 server_base.cc:909] This appears to be a new deployment of Kudu; creating new FS layout
I20260608 09:58:32.736311 23375 fs_manager.cc:1068] Generated new instance metadata in path /tmp/dist-test-task6lqjAW/test-tmp/auto_rebalancer-test.0.AutoRebalancerTest.NoReplicaMovesIfCannotFixPlacementPolicy.1780912608195076-23375-0/minicluster-data/ts-0-root/instance:
uuid: "538e62def3e642949797f8382af07059"
format_stamp: "Formatted at 2026-06-08 09:58:32 on dist-test-slave-961j"
I20260608 09:58:32.740770 23375 fs_manager.cc:696] Time spent creating directory manager: real 0.004s	user 0.003s	sys 0.001s
I20260608 09:58:32.743963 27498 log_block_manager.cc:4031] Time spent loading block containers with low live blocks: real 0.000s	user 0.000s	sys 0.000s
I20260608 09:58:32.744691 23375 fs_manager.cc:730] Time spent opening block manager: real 0.002s	user 0.002s	sys 0.001s
I20260608 09:58:32.744966 23375 fs_manager.cc:647] Opened local filesystem: /tmp/dist-test-task6lqjAW/test-tmp/auto_rebalancer-test.0.AutoRebalancerTest.NoReplicaMovesIfCannotFixPlacementPolicy.1780912608195076-23375-0/minicluster-data/ts-0-root
uuid: "538e62def3e642949797f8382af07059"
format_stamp: "Formatted at 2026-06-08 09:58:32 on dist-test-slave-961j"
I20260608 09:58:32.745246 23375 fs_report.cc:389] FS layout report
--------------------
wal directory: /tmp/dist-test-task6lqjAW/test-tmp/auto_rebalancer-test.0.AutoRebalancerTest.NoReplicaMovesIfCannotFixPlacementPolicy.1780912608195076-23375-0/minicluster-data/ts-0-root
metadata directory: /tmp/dist-test-task6lqjAW/test-tmp/auto_rebalancer-test.0.AutoRebalancerTest.NoReplicaMovesIfCannotFixPlacementPolicy.1780912608195076-23375-0/minicluster-data/ts-0-root
1 data directories: /tmp/dist-test-task6lqjAW/test-tmp/auto_rebalancer-test.0.AutoRebalancerTest.NoReplicaMovesIfCannotFixPlacementPolicy.1780912608195076-23375-0/minicluster-data/ts-0-root/data
Total live blocks: 0
Total live bytes: 0
Total live bytes (after alignment): 0
Total number of LBM containers: 0 (0 full)
Did not check for missing blocks
Did not check for orphaned blocks
Total full LBM containers with extra space: 0 (0 repaired)
Total full LBM container extra space in bytes: 0 (0 repaired)
Total incomplete LBM containers: 0 (0 repaired)
Total LBM partial records: 0 (0 repaired)
Total corrupted LBM metadata records in RocksDB: 0 (0 repaired)
I20260608 09:58:32.775928 23375 rpc_server.cc:225] running with OpenSSL 1.1.1  11 Sep 2018
I20260608 09:58:32.777190 23375 kserver.cc:163] Server-wide thread pool size limit: 3276
I20260608 09:58:32.778663 23375 txn_system_client.cc:432] TxnSystemClient initialization is disabled...
I20260608 09:58:32.781049 23375 ts_tablet_manager.cc:585] Loaded tablet metadata (0 total tablets, 0 live tablets)
I20260608 09:58:32.781253 23375 ts_tablet_manager.cc:531] Time spent load tablet metadata: real 0.000s	user 0.000s	sys 0.000s
I20260608 09:58:32.781476 23375 ts_tablet_manager.cc:616] Registered 0 tablets
I20260608 09:58:32.781634 23375 ts_tablet_manager.cc:595] Time spent register tablets: real 0.000s	user 0.000s	sys 0.000s
I20260608 09:58:32.821775 23375 rpc_server.cc:307] RPC server started. Bound to: 127.22.211.193:36041
I20260608 09:58:32.821897 27560 acceptor_pool.cc:272] collecting diagnostics on the listening RPC socket 127.22.211.193:36041 every 8 connection(s)
I20260608 09:58:32.827024 23375 file_cache.cc:492] Constructed file cache file cache with capacity 419430
W20260608 09:58:32.834247 27565 instance_detector.cc:116] could not retrieve AWS instance metadata: Network error: curl error: HTTP response code said error: The requested URL returned error: 404
W20260608 09:58:32.835394 27566 instance_detector.cc:116] could not retrieve Azure instance metadata: Network error: curl error: HTTP response code said error: The requested URL returned error: 404
W20260608 09:58:32.837347 27568 instance_detector.cc:116] could not retrieve OpenStack instance metadata: Network error: curl error: HTTP response code said error: The requested URL returned error: 404
I20260608 09:58:32.837913 23375 server_base.cc:1061] running on GCE node
I20260608 09:58:32.838866 23375 hybrid_clock.cc:584] initializing the hybrid clock with 'system_unsync' time source
W20260608 09:58:32.839124 23375 system_unsync_time.cc:38] NTP support is disabled. Clock error bounds will not be accurate. This configuration is not suitable for distributed clusters.
I20260608 09:58:32.839324 23375 hybrid_clock.cc:648] HybridClock initialized: now 1780912712839304 us; error 0 us; skew 500 ppm
I20260608 09:58:32.839998 23375 server_base.cc:861] Flag tcmalloc_max_total_thread_cache_bytes is not working since tcmalloc is not enabled.
I20260608 09:58:32.840164 27561 heartbeater.cc:344] Connected to a master server at 127.22.211.254:35725
I20260608 09:58:32.840536 27561 heartbeater.cc:461] Registering TS with master...
I20260608 09:58:32.841285 27561 heartbeater.cc:507] Master 127.22.211.254:35725 requested a full tablet report, sending...
I20260608 09:58:32.842718 23375 webserver.cc:533] Webserver started at http://127.22.211.194:43657/ using document root <none> and password file <none>
I20260608 09:58:32.843318 23375 fs_manager.cc:362] Metadata directory not provided
I20260608 09:58:32.843509 23375 fs_manager.cc:368] Using write-ahead log directory (fs_wal_dir) as metadata directory
I20260608 09:58:32.843540 27434 ts_manager.cc:194] Registered new tserver with Master: 538e62def3e642949797f8382af07059 (127.22.211.193:36041)
I20260608 09:58:32.843830 23375 server_base.cc:909] This appears to be a new deployment of Kudu; creating new FS layout
I20260608 09:58:32.845048 23375 fs_manager.cc:1068] Generated new instance metadata in path /tmp/dist-test-task6lqjAW/test-tmp/auto_rebalancer-test.0.AutoRebalancerTest.NoReplicaMovesIfCannotFixPlacementPolicy.1780912608195076-23375-0/minicluster-data/ts-1-root/instance:
uuid: "dafac1f7de794bc69b75a6c89add4304"
format_stamp: "Formatted at 2026-06-08 09:58:32 on dist-test-slave-961j"
I20260608 09:58:32.845553 27434 master_service.cc:502] Signed X509 certificate for tserver {username='slave'} at 127.0.0.1:41132
I20260608 09:58:32.850385 23375 fs_manager.cc:696] Time spent creating directory manager: real 0.005s	user 0.004s	sys 0.001s
I20260608 09:58:32.853951 27573 log_block_manager.cc:4031] Time spent loading block containers with low live blocks: real 0.000s	user 0.000s	sys 0.000s
I20260608 09:58:32.854696 23375 fs_manager.cc:730] Time spent opening block manager: real 0.002s	user 0.001s	sys 0.000s
I20260608 09:58:32.854977 23375 fs_manager.cc:647] Opened local filesystem: /tmp/dist-test-task6lqjAW/test-tmp/auto_rebalancer-test.0.AutoRebalancerTest.NoReplicaMovesIfCannotFixPlacementPolicy.1780912608195076-23375-0/minicluster-data/ts-1-root
uuid: "dafac1f7de794bc69b75a6c89add4304"
format_stamp: "Formatted at 2026-06-08 09:58:32 on dist-test-slave-961j"
I20260608 09:58:32.855242 23375 fs_report.cc:389] FS layout report
--------------------
wal directory: /tmp/dist-test-task6lqjAW/test-tmp/auto_rebalancer-test.0.AutoRebalancerTest.NoReplicaMovesIfCannotFixPlacementPolicy.1780912608195076-23375-0/minicluster-data/ts-1-root
metadata directory: /tmp/dist-test-task6lqjAW/test-tmp/auto_rebalancer-test.0.AutoRebalancerTest.NoReplicaMovesIfCannotFixPlacementPolicy.1780912608195076-23375-0/minicluster-data/ts-1-root
1 data directories: /tmp/dist-test-task6lqjAW/test-tmp/auto_rebalancer-test.0.AutoRebalancerTest.NoReplicaMovesIfCannotFixPlacementPolicy.1780912608195076-23375-0/minicluster-data/ts-1-root/data
Total live blocks: 0
Total live bytes: 0
Total live bytes (after alignment): 0
Total number of LBM containers: 0 (0 full)
Did not check for missing blocks
Did not check for orphaned blocks
Total full LBM containers with extra space: 0 (0 repaired)
Total full LBM container extra space in bytes: 0 (0 repaired)
Total incomplete LBM containers: 0 (0 repaired)
Total LBM partial records: 0 (0 repaired)
Total corrupted LBM metadata records in RocksDB: 0 (0 repaired)
I20260608 09:58:32.899770 23375 rpc_server.cc:225] running with OpenSSL 1.1.1  11 Sep 2018
I20260608 09:58:32.900969 23375 kserver.cc:163] Server-wide thread pool size limit: 3276
I20260608 09:58:32.902436 23375 txn_system_client.cc:432] TxnSystemClient initialization is disabled...
I20260608 09:58:32.904727 23375 ts_tablet_manager.cc:585] Loaded tablet metadata (0 total tablets, 0 live tablets)
I20260608 09:58:32.904923 23375 ts_tablet_manager.cc:531] Time spent load tablet metadata: real 0.000s	user 0.000s	sys 0.000s
I20260608 09:58:32.905158 23375 ts_tablet_manager.cc:616] Registered 0 tablets
I20260608 09:58:32.905310 23375 ts_tablet_manager.cc:595] Time spent register tablets: real 0.000s	user 0.000s	sys 0.000s
I20260608 09:58:32.943938 23375 rpc_server.cc:307] RPC server started. Bound to: 127.22.211.194:33685
I20260608 09:58:32.944047 27635 acceptor_pool.cc:272] collecting diagnostics on the listening RPC socket 127.22.211.194:33685 every 8 connection(s)
I20260608 09:58:32.948761 23375 file_cache.cc:492] Constructed file cache file cache with capacity 419430
W20260608 09:58:32.956038 27639 instance_detector.cc:116] could not retrieve AWS instance metadata: Network error: curl error: HTTP response code said error: The requested URL returned error: 404
W20260608 09:58:32.956943 27640 instance_detector.cc:116] could not retrieve Azure instance metadata: Network error: curl error: HTTP response code said error: The requested URL returned error: 404
W20260608 09:58:32.960101 27643 instance_detector.cc:116] could not retrieve OpenStack instance metadata: Network error: curl error: HTTP response code said error: The requested URL returned error: 404
I20260608 09:58:32.960294 23375 server_base.cc:1061] running on GCE node
I20260608 09:58:32.961223 23375 hybrid_clock.cc:584] initializing the hybrid clock with 'system_unsync' time source
W20260608 09:58:32.961477 23375 system_unsync_time.cc:38] NTP support is disabled. Clock error bounds will not be accurate. This configuration is not suitable for distributed clusters.
I20260608 09:58:32.961660 27636 heartbeater.cc:344] Connected to a master server at 127.22.211.254:35725
I20260608 09:58:32.961716 23375 hybrid_clock.cc:648] HybridClock initialized: now 1780912712961696 us; error 0 us; skew 500 ppm
I20260608 09:58:32.962167 27636 heartbeater.cc:461] Registering TS with master...
I20260608 09:58:32.962523 23375 server_base.cc:861] Flag tcmalloc_max_total_thread_cache_bytes is not working since tcmalloc is not enabled.
I20260608 09:58:32.962937 27636 heartbeater.cc:507] Master 127.22.211.254:35725 requested a full tablet report, sending...
I20260608 09:58:32.965065 27434 ts_manager.cc:194] Registered new tserver with Master: dafac1f7de794bc69b75a6c89add4304 (127.22.211.194:33685)
I20260608 09:58:32.965372 23375 webserver.cc:533] Webserver started at http://127.22.211.195:33863/ using document root <none> and password file <none>
I20260608 09:58:32.965907 23375 fs_manager.cc:362] Metadata directory not provided
I20260608 09:58:32.966097 23375 fs_manager.cc:368] Using write-ahead log directory (fs_wal_dir) as metadata directory
I20260608 09:58:32.966348 23375 server_base.cc:909] This appears to be a new deployment of Kudu; creating new FS layout
I20260608 09:58:32.966514 27434 master_service.cc:502] Signed X509 certificate for tserver {username='slave'} at 127.0.0.1:41140
I20260608 09:58:32.967543 23375 fs_manager.cc:1068] Generated new instance metadata in path /tmp/dist-test-task6lqjAW/test-tmp/auto_rebalancer-test.0.AutoRebalancerTest.NoReplicaMovesIfCannotFixPlacementPolicy.1780912608195076-23375-0/minicluster-data/ts-2-root/instance:
uuid: "ed9be29510814cb89d3b05b737240300"
format_stamp: "Formatted at 2026-06-08 09:58:32 on dist-test-slave-961j"
I20260608 09:58:32.972169 23375 fs_manager.cc:696] Time spent creating directory manager: real 0.004s	user 0.005s	sys 0.000s
I20260608 09:58:32.975739 27647 log_block_manager.cc:4031] Time spent loading block containers with low live blocks: real 0.000s	user 0.000s	sys 0.000s
I20260608 09:58:32.976505 23375 fs_manager.cc:730] Time spent opening block manager: real 0.002s	user 0.003s	sys 0.000s
I20260608 09:58:32.976788 23375 fs_manager.cc:647] Opened local filesystem: /tmp/dist-test-task6lqjAW/test-tmp/auto_rebalancer-test.0.AutoRebalancerTest.NoReplicaMovesIfCannotFixPlacementPolicy.1780912608195076-23375-0/minicluster-data/ts-2-root
uuid: "ed9be29510814cb89d3b05b737240300"
format_stamp: "Formatted at 2026-06-08 09:58:32 on dist-test-slave-961j"
I20260608 09:58:32.977103 23375 fs_report.cc:389] FS layout report
--------------------
wal directory: /tmp/dist-test-task6lqjAW/test-tmp/auto_rebalancer-test.0.AutoRebalancerTest.NoReplicaMovesIfCannotFixPlacementPolicy.1780912608195076-23375-0/minicluster-data/ts-2-root
metadata directory: /tmp/dist-test-task6lqjAW/test-tmp/auto_rebalancer-test.0.AutoRebalancerTest.NoReplicaMovesIfCannotFixPlacementPolicy.1780912608195076-23375-0/minicluster-data/ts-2-root
1 data directories: /tmp/dist-test-task6lqjAW/test-tmp/auto_rebalancer-test.0.AutoRebalancerTest.NoReplicaMovesIfCannotFixPlacementPolicy.1780912608195076-23375-0/minicluster-data/ts-2-root/data
Total live blocks: 0
Total live bytes: 0
Total live bytes (after alignment): 0
Total number of LBM containers: 0 (0 full)
Did not check for missing blocks
Did not check for orphaned blocks
Total full LBM containers with extra space: 0 (0 repaired)
Total full LBM container extra space in bytes: 0 (0 repaired)
Total incomplete LBM containers: 0 (0 repaired)
Total LBM partial records: 0 (0 repaired)
Total corrupted LBM metadata records in RocksDB: 0 (0 repaired)
I20260608 09:58:32.987819 23375 rpc_server.cc:225] running with OpenSSL 1.1.1  11 Sep 2018
I20260608 09:58:32.989054 23375 kserver.cc:163] Server-wide thread pool size limit: 3276
I20260608 09:58:32.990482 23375 txn_system_client.cc:432] TxnSystemClient initialization is disabled...
I20260608 09:58:32.992810 23375 ts_tablet_manager.cc:585] Loaded tablet metadata (0 total tablets, 0 live tablets)
I20260608 09:58:32.993011 23375 ts_tablet_manager.cc:531] Time spent load tablet metadata: real 0.000s	user 0.000s	sys 0.000s
I20260608 09:58:32.993233 23375 ts_tablet_manager.cc:616] Registered 0 tablets
I20260608 09:58:32.993387 23375 ts_tablet_manager.cc:595] Time spent register tablets: real 0.000s	user 0.000s	sys 0.000s
I20260608 09:58:33.033118 23375 rpc_server.cc:307] RPC server started. Bound to: 127.22.211.195:44041
I20260608 09:58:33.033236 27709 acceptor_pool.cc:272] collecting diagnostics on the listening RPC socket 127.22.211.195:44041 every 8 connection(s)
I20260608 09:58:33.047683 27710 heartbeater.cc:344] Connected to a master server at 127.22.211.254:35725
I20260608 09:58:33.048043 27710 heartbeater.cc:461] Registering TS with master...
I20260608 09:58:33.048825 27710 heartbeater.cc:507] Master 127.22.211.254:35725 requested a full tablet report, sending...
I20260608 09:58:33.050836 27434 ts_manager.cc:194] Registered new tserver with Master: ed9be29510814cb89d3b05b737240300 (127.22.211.195:44041)
I20260608 09:58:33.051033 23375 internal_mini_cluster.cc:371] 3 TS(s) registered with all masters after 0.014625067s
I20260608 09:58:33.052783 27434 master_service.cc:502] Signed X509 certificate for tserver {username='slave'} at 127.0.0.1:41150
I20260608 09:58:33.848779 27561 heartbeater.cc:499] Master 127.22.211.254:35725 was elected leader, sending a full tablet report...
I20260608 09:58:33.969105 27636 heartbeater.cc:499] Master 127.22.211.254:35725 was elected leader, sending a full tablet report...
I20260608 09:58:34.055552 27710 heartbeater.cc:499] Master 127.22.211.254:35725 was elected leader, sending a full tablet report...
I20260608 09:58:34.118140 27434 catalog_manager.cc:2282] Servicing CreateTable request from {username='slave'} at 127.0.0.1:41168:
name: "test-workload"
schema {
  columns {
    name: "key"
    type: INT32
    is_key: true
    is_nullable: false
    encoding: AUTO_ENCODING
    compression: DEFAULT_COMPRESSION
    cfile_block_size: 0
    immutable: false
  }
  columns {
    name: "int_val"
    type: INT32
    is_key: false
    is_nullable: false
    encoding: AUTO_ENCODING
    compression: DEFAULT_COMPRESSION
    cfile_block_size: 0
    immutable: false
  }
  columns {
    name: "string_val"
    type: STRING
    is_key: false
    is_nullable: true
    encoding: AUTO_ENCODING
    compression: DEFAULT_COMPRESSION
    cfile_block_size: 0
    immutable: false
  }
}
num_replicas: 3
split_rows_range_bounds {
}
partition_schema {
  range_schema {
    columns {
      name: "key"
    }
  }
}
W20260608 09:58:34.120118 27434 catalog_manager.cc:7076] The number of live tablet servers is not enough to re-replicate a tablet replica of the newly created table test-workload in case of a server failure: 4 tablet servers would be needed, 3 are available. Consider bringing up more tablet servers.
I20260608 09:58:34.165311 27675 tablet_service.cc:1511] Processing CreateTablet for tablet 4899c0766ab34dc3990319dbd296805e (DEFAULT_TABLE table=test-workload [id=337a70d6bb5248d1b84911d88ad836f7]), partition=RANGE (key) PARTITION UNBOUNDED
I20260608 09:58:34.166769 27675 data_dirs.cc:400] Could only allocate 1 dirs of requested 3 for tablet 4899c0766ab34dc3990319dbd296805e. 1 dirs total, 0 dirs full, 0 dirs failed
I20260608 09:58:34.171578 27526 tablet_service.cc:1511] Processing CreateTablet for tablet 4899c0766ab34dc3990319dbd296805e (DEFAULT_TABLE table=test-workload [id=337a70d6bb5248d1b84911d88ad836f7]), partition=RANGE (key) PARTITION UNBOUNDED
I20260608 09:58:34.172925 27526 data_dirs.cc:400] Could only allocate 1 dirs of requested 3 for tablet 4899c0766ab34dc3990319dbd296805e. 1 dirs total, 0 dirs full, 0 dirs failed
I20260608 09:58:34.175945 27601 tablet_service.cc:1511] Processing CreateTablet for tablet 4899c0766ab34dc3990319dbd296805e (DEFAULT_TABLE table=test-workload [id=337a70d6bb5248d1b84911d88ad836f7]), partition=RANGE (key) PARTITION UNBOUNDED
I20260608 09:58:34.177234 27601 data_dirs.cc:400] Could only allocate 1 dirs of requested 3 for tablet 4899c0766ab34dc3990319dbd296805e. 1 dirs total, 0 dirs full, 0 dirs failed
I20260608 09:58:34.188400 27730 tablet_bootstrap.cc:492] T 4899c0766ab34dc3990319dbd296805e P ed9be29510814cb89d3b05b737240300: Bootstrap starting.
I20260608 09:58:34.190102 27731 tablet_bootstrap.cc:492] T 4899c0766ab34dc3990319dbd296805e P 538e62def3e642949797f8382af07059: Bootstrap starting.
I20260608 09:58:34.194967 27730 tablet_bootstrap.cc:654] T 4899c0766ab34dc3990319dbd296805e P ed9be29510814cb89d3b05b737240300: Neither blocks nor log segments found. Creating new log.
I20260608 09:58:34.197602 27731 tablet_bootstrap.cc:654] T 4899c0766ab34dc3990319dbd296805e P 538e62def3e642949797f8382af07059: Neither blocks nor log segments found. Creating new log.
I20260608 09:58:34.197810 27732 tablet_bootstrap.cc:492] T 4899c0766ab34dc3990319dbd296805e P dafac1f7de794bc69b75a6c89add4304: Bootstrap starting.
I20260608 09:58:34.202613 27730 tablet_bootstrap.cc:492] T 4899c0766ab34dc3990319dbd296805e P ed9be29510814cb89d3b05b737240300: No bootstrap required, opened a new log
I20260608 09:58:34.203015 27730 ts_tablet_manager.cc:1403] T 4899c0766ab34dc3990319dbd296805e P ed9be29510814cb89d3b05b737240300: Time spent bootstrapping tablet: real 0.015s	user 0.002s	sys 0.008s
I20260608 09:58:34.203363 27731 tablet_bootstrap.cc:492] T 4899c0766ab34dc3990319dbd296805e P 538e62def3e642949797f8382af07059: No bootstrap required, opened a new log
I20260608 09:58:34.203894 27731 ts_tablet_manager.cc:1403] T 4899c0766ab34dc3990319dbd296805e P 538e62def3e642949797f8382af07059: Time spent bootstrapping tablet: real 0.014s	user 0.011s	sys 0.000s
I20260608 09:58:34.204723 27732 tablet_bootstrap.cc:654] T 4899c0766ab34dc3990319dbd296805e P dafac1f7de794bc69b75a6c89add4304: Neither blocks nor log segments found. Creating new log.
I20260608 09:58:34.205384 27730 raft_consensus.cc:359] T 4899c0766ab34dc3990319dbd296805e P ed9be29510814cb89d3b05b737240300 [term 0 FOLLOWER]: Replica starting. Triggering 0 pending ops. Active config: opid_index: -1 OBSOLETE_local: false peers { permanent_uuid: "ed9be29510814cb89d3b05b737240300" member_type: VOTER last_known_addr { host: "127.22.211.195" port: 44041 } } peers { permanent_uuid: "538e62def3e642949797f8382af07059" member_type: VOTER last_known_addr { host: "127.22.211.193" port: 36041 } } peers { permanent_uuid: "dafac1f7de794bc69b75a6c89add4304" member_type: VOTER last_known_addr { host: "127.22.211.194" port: 33685 } }
I20260608 09:58:34.205938 27730 raft_consensus.cc:385] T 4899c0766ab34dc3990319dbd296805e P ed9be29510814cb89d3b05b737240300 [term 0 FOLLOWER]: Consensus starting up: Expiring failure detector timer to make a prompt election more likely
I20260608 09:58:34.206159 27730 raft_consensus.cc:740] T 4899c0766ab34dc3990319dbd296805e P ed9be29510814cb89d3b05b737240300 [term 0 FOLLOWER]: Becoming Follower/Learner. State: Replica: ed9be29510814cb89d3b05b737240300, State: Initialized, Role: FOLLOWER
I20260608 09:58:34.206820 27730 consensus_queue.cc:260] T 4899c0766ab34dc3990319dbd296805e P ed9be29510814cb89d3b05b737240300 [NON_LEADER]: Queue going to NON_LEADER mode. State: All replicated index: 0, Majority replicated index: 0, Committed index: 0, Last appended: 0.0, Last appended by leader: 0, Current term: 0, Majority size: -1, State: 0, Mode: NON_LEADER, active raft config: opid_index: -1 OBSOLETE_local: false peers { permanent_uuid: "ed9be29510814cb89d3b05b737240300" member_type: VOTER last_known_addr { host: "127.22.211.195" port: 44041 } } peers { permanent_uuid: "538e62def3e642949797f8382af07059" member_type: VOTER last_known_addr { host: "127.22.211.193" port: 36041 } } peers { permanent_uuid: "dafac1f7de794bc69b75a6c89add4304" member_type: VOTER last_known_addr { host: "127.22.211.194" port: 33685 } }
I20260608 09:58:34.207016 27731 raft_consensus.cc:359] T 4899c0766ab34dc3990319dbd296805e P 538e62def3e642949797f8382af07059 [term 0 FOLLOWER]: Replica starting. Triggering 0 pending ops. Active config: opid_index: -1 OBSOLETE_local: false peers { permanent_uuid: "ed9be29510814cb89d3b05b737240300" member_type: VOTER last_known_addr { host: "127.22.211.195" port: 44041 } } peers { permanent_uuid: "538e62def3e642949797f8382af07059" member_type: VOTER last_known_addr { host: "127.22.211.193" port: 36041 } } peers { permanent_uuid: "dafac1f7de794bc69b75a6c89add4304" member_type: VOTER last_known_addr { host: "127.22.211.194" port: 33685 } }
I20260608 09:58:34.207885 27731 raft_consensus.cc:385] T 4899c0766ab34dc3990319dbd296805e P 538e62def3e642949797f8382af07059 [term 0 FOLLOWER]: Consensus starting up: Expiring failure detector timer to make a prompt election more likely
I20260608 09:58:34.208298 27731 raft_consensus.cc:740] T 4899c0766ab34dc3990319dbd296805e P 538e62def3e642949797f8382af07059 [term 0 FOLLOWER]: Becoming Follower/Learner. State: Replica: 538e62def3e642949797f8382af07059, State: Initialized, Role: FOLLOWER
I20260608 09:58:34.210076 27731 consensus_queue.cc:260] T 4899c0766ab34dc3990319dbd296805e P 538e62def3e642949797f8382af07059 [NON_LEADER]: Queue going to NON_LEADER mode. State: All replicated index: 0, Majority replicated index: 0, Committed index: 0, Last appended: 0.0, Last appended by leader: 0, Current term: 0, Majority size: -1, State: 0, Mode: NON_LEADER, active raft config: opid_index: -1 OBSOLETE_local: false peers { permanent_uuid: "ed9be29510814cb89d3b05b737240300" member_type: VOTER last_known_addr { host: "127.22.211.195" port: 44041 } } peers { permanent_uuid: "538e62def3e642949797f8382af07059" member_type: VOTER last_known_addr { host: "127.22.211.193" port: 36041 } } peers { permanent_uuid: "dafac1f7de794bc69b75a6c89add4304" member_type: VOTER last_known_addr { host: "127.22.211.194" port: 33685 } }
I20260608 09:58:34.212077 27730 ts_tablet_manager.cc:1434] T 4899c0766ab34dc3990319dbd296805e P ed9be29510814cb89d3b05b737240300: Time spent starting tablet: real 0.009s	user 0.009s	sys 0.000s
I20260608 09:58:34.213409 27732 tablet_bootstrap.cc:492] T 4899c0766ab34dc3990319dbd296805e P dafac1f7de794bc69b75a6c89add4304: No bootstrap required, opened a new log
I20260608 09:58:34.213979 27732 ts_tablet_manager.cc:1403] T 4899c0766ab34dc3990319dbd296805e P dafac1f7de794bc69b75a6c89add4304: Time spent bootstrapping tablet: real 0.017s	user 0.012s	sys 0.002s
I20260608 09:58:34.214176 27731 ts_tablet_manager.cc:1434] T 4899c0766ab34dc3990319dbd296805e P 538e62def3e642949797f8382af07059: Time spent starting tablet: real 0.010s	user 0.006s	sys 0.000s
I20260608 09:58:34.217525 27732 raft_consensus.cc:359] T 4899c0766ab34dc3990319dbd296805e P dafac1f7de794bc69b75a6c89add4304 [term 0 FOLLOWER]: Replica starting. Triggering 0 pending ops. Active config: opid_index: -1 OBSOLETE_local: false peers { permanent_uuid: "ed9be29510814cb89d3b05b737240300" member_type: VOTER last_known_addr { host: "127.22.211.195" port: 44041 } } peers { permanent_uuid: "538e62def3e642949797f8382af07059" member_type: VOTER last_known_addr { host: "127.22.211.193" port: 36041 } } peers { permanent_uuid: "dafac1f7de794bc69b75a6c89add4304" member_type: VOTER last_known_addr { host: "127.22.211.194" port: 33685 } }
I20260608 09:58:34.218179 27732 raft_consensus.cc:385] T 4899c0766ab34dc3990319dbd296805e P dafac1f7de794bc69b75a6c89add4304 [term 0 FOLLOWER]: Consensus starting up: Expiring failure detector timer to make a prompt election more likely
I20260608 09:58:34.218529 27732 raft_consensus.cc:740] T 4899c0766ab34dc3990319dbd296805e P dafac1f7de794bc69b75a6c89add4304 [term 0 FOLLOWER]: Becoming Follower/Learner. State: Replica: dafac1f7de794bc69b75a6c89add4304, State: Initialized, Role: FOLLOWER
