I20260608 09:49:14.288444 12561 tablet_server.cc:179] TabletServer@127.12.68.65:0 shutting down...
I20260608 09:49:14.314514 12561 ts_tablet_manager.cc:1507] Shutting down tablet manager...
I20260608 09:49:14.315404 12561 tablet_replica.cc:333] T 3b3725c66be5498ca1cfd1bf9cac7c59 P 8a6e3afb2cbf457a93faf5c1c7a8d2ec: stopping tablet replica
I20260608 09:49:14.315991 12561 raft_consensus.cc:2243] T 3b3725c66be5498ca1cfd1bf9cac7c59 P 8a6e3afb2cbf457a93faf5c1c7a8d2ec [term 1 LEADER]: Raft consensus shutting down.
I20260608 09:49:14.317019 12561 raft_consensus.cc:2272] T 3b3725c66be5498ca1cfd1bf9cac7c59 P 8a6e3afb2cbf457a93faf5c1c7a8d2ec [term 1 FOLLOWER]: Raft consensus is shut down!
I20260608 09:49:14.339475 12561 tablet_server.cc:196] TabletServer@127.12.68.65:0 shutdown complete.
I20260608 09:49:14.352820 12561 tablet_server.cc:179] TabletServer@127.12.68.66:0 shutting down...
I20260608 09:49:14.377516 12561 ts_tablet_manager.cc:1507] Shutting down tablet manager...
I20260608 09:49:14.378358 12561 tablet_replica.cc:333] T 3b3725c66be5498ca1cfd1bf9cac7c59 P f02bbd1fa7194ecbbd98523309b65a18: stopping tablet replica
I20260608 09:49:14.379060 12561 raft_consensus.cc:2243] T 3b3725c66be5498ca1cfd1bf9cac7c59 P f02bbd1fa7194ecbbd98523309b65a18 [term 1 FOLLOWER]: Raft consensus shutting down.
I20260608 09:49:14.379675 12561 raft_consensus.cc:2272] T 3b3725c66be5498ca1cfd1bf9cac7c59 P f02bbd1fa7194ecbbd98523309b65a18 [term 1 FOLLOWER]: Raft consensus is shut down!
I20260608 09:49:14.400328 12561 tablet_server.cc:196] TabletServer@127.12.68.66:0 shutdown complete.
I20260608 09:49:14.412388 12561 tablet_server.cc:179] TabletServer@127.12.68.67:0 shutting down...
I20260608 09:49:14.434520 12561 ts_tablet_manager.cc:1507] Shutting down tablet manager...
I20260608 09:49:14.435339 12561 tablet_replica.cc:333] T 3b3725c66be5498ca1cfd1bf9cac7c59 P 2e5dbc1a6e7b400eae2adedf4f620b2c: stopping tablet replica
I20260608 09:49:14.435916 12561 raft_consensus.cc:2243] T 3b3725c66be5498ca1cfd1bf9cac7c59 P 2e5dbc1a6e7b400eae2adedf4f620b2c [term 1 FOLLOWER]: Raft consensus shutting down.
I20260608 09:49:14.436466 12561 raft_consensus.cc:2272] T 3b3725c66be5498ca1cfd1bf9cac7c59 P 2e5dbc1a6e7b400eae2adedf4f620b2c [term 1 FOLLOWER]: Raft consensus is shut down!
I20260608 09:49:14.457029 12561 tablet_server.cc:196] TabletServer@127.12.68.67:0 shutdown complete.
I20260608 09:49:14.463423 16652 placement_policy_util.cc:407] tablet 3b3725c66be5498ca1cfd1bf9cac7c59: detected majority of replicas (2 of 3) at location L0
I20260608 09:49:14.470285 12561 master.cc:562] Master@127.12.68.126:45623 shutting down...
I20260608 09:49:14.490677 12561 raft_consensus.cc:2243] T 00000000000000000000000000000000 P 62681d2e7cbf43a9a027a3fcd04e6b4a [term 1 LEADER]: Raft consensus shutting down.
I20260608 09:49:14.491398 12561 raft_consensus.cc:2272] T 00000000000000000000000000000000 P 62681d2e7cbf43a9a027a3fcd04e6b4a [term 1 FOLLOWER]: Raft consensus is shut down!
I20260608 09:49:14.491755 12561 tablet_replica.cc:333] T 00000000000000000000000000000000 P 62681d2e7cbf43a9a027a3fcd04e6b4a: stopping tablet replica
I20260608 09:49:14.528393 12561 master.cc:584] Master@127.12.68.126:45623 shutdown complete.
[       OK ] AutoRebalancerTest.NoReplicaMovesIfCannotFixPlacementPolicy (13372 ms)
[ RUN      ] AutoRebalancerTest.TestMaxMovesPerServer
I20260608 09:49:14.570739 12561 internal_mini_cluster.cc:156] Creating distributed mini masters. Addrs: 127.12.68.126:39445
I20260608 09:49:14.572050 12561 file_cache.cc:492] Constructed file cache file cache with capacity 419430
W20260608 09:49:14.578522 16930 instance_detector.cc:116] could not retrieve AWS instance metadata: Network error: curl error: HTTP response code said error: The requested URL returned error: 404
W20260608 09:49:14.578860 16931 instance_detector.cc:116] could not retrieve Azure instance metadata: Network error: curl error: HTTP response code said error: The requested URL returned error: 404
W20260608 09:49:14.579030 16933 instance_detector.cc:116] could not retrieve OpenStack instance metadata: Network error: curl error: HTTP response code said error: The requested URL returned error: 404
I20260608 09:49:14.580090 12561 server_base.cc:1061] running on GCE node
I20260608 09:49:14.581009 12561 hybrid_clock.cc:584] initializing the hybrid clock with 'system_unsync' time source
W20260608 09:49:14.581199 12561 system_unsync_time.cc:38] NTP support is disabled. Clock error bounds will not be accurate. This configuration is not suitable for distributed clusters.
I20260608 09:49:14.581313 12561 hybrid_clock.cc:648] HybridClock initialized: now 1780912154581302 us; error 0 us; skew 500 ppm
I20260608 09:49:14.581892 12561 server_base.cc:861] Flag tcmalloc_max_total_thread_cache_bytes is not working since tcmalloc is not enabled.
I20260608 09:49:14.584467 12561 webserver.cc:533] Webserver started at http://127.12.68.126:35015/ using document root <none> and password file <none>
I20260608 09:49:14.584949 12561 fs_manager.cc:362] Metadata directory not provided
I20260608 09:49:14.585119 12561 fs_manager.cc:368] Using write-ahead log directory (fs_wal_dir) as metadata directory
I20260608 09:49:14.585350 12561 server_base.cc:909] This appears to be a new deployment of Kudu; creating new FS layout
I20260608 09:49:14.586503 12561 fs_manager.cc:1068] Generated new instance metadata in path /tmp/dist-test-taskQYliSt/test-tmp/auto_rebalancer-test.0.AutoRebalancerTest.TestMaxMovesPerServer.1780912037222768-12561-0/minicluster-data/master-0-root/instance:
uuid: "271dea12ea374f21a623ffee2786eb44"
format_stamp: "Formatted at 2026-06-08 09:49:14 on dist-test-slave-86v6"
I20260608 09:49:14.591372 12561 fs_manager.cc:696] Time spent creating directory manager: real 0.004s	user 0.006s	sys 0.000s
I20260608 09:49:14.595201 16938 log_block_manager.cc:4031] Time spent loading block containers with low live blocks: real 0.000s	user 0.000s	sys 0.000s
I20260608 09:49:14.596099 12561 fs_manager.cc:730] Time spent opening block manager: real 0.003s	user 0.003s	sys 0.000s
I20260608 09:49:14.596465 12561 fs_manager.cc:647] Opened local filesystem: /tmp/dist-test-taskQYliSt/test-tmp/auto_rebalancer-test.0.AutoRebalancerTest.TestMaxMovesPerServer.1780912037222768-12561-0/minicluster-data/master-0-root
uuid: "271dea12ea374f21a623ffee2786eb44"
format_stamp: "Formatted at 2026-06-08 09:49:14 on dist-test-slave-86v6"
I20260608 09:49:14.596745 12561 fs_report.cc:389] FS layout report
--------------------
wal directory: /tmp/dist-test-taskQYliSt/test-tmp/auto_rebalancer-test.0.AutoRebalancerTest.TestMaxMovesPerServer.1780912037222768-12561-0/minicluster-data/master-0-root
metadata directory: /tmp/dist-test-taskQYliSt/test-tmp/auto_rebalancer-test.0.AutoRebalancerTest.TestMaxMovesPerServer.1780912037222768-12561-0/minicluster-data/master-0-root
1 data directories: /tmp/dist-test-taskQYliSt/test-tmp/auto_rebalancer-test.0.AutoRebalancerTest.TestMaxMovesPerServer.1780912037222768-12561-0/minicluster-data/master-0-root/data
Total live blocks: 0
Total live bytes: 0
Total live bytes (after alignment): 0
Total number of LBM containers: 0 (0 full)
Did not check for missing blocks
Did not check for orphaned blocks
Total full LBM containers with extra space: 0 (0 repaired)
Total full LBM container extra space in bytes: 0 (0 repaired)
Total incomplete LBM containers: 0 (0 repaired)
Total LBM partial records: 0 (0 repaired)
Total corrupted LBM metadata records in RocksDB: 0 (0 repaired)
I20260608 09:49:14.626789 12561 rpc_server.cc:225] running with OpenSSL 1.1.1  11 Sep 2018
I20260608 09:49:14.628289 12561 kserver.cc:163] Server-wide thread pool size limit: 3276
I20260608 09:49:14.669309 12561 rpc_server.cc:307] RPC server started. Bound to: 127.12.68.126:39445
I20260608 09:49:14.669428 16989 acceptor_pool.cc:272] collecting diagnostics on the listening RPC socket 127.12.68.126:39445 every 8 connection(s)
I20260608 09:49:14.673821 16990 data_dirs.cc:400] Could only allocate 1 dirs of requested 3 for tablet 00000000000000000000000000000000. 1 dirs total, 0 dirs full, 0 dirs failed
I20260608 09:49:14.685732 16990 tablet_bootstrap.cc:492] T 00000000000000000000000000000000 P 271dea12ea374f21a623ffee2786eb44: Bootstrap starting.
I20260608 09:49:14.691057 16990 tablet_bootstrap.cc:654] T 00000000000000000000000000000000 P 271dea12ea374f21a623ffee2786eb44: Neither blocks nor log segments found. Creating new log.
I20260608 09:49:14.697212 16990 tablet_bootstrap.cc:492] T 00000000000000000000000000000000 P 271dea12ea374f21a623ffee2786eb44: No bootstrap required, opened a new log
I20260608 09:49:14.700367 16990 raft_consensus.cc:359] T 00000000000000000000000000000000 P 271dea12ea374f21a623ffee2786eb44 [term 0 FOLLOWER]: Replica starting. Triggering 0 pending ops. Active config: opid_index: -1 OBSOLETE_local: true peers { permanent_uuid: "271dea12ea374f21a623ffee2786eb44" member_type: VOTER }
I20260608 09:49:14.700891 16990 raft_consensus.cc:385] T 00000000000000000000000000000000 P 271dea12ea374f21a623ffee2786eb44 [term 0 FOLLOWER]: Consensus starting up: Expiring failure detector timer to make a prompt election more likely
I20260608 09:49:14.701139 16990 raft_consensus.cc:740] T 00000000000000000000000000000000 P 271dea12ea374f21a623ffee2786eb44 [term 0 FOLLOWER]: Becoming Follower/Learner. State: Replica: 271dea12ea374f21a623ffee2786eb44, State: Initialized, Role: FOLLOWER
I20260608 09:49:14.701802 16990 consensus_queue.cc:260] T 00000000000000000000000000000000 P 271dea12ea374f21a623ffee2786eb44 [NON_LEADER]: Queue going to NON_LEADER mode. State: All replicated index: 0, Majority replicated index: 0, Committed index: 0, Last appended: 0.0, Last appended by leader: 0, Current term: 0, Majority size: -1, State: 0, Mode: NON_LEADER, active raft config: opid_index: -1 OBSOLETE_local: true peers { permanent_uuid: "271dea12ea374f21a623ffee2786eb44" member_type: VOTER }
I20260608 09:49:14.702291 16990 raft_consensus.cc:399] T 00000000000000000000000000000000 P 271dea12ea374f21a623ffee2786eb44 [term 0 FOLLOWER]: Only one voter in the Raft config. Triggering election immediately
I20260608 09:49:14.702538 16990 raft_consensus.cc:493] T 00000000000000000000000000000000 P 271dea12ea374f21a623ffee2786eb44 [term 0 FOLLOWER]: Starting leader election (initial election of a single-replica configuration)
I20260608 09:49:14.702816 16990 raft_consensus.cc:3060] T 00000000000000000000000000000000 P 271dea12ea374f21a623ffee2786eb44 [term 0 FOLLOWER]: Advancing to term 1
I20260608 09:49:14.707858 16990 raft_consensus.cc:515] T 00000000000000000000000000000000 P 271dea12ea374f21a623ffee2786eb44 [term 1 FOLLOWER]: Starting leader election with config: opid_index: -1 OBSOLETE_local: true peers { permanent_uuid: "271dea12ea374f21a623ffee2786eb44" member_type: VOTER }
I20260608 09:49:14.708441 16990 leader_election.cc:304] T 00000000000000000000000000000000 P 271dea12ea374f21a623ffee2786eb44 [CANDIDATE]: Term 1 election: Election decided. Result: candidate won. Election summary: received 1 responses out of 1 voters: 1 yes votes; 0 no votes. yes voters: 271dea12ea374f21a623ffee2786eb44; no voters: 
I20260608 09:49:14.709692 16990 leader_election.cc:290] T 00000000000000000000000000000000 P 271dea12ea374f21a623ffee2786eb44 [CANDIDATE]: Term 1 election: Requested vote from peers 
I20260608 09:49:14.710160 16993 raft_consensus.cc:2804] T 00000000000000000000000000000000 P 271dea12ea374f21a623ffee2786eb44 [term 1 FOLLOWER]: Leader election won for term 1
I20260608 09:49:14.711652 16993 raft_consensus.cc:697] T 00000000000000000000000000000000 P 271dea12ea374f21a623ffee2786eb44 [term 1 LEADER]: Becoming Leader. State: Replica: 271dea12ea374f21a623ffee2786eb44, State: Running, Role: LEADER
I20260608 09:49:14.712352 16993 consensus_queue.cc:237] T 00000000000000000000000000000000 P 271dea12ea374f21a623ffee2786eb44 [LEADER]: Queue going to LEADER mode. State: All replicated index: 0, Majority replicated index: 0, Committed index: 0, Last appended: 0.0, Last appended by leader: 0, Current term: 1, Majority size: 1, State: 0, Mode: LEADER, active raft config: opid_index: -1 OBSOLETE_local: true peers { permanent_uuid: "271dea12ea374f21a623ffee2786eb44" member_type: VOTER }
I20260608 09:49:14.712922 16990 sys_catalog.cc:565] T 00000000000000000000000000000000 P 271dea12ea374f21a623ffee2786eb44 [sys.catalog]: configured and running, proceeding with master startup.
I20260608 09:49:14.717921 16994 sys_catalog.cc:455] T 00000000000000000000000000000000 P 271dea12ea374f21a623ffee2786eb44 [sys.catalog]: SysCatalogTable state changed. Reason: RaftConsensus started. Latest consensus state: current_term: 1 leader_uuid: "271dea12ea374f21a623ffee2786eb44" committed_config { opid_index: -1 OBSOLETE_local: true peers { permanent_uuid: "271dea12ea374f21a623ffee2786eb44" member_type: VOTER } }
I20260608 09:49:14.718926 16994 sys_catalog.cc:458] T 00000000000000000000000000000000 P 271dea12ea374f21a623ffee2786eb44 [sys.catalog]: This master's current role is: LEADER
I20260608 09:49:14.719053 16995 sys_catalog.cc:455] T 00000000000000000000000000000000 P 271dea12ea374f21a623ffee2786eb44 [sys.catalog]: SysCatalogTable state changed. Reason: New leader 271dea12ea374f21a623ffee2786eb44. Latest consensus state: current_term: 1 leader_uuid: "271dea12ea374f21a623ffee2786eb44" committed_config { opid_index: -1 OBSOLETE_local: true peers { permanent_uuid: "271dea12ea374f21a623ffee2786eb44" member_type: VOTER } }
I20260608 09:49:14.719743 16995 sys_catalog.cc:458] T 00000000000000000000000000000000 P 271dea12ea374f21a623ffee2786eb44 [sys.catalog]: This master's current role is: LEADER
I20260608 09:49:14.721367 17001 catalog_manager.cc:1510] Loading table and tablet metadata into memory...
I20260608 09:49:14.727130 17001 catalog_manager.cc:1519] Initializing Kudu cluster ID...
I20260608 09:49:14.729984 12561 internal_mini_cluster.cc:184] Waiting to initialize catalog manager on master 0
I20260608 09:49:14.736976 17001 catalog_manager.cc:1382] Generated new cluster ID: 3b0e61fe7c9246a38a4061363e0681a2
I20260608 09:49:14.737303 17001 catalog_manager.cc:1530] Initializing Kudu internal certificate authority...
I20260608 09:49:14.764863 17001 catalog_manager.cc:1405] Generated new certificate authority record
I20260608 09:49:14.766274 17001 catalog_manager.cc:1539] Loading token signing keys...
I20260608 09:49:14.780244 17001 catalog_manager.cc:6069] T 00000000000000000000000000000000 P 271dea12ea374f21a623ffee2786eb44: Generated new TSK 0
I20260608 09:49:14.780893 17001 catalog_manager.cc:1549] Initializing in-progress tserver states...
I20260608 09:49:14.796834 12561 file_cache.cc:492] Constructed file cache file cache with capacity 419430
W20260608 09:49:14.803853 17011 instance_detector.cc:116] could not retrieve AWS instance metadata: Network error: curl error: HTTP response code said error: The requested URL returned error: 404
W20260608 09:49:14.804807 17012 instance_detector.cc:116] could not retrieve Azure instance metadata: Network error: curl error: HTTP response code said error: The requested URL returned error: 404
W20260608 09:49:14.806469 17014 instance_detector.cc:116] could not retrieve OpenStack instance metadata: Network error: curl error: HTTP response code said error: The requested URL returned error: 404
I20260608 09:49:14.807003 12561 server_base.cc:1061] running on GCE node
I20260608 09:49:14.807964 12561 hybrid_clock.cc:584] initializing the hybrid clock with 'system_unsync' time source
W20260608 09:49:14.808158 12561 system_unsync_time.cc:38] NTP support is disabled. Clock error bounds will not be accurate. This configuration is not suitable for distributed clusters.
I20260608 09:49:14.808372 12561 hybrid_clock.cc:648] HybridClock initialized: now 1780912154808339 us; error 0 us; skew 500 ppm
I20260608 09:49:14.808990 12561 server_base.cc:861] Flag tcmalloc_max_total_thread_cache_bytes is not working since tcmalloc is not enabled.
I20260608 09:49:14.811496 12561 webserver.cc:533] Webserver started at http://127.12.68.65:43593/ using document root <none> and password file <none>
I20260608 09:49:14.812038 12561 fs_manager.cc:362] Metadata directory not provided
I20260608 09:49:14.812212 12561 fs_manager.cc:368] Using write-ahead log directory (fs_wal_dir) as metadata directory
I20260608 09:49:14.812558 12561 server_base.cc:909] This appears to be a new deployment of Kudu; creating new FS layout
I20260608 09:49:14.813792 12561 fs_manager.cc:1068] Generated new instance metadata in path /tmp/dist-test-taskQYliSt/test-tmp/auto_rebalancer-test.0.AutoRebalancerTest.TestMaxMovesPerServer.1780912037222768-12561-0/minicluster-data/ts-0-root/instance:
uuid: "3efad27622f44076aaff719380e6b5eb"
format_stamp: "Formatted at 2026-06-08 09:49:14 on dist-test-slave-86v6"
I20260608 09:49:14.818768 12561 fs_manager.cc:696] Time spent creating directory manager: real 0.004s	user 0.004s	sys 0.003s
I20260608 09:49:14.822822 17019 log_block_manager.cc:4031] Time spent loading block containers with low live blocks: real 0.000s	user 0.000s	sys 0.000s
I20260608 09:49:14.823737 12561 fs_manager.cc:730] Time spent opening block manager: real 0.003s	user 0.003s	sys 0.000s
I20260608 09:49:14.824093 12561 fs_manager.cc:647] Opened local filesystem: /tmp/dist-test-taskQYliSt/test-tmp/auto_rebalancer-test.0.AutoRebalancerTest.TestMaxMovesPerServer.1780912037222768-12561-0/minicluster-data/ts-0-root
uuid: "3efad27622f44076aaff719380e6b5eb"
format_stamp: "Formatted at 2026-06-08 09:49:14 on dist-test-slave-86v6"
I20260608 09:49:14.824419 12561 fs_report.cc:389] FS layout report
--------------------
wal directory: /tmp/dist-test-taskQYliSt/test-tmp/auto_rebalancer-test.0.AutoRebalancerTest.TestMaxMovesPerServer.1780912037222768-12561-0/minicluster-data/ts-0-root
metadata directory: /tmp/dist-test-taskQYliSt/test-tmp/auto_rebalancer-test.0.AutoRebalancerTest.TestMaxMovesPerServer.1780912037222768-12561-0/minicluster-data/ts-0-root
1 data directories: /tmp/dist-test-taskQYliSt/test-tmp/auto_rebalancer-test.0.AutoRebalancerTest.TestMaxMovesPerServer.1780912037222768-12561-0/minicluster-data/ts-0-root/data
Total live blocks: 0
Total live bytes: 0
Total live bytes (after alignment): 0
Total number of LBM containers: 0 (0 full)
Did not check for missing blocks
Did not check for orphaned blocks
Total full LBM containers with extra space: 0 (0 repaired)
Total full LBM container extra space in bytes: 0 (0 repaired)
Total incomplete LBM containers: 0 (0 repaired)
Total LBM partial records: 0 (0 repaired)
Total corrupted LBM metadata records in RocksDB: 0 (0 repaired)
I20260608 09:49:14.837342 12561 rpc_server.cc:225] running with OpenSSL 1.1.1  11 Sep 2018
I20260608 09:49:14.838651 12561 kserver.cc:163] Server-wide thread pool size limit: 3276
I20260608 09:49:14.840252 12561 txn_system_client.cc:432] TxnSystemClient initialization is disabled...
I20260608 09:49:14.842689 12561 ts_tablet_manager.cc:585] Loaded tablet metadata (0 total tablets, 0 live tablets)
I20260608 09:49:14.842921 12561 ts_tablet_manager.cc:531] Time spent load tablet metadata: real 0.000s	user 0.000s	sys 0.000s
I20260608 09:49:14.843166 12561 ts_tablet_manager.cc:616] Registered 0 tablets
I20260608 09:49:14.843428 12561 ts_tablet_manager.cc:595] Time spent register tablets: real 0.000s	user 0.001s	sys 0.000s
I20260608 09:49:14.887588 12561 rpc_server.cc:307] RPC server started. Bound to: 127.12.68.65:36721
I20260608 09:49:14.887732 17081 acceptor_pool.cc:272] collecting diagnostics on the listening RPC socket 127.12.68.65:36721 every 8 connection(s)
I20260608 09:49:14.893337 12561 file_cache.cc:492] Constructed file cache file cache with capacity 419430
W20260608 09:49:14.900957 17086 instance_detector.cc:116] could not retrieve AWS instance metadata: Network error: curl error: HTTP response code said error: The requested URL returned error: 404
W20260608 09:49:14.902267 17087 instance_detector.cc:116] could not retrieve Azure instance metadata: Network error: curl error: HTTP response code said error: The requested URL returned error: 404
I20260608 09:49:14.905417 12561 server_base.cc:1061] running on GCE node
W20260608 09:49:14.905808 17089 instance_detector.cc:116] could not retrieve OpenStack instance metadata: Network error: curl error: HTTP response code said error: The requested URL returned error: 404
I20260608 09:49:14.906785 12561 hybrid_clock.cc:584] initializing the hybrid clock with 'system_unsync' time source
W20260608 09:49:14.906981 12561 system_unsync_time.cc:38] NTP support is disabled. Clock error bounds will not be accurate. This configuration is not suitable for distributed clusters.
I20260608 09:49:14.907200 12561 hybrid_clock.cc:648] HybridClock initialized: now 1780912154907165 us; error 0 us; skew 500 ppm
I20260608 09:49:14.907888 12561 server_base.cc:861] Flag tcmalloc_max_total_thread_cache_bytes is not working since tcmalloc is not enabled.
I20260608 09:49:14.910730 12561 webserver.cc:533] Webserver started at http://127.12.68.66:42701/ using document root <none> and password file <none>
I20260608 09:49:14.911478 12561 fs_manager.cc:362] Metadata directory not provided
I20260608 09:49:14.911798 12561 fs_manager.cc:368] Using write-ahead log directory (fs_wal_dir) as metadata directory
I20260608 09:49:14.912128 12561 server_base.cc:909] This appears to be a new deployment of Kudu; creating new FS layout
I20260608 09:49:14.913374 12561 fs_manager.cc:1068] Generated new instance metadata in path /tmp/dist-test-taskQYliSt/test-tmp/auto_rebalancer-test.0.AutoRebalancerTest.TestMaxMovesPerServer.1780912037222768-12561-0/minicluster-data/ts-1-root/instance:
uuid: "0434eb21a5af401c8bcdd97d1baaa7ee"
format_stamp: "Formatted at 2026-06-08 09:49:14 on dist-test-slave-86v6"
I20260608 09:49:14.913491 17082 heartbeater.cc:344] Connected to a master server at 127.12.68.126:39445
I20260608 09:49:14.914090 17082 heartbeater.cc:461] Registering TS with master...
I20260608 09:49:14.914947 17082 heartbeater.cc:507] Master 127.12.68.126:39445 requested a full tablet report, sending...
I20260608 09:49:14.917428 16955 ts_manager.cc:194] Registered new tserver with Master: 3efad27622f44076aaff719380e6b5eb (127.12.68.65:36721)
I20260608 09:49:14.919266 12561 fs_manager.cc:696] Time spent creating directory manager: real 0.005s	user 0.006s	sys 0.001s
I20260608 09:49:14.920109 16955 master_service.cc:502] Signed X509 certificate for tserver {username='slave'} at 127.0.0.1:41170
I20260608 09:49:14.923504 17094 log_block_manager.cc:4031] Time spent loading block containers with low live blocks: real 0.000s	user 0.000s	sys 0.000s
I20260608 09:49:14.924422 12561 fs_manager.cc:730] Time spent opening block manager: real 0.003s	user 0.004s	sys 0.000s
I20260608 09:49:14.924752 12561 fs_manager.cc:647] Opened local filesystem: /tmp/dist-test-taskQYliSt/test-tmp/auto_rebalancer-test.0.AutoRebalancerTest.TestMaxMovesPerServer.1780912037222768-12561-0/minicluster-data/ts-1-root
uuid: "0434eb21a5af401c8bcdd97d1baaa7ee"
format_stamp: "Formatted at 2026-06-08 09:49:14 on dist-test-slave-86v6"
I20260608 09:49:14.925060 12561 fs_report.cc:389] FS layout report
--------------------
wal directory: /tmp/dist-test-taskQYliSt/test-tmp/auto_rebalancer-test.0.AutoRebalancerTest.TestMaxMovesPerServer.1780912037222768-12561-0/minicluster-data/ts-1-root
metadata directory: /tmp/dist-test-taskQYliSt/test-tmp/auto_rebalancer-test.0.AutoRebalancerTest.TestMaxMovesPerServer.1780912037222768-12561-0/minicluster-data/ts-1-root
1 data directories: /tmp/dist-test-taskQYliSt/test-tmp/auto_rebalancer-test.0.AutoRebalancerTest.TestMaxMovesPerServer.1780912037222768-12561-0/minicluster-data/ts-1-root/data
Total live blocks: 0
Total live bytes: 0
Total live bytes (after alignment): 0
Total number of LBM containers: 0 (0 full)
Did not check for missing blocks
Did not check for orphaned blocks
Total full LBM containers with extra space: 0 (0 repaired)
Total full LBM container extra space in bytes: 0 (0 repaired)
Total incomplete LBM containers: 0 (0 repaired)
Total LBM partial records: 0 (0 repaired)
Total corrupted LBM metadata records in RocksDB: 0 (0 repaired)
I20260608 09:49:14.935947 12561 rpc_server.cc:225] running with OpenSSL 1.1.1  11 Sep 2018
I20260608 09:49:14.937207 12561 kserver.cc:163] Server-wide thread pool size limit: 3276
I20260608 09:49:14.938738 12561 txn_system_client.cc:432] TxnSystemClient initialization is disabled...
I20260608 09:49:14.941203 12561 ts_tablet_manager.cc:585] Loaded tablet metadata (0 total tablets, 0 live tablets)
I20260608 09:49:14.941442 12561 ts_tablet_manager.cc:531] Time spent load tablet metadata: real 0.000s	user 0.000s	sys 0.000s
I20260608 09:49:14.941681 12561 ts_tablet_manager.cc:616] Registered 0 tablets
I20260608 09:49:14.941854 12561 ts_tablet_manager.cc:595] Time spent register tablets: real 0.000s	user 0.000s	sys 0.000s
I20260608 09:49:14.985968 12561 rpc_server.cc:307] RPC server started. Bound to: 127.12.68.66:36939
I20260608 09:49:14.986150 17156 acceptor_pool.cc:272] collecting diagnostics on the listening RPC socket 127.12.68.66:36939 every 8 connection(s)
I20260608 09:49:14.991950 12561 file_cache.cc:492] Constructed file cache file cache with capacity 419430
W20260608 09:49:15.000749 17160 instance_detector.cc:116] could not retrieve AWS instance metadata: Network error: curl error: HTTP response code said error: The requested URL returned error: 404
W20260608 09:49:15.001775 17161 instance_detector.cc:116] could not retrieve Azure instance metadata: Network error: curl error: HTTP response code said error: The requested URL returned error: 404
W20260608 09:49:15.004307 17163 instance_detector.cc:116] could not retrieve OpenStack instance metadata: Network error: curl error: HTTP response code said error: The requested URL returned error: 404
I20260608 09:49:15.005609 12561 server_base.cc:1061] running on GCE node
I20260608 09:49:15.006822 12561 hybrid_clock.cc:584] initializing the hybrid clock with 'system_unsync' time source
I20260608 09:49:15.006731 17157 heartbeater.cc:344] Connected to a master server at 127.12.68.126:39445
W20260608 09:49:15.007344 12561 system_unsync_time.cc:38] NTP support is disabled. Clock error bounds will not be accurate. This configuration is not suitable for distributed clusters.
I20260608 09:49:15.007557 17157 heartbeater.cc:461] Registering TS with master...
I20260608 09:49:15.007616 12561 hybrid_clock.cc:648] HybridClock initialized: now 1780912155007583 us; error 0 us; skew 500 ppm
I20260608 09:49:15.009044 12561 server_base.cc:861] Flag tcmalloc_max_total_thread_cache_bytes is not working since tcmalloc is not enabled.
I20260608 09:49:15.009050 17157 heartbeater.cc:507] Master 127.12.68.126:39445 requested a full tablet report, sending...
I20260608 09:49:15.011957 16955 ts_manager.cc:194] Registered new tserver with Master: 0434eb21a5af401c8bcdd97d1baaa7ee (127.12.68.66:36939)
I20260608 09:49:15.012512 12561 webserver.cc:533] Webserver started at http://127.12.68.67:44133/ using document root <none> and password file <none>
I20260608 09:49:15.013116 12561 fs_manager.cc:362] Metadata directory not provided
I20260608 09:49:15.013338 12561 fs_manager.cc:368] Using write-ahead log directory (fs_wal_dir) as metadata directory
I20260608 09:49:15.013626 12561 server_base.cc:909] This appears to be a new deployment of Kudu; creating new FS layout
I20260608 09:49:15.013927 16955 master_service.cc:502] Signed X509 certificate for tserver {username='slave'} at 127.0.0.1:41172
I20260608 09:49:15.015336 12561 fs_manager.cc:1068] Generated new instance metadata in path /tmp/dist-test-taskQYliSt/test-tmp/auto_rebalancer-test.0.AutoRebalancerTest.TestMaxMovesPerServer.1780912037222768-12561-0/minicluster-data/ts-2-root/instance:
uuid: "13b39bbbc01e474ba20e95ca83b986d5"
format_stamp: "Formatted at 2026-06-08 09:49:15 on dist-test-slave-86v6"
I20260608 09:49:15.020856 12561 fs_manager.cc:696] Time spent creating directory manager: real 0.005s	user 0.005s	sys 0.000s
I20260608 09:49:15.025341 17168 log_block_manager.cc:4031] Time spent loading block containers with low live blocks: real 0.000s	user 0.000s	sys 0.000s
I20260608 09:49:15.026341 12561 fs_manager.cc:730] Time spent opening block manager: real 0.003s	user 0.004s	sys 0.000s
I20260608 09:49:15.026716 12561 fs_manager.cc:647] Opened local filesystem: /tmp/dist-test-taskQYliSt/test-tmp/auto_rebalancer-test.0.AutoRebalancerTest.TestMaxMovesPerServer.1780912037222768-12561-0/minicluster-data/ts-2-root
uuid: "13b39bbbc01e474ba20e95ca83b986d5"
format_stamp: "Formatted at 2026-06-08 09:49:15 on dist-test-slave-86v6"
I20260608 09:49:15.027122 12561 fs_report.cc:389] FS layout report
--------------------
wal directory: /tmp/dist-test-taskQYliSt/test-tmp/auto_rebalancer-test.0.AutoRebalancerTest.TestMaxMovesPerServer.1780912037222768-12561-0/minicluster-data/ts-2-root
metadata directory: /tmp/dist-test-taskQYliSt/test-tmp/auto_rebalancer-test.0.AutoRebalancerTest.TestMaxMovesPerServer.1780912037222768-12561-0/minicluster-data/ts-2-root
1 data directories: /tmp/dist-test-taskQYliSt/test-tmp/auto_rebalancer-test.0.AutoRebalancerTest.TestMaxMovesPerServer.1780912037222768-12561-0/minicluster-data/ts-2-root/data
Total live blocks: 0
Total live bytes: 0
Total live bytes (after alignment): 0
Total number of LBM containers: 0 (0 full)
Did not check for missing blocks
Did not check for orphaned blocks
Total full LBM containers with extra space: 0 (0 repaired)
Total full LBM container extra space in bytes: 0 (0 repaired)
Total incomplete LBM containers: 0 (0 repaired)
Total LBM partial records: 0 (0 repaired)
Total corrupted LBM metadata records in RocksDB: 0 (0 repaired)
I20260608 09:49:15.044142 12561 rpc_server.cc:225] running with OpenSSL 1.1.1  11 Sep 2018
I20260608 09:49:15.045428 12561 kserver.cc:163] Server-wide thread pool size limit: 3276
I20260608 09:49:15.046978 12561 txn_system_client.cc:432] TxnSystemClient initialization is disabled...
I20260608 09:49:15.049417 12561 ts_tablet_manager.cc:585] Loaded tablet metadata (0 total tablets, 0 live tablets)
I20260608 09:49:15.049660 12561 ts_tablet_manager.cc:531] Time spent load tablet metadata: real 0.000s	user 0.000s	sys 0.000s
I20260608 09:49:15.049916 12561 ts_tablet_manager.cc:616] Registered 0 tablets
I20260608 09:49:15.050101 12561 ts_tablet_manager.cc:595] Time spent register tablets: real 0.000s	user 0.000s	sys 0.000s
I20260608 09:49:15.093971 12561 rpc_server.cc:307] RPC server started. Bound to: 127.12.68.67:37217
I20260608 09:49:15.094175 17230 acceptor_pool.cc:272] collecting diagnostics on the listening RPC socket 127.12.68.67:37217 every 8 connection(s)
I20260608 09:49:15.109752 17231 heartbeater.cc:344] Connected to a master server at 127.12.68.126:39445
I20260608 09:49:15.110209 17231 heartbeater.cc:461] Registering TS with master...
I20260608 09:49:15.111050 17231 heartbeater.cc:507] Master 127.12.68.126:39445 requested a full tablet report, sending...
I20260608 09:49:15.113356 16955 ts_manager.cc:194] Registered new tserver with Master: 13b39bbbc01e474ba20e95ca83b986d5 (127.12.68.67:37217)
I20260608 09:49:15.114110 12561 internal_mini_cluster.cc:371] 3 TS(s) registered with all masters after 0.016256327s
I20260608 09:49:15.115145 16955 master_service.cc:502] Signed X509 certificate for tserver {username='slave'} at 127.0.0.1:41184
I20260608 09:49:15.923197 17082 heartbeater.cc:499] Master 127.12.68.126:39445 was elected leader, sending a full tablet report...
I20260608 09:49:16.017153 17157 heartbeater.cc:499] Master 127.12.68.126:39445 was elected leader, sending a full tablet report...
I20260608 09:49:16.118320 17231 heartbeater.cc:499] Master 127.12.68.126:39445 was elected leader, sending a full tablet report...
I20260608 09:49:16.174445 16955 catalog_manager.cc:2282] Servicing CreateTable request from {username='slave'} at 127.0.0.1:41200:
name: "test-workload"
schema {
  columns {
    name: "key"
    type: INT32
    is_key: true
    is_nullable: false
    encoding: AUTO_ENCODING
    compression: DEFAULT_COMPRESSION
    cfile_block_size: 0
    immutable: false
  }
  columns {
    name: "int_val"
    type: INT32
    is_key: false
    is_nullable: false
    encoding: AUTO_ENCODING
    compression: DEFAULT_COMPRESSION
    cfile_block_size: 0
    immutable: false
  }
  columns {
    name: "string_val"
    type: STRING
    is_key: false
    is_nullable: true
    encoding: AUTO_ENCODING
    compression: DEFAULT_COMPRESSION
    cfile_block_size: 0
    immutable: false
  }
}
num_replicas: 3
split_rows_range_bounds {
  rows: "\004\001\000\252\252\252\n\004\001\000TUU\025\004\001\000\376\377\377\037\004\001\000\250\252\252*\004\001\000RUU5\004\001\000\374\377\377?\004\001\000\246\252\252J\004\001\000PUUU\004\001\000\372\377\377_\004\001\000\244\252\252j\004\001\000NUUu""\004\001\000\252\252\252\n\004\001\000TUU\025\004\001\000\376\377\377\037\004\001\000\250\252\252*\004\001\000RUU5\004\001\000\374\377\377?\004\001\000\246\252\252J\004\001\000PUUU\004\001\000\372\377\377_\004\001\000\244\252\252j\004\001\000NUUu"
  indirect_data: """"
}
partition_schema {
  range_schema {
    columns {
      name: "key"
    }
  }
}
W20260608 09:49:16.178108 16955 catalog_manager.cc:7076] The number of live tablet servers is not enough to re-replicate a tablet replica of the newly created table test-workload in case of a server failure: 4 tablet servers would be needed, 3 are available. Consider bringing up more tablet servers.
I20260608 09:49:16.280699 17120 tablet_service.cc:1511] Processing CreateTablet for tablet 6eae3accad13414ba1c94d37985a0861 (DEFAULT_TABLE table=test-workload [id=91f1b7c4f24a4fefaf1758fa8a928045]), partition=RANGE (key) PARTITION 357913940 <= VALUES < 536870910
I20260608 09:49:16.281261 17122 tablet_service.cc:1511] Processing CreateTablet for tablet d2f463cb120a48a2b7fb18945838ff81 (DEFAULT_TABLE table=test-workload [id=91f1b7c4f24a4fefaf1758fa8a928045]), partition=RANGE (key) PARTITION VALUES < 178956970
I20260608 09:49:16.282466 17120 data_dirs.cc:400] Could only allocate 1 dirs of requested 3 for tablet 6eae3accad13414ba1c94d37985a0861. 1 dirs total, 0 dirs full, 0 dirs failed
I20260608 09:49:16.282040 17119 tablet_service.cc:1511] Processing CreateTablet for tablet fd3f749d87b348b2b6f0b117588a3b82 (DEFAULT_TABLE table=test-workload [id=91f1b7c4f24a4fefaf1758fa8a928045]), partition=RANGE (key) PARTITION 536870910 <= VALUES < 715827880
I20260608 09:49:16.283974 17118 tablet_service.cc:1511] Processing CreateTablet for tablet 2f0d08af70e44315bbd8b2217516fced (DEFAULT_TABLE table=test-workload [id=91f1b7c4f24a4fefaf1758fa8a928045]), partition=RANGE (key) PARTITION 715827880 <= VALUES < 894784850
I20260608 09:49:16.284024 17121 tablet_service.cc:1511] Processing CreateTablet for tablet 858c918a17f949588d2cef7b79763d05 (DEFAULT_TABLE table=test-workload [id=91f1b7c4f24a4fefaf1758fa8a928045]), partition=RANGE (key) PARTITION 178956970 <= VALUES < 357913940
I20260608 09:49:16.284731 17119 data_dirs.cc:400] Could only allocate 1 dirs of requested 3 for tablet fd3f749d87b348b2b6f0b117588a3b82. 1 dirs total, 0 dirs full, 0 dirs failed
I20260608 09:49:16.285537 17118 data_dirs.cc:400] Could only allocate 1 dirs of requested 3 for tablet 2f0d08af70e44315bbd8b2217516fced. 1 dirs total, 0 dirs full, 0 dirs failed
I20260608 09:49:16.288092 17122 data_dirs.cc:400] Could only allocate 1 dirs of requested 3 for tablet d2f463cb120a48a2b7fb18945838ff81. 1 dirs total, 0 dirs full, 0 dirs failed
I20260608 09:49:16.290216 17196 tablet_service.cc:1511] Processing CreateTablet for tablet d2f463cb120a48a2b7fb18945838ff81 (DEFAULT_TABLE table=test-workload [id=91f1b7c4f24a4fefaf1758fa8a928045]), partition=RANGE (key) PARTITION VALUES < 178956970
I20260608 09:49:16.291729 17121 data_dirs.cc:400] Could only allocate 1 dirs of requested 3 for tablet 858c918a17f949588d2cef7b79763d05. 1 dirs total, 0 dirs full, 0 dirs failed
I20260608 09:49:16.292814 17195 tablet_service.cc:1511] Processing CreateTablet for tablet 858c918a17f949588d2cef7b79763d05 (DEFAULT_TABLE table=test-workload [id=91f1b7c4f24a4fefaf1758fa8a928045]), partition=RANGE (key) PARTITION 178956970 <= VALUES < 357913940
I20260608 09:49:16.295269 17117 tablet_service.cc:1511] Processing CreateTablet for tablet 789a0fba50f948b4a7c74e02b06631ec (DEFAULT_TABLE table=test-workload [id=91f1b7c4f24a4fefaf1758fa8a928045]), partition=RANGE (key) PARTITION 894784850 <= VALUES < 1073741820
I20260608 09:49:16.295822 17192 tablet_service.cc:1511] Processing CreateTablet for tablet 2f0d08af70e44315bbd8b2217516fced (DEFAULT_TABLE table=test-workload [id=91f1b7c4f24a4fefaf1758fa8a928045]), partition=RANGE (key) PARTITION 715827880 <= VALUES < 894784850
I20260608 09:49:16.296938 17117 data_dirs.cc:400] Could only allocate 1 dirs of requested 3 for tablet 789a0fba50f948b4a7c74e02b06631ec. 1 dirs total, 0 dirs full, 0 dirs failed
I20260608 09:49:16.301334 17194 tablet_service.cc:1511] Processing CreateTablet for tablet 6eae3accad13414ba1c94d37985a0861 (DEFAULT_TABLE table=test-workload [id=91f1b7c4f24a4fefaf1758fa8a928045]), partition=RANGE (key) PARTITION 357913940 <= VALUES < 536870910
I20260608 09:49:16.304224 17191 tablet_service.cc:1511] Processing CreateTablet for tablet 789a0fba50f948b4a7c74e02b06631ec (DEFAULT_TABLE table=test-workload [id=91f1b7c4f24a4fefaf1758fa8a928045]), partition=RANGE (key) PARTITION 894784850 <= VALUES < 1073741820
I20260608 09:49:16.305577 17116 tablet_service.cc:1511] Processing CreateTablet for tablet 346aef796210415b95996f815faecd33 (DEFAULT_TABLE table=test-workload [id=91f1b7c4f24a4fefaf1758fa8a928045]), partition=RANGE (key) PARTITION 1073741820 <= VALUES < 1252698790
I20260608 09:49:16.306010 17196 data_dirs.cc:400] Could only allocate 1 dirs of requested 3 for tablet d2f463cb120a48a2b7fb18945838ff81. 1 dirs total, 0 dirs full, 0 dirs failed
I20260608 09:49:16.299010 17193 tablet_service.cc:1511] Processing CreateTablet for tablet fd3f749d87b348b2b6f0b117588a3b82 (DEFAULT_TABLE table=test-workload [id=91f1b7c4f24a4fefaf1758fa8a928045]), partition=RANGE (key) PARTITION 536870910 <= VALUES < 715827880
I20260608 09:49:16.307104 17116 data_dirs.cc:400] Could only allocate 1 dirs of requested 3 for tablet 346aef796210415b95996f815faecd33. 1 dirs total, 0 dirs full, 0 dirs failed
I20260608 09:49:16.309628 17190 tablet_service.cc:1511] Processing CreateTablet for tablet 346aef796210415b95996f815faecd33 (DEFAULT_TABLE table=test-workload [id=91f1b7c4f24a4fefaf1758fa8a928045]), partition=RANGE (key) PARTITION 1073741820 <= VALUES < 1252698790
I20260608 09:49:16.310324 17189 tablet_service.cc:1511] Processing CreateTablet for tablet d20140c5ef1a4436aeae3ba63f6e128c (DEFAULT_TABLE table=test-workload [id=91f1b7c4f24a4fefaf1758fa8a928045]), partition=RANGE (key) PARTITION 1252698790 <= VALUES < 1431655760
I20260608 09:49:16.312951 17188 tablet_service.cc:1511] Processing CreateTablet for tablet fa65a64be16249d8a855b9dea9fb6a90 (DEFAULT_TABLE table=test-workload [id=91f1b7c4f24a4fefaf1758fa8a928045]), partition=RANGE (key) PARTITION 1431655760 <= VALUES < 1610612730
I20260608 09:49:16.316905 17114 tablet_service.cc:1511] Processing CreateTablet for tablet fa65a64be16249d8a855b9dea9fb6a90 (DEFAULT_TABLE table=test-workload [id=91f1b7c4f24a4fefaf1758fa8a928045]), partition=RANGE (key) PARTITION 1431655760 <= VALUES < 1610612730
I20260608 09:49:16.318746 17114 data_dirs.cc:400] Could only allocate 1 dirs of requested 3 for tablet fa65a64be16249d8a855b9dea9fb6a90. 1 dirs total, 0 dirs full, 0 dirs failed
I20260608 09:49:16.319614 17193 data_dirs.cc:400] Could only allocate 1 dirs of requested 3 for tablet fd3f749d87b348b2b6f0b117588a3b82. 1 dirs total, 0 dirs full, 0 dirs failed
I20260608 09:49:16.319777 17115 tablet_service.cc:1511] Processing CreateTablet for tablet d20140c5ef1a4436aeae3ba63f6e128c (DEFAULT_TABLE table=test-workload [id=91f1b7c4f24a4fefaf1758fa8a928045]), partition=RANGE (key) PARTITION 1252698790 <= VALUES < 1431655760
I20260608 09:49:16.321444 17115 data_dirs.cc:400] Could only allocate 1 dirs of requested 3 for tablet d20140c5ef1a4436aeae3ba63f6e128c. 1 dirs total, 0 dirs full, 0 dirs failed
I20260608 09:49:16.322196 17190 data_dirs.cc:400] Could only allocate 1 dirs of requested 3 for tablet 346aef796210415b95996f815faecd33. 1 dirs total, 0 dirs full, 0 dirs failed
I20260608 09:49:16.327379 17191 data_dirs.cc:400] Could only allocate 1 dirs of requested 3 for tablet 789a0fba50f948b4a7c74e02b06631ec. 1 dirs total, 0 dirs full, 0 dirs failed
I20260608 09:49:16.332278 17188 data_dirs.cc:400] Could only allocate 1 dirs of requested 3 for tablet fa65a64be16249d8a855b9dea9fb6a90. 1 dirs total, 0 dirs full, 0 dirs failed
I20260608 09:49:16.336508 17189 data_dirs.cc:400] Could only allocate 1 dirs of requested 3 for tablet d20140c5ef1a4436aeae3ba63f6e128c. 1 dirs total, 0 dirs full, 0 dirs failed
I20260608 09:49:16.339607 17195 data_dirs.cc:400] Could only allocate 1 dirs of requested 3 for tablet 858c918a17f949588d2cef7b79763d05. 1 dirs total, 0 dirs full, 0 dirs failed
I20260608 09:49:16.339661 17118 tablet_service.cc:1511] Processing CreateTablet for tablet 59369bf75bac4bf09e8cd1252e98d585 (DEFAULT_TABLE table=test-workload [id=91f1b7c4f24a4fefaf1758fa8a928045]), partition=RANGE (key) PARTITION 1610612730 <= VALUES < 1789569700
I20260608 09:49:16.341110 17118 data_dirs.cc:400] Could only allocate 1 dirs of requested 3 for tablet 59369bf75bac4bf09e8cd1252e98d585. 1 dirs total, 0 dirs full, 0 dirs failed
I20260608 09:49:16.347697 17194 data_dirs.cc:400] Could only allocate 1 dirs of requested 3 for tablet 6eae3accad13414ba1c94d37985a0861. 1 dirs total, 0 dirs full, 0 dirs failed
I20260608 09:49:16.347491 17187 tablet_service.cc:1511] Processing CreateTablet for tablet 59369bf75bac4bf09e8cd1252e98d585 (DEFAULT_TABLE table=test-workload [id=91f1b7c4f24a4fefaf1758fa8a928045]), partition=RANGE (key) PARTITION 1610612730 <= VALUES < 1789569700
I20260608 09:49:16.349422 17187 data_dirs.cc:400] Could only allocate 1 dirs of requested 3 for tablet 59369bf75bac4bf09e8cd1252e98d585. 1 dirs total, 0 dirs full, 0 dirs failed
I20260608 09:49:16.357883 17113 tablet_service.cc:1511] Processing CreateTablet for tablet d5c790aaa6ee4f54abb13c0fd0fefefc (DEFAULT_TABLE table=test-workload [id=91f1b7c4f24a4fefaf1758fa8a928045]), partition=RANGE (key) PARTITION 1789569700 <= VALUES < 1968526670
I20260608 09:49:16.359781 17113 data_dirs.cc:400] Could only allocate 1 dirs of requested 3 for tablet d5c790aaa6ee4f54abb13c0fd0fefefc. 1 dirs total, 0 dirs full, 0 dirs failed
I20260608 09:49:16.363721 17192 data_dirs.cc:400] Could only allocate 1 dirs of requested 3 for tablet 2f0d08af70e44315bbd8b2217516fced. 1 dirs total, 0 dirs full, 0 dirs failed
I20260608 09:49:16.404778 17047 tablet_service.cc:1511] Processing CreateTablet for tablet d2f463cb120a48a2b7fb18945838ff81 (DEFAULT_TABLE table=test-workload [id=91f1b7c4f24a4fefaf1758fa8a928045]), partition=RANGE (key) PARTITION VALUES < 178956970
I20260608 09:49:16.405530 17187 tablet_service.cc:1511] Processing CreateTablet for tablet d5c790aaa6ee4f54abb13c0fd0fefefc (DEFAULT_TABLE table=test-workload [id=91f1b7c4f24a4fefaf1758fa8a928045]), partition=RANGE (key) PARTITION 1789569700 <= VALUES < 1968526670
I20260608 09:49:16.406342 17047 data_dirs.cc:400] Could only allocate 1 dirs of requested 3 for tablet d2f463cb120a48a2b7fb18945838ff81. 1 dirs total, 0 dirs full, 0 dirs failed
I20260608 09:49:16.406894 17187 data_dirs.cc:400] Could only allocate 1 dirs of requested 3 for tablet d5c790aaa6ee4f54abb13c0fd0fefefc. 1 dirs total, 0 dirs full, 0 dirs failed
I20260608 09:49:16.408043 17040 tablet_service.cc:1511] Processing CreateTablet for tablet d20140c5ef1a4436aeae3ba63f6e128c (DEFAULT_TABLE table=test-workload [id=91f1b7c4f24a4fefaf1758fa8a928045]), partition=RANGE (key) PARTITION 1252698790 <= VALUES < 1431655760
I20260608 09:49:16.408840 17251 tablet_bootstrap.cc:492] T fd3f749d87b348b2b6f0b117588a3b82 P 0434eb21a5af401c8bcdd97d1baaa7ee: Bootstrap starting.
I20260608 09:49:16.409502 17040 data_dirs.cc:400] Could only allocate 1 dirs of requested 3 for tablet d20140c5ef1a4436aeae3ba63f6e128c. 1 dirs total, 0 dirs full, 0 dirs failed
I20260608 09:49:16.409152 17046 tablet_service.cc:1511] Processing CreateTablet for tablet 858c918a17f949588d2cef7b79763d05 (DEFAULT_TABLE table=test-workload [id=91f1b7c4f24a4fefaf1758fa8a928045]), partition=RANGE (key) PARTITION 178956970 <= VALUES < 357913940
I20260608 09:49:16.410555 17046 data_dirs.cc:400] Could only allocate 1 dirs of requested 3 for tablet 858c918a17f949588d2cef7b79763d05. 1 dirs total, 0 dirs full, 0 dirs failed
I20260608 09:49:16.412590 17043 tablet_service.cc:1511] Processing CreateTablet for tablet 2f0d08af70e44315bbd8b2217516fced (DEFAULT_TABLE table=test-workload [id=91f1b7c4f24a4fefaf1758fa8a928045]), partition=RANGE (key) PARTITION 715827880 <= VALUES < 894784850
I20260608 09:49:16.414005 17043 data_dirs.cc:400] Could only allocate 1 dirs of requested 3 for tablet 2f0d08af70e44315bbd8b2217516fced. 1 dirs total, 0 dirs full, 0 dirs failed
I20260608 09:49:16.416797 17038 tablet_service.cc:1511] Processing CreateTablet for tablet 59369bf75bac4bf09e8cd1252e98d585 (DEFAULT_TABLE table=test-workload [id=91f1b7c4f24a4fefaf1758fa8a928045]), partition=RANGE (key) PARTITION 1610612730 <= VALUES < 1789569700
I20260608 09:49:16.419483 17044 tablet_service.cc:1511] Processing CreateTablet for tablet fd3f749d87b348b2b6f0b117588a3b82 (DEFAULT_TABLE table=test-workload [id=91f1b7c4f24a4fefaf1758fa8a928045]), partition=RANGE (key) PARTITION 536870910 <= VALUES < 715827880
I20260608 09:49:16.421790 17117 tablet_service.cc:1511] Processing CreateTablet for tablet c1b29b6b06c549088fc0597ee5756532 (DEFAULT_TABLE table=test-workload [id=91f1b7c4f24a4fefaf1758fa8a928045]), partition=RANGE (key) PARTITION 1968526670 <= VALUES
I20260608 09:49:16.423381 17117 data_dirs.cc:400] Could only allocate 1 dirs of requested 3 for tablet c1b29b6b06c549088fc0597ee5756532. 1 dirs total, 0 dirs full, 0 dirs failed
I20260608 09:49:16.425030 17041 tablet_service.cc:1511] Processing CreateTablet for tablet 346aef796210415b95996f815faecd33 (DEFAULT_TABLE table=test-workload [id=91f1b7c4f24a4fefaf1758fa8a928045]), partition=RANGE (key) PARTITION 1073741820 <= VALUES < 1252698790
I20260608 09:49:16.428874 17042 tablet_service.cc:1511] Processing CreateTablet for tablet 789a0fba50f948b4a7c74e02b06631ec (DEFAULT_TABLE table=test-workload [id=91f1b7c4f24a4fefaf1758fa8a928045]), partition=RANGE (key) PARTITION 894784850 <= VALUES < 1073741820
I20260608 09:49:16.430280 17042 data_dirs.cc:400] Could only allocate 1 dirs of requested 3 for tablet 789a0fba50f948b4a7c74e02b06631ec. 1 dirs total, 0 dirs full, 0 dirs failed
I20260608 09:49:16.432088 17039 tablet_service.cc:1511] Processing CreateTablet for tablet fa65a64be16249d8a855b9dea9fb6a90 (DEFAULT_TABLE table=test-workload [id=91f1b7c4f24a4fefaf1758fa8a928045]), partition=RANGE (key) PARTITION 1431655760 <= VALUES < 1610612730
I20260608 09:49:16.433480 17039 data_dirs.cc:400] Could only allocate 1 dirs of requested 3 for tablet fa65a64be16249d8a855b9dea9fb6a90. 1 dirs total, 0 dirs full, 0 dirs failed
I20260608 09:49:16.422678 17045 tablet_service.cc:1511] Processing CreateTablet for tablet 6eae3accad13414ba1c94d37985a0861 (DEFAULT_TABLE table=test-workload [id=91f1b7c4f24a4fefaf1758fa8a928045]), partition=RANGE (key) PARTITION 357913940 <= VALUES < 536870910
I20260608 09:49:16.435791 17038 data_dirs.cc:400] Could only allocate 1 dirs of requested 3 for tablet 59369bf75bac4bf09e8cd1252e98d585. 1 dirs total, 0 dirs full, 0 dirs failed
I20260608 09:49:16.437280 17044 data_dirs.cc:400] Could only allocate 1 dirs of requested 3 for tablet fd3f749d87b348b2b6f0b117588a3b82. 1 dirs total, 0 dirs full, 0 dirs failed
I20260608 09:49:16.438789 17041 data_dirs.cc:400] Could only allocate 1 dirs of requested 3 for tablet 346aef796210415b95996f815faecd33. 1 dirs total, 0 dirs full, 0 dirs failed
I20260608 09:49:16.440352 17045 data_dirs.cc:400] Could only allocate 1 dirs of requested 3 for tablet 6eae3accad13414ba1c94d37985a0861. 1 dirs total, 0 dirs full, 0 dirs failed
I20260608 09:49:16.495609 17252 tablet_bootstrap.cc:492] T d2f463cb120a48a2b7fb18945838ff81 P 13b39bbbc01e474ba20e95ca83b986d5: Bootstrap starting.
I20260608 09:49:16.530346 17193 tablet_service.cc:1511] Processing CreateTablet for tablet c1b29b6b06c549088fc0597ee5756532 (DEFAULT_TABLE table=test-workload [id=91f1b7c4f24a4fefaf1758fa8a928045]), partition=RANGE (key) PARTITION 1968526670 <= VALUES
I20260608 09:49:16.531975 17193 data_dirs.cc:400] Could only allocate 1 dirs of requested 3 for tablet c1b29b6b06c549088fc0597ee5756532. 1 dirs total, 0 dirs full, 0 dirs failed
I20260608 09:49:16.536733 17252 tablet_bootstrap.cc:654] T d2f463cb120a48a2b7fb18945838ff81 P 13b39bbbc01e474ba20e95ca83b986d5: Neither blocks nor log segments found. Creating new log.
I20260608 09:49:16.538691 17046 tablet_service.cc:1511] Processing CreateTablet for tablet d5c790aaa6ee4f54abb13c0fd0fefefc (DEFAULT_TABLE table=test-workload [id=91f1b7c4f24a4fefaf1758fa8a928045]), partition=RANGE (key) PARTITION 1789569700 <= VALUES < 1968526670
I20260608 09:49:16.571687 17046 data_dirs.cc:400] Could only allocate 1 dirs of requested 3 for tablet d5c790aaa6ee4f54abb13c0fd0fefefc. 1 dirs total, 0 dirs full, 0 dirs failed
I20260608 09:49:16.551864 17047 tablet_service.cc:1511] Processing CreateTablet for tablet c1b29b6b06c549088fc0597ee5756532 (DEFAULT_TABLE table=test-workload [id=91f1b7c4f24a4fefaf1758fa8a928045]), partition=RANGE (key) PARTITION 1968526670 <= VALUES
I20260608 09:49:16.578536 17047 data_dirs.cc:400] Could only allocate 1 dirs of requested 3 for tablet c1b29b6b06c549088fc0597ee5756532. 1 dirs total, 0 dirs full, 0 dirs failed
I20260608 09:49:16.563758 17251 tablet_bootstrap.cc:654] T fd3f749d87b348b2b6f0b117588a3b82 P 0434eb21a5af401c8bcdd97d1baaa7ee: Neither blocks nor log segments found. Creating new log.
