0608 09:58:40.772186 (+173899us) spinlock_profiling.cc:243] Waited 4.79 ms on lock 0x7b34001a2cc8. stack: 00007f25acb763a1 00007f25acb761c8 00007f25ac351f11 000000000047cd55 000000000047cca8 00007f25ae1fa4bb 00007f25ae27ba42 00007f25b3e8dec4 00007f25b3e8d660 00007f25b3e97950 00007f25b3e978b0 00007f25b3e97810 00007f25b3e977b0 00007f25b3e9592f 0000000000497fd6 0000000000497c68
0608 09:58:40.772308 (+   122us) write_op.cc:270] Start()
0608 09:58:40.772550 (+   242us) write_op.cc:276] Timestamp: P: 1780912720772260 usec, L: 0
0608 09:58:40.772574 (+    24us) op_driver.cc:348] REPLICATION: starting
0608 09:58:40.773289 (+   715us) log.cc:844] Serialized 388 byte log entry
0608 09:58:40.865065 (+ 91776us) op_driver.cc:464] REPLICATION: finished
0608 09:58:41.011969 (+146904us) write_op.cc:301] APPLY: starting
0608 09:58:41.012195 (+   226us) tablet.cc:1367] starting BulkCheckPresence
0608 09:58:41.012464 (+   269us) tablet.cc:1370] finished BulkCheckPresence
0608 09:58:41.012529 (+    65us) tablet.cc:1372] starting ApplyRowOperation cycle
0608 09:58:41.013893 (+  1364us) tablet.cc:1383] finished ApplyRowOperation cycle
0608 09:58:41.014327 (+   434us) tablet_metrics.cc:581] ProbeStats: bloom_lookups=0,key_file_lookups=0,delta_file_lookups=0,mrs_lookups=0
0608 09:58:41.014430 (+   103us) write_op.cc:312] APPLY: finished
0608 09:58:41.014884 (+   454us) log.cc:844] Serialized 28 byte log entry
0608 09:58:41.015243 (+   359us) write_op.cc:489] Releasing partition, row and schema locks
0608 09:58:41.015401 (+   158us) write_op.cc:454] Released schema lock
0608 09:58:41.015482 (+    81us) write_op.cc:341] FINISH: Updating metrics
Metrics: {"child_traces":[["op",{"apply.queue_time_us":143696,"num_ops":2,"prepare.queue_time_us":691570,"prepare.run_cpu_time_us":5925,"prepare.run_wall_time_us":177257,"replication_time_us":92380,"spinlock_wait_cycles":11005824}]]}
I20260608 09:58:41.074170 12206 rpcz_store.cc:275] Call kudu.tserver.TabletServerService.Write from 127.0.0.1:52324 (ReqId={client: 51fd88e686364c9381948360a3fa8a58, seq_no=24, attempt_no=0}) took 1269 ms. Trace:
I20260608 09:58:41.091414 12175 rpcz_store.cc:276] 0608 09:58:39.840726 (+     0us) service_pool.cc:167] Inserting onto call queue
0608 09:58:39.847773 (+  7047us) service_pool.cc:224] Handling call
0608 09:58:40.424590 (+576817us) spinlock_profiling.cc:243] Waited 9.59 ms on lock 0x7b34001a2cc8. stack: 00007f25acb763a1 00007f25acb761c8 00007f25ac351f11 000000000047cd55 000000000047cca8 00007f25ae1fa4bb 00007f25ae27a64f 00007f25ae2fec24 00007f25ae303faf 00007f25ae3067eb 00007f25ae306740 00007f25ae3066a0 00007f25ae306640 00007f25ae30496f 0000000000497fd6 0000000000497c68
0608 09:58:41.090739 (+666149us) inbound_call.cc:177] Queueing success response
Related trace 'op':
0608 09:58:40.773754 (+     0us) write_op.cc:183] PREPARE: starting on tablet c407ee7a84c94011a002736a44004ae8
0608 09:58:40.774333 (+   579us) write_op.cc:432] Acquiring schema lock in shared mode
0608 09:58:40.774362 (+    29us) write_op.cc:435] Acquired schema lock
0608 09:58:40.774381 (+    19us) tablet.cc:662] Decoding operations
0608 09:58:40.775818 (+  1437us) write_op.cc:620] Acquiring the partition lock for write op
0608 09:58:40.775865 (+    47us) write_op.cc:641] Partition lock acquired for write op
0608 09:58:40.775896 (+    31us) tablet.cc:685] Acquiring locks for 6 operations
0608 09:58:40.776401 (+   505us) tablet.cc:701] Row locks acquired
0608 09:58:40.776424 (+    23us) write_op.cc:260] PREPARE: finished
0608 09:58:40.883568 (+107144us) spinlock_profiling.cc:243] Waited 4.41 ms on lock 0x7b34001a2cc8. stack: 00007f25acb763a1 00007f25acb761c8 00007f25ac351f11 000000000047cd55 000000000047cca8 00007f25ae1fa4bb 00007f25ae27ba42 00007f25b3e8dec4 00007f25b3e8d660 00007f25b3e97950 00007f25b3e978b0 00007f25b3e97810 00007f25b3e977b0 00007f25b3e9592f 0000000000497fd6 0000000000497c68
0608 09:58:40.883704 (+   136us) write_op.cc:270] Start()
0608 09:58:40.883943 (+   239us) write_op.cc:276] Timestamp: P: 1780912720883656 usec, L: 0
0608 09:58:40.883967 (+    24us) op_driver.cc:348] REPLICATION: starting
0608 09:58:40.884703 (+   736us) log.cc:844] Serialized 562 byte log entry
0608 09:58:40.930031 (+ 45328us) op_driver.cc:464] REPLICATION: finished
0608 09:58:41.087106 (+157075us) write_op.cc:301] APPLY: starting
0608 09:58:41.087250 (+   144us) tablet.cc:1367] starting BulkCheckPresence
0608 09:58:41.087474 (+   224us) tablet.cc:1370] finished BulkCheckPresence
0608 09:58:41.087497 (+    23us) tablet.cc:1372] starting ApplyRowOperation cycle
0608 09:58:41.088532 (+  1035us) tablet.cc:1383] finished ApplyRowOperation cycle
0608 09:58:41.088784 (+   252us) tablet_metrics.cc:581] ProbeStats: bloom_lookups=0,key_file_lookups=0,delta_file_lookups=0,mrs_lookups=0
0608 09:58:41.088835 (+    51us) write_op.cc:312] APPLY: finished
0608 09:58:41.089172 (+   337us) log.cc:844] Serialized 52 byte log entry
0608 09:58:41.090083 (+   911us) write_op.cc:489] Releasing partition, row and schema locks
0608 09:58:41.090190 (+   107us) write_op.cc:454] Released schema lock
0608 09:58:41.090230 (+    40us) write_op.cc:341] FINISH: Updating metrics
Metrics: {"spinlock_wait_cycles":22055680,"child_traces":[["op",{"apply.queue_time_us":156849,"num_ops":6,"prepare.queue_time_us":346333,"prepare.run_cpu_time_us":5115,"prepare.run_wall_time_us":111230,"replication_time_us":45936,"spinlock_wait_cycles":10139392}]]}
I20260608 09:58:41.093565 12206 rpcz_store.cc:276] 0608 09:58:39.805183 (+     0us) service_pool.cc:167] Inserting onto call queue
0608 09:58:39.806770 (+  1587us) service_pool.cc:224] Handling call
0608 09:58:40.506004 (+699234us) spinlock_profiling.cc:243] Waited 9.21 ms on lock 0x7b34001a2cc8. stack: 00007f25acb763a1 00007f25acb761c8 00007f25ac351f11 000000000047cd55 000000000047cca8 00007f25ae1fa4bb 00007f25ae27a64f 00007f25ae2fec24 00007f25ae303faf 00007f25ae3067eb 00007f25ae306740 00007f25ae3066a0 00007f25ae306640 00007f25ae30496f 0000000000497fd6 0000000000497c68
0608 09:58:41.073963 (+567959us) inbound_call.cc:177] Queueing success response
Related trace 'op':
0608 09:58:40.571396 (+     0us) write_op.cc:183] PREPARE: starting on tablet 4bde8ce6545748abb82354ca427cfd52
0608 09:58:40.572192 (+   796us) write_op.cc:432] Acquiring schema lock in shared mode
0608 09:58:40.572237 (+    45us) write_op.cc:435] Acquired schema lock
0608 09:58:40.572270 (+    33us) tablet.cc:662] Decoding operations
0608 09:58:40.573163 (+   893us) write_op.cc:620] Acquiring the partition lock for write op
0608 09:58:40.573209 (+    46us) write_op.cc:641] Partition lock acquired for write op
0608 09:58:40.573238 (+    29us) tablet.cc:685] Acquiring locks for 7 operations
0608 09:58:40.573844 (+   606us) tablet.cc:701] Row locks acquired
0608 09:58:40.573877 (+    33us) write_op.cc:260] PREPARE: finished
0608 09:58:40.574147 (+   270us) write_op.cc:270] Start()
0608 09:58:40.574315 (+   168us) write_op.cc:276] Timestamp: P: 1780912720574077 usec, L: 0
0608 09:58:40.574344 (+    29us) op_driver.cc:348] REPLICATION: starting
0608 09:58:40.635747 (+ 61403us) log.cc:844] Serialized 605 byte log entry
0608 09:58:40.886474 (+250727us) op_driver.cc:464] REPLICATION: finished
0608 09:58:41.069771 (+183297us) write_op.cc:301] APPLY: starting
0608 09:58:41.069971 (+   200us) tablet.cc:1367] starting BulkCheckPresence
0608 09:58:41.070294 (+   323us) tablet.cc:1370] finished BulkCheckPresence
0608 09:58:41.070415 (+   121us) tablet.cc:1372] starting ApplyRowOperation cycle
0608 09:58:41.071798 (+  1383us) tablet.cc:1383] finished ApplyRowOperation cycle
0608 09:58:41.072086 (+   288us) tablet_metrics.cc:581] ProbeStats: bloom_lookups=0,key_file_lookups=0,delta_file_lookups=0,mrs_lookups=0
0608 09:58:41.072140 (+    54us) write_op.cc:312] APPLY: finished
0608 09:58:41.072495 (+   355us) log.cc:844] Serialized 58 byte log entry
0608 09:58:41.072780 (+   285us) write_op.cc:489] Releasing partition, row and schema locks
0608 09:58:41.072951 (+   171us) write_op.cc:454] Released schema lock
0608 09:58:41.073177 (+   226us) write_op.cc:341] FINISH: Updating metrics
Metrics: {"spinlock_wait_cycles":21172096,"child_traces":[["op",{"apply.queue_time_us":182883,"num_ops":7,"prepare.queue_time_us":53892,"prepare.run_cpu_time_us":4329,"prepare.run_wall_time_us":70285,"replication_time_us":312024}]]}
I20260608 09:58:41.104717 12206 rpcz_store.cc:275] Call kudu.tserver.TabletServerService.Write from 127.0.0.1:52324 (ReqId={client: 51fd88e686364c9381948360a3fa8a58, seq_no=36, attempt_no=0}) took 1257 ms. Trace:
I20260608 09:58:41.109658 12206 rpcz_store.cc:276] 0608 09:58:39.847320 (+     0us) service_pool.cc:167] Inserting onto call queue
0608 09:58:39.892501 (+ 45181us) service_pool.cc:224] Handling call
0608 09:58:40.604514 (+712013us) spinlock_profiling.cc:243] Waited 66.2 ms on lock 0x7b34001a2cc8. stack: 00007f25acb763a1 00007f25acb761c8 00007f25ac351f11 000000000047cd55 000000000047cca8 00007f25ae1fa4bb 00007f25ae27a64f 00007f25ae2fec24 00007f25ae303faf 00007f25ae3067eb 00007f25ae306740 00007f25ae3066a0 00007f25ae306640 00007f25ae30496f 0000000000497fd6 0000000000497c68
0608 09:58:41.104609 (+500095us) inbound_call.cc:177] Queueing success response
Related trace 'op':
0608 09:58:40.890451 (+     0us) write_op.cc:183] PREPARE: starting on tablet c407ee7a84c94011a002736a44004ae8
0608 09:58:40.891017 (+   566us) write_op.cc:432] Acquiring schema lock in shared mode
0608 09:58:40.891046 (+    29us) write_op.cc:435] Acquired schema lock
0608 09:58:40.891066 (+    20us) tablet.cc:662] Decoding operations
0608 09:58:40.891425 (+   359us) write_op.cc:620] Acquiring the partition lock for write op
0608 09:58:40.891473 (+    48us) write_op.cc:641] Partition lock acquired for write op
0608 09:58:40.891503 (+    30us) tablet.cc:685] Acquiring locks for 1 operations
0608 09:58:40.891671 (+   168us) tablet.cc:701] Row locks acquired
0608 09:58:40.891693 (+    22us) write_op.cc:260] PREPARE: finished
0608 09:58:40.891882 (+   189us) write_op.cc:270] Start()
0608 09:58:40.892010 (+   128us) write_op.cc:276] Timestamp: P: 1780912720891830 usec, L: 0
0608 09:58:40.892033 (+    23us) op_driver.cc:348] REPLICATION: starting
0608 09:58:40.892737 (+   704us) log.cc:844] Serialized 345 byte log entry
0608 09:58:41.026882 (+134145us) op_driver.cc:464] REPLICATION: finished
0608 09:58:41.097757 (+ 70875us) write_op.cc:301] APPLY: starting
0608 09:58:41.097846 (+    89us) tablet.cc:1367] starting BulkCheckPresence
0608 09:58:41.097988 (+   142us) tablet.cc:1370] finished BulkCheckPresence
0608 09:58:41.098105 (+   117us) tablet.cc:1372] starting ApplyRowOperation cycle
0608 09:58:41.098345 (+   240us) tablet.cc:1383] finished ApplyRowOperation cycle
0608 09:58:41.098500 (+   155us) tablet_metrics.cc:581] ProbeStats: bloom_lookups=0,key_file_lookups=0,delta_file_lookups=0,mrs_lookups=0
0608 09:58:41.098560 (+    60us) write_op.cc:312] APPLY: finished
0608 09:58:41.098770 (+   210us) log.cc:844] Serialized 22 byte log entry
0608 09:58:41.103855 (+  5085us) write_op.cc:489] Releasing partition, row and schema locks
0608 09:58:41.103959 (+   104us) write_op.cc:454] Released schema lock
0608 09:58:41.104003 (+    44us) write_op.cc:341] FINISH: Updating metrics
Metrics: {"spinlock_wait_cycles":152213888,"child_traces":[["op",{"apply.queue_time_us":70574,"num_ops":1,"prepare.queue_time_us":279234,"prepare.run_cpu_time_us":2564,"prepare.run_wall_time_us":7859,"replication_time_us":134549}]]}
I20260608 09:58:41.113308 12179 rpcz_store.cc:275] Call kudu.tserver.TabletServerService.Write from 127.0.0.1:52324 (ReqId={client: 51fd88e686364c9381948360a3fa8a58, seq_no=30, attempt_no=0}) took 1307 ms. Trace:
I20260608 09:58:41.116988 12179 rpcz_store.cc:276] 0608 09:58:39.814115 (+     0us) service_pool.cc:167] Inserting onto call queue
0608 09:58:39.816525 (+  2410us) service_pool.cc:224] Handling call
0608 09:58:40.157424 (+340899us) spinlock_profiling.cc:243] Waited 1.61 ms on lock 0x7b580004b098. stack: 00007f25acb763a1 00007f25acb761c8 00007f25ac351f11 000000000047cd55 000000000047cca8 00007f25ac8abd9b 00007f25acb61835 00007f25acb615cd 00007f25b6e33848 00007f25b5a63a6c 00007f25b5bccd90 00007f25b5bcce7e 00007f25b5b56de6 00007f25b5b2e6e8 00007f25b5b2af44 00007f25b47f9ae6
0608 09:58:41.113214 (+955790us) inbound_call.cc:177] Queueing success response
Related trace 'op':
0608 09:58:40.901764 (+     0us) write_op.cc:183] PREPARE: starting on tablet 9d40cfce953840f0a2b58b514cbd563f
0608 09:58:40.902262 (+   498us) write_op.cc:432] Acquiring schema lock in shared mode
0608 09:58:40.902289 (+    27us) write_op.cc:435] Acquired schema lock
0608 09:58:40.902306 (+    17us) tablet.cc:662] Decoding operations
0608 09:58:40.902842 (+   536us) write_op.cc:620] Acquiring the partition lock for write op
0608 09:58:40.902884 (+    42us) write_op.cc:641] Partition lock acquired for write op
0608 09:58:40.902920 (+    36us) tablet.cc:685] Acquiring locks for 6 operations
0608 09:58:40.903401 (+   481us) tablet.cc:701] Row locks acquired
0608 09:58:40.903417 (+    16us) write_op.cc:260] PREPARE: finished
0608 09:58:40.903604 (+   187us) write_op.cc:270] Start()
0608 09:58:40.903728 (+   124us) write_op.cc:276] Timestamp: P: 1780912720903547 usec, L: 0
0608 09:58:40.903750 (+    22us) op_driver.cc:348] REPLICATION: starting
0608 09:58:40.904360 (+   610us) log.cc:844] Serialized 562 byte log entry
0608 09:58:41.045521 (+141161us) op_driver.cc:464] REPLICATION: finished
0608 09:58:41.106612 (+ 61091us) write_op.cc:301] APPLY: starting
0608 09:58:41.106703 (+    91us) tablet.cc:1367] starting BulkCheckPresence
0608 09:58:41.106897 (+   194us) tablet.cc:1370] finished BulkCheckPresence
0608 09:58:41.106960 (+    63us) tablet.cc:1372] starting ApplyRowOperation cycle
0608 09:58:41.107586 (+   626us) tablet.cc:1383] finished ApplyRowOperation cycle
0608 09:58:41.107740 (+   154us) tablet_metrics.cc:581] ProbeStats: bloom_lookups=0,key_file_lookups=0,delta_file_lookups=0,mrs_lookups=0
0608 09:58:41.107768 (+    28us) write_op.cc:312] APPLY: finished
0608 09:58:41.107943 (+   175us) log.cc:844] Serialized 52 byte log entry
0608 09:58:41.108173 (+   230us) write_op.cc:489] Releasing partition, row and schema locks
0608 09:58:41.108257 (+    84us) write_op.cc:454] Released schema lock
0608 09:58:41.108300 (+    43us) write_op.cc:341] FINISH: Updating metrics
Metrics: {"spinlock_wait_cycles":3694848,"child_traces":[["op",{"apply.queue_time_us":60913,"num_ops":6,"prepare.queue_time_us":659435,"prepare.run_cpu_time_us":2862,"prepare.run_wall_time_us":2862,"replication_time_us":141537}]]}
I20260608 09:58:41.105449 12175 rpcz_store.cc:275] Call kudu.tserver.TabletServerService.Write from 127.0.0.1:52324 (ReqId={client: 51fd88e686364c9381948360a3fa8a58, seq_no=12, attempt_no=0}) took 1365 ms. Trace:
I20260608 09:58:41.123582 12184 rpcz_store.cc:275] Call kudu.tserver.TabletServerService.Write from 127.0.0.1:52324 (ReqId={client: 51fd88e686364c9381948360a3fa8a58, seq_no=42, attempt_no=0}) took 1224 ms. Trace:
I20260608 09:58:41.124248 12184 rpcz_store.cc:276] 0608 09:58:39.898916 (+     0us) service_pool.cc:167] Inserting onto call queue
0608 09:58:39.902097 (+  3181us) service_pool.cc:224] Handling call
0608 09:58:40.418941 (+516844us) spinlock_profiling.cc:243] Waited 33.1 ms on lock 0x7b34001a2cc8. stack: 00007f25acb763a1 00007f25acb761c8 00007f25ac351f11 000000000047cd55 000000000047cca8 00007f25ae1fa4bb 00007f25ae27a64f 00007f25ae2fec24 00007f25ae303faf 00007f25ae3067eb 00007f25ae306740 00007f25ae3066a0 00007f25ae306640 00007f25ae30496f 0000000000497fd6 0000000000497c68
0608 09:58:41.123460 (+704519us) inbound_call.cc:177] Queueing success response
Related trace 'op':
0608 09:58:40.904801 (+     0us) write_op.cc:183] PREPARE: starting on tablet 9d40cfce953840f0a2b58b514cbd563f
0608 09:58:40.905511 (+   710us) write_op.cc:432] Acquiring schema lock in shared mode
0608 09:58:40.905539 (+    28us) write_op.cc:435] Acquired schema lock
0608 09:58:40.905556 (+    17us) tablet.cc:662] Decoding operations
0608 09:58:40.906171 (+   615us) write_op.cc:620] Acquiring the partition lock for write op
0608 09:58:40.906217 (+    46us) write_op.cc:641] Partition lock acquired for write op
0608 09:58:40.906248 (+    31us) tablet.cc:685] Acquiring locks for 6 operations
0608 09:58:40.906716 (+   468us) tablet.cc:701] Row locks acquired
0608 09:58:40.906733 (+    17us) write_op.cc:260] PREPARE: finished
0608 09:58:40.906893 (+   160us) write_op.cc:270] Start()
0608 09:58:40.906996 (+   103us) write_op.cc:276] Timestamp: P: 1780912720906850 usec, L: 0
0608 09:58:40.907016 (+    20us) op_driver.cc:348] REPLICATION: starting
0608 09:58:40.907654 (+   638us) log.cc:844] Serialized 562 byte log entry
0608 09:58:41.045946 (+138292us) op_driver.cc:464] REPLICATION: finished
0608 09:58:41.114216 (+ 68270us) write_op.cc:301] APPLY: starting
0608 09:58:41.114326 (+   110us) tablet.cc:1367] starting BulkCheckPresence
0608 09:58:41.114567 (+   241us) tablet.cc:1370] finished BulkCheckPresence
0608 09:58:41.114673 (+   106us) tablet.cc:1372] starting ApplyRowOperation cycle
0608 09:58:41.115533 (+   860us) tablet.cc:1383] finished ApplyRowOperation cycle
0608 09:58:41.115666 (+   133us) tablet_metrics.cc:581] ProbeStats: bloom_lookups=0,key_file_lookups=0,delta_file_lookups=0,mrs_lookups=0
0608 09:58:41.115694 (+    28us) write_op.cc:312] APPLY: finished
0608 09:58:41.115931 (+   237us) log.cc:844] Serialized 52 byte log entry
0608 09:58:41.116155 (+   224us) write_op.cc:489] Releasing partition, row and schema locks
0608 09:58:41.116260 (+   105us) write_op.cc:454] Released schema lock
0608 09:58:41.116301 (+    41us) write_op.cc:341] FINISH: Updating metrics
Metrics: {"spinlock_wait_cycles":76062976,"child_traces":[["op",{"apply.queue_time_us":68060,"mutex_wait_us":6905,"num_ops":6,"prepare.queue_time_us":484694,"prepare.run_cpu_time_us":2856,"prepare.run_wall_time_us":3119,"replication_time_us":138698}]]}
I20260608 09:58:41.120434 12175 rpcz_store.cc:276] 0608 09:58:39.739853 (+     0us) service_pool.cc:167] Inserting onto call queue
0608 09:58:39.741578 (+  1725us) service_pool.cc:224] Handling call
0608 09:58:41.105367 (+1363789us) inbound_call.cc:177] Queueing success response
Related trace 'op':
0608 09:58:40.898916 (+     0us) write_op.cc:183] PREPARE: starting on tablet 9d40cfce953840f0a2b58b514cbd563f
0608 09:58:40.899424 (+   508us) write_op.cc:432] Acquiring schema lock in shared mode
0608 09:58:40.899454 (+    30us) write_op.cc:435] Acquired schema lock
0608 09:58:40.899471 (+    17us) tablet.cc:662] Decoding operations
0608 09:58:40.899823 (+   352us) write_op.cc:620] Acquiring the partition lock for write op
0608 09:58:40.899872 (+    49us) write_op.cc:641] Partition lock acquired for write op
0608 09:58:40.899901 (+    29us) tablet.cc:685] Acquiring locks for 2 operations
0608 09:58:40.900100 (+   199us) tablet.cc:701] Row locks acquired
0608 09:58:40.900115 (+    15us) write_op.cc:260] PREPARE: finished
0608 09:58:40.900436 (+   321us) write_op.cc:270] Start()
0608 09:58:40.900600 (+   164us) write_op.cc:276] Timestamp: P: 1780912720900364 usec, L: 0
0608 09:58:40.900620 (+    20us) op_driver.cc:348] REPLICATION: starting
0608 09:58:40.901325 (+   705us) log.cc:844] Serialized 388 byte log entry
0608 09:58:41.045001 (+143676us) op_driver.cc:464] REPLICATION: finished
0608 09:58:41.101297 (+ 56296us) write_op.cc:301] APPLY: starting
0608 09:58:41.101420 (+   123us) tablet.cc:1367] starting BulkCheckPresence
0608 09:58:41.101576 (+   156us) tablet.cc:1370] finished BulkCheckPresence
0608 09:58:41.101677 (+   101us) tablet.cc:1372] starting ApplyRowOperation cycle
0608 09:58:41.102273 (+   596us) tablet.cc:1383] finished ApplyRowOperation cycle
0608 09:58:41.102622 (+   349us) tablet_metrics.cc:581] ProbeStats: bloom_lookups=0,key_file_lookups=0,delta_file_lookups=0,mrs_lookups=0
0608 09:58:41.102673 (+    51us) write_op.cc:312] APPLY: finished
0608 09:58:41.102891 (+   218us) log.cc:844] Serialized 28 byte log entry
0608 09:58:41.104527 (+  1636us) write_op.cc:489] Releasing partition, row and schema locks
0608 09:58:41.104686 (+   159us) write_op.cc:454] Released schema lock
0608 09:58:41.104728 (+    42us) write_op.cc:341] FINISH: Updating metrics
Metrics: {"child_traces":[["op",{"apply.queue_time_us":56016,"mutex_wait_us":360,"num_ops":2,"prepare.queue_time_us":1077038,"prepare.run_cpu_time_us":2689,"prepare.run_wall_time_us":2689,"replication_time_us":144087,"spinlock_wait_cycles":188672}]]}
W20260608 09:58:41.393275 12144 meta_cache.cc:1261] Time spent looking up entry by key: real 0.123s	user 0.001s	sys 0.004s
W20260608 09:58:41.476804 11975 outbound_call.cc:321] RPC callback for RPC call kudu.consensus.ConsensusService.UpdateConsensus -> {remote=127.7.47.129:36621, user_credentials={real_user=slave}} blocked reactor thread for 46142.5us
W20260608 09:58:41.739399 12040 outbound_call.cc:321] RPC callback for RPC call kudu.tserver.TabletServerService.Write -> {remote=127.7.47.131:36495, user_credentials={real_user=slave}} blocked reactor thread for 55854.7us
W20260608 09:58:42.932085 12040 outbound_call.cc:321] RPC callback for RPC call kudu.tserver.TabletServerService.Write -> {remote=127.7.47.131:36495, user_credentials={real_user=slave}} blocked reactor thread for 44341.2us
W20260608 09:58:44.476264 11901 outbound_call.cc:321] RPC callback for RPC call kudu.consensus.ConsensusService.UpdateConsensus -> {remote=127.7.47.129:36621, user_credentials={real_user=slave}} blocked reactor thread for 131372us
W20260608 09:58:44.789760 11901 outbound_call.cc:321] RPC callback for RPC call kudu.consensus.ConsensusService.UpdateConsensus -> {remote=127.7.47.129:36621, user_credentials={real_user=slave}} blocked reactor thread for 59667.6us
W20260608 09:58:44.951619 11975 outbound_call.cc:321] RPC callback for RPC call kudu.consensus.ConsensusService.UpdateConsensus -> {remote=127.7.47.129:36621, user_credentials={real_user=slave}} blocked reactor thread for 164883us
W20260608 09:58:45.066649 11975 outbound_call.cc:321] RPC callback for RPC call kudu.consensus.ConsensusService.UpdateConsensus -> {remote=127.7.47.129:36621, user_credentials={real_user=slave}} blocked reactor thread for 110407us
I20260608 09:58:45.180655  7358 file_cache.cc:492] Constructed file cache file cache with capacity 419430
W20260608 09:58:45.190486 12291 instance_detector.cc:116] could not retrieve Azure instance metadata: Network error: curl error: HTTP response code said error: The requested URL returned error: 404
W20260608 09:58:45.190727 12290 instance_detector.cc:116] could not retrieve AWS instance metadata: Network error: curl error: HTTP response code said error: The requested URL returned error: 404
W20260608 09:58:45.191390 12293 instance_detector.cc:116] could not retrieve OpenStack instance metadata: Network error: curl error: HTTP response code said error: The requested URL returned error: 404
I20260608 09:58:45.192492  7358 server_base.cc:1061] running on GCE node
I20260608 09:58:45.194222  7358 hybrid_clock.cc:584] initializing the hybrid clock with 'system_unsync' time source
W20260608 09:58:45.194519  7358 system_unsync_time.cc:38] NTP support is disabled. Clock error bounds will not be accurate. This configuration is not suitable for distributed clusters.
I20260608 09:58:45.194747  7358 hybrid_clock.cc:648] HybridClock initialized: now 1780912725194730 us; error 0 us; skew 500 ppm
I20260608 09:58:45.195444  7358 server_base.cc:861] Flag tcmalloc_max_total_thread_cache_bytes is not working since tcmalloc is not enabled.
I20260608 09:58:45.198428  7358 webserver.cc:533] Webserver started at http://127.7.47.132:46709/ using document root <none> and password file <none>
I20260608 09:58:45.199031  7358 fs_manager.cc:362] Metadata directory not provided
I20260608 09:58:45.199256  7358 fs_manager.cc:368] Using write-ahead log directory (fs_wal_dir) as metadata directory
I20260608 09:58:45.199589  7358 server_base.cc:909] This appears to be a new deployment of Kudu; creating new FS layout
I20260608 09:58:45.201030  7358 fs_manager.cc:1068] Generated new instance metadata in path /tmp/dist-test-task4nFFDI/test-tmp/auto_rebalancer-test.0.AutoRebalancerTest.TestMaxMovesPerServer.1780912589849021-7358-0/minicluster-data/ts-3-root/instance:
uuid: "c7bd7ea1977743c3935b541545ca67c2"
format_stamp: "Formatted at 2026-06-08 09:58:45 on dist-test-slave-cjjm"
I20260608 09:58:45.206660  7358 fs_manager.cc:696] Time spent creating directory manager: real 0.005s	user 0.005s	sys 0.000s
I20260608 09:58:45.211877 12298 log_block_manager.cc:4031] Time spent loading block containers with low live blocks: real 0.000s	user 0.000s	sys 0.000s
I20260608 09:58:45.212944  7358 fs_manager.cc:730] Time spent opening block manager: real 0.003s	user 0.002s	sys 0.001s
I20260608 09:58:45.213356  7358 fs_manager.cc:647] Opened local filesystem: /tmp/dist-test-task4nFFDI/test-tmp/auto_rebalancer-test.0.AutoRebalancerTest.TestMaxMovesPerServer.1780912589849021-7358-0/minicluster-data/ts-3-root
uuid: "c7bd7ea1977743c3935b541545ca67c2"
format_stamp: "Formatted at 2026-06-08 09:58:45 on dist-test-slave-cjjm"
I20260608 09:58:45.213744  7358 fs_report.cc:389] FS layout report
--------------------
wal directory: /tmp/dist-test-task4nFFDI/test-tmp/auto_rebalancer-test.0.AutoRebalancerTest.TestMaxMovesPerServer.1780912589849021-7358-0/minicluster-data/ts-3-root
metadata directory: /tmp/dist-test-task4nFFDI/test-tmp/auto_rebalancer-test.0.AutoRebalancerTest.TestMaxMovesPerServer.1780912589849021-7358-0/minicluster-data/ts-3-root
1 data directories: /tmp/dist-test-task4nFFDI/test-tmp/auto_rebalancer-test.0.AutoRebalancerTest.TestMaxMovesPerServer.1780912589849021-7358-0/minicluster-data/ts-3-root/data
Total live blocks: 0
Total live bytes: 0
Total live bytes (after alignment): 0
Total number of LBM containers: 0 (0 full)
Did not check for missing blocks
Did not check for orphaned blocks
Total full LBM containers with extra space: 0 (0 repaired)
Total full LBM container extra space in bytes: 0 (0 repaired)
Total incomplete LBM containers: 0 (0 repaired)
Total LBM partial records: 0 (0 repaired)
Total corrupted LBM metadata records in RocksDB: 0 (0 repaired)
I20260608 09:58:45.246934  7358 rpc_server.cc:225] running with OpenSSL 1.1.1  11 Sep 2018
I20260608 09:58:45.248497  7358 kserver.cc:163] Server-wide thread pool size limit: 3276
I20260608 09:58:45.250149  7358 txn_system_client.cc:432] TxnSystemClient initialization is disabled...
I20260608 09:58:45.252856  7358 ts_tablet_manager.cc:585] Loaded tablet metadata (0 total tablets, 0 live tablets)
I20260608 09:58:45.253154  7358 ts_tablet_manager.cc:531] Time spent load tablet metadata: real 0.000s	user 0.000s	sys 0.000s
I20260608 09:58:45.253434  7358 ts_tablet_manager.cc:616] Registered 0 tablets
I20260608 09:58:45.253647  7358 ts_tablet_manager.cc:595] Time spent register tablets: real 0.000s	user 0.000s	sys 0.000s
I20260608 09:58:45.310810  7358 rpc_server.cc:307] RPC server started. Bound to: 127.7.47.132:43425
I20260608 09:58:45.310953 12360 acceptor_pool.cc:272] collecting diagnostics on the listening RPC socket 127.7.47.132:43425 every 8 connection(s)
I20260608 09:58:45.319602  7358 file_cache.cc:492] Constructed file cache file cache with capacity 419430
W20260608 09:58:45.330103 12365 instance_detector.cc:116] could not retrieve AWS instance metadata: Network error: curl error: HTTP response code said error: The requested URL returned error: 404
W20260608 09:58:45.336792 12366 instance_detector.cc:116] could not retrieve Azure instance metadata: Network error: curl error: HTTP response code said error: The requested URL returned error: 404
I20260608 09:58:45.337265 12361 heartbeater.cc:344] Connected to a master server at 127.7.47.190:46563
I20260608 09:58:45.337990 12361 heartbeater.cc:461] Registering TS with master...
I20260608 09:58:45.338550  7358 server_base.cc:1061] running on GCE node
W20260608 09:58:45.338637 12368 instance_detector.cc:116] could not retrieve OpenStack instance metadata: Network error: curl error: HTTP response code said error: The requested URL returned error: 404
I20260608 09:58:45.339200 12361 heartbeater.cc:507] Master 127.7.47.190:46563 requested a full tablet report, sending...
I20260608 09:58:45.340478  7358 hybrid_clock.cc:584] initializing the hybrid clock with 'system_unsync' time source
W20260608 09:58:45.340751  7358 system_unsync_time.cc:38] NTP support is disabled. Clock error bounds will not be accurate. This configuration is not suitable for distributed clusters.
I20260608 09:58:45.340992  7358 hybrid_clock.cc:648] HybridClock initialized: now 1780912725340968 us; error 0 us; skew 500 ppm
I20260608 09:58:45.342581  7358 server_base.cc:861] Flag tcmalloc_max_total_thread_cache_bytes is not working since tcmalloc is not enabled.
I20260608 09:58:45.343196 11755 ts_manager.cc:194] Registered new tserver with Master: c7bd7ea1977743c3935b541545ca67c2 (127.7.47.132:43425)
I20260608 09:58:45.345415 11755 master_service.cc:502] Signed X509 certificate for tserver {username='slave'} at 127.0.0.1:38174
I20260608 09:58:45.346993  7358 webserver.cc:533] Webserver started at http://127.7.47.133:46181/ using document root <none> and password file <none>
I20260608 09:58:45.348578  7358 fs_manager.cc:362] Metadata directory not provided
I20260608 09:58:45.348837  7358 fs_manager.cc:368] Using write-ahead log directory (fs_wal_dir) as metadata directory
I20260608 09:58:45.349179  7358 server_base.cc:909] This appears to be a new deployment of Kudu; creating new FS layout
I20260608 09:58:45.350502  7358 fs_manager.cc:1068] Generated new instance metadata in path /tmp/dist-test-task4nFFDI/test-tmp/auto_rebalancer-test.0.AutoRebalancerTest.TestMaxMovesPerServer.1780912589849021-7358-0/minicluster-data/ts-4-root/instance:
uuid: "7cf8f1d6ec1f4e799b6c631f984c8d32"
format_stamp: "Formatted at 2026-06-08 09:58:45 on dist-test-slave-cjjm"
I20260608 09:58:45.356312  7358 fs_manager.cc:696] Time spent creating directory manager: real 0.005s	user 0.006s	sys 0.000s
I20260608 09:58:45.360772 12373 log_block_manager.cc:4031] Time spent loading block containers with low live blocks: real 0.000s	user 0.000s	sys 0.000s
I20260608 09:58:45.362085  7358 fs_manager.cc:730] Time spent opening block manager: real 0.003s	user 0.004s	sys 0.000s
I20260608 09:58:45.362680  7358 fs_manager.cc:647] Opened local filesystem: /tmp/dist-test-task4nFFDI/test-tmp/auto_rebalancer-test.0.AutoRebalancerTest.TestMaxMovesPerServer.1780912589849021-7358-0/minicluster-data/ts-4-root
uuid: "7cf8f1d6ec1f4e799b6c631f984c8d32"
format_stamp: "Formatted at 2026-06-08 09:58:45 on dist-test-slave-cjjm"
I20260608 09:58:45.363104  7358 fs_report.cc:389] FS layout report
--------------------
wal directory: /tmp/dist-test-task4nFFDI/test-tmp/auto_rebalancer-test.0.AutoRebalancerTest.TestMaxMovesPerServer.1780912589849021-7358-0/minicluster-data/ts-4-root
metadata directory: /tmp/dist-test-task4nFFDI/test-tmp/auto_rebalancer-test.0.AutoRebalancerTest.TestMaxMovesPerServer.1780912589849021-7358-0/minicluster-data/ts-4-root
1 data directories: /tmp/dist-test-task4nFFDI/test-tmp/auto_rebalancer-test.0.AutoRebalancerTest.TestMaxMovesPerServer.1780912589849021-7358-0/minicluster-data/ts-4-root/data
Total live blocks: 0
Total live bytes: 0
Total live bytes (after alignment): 0
Total number of LBM containers: 0 (0 full)
Did not check for missing blocks
Did not check for orphaned blocks
Total full LBM containers with extra space: 0 (0 repaired)
Total full LBM container extra space in bytes: 0 (0 repaired)
Total incomplete LBM containers: 0 (0 repaired)
Total LBM partial records: 0 (0 repaired)
Total corrupted LBM metadata records in RocksDB: 0 (0 repaired)
I20260608 09:58:45.392803  7358 rpc_server.cc:225] running with OpenSSL 1.1.1  11 Sep 2018
I20260608 09:58:45.394217  7358 kserver.cc:163] Server-wide thread pool size limit: 3276
I20260608 09:58:45.396633  7358 txn_system_client.cc:432] TxnSystemClient initialization is disabled...
I20260608 09:58:45.398996  7358 ts_tablet_manager.cc:585] Loaded tablet metadata (0 total tablets, 0 live tablets)
I20260608 09:58:45.399271  7358 ts_tablet_manager.cc:531] Time spent load tablet metadata: real 0.000s	user 0.000s	sys 0.000s
I20260608 09:58:45.399529  7358 ts_tablet_manager.cc:616] Registered 0 tablets
I20260608 09:58:45.399720  7358 ts_tablet_manager.cc:595] Time spent register tablets: real 0.000s	user 0.000s	sys 0.000s
I20260608 09:58:45.472055  7358 rpc_server.cc:307] RPC server started. Bound to: 127.7.47.133:40589
I20260608 09:58:45.472208 12435 acceptor_pool.cc:272] collecting diagnostics on the listening RPC socket 127.7.47.133:40589 every 8 connection(s)
I20260608 09:58:45.480705  7358 file_cache.cc:492] Constructed file cache file cache with capacity 419430
W20260608 09:58:45.493706 12439 instance_detector.cc:116] could not retrieve AWS instance metadata: Network error: curl error: HTTP response code said error: The requested URL returned error: 404
I20260608 09:58:45.497212 12436 heartbeater.cc:344] Connected to a master server at 127.7.47.190:46563
I20260608 09:58:45.497846 12436 heartbeater.cc:461] Registering TS with master...
I20260608 09:58:45.499277 12436 heartbeater.cc:507] Master 127.7.47.190:46563 requested a full tablet report, sending...
W20260608 09:58:45.502190 12440 instance_detector.cc:116] could not retrieve Azure instance metadata: Network error: curl error: HTTP response code said error: The requested URL returned error: 404
I20260608 09:58:45.502269 11755 ts_manager.cc:194] Registered new tserver with Master: 7cf8f1d6ec1f4e799b6c631f984c8d32 (127.7.47.133:40589)
I20260608 09:58:45.504354  7358 server_base.cc:1061] running on GCE node
W20260608 09:58:45.504451 12442 instance_detector.cc:116] could not retrieve OpenStack instance metadata: Network error: curl error: HTTP response code said error: The requested URL returned error: 404
I20260608 09:58:45.504716 11755 master_service.cc:502] Signed X509 certificate for tserver {username='slave'} at 127.0.0.1:38182
I20260608 09:58:45.508128  7358 hybrid_clock.cc:584] initializing the hybrid clock with 'system_unsync' time source
W20260608 09:58:45.508495  7358 system_unsync_time.cc:38] NTP support is disabled. Clock error bounds will not be accurate. This configuration is not suitable for distributed clusters.
I20260608 09:58:45.508764  7358 hybrid_clock.cc:648] HybridClock initialized: now 1780912725508742 us; error 0 us; skew 500 ppm
I20260608 09:58:45.509529  7358 server_base.cc:861] Flag tcmalloc_max_total_thread_cache_bytes is not working since tcmalloc is not enabled.
I20260608 09:58:45.512710  7358 webserver.cc:533] Webserver started at http://127.7.47.134:36671/ using document root <none> and password file <none>
I20260608 09:58:45.513280  7358 fs_manager.cc:362] Metadata directory not provided
I20260608 09:58:45.513494  7358 fs_manager.cc:368] Using write-ahead log directory (fs_wal_dir) as metadata directory
I20260608 09:58:45.513785  7358 server_base.cc:909] This appears to be a new deployment of Kudu; creating new FS layout
I20260608 09:58:45.514963  7358 fs_manager.cc:1068] Generated new instance metadata in path /tmp/dist-test-task4nFFDI/test-tmp/auto_rebalancer-test.0.AutoRebalancerTest.TestMaxMovesPerServer.1780912589849021-7358-0/minicluster-data/ts-5-root/instance:
uuid: "88fcb396dce64864b436459dded1050f"
format_stamp: "Formatted at 2026-06-08 09:58:45 on dist-test-slave-cjjm"
I20260608 09:58:45.520231  7358 fs_manager.cc:696] Time spent creating directory manager: real 0.005s	user 0.007s	sys 0.000s
I20260608 09:58:45.524605 12447 log_block_manager.cc:4031] Time spent loading block containers with low live blocks: real 0.000s	user 0.000s	sys 0.000s
I20260608 09:58:45.525729  7358 fs_manager.cc:730] Time spent opening block manager: real 0.003s	user 0.000s	sys 0.003s
I20260608 09:58:45.526194  7358 fs_manager.cc:647] Opened local filesystem: /tmp/dist-test-task4nFFDI/test-tmp/auto_rebalancer-test.0.AutoRebalancerTest.TestMaxMovesPerServer.1780912589849021-7358-0/minicluster-data/ts-5-root
uuid: "88fcb396dce64864b436459dded1050f"
format_stamp: "Formatted at 2026-06-08 09:58:45 on dist-test-slave-cjjm"
I20260608 09:58:45.526777  7358 fs_report.cc:389] FS layout report
--------------------
wal directory: /tmp/dist-test-task4nFFDI/test-tmp/auto_rebalancer-test.0.AutoRebalancerTest.TestMaxMovesPerServer.1780912589849021-7358-0/minicluster-data/ts-5-root
metadata directory: /tmp/dist-test-task4nFFDI/test-tmp/auto_rebalancer-test.0.AutoRebalancerTest.TestMaxMovesPerServer.1780912589849021-7358-0/minicluster-data/ts-5-root
1 data directories: /tmp/dist-test-task4nFFDI/test-tmp/auto_rebalancer-test.0.AutoRebalancerTest.TestMaxMovesPerServer.1780912589849021-7358-0/minicluster-data/ts-5-root/data
Total live blocks: 0
Total live bytes: 0
Total live bytes (after alignment): 0
Total number of LBM containers: 0 (0 full)
Did not check for missing blocks
Did not check for orphaned blocks
Total full LBM containers with extra space: 0 (0 repaired)
Total full LBM container extra space in bytes: 0 (0 repaired)
Total incomplete LBM containers: 0 (0 repaired)
Total LBM partial records: 0 (0 repaired)
Total corrupted LBM metadata records in RocksDB: 0 (0 repaired)
I20260608 09:58:45.543107  7358 rpc_server.cc:225] running with OpenSSL 1.1.1  11 Sep 2018
I20260608 09:58:45.544607  7358 kserver.cc:163] Server-wide thread pool size limit: 3276
I20260608 09:58:45.546757  7358 txn_system_client.cc:432] TxnSystemClient initialization is disabled...
I20260608 09:58:45.549886  7358 ts_tablet_manager.cc:585] Loaded tablet metadata (0 total tablets, 0 live tablets)
I20260608 09:58:45.550160  7358 ts_tablet_manager.cc:531] Time spent load tablet metadata: real 0.000s	user 0.000s	sys 0.000s
I20260608 09:58:45.550493  7358 ts_tablet_manager.cc:616] Registered 0 tablets
I20260608 09:58:45.550715  7358 ts_tablet_manager.cc:595] Time spent register tablets: real 0.000s	user 0.000s	sys 0.000s
I20260608 09:58:45.652659 12509 acceptor_pool.cc:272] collecting diagnostics on the listening RPC socket 127.7.47.134:33387 every 8 connection(s)
I20260608 09:58:45.652357  7358 rpc_server.cc:307] RPC server started. Bound to: 127.7.47.134:33387
I20260608 09:58:45.677542 12510 heartbeater.cc:344] Connected to a master server at 127.7.47.190:46563
I20260608 09:58:45.678402 12510 heartbeater.cc:461] Registering TS with master...
I20260608 09:58:45.679786 12510 heartbeater.cc:507] Master 127.7.47.190:46563 requested a full tablet report, sending...
I20260608 09:58:45.682879 11755 ts_manager.cc:194] Registered new tserver with Master: 88fcb396dce64864b436459dded1050f (127.7.47.134:33387)
I20260608 09:58:45.684831 11755 master_service.cc:502] Signed X509 certificate for tserver {username='slave'} at 127.0.0.1:38190
I20260608 09:58:46.300487 12008 consensus_queue.cc:237] T d120f53d3b2d41a1a31f5a009cad6991 P 0a5a8303a04b481ca20c1949bde4a50f [LEADER]: Queue going to LEADER mode. State: All replicated index: 0, Majority replicated index: 25, Committed index: 25, Last appended: 1.25, Last appended by leader: 0, Current term: 1, Majority size: 2, State: 0, Mode: LEADER, active raft config: opid_index: 26 OBSOLETE_local: false peers { permanent_uuid: "5194594233f54a5aaefdcce7b5389c85" member_type: VOTER last_known_addr { host: "127.7.47.130" port: 40295 } attrs { replace: true } } peers { permanent_uuid: "0a5a8303a04b481ca20c1949bde4a50f" member_type: VOTER last_known_addr { host: "127.7.47.131" port: 36495 } } peers { permanent_uuid: "d90458ea5b074404b4781249940f2fa1" member_type: VOTER last_known_addr { host: "127.7.47.129" port: 36621 } } peers { permanent_uuid: "7cf8f1d6ec1f4e799b6c631f984c8d32" member_type: NON_VOTER last_known_addr { host: "127.7.47.133" port: 40589 } attrs { promote: true } }
I20260608 09:58:46.308961 11854 raft_consensus.cc:1275] T d120f53d3b2d41a1a31f5a009cad6991 P d90458ea5b074404b4781249940f2fa1 [term 1 FOLLOWER]: Refusing update from remote peer 0a5a8303a04b481ca20c1949bde4a50f: Log matching property violated. Preceding OpId in replica: term: 1 index: 25. Preceding OpId from leader: term: 1 index: 26. (index mismatch)
I20260608 09:58:46.311264 11935 raft_consensus.cc:1275] T d120f53d3b2d41a1a31f5a009cad6991 P 5194594233f54a5aaefdcce7b5389c85 [term 1 FOLLOWER]: Refusing update from remote peer 0a5a8303a04b481ca20c1949bde4a50f: Log matching property violated. Preceding OpId in replica: term: 1 index: 25. Preceding OpId from leader: term: 1 index: 26. (index mismatch)
I20260608 09:58:46.311067 12516 consensus_queue.cc:1048] T d120f53d3b2d41a1a31f5a009cad6991 P 0a5a8303a04b481ca20c1949bde4a50f [LEADER]: Connected to new peer: Peer: permanent_uuid: "d90458ea5b074404b4781249940f2fa1" member_type: VOTER last_known_addr { host: "127.7.47.129" port: 36621 }, Status: LMP_MISMATCH, Last received: 0.0, Next index: 26, Last known committed idx: 25, Time since last communication: 0.001s
I20260608 09:58:46.313092 12288 consensus_queue.cc:1048] T d120f53d3b2d41a1a31f5a009cad6991 P 0a5a8303a04b481ca20c1949bde4a50f [LEADER]: Connected to new peer: Peer: permanent_uuid: "5194594233f54a5aaefdcce7b5389c85" member_type: VOTER last_known_addr { host: "127.7.47.130" port: 40295 } attrs { replace: true }, Status: LMP_MISMATCH, Last received: 0.0, Next index: 26, Last known committed idx: 25, Time since last communication: 0.001s
W20260608 09:58:46.323195 11973 consensus_peers.cc:597] T d120f53d3b2d41a1a31f5a009cad6991 P 0a5a8303a04b481ca20c1949bde4a50f -> Peer 7cf8f1d6ec1f4e799b6c631f984c8d32 (127.7.47.133:40589): Couldn't send request to peer 7cf8f1d6ec1f4e799b6c631f984c8d32. Error code: TABLET_NOT_FOUND (6). Status: Not found: Tablet not found: d120f53d3b2d41a1a31f5a009cad6991. This is attempt 1: this message will repeat every 5th retry.
I20260608 09:58:46.326682 12288 raft_consensus.cc:2955] T d120f53d3b2d41a1a31f5a009cad6991 P 0a5a8303a04b481ca20c1949bde4a50f [term 1 LEADER]: Committing config change with OpId 1.26: config changed from index -1 to 26, NON_VOTER 7cf8f1d6ec1f4e799b6c631f984c8d32 (127.7.47.133) added. New config: { opid_index: 26 OBSOLETE_local: false peers { permanent_uuid: "5194594233f54a5aaefdcce7b5389c85" member_type: VOTER last_known_addr { host: "127.7.47.130" port: 40295 } attrs { replace: true } } peers { permanent_uuid: "0a5a8303a04b481ca20c1949bde4a50f" member_type: VOTER last_known_addr { host: "127.7.47.131" port: 36495 } } peers { permanent_uuid: "d90458ea5b074404b4781249940f2fa1" member_type: VOTER last_known_addr { host: "127.7.47.129" port: 36621 } } peers { permanent_uuid: "7cf8f1d6ec1f4e799b6c631f984c8d32" member_type: NON_VOTER last_known_addr { host: "127.7.47.133" port: 40589 } attrs { promote: true } } }
I20260608 09:58:46.329002 11854 raft_consensus.cc:2955] T d120f53d3b2d41a1a31f5a009cad6991 P d90458ea5b074404b4781249940f2fa1 [term 1 FOLLOWER]: Committing config change with OpId 1.26: config changed from index -1 to 26, NON_VOTER 7cf8f1d6ec1f4e799b6c631f984c8d32 (127.7.47.133) added. New config: { opid_index: 26 OBSOLETE_local: false peers { permanent_uuid: "5194594233f54a5aaefdcce7b5389c85" member_type: VOTER last_known_addr { host: "127.7.47.130" port: 40295 } attrs { replace: true } } peers { permanent_uuid: "0a5a8303a04b481ca20c1949bde4a50f" member_type: VOTER last_known_addr { host: "127.7.47.131" port: 36495 } } peers { permanent_uuid: "d90458ea5b074404b4781249940f2fa1" member_type: VOTER last_known_addr { host: "127.7.47.129" port: 36621 } } peers { permanent_uuid: "7cf8f1d6ec1f4e799b6c631f984c8d32" member_type: NON_VOTER last_known_addr { host: "127.7.47.133" port: 40589 } attrs { promote: true } } }
I20260608 09:58:46.331127 11935 raft_consensus.cc:2955] T d120f53d3b2d41a1a31f5a009cad6991 P 5194594233f54a5aaefdcce7b5389c85 [term 1 FOLLOWER]: Committing config change with OpId 1.26: config changed from index -1 to 26, NON_VOTER 7cf8f1d6ec1f4e799b6c631f984c8d32 (127.7.47.133) added. New config: { opid_index: 26 OBSOLETE_local: false peers { permanent_uuid: "5194594233f54a5aaefdcce7b5389c85" member_type: VOTER last_known_addr { host: "127.7.47.130" port: 40295 } attrs { replace: true } } peers { permanent_uuid: "0a5a8303a04b481ca20c1949bde4a50f" member_type: VOTER last_known_addr { host: "127.7.47.131" port: 36495 } } peers { permanent_uuid: "d90458ea5b074404b4781249940f2fa1" member_type: VOTER last_known_addr { host: "127.7.47.129" port: 36621 } } peers { permanent_uuid: "7cf8f1d6ec1f4e799b6c631f984c8d32" member_type: NON_VOTER last_known_addr { host: "127.7.47.133" port: 40589 } attrs { promote: true } } }
I20260608 09:58:46.349325 11751 catalog_manager.cc:5696] T d120f53d3b2d41a1a31f5a009cad6991 P d90458ea5b074404b4781249940f2fa1 reported cstate change: config changed from index -1 to 26, NON_VOTER 7cf8f1d6ec1f4e799b6c631f984c8d32 (127.7.47.133) added. New cstate: current_term: 1 leader_uuid: "0a5a8303a04b481ca20c1949bde4a50f" committed_config { opid_index: 26 OBSOLETE_local: false peers { permanent_uuid: "5194594233f54a5aaefdcce7b5389c85" member_type: VOTER last_known_addr { host: "127.7.47.130" port: 40295 } attrs { replace: true } } peers { permanent_uuid: "0a5a8303a04b481ca20c1949bde4a50f" member_type: VOTER last_known_addr { host: "127.7.47.131" port: 36495 } } peers { permanent_uuid: "d90458ea5b074404b4781249940f2fa1" member_type: VOTER last_known_addr { host: "127.7.47.129" port: 36621 } } peers { permanent_uuid: "7cf8f1d6ec1f4e799b6c631f984c8d32" member_type: NON_VOTER last_known_addr { host: "127.7.47.133" port: 40589 } attrs { promote: true } } }
I20260608 09:58:46.350678 12361 heartbeater.cc:499] Master 127.7.47.190:46563 was elected leader, sending a full tablet report...
I20260608 09:58:46.362655 11935 consensus_queue.cc:237] T f366dff95c4449919fd66fd11cd00745 P 5194594233f54a5aaefdcce7b5389c85 [LEADER]: Queue going to LEADER mode. State: All replicated index: 0, Majority replicated index: 25, Committed index: 25, Last appended: 1.25, Last appended by leader: 0, Current term: 1, Majority size: 2, State: 0, Mode: LEADER, active raft config: opid_index: 26 OBSOLETE_local: false peers { permanent_uuid: "d90458ea5b074404b4781249940f2fa1" member_type: VOTER last_known_addr { host: "127.7.47.129" port: 36621 } attrs { replace: true } } peers { permanent_uuid: "5194594233f54a5aaefdcce7b5389c85" member_type: VOTER last_known_addr { host: "127.7.47.130" port: 40295 } } peers { permanent_uuid: "0a5a8303a04b481ca20c1949bde4a50f" member_type: VOTER last_known_addr { host: "127.7.47.131" port: 36495 } } peers { permanent_uuid: "88fcb396dce64864b436459dded1050f" member_type: NON_VOTER last_known_addr { host: "127.7.47.134" port: 33387 } attrs { promote: true } }
I20260608 09:58:46.373072 12008 raft_consensus.cc:1275] T f366dff95c4449919fd66fd11cd00745 P 0a5a8303a04b481ca20c1949bde4a50f [term 1 FOLLOWER]: Refusing update from remote peer 5194594233f54a5aaefdcce7b5389c85: Log matching property violated. Preceding OpId in replica: term: 1 index: 25. Preceding OpId from leader: term: 1 index: 26. (index mismatch)
I20260608 09:58:46.375895 11854 raft_consensus.cc:1275] T f366dff95c4449919fd66fd11cd00745 P d90458ea5b074404b4781249940f2fa1 [term 1 FOLLOWER]: Refusing update from remote peer 5194594233f54a5aaefdcce7b5389c85: Log matching property violated. Preceding OpId in replica: term: 1 index: 25. Preceding OpId from leader: term: 1 index: 26. (index mismatch)
I20260608 09:58:46.378039 12278 consensus_queue.cc:1048] T f366dff95c4449919fd66fd11cd00745 P 5194594233f54a5aaefdcce7b5389c85 [LEADER]: Connected to new peer: Peer: permanent_uuid: "0a5a8303a04b481ca20c1949bde4a50f" member_type: VOTER last_known_addr { host: "127.7.47.131" port: 36495 }, Status: LMP_MISMATCH, Last received: 0.0, Next index: 26, Last known committed idx: 25, Time since last communication: 0.001s
I20260608 09:58:46.384677 12278 consensus_queue.cc:1048] T f366dff95c4449919fd66fd11cd00745 P 5194594233f54a5aaefdcce7b5389c85 [LEADER]: Connected to new peer: Peer: permanent_uuid: "d90458ea5b074404b4781249940f2fa1" member_type: VOTER last_known_addr { host: "127.7.47.129" port: 36621 } attrs { replace: true }, Status: LMP_MISMATCH, Last received: 0.0, Next index: 26, Last known committed idx: 25, Time since last communication: 0.001s
I20260608 09:58:46.393433 12278 raft_consensus.cc:2955] T f366dff95c4449919fd66fd11cd00745 P 5194594233f54a5aaefdcce7b5389c85 [term 1 LEADER]: Committing config change with OpId 1.26: config changed from index -1 to 26, NON_VOTER 88fcb396dce64864b436459dded1050f (127.7.47.134) added. New config: { opid_index: 26 OBSOLETE_local: false peers { permanent_uuid: "d90458ea5b074404b4781249940f2fa1" member_type: VOTER last_known_addr { host: "127.7.47.129" port: 36621 } attrs { replace: true } } peers { permanent_uuid: "5194594233f54a5aaefdcce7b5389c85" member_type: VOTER last_known_addr { host: "127.7.47.130" port: 40295 } } peers { permanent_uuid: "0a5a8303a04b481ca20c1949bde4a50f" member_type: VOTER last_known_addr { host: "127.7.47.131" port: 36495 } } peers { permanent_uuid: "88fcb396dce64864b436459dded1050f" member_type: NON_VOTER last_known_addr { host: "127.7.47.134" port: 33387 } attrs { promote: true } } }
W20260608 09:58:46.405865 11900 consensus_peers.cc:597] T f366dff95c4449919fd66fd11cd00745 P 5194594233f54a5aaefdcce7b5389c85 -> Peer 88fcb396dce64864b436459dded1050f (127.7.47.134:33387): Couldn't send request to peer 88fcb396dce64864b436459dded1050f. Error code: TABLET_NOT_FOUND (6). Status: Not found: Tablet not found: f366dff95c4449919fd66fd11cd00745. This is attempt 1: this message will repeat every 5th retry.
