I20260608 09:57:51.502753  2416 raft_consensus.cc:359] T 59030353d2f64630a6301989fa1fc94b P 534f5f40dbc3472caf70e47fcf233027 [term 1 LEARNER]: Replica starting. Triggering 0 pending ops. Active config: opid_index: 2 OBSOLETE_local: false peers { permanent_uuid: "389d0330b4d7459cb873ab9b6748f6d5" member_type: VOTER last_known_addr { host: "127.30.176.65" port: 37443 } attrs { replace: true } } peers { permanent_uuid: "e68f332099a44427b11a64bffcbedc84" member_type: VOTER last_known_addr { host: "127.30.176.66" port: 33539 } } peers { permanent_uuid: "7d42dcbe57044e5bb8a1458190da2c47" member_type: VOTER last_known_addr { host: "127.30.176.67" port: 42271 } } peers { permanent_uuid: "534f5f40dbc3472caf70e47fcf233027" member_type: NON_VOTER last_known_addr { host: "127.30.176.68" port: 44313 } attrs { promote: true } }
I20260608 09:57:51.503402  2416 raft_consensus.cc:740] T 59030353d2f64630a6301989fa1fc94b P 534f5f40dbc3472caf70e47fcf233027 [term 1 LEARNER]: Becoming Follower/Learner. State: Replica: 534f5f40dbc3472caf70e47fcf233027, State: Initialized, Role: LEARNER
I20260608 09:57:51.504107  2416 consensus_queue.cc:260] T 59030353d2f64630a6301989fa1fc94b P 534f5f40dbc3472caf70e47fcf233027 [NON_LEADER]: Queue going to NON_LEADER mode. State: All replicated index: 0, Majority replicated index: 0, Committed index: 2, Last appended: 1.2, Last appended by leader: 2, Current term: 0, Majority size: -1, State: 0, Mode: NON_LEADER, active raft config: opid_index: 2 OBSOLETE_local: false peers { permanent_uuid: "389d0330b4d7459cb873ab9b6748f6d5" member_type: VOTER last_known_addr { host: "127.30.176.65" port: 37443 } attrs { replace: true } } peers { permanent_uuid: "e68f332099a44427b11a64bffcbedc84" member_type: VOTER last_known_addr { host: "127.30.176.66" port: 33539 } } peers { permanent_uuid: "7d42dcbe57044e5bb8a1458190da2c47" member_type: VOTER last_known_addr { host: "127.30.176.67" port: 42271 } } peers { permanent_uuid: "534f5f40dbc3472caf70e47fcf233027" member_type: NON_VOTER last_known_addr { host: "127.30.176.68" port: 44313 } attrs { promote: true } }
I20260608 09:57:51.507009  2416 ts_tablet_manager.cc:1434] T 59030353d2f64630a6301989fa1fc94b P 534f5f40dbc3472caf70e47fcf233027: Time spent starting tablet: real 0.007s	user 0.009s	sys 0.000s
I20260608 09:57:51.509972  2050 tablet_copy_service.cc:342] P e68f332099a44427b11a64bffcbedc84: Request end of tablet copy session 534f5f40dbc3472caf70e47fcf233027-59030353d2f64630a6301989fa1fc94b received from {username='slave'} at 127.0.0.1:54968
I20260608 09:57:51.510401  2050 tablet_copy_service.cc:434] P e68f332099a44427b11a64bffcbedc84: ending tablet copy session 534f5f40dbc3472caf70e47fcf233027-59030353d2f64630a6301989fa1fc94b on tablet 59030353d2f64630a6301989fa1fc94b with peer 534f5f40dbc3472caf70e47fcf233027
I20260608 09:57:51.521445  2416 ts_tablet_manager.cc:933] T 967e113f6ff74052b51b43e70d59b4b5 P 534f5f40dbc3472caf70e47fcf233027: Initiating tablet copy from peer 389d0330b4d7459cb873ab9b6748f6d5 (127.30.176.65:37443)
I20260608 09:57:51.523332  2416 tablet_copy_client.cc:323] T 967e113f6ff74052b51b43e70d59b4b5 P 534f5f40dbc3472caf70e47fcf233027: tablet copy: Beginning tablet copy session from remote peer at address 127.30.176.65:37443
I20260608 09:57:51.525835  1975 tablet_copy_service.cc:140] P 389d0330b4d7459cb873ab9b6748f6d5: Received BeginTabletCopySession request for tablet 967e113f6ff74052b51b43e70d59b4b5 from peer 534f5f40dbc3472caf70e47fcf233027 ({username='slave'} at 127.0.0.1:39114)
I20260608 09:57:51.526504  1975 tablet_copy_service.cc:161] P 389d0330b4d7459cb873ab9b6748f6d5: Beginning new tablet copy session on tablet 967e113f6ff74052b51b43e70d59b4b5 from peer 534f5f40dbc3472caf70e47fcf233027 at {username='slave'} at 127.0.0.1:39114: session id = 534f5f40dbc3472caf70e47fcf233027-967e113f6ff74052b51b43e70d59b4b5
I20260608 09:57:51.534795  1975 tablet_copy_source_session.cc:215] T 967e113f6ff74052b51b43e70d59b4b5 P 389d0330b4d7459cb873ab9b6748f6d5: Tablet Copy: opened 0 blocks and 1 log segments
I20260608 09:57:51.538259  2416 data_dirs.cc:400] Could only allocate 1 dirs of requested 3 for tablet 967e113f6ff74052b51b43e70d59b4b5. 1 dirs total, 0 dirs full, 0 dirs failed
I20260608 09:57:51.554008  2416 tablet_copy_client.cc:806] T 967e113f6ff74052b51b43e70d59b4b5 P 534f5f40dbc3472caf70e47fcf233027: tablet copy: Starting download of 0 data blocks...
I20260608 09:57:51.554725  2416 tablet_copy_client.cc:670] T 967e113f6ff74052b51b43e70d59b4b5 P 534f5f40dbc3472caf70e47fcf233027: tablet copy: Starting download of 1 WAL segments...
I20260608 09:57:51.559960  2416 tablet_copy_client.cc:538] T 967e113f6ff74052b51b43e70d59b4b5 P 534f5f40dbc3472caf70e47fcf233027: tablet copy: Tablet Copy complete. Replacing tablet superblock.
I20260608 09:57:51.572046  2416 tablet_bootstrap.cc:492] T 967e113f6ff74052b51b43e70d59b4b5 P 534f5f40dbc3472caf70e47fcf233027: Bootstrap starting.
I20260608 09:57:51.593743  2421 ts_tablet_manager.cc:933] T 720f90f051094e0bbc7d584c1c6df9e4 P 534f5f40dbc3472caf70e47fcf233027: Initiating tablet copy from peer e68f332099a44427b11a64bffcbedc84 (127.30.176.66:33539)
I20260608 09:57:51.595685  2421 tablet_copy_client.cc:323] T 720f90f051094e0bbc7d584c1c6df9e4 P 534f5f40dbc3472caf70e47fcf233027: tablet copy: Beginning tablet copy session from remote peer at address 127.30.176.66:33539
I20260608 09:57:51.595947  2416 tablet_bootstrap.cc:492] T 967e113f6ff74052b51b43e70d59b4b5 P 534f5f40dbc3472caf70e47fcf233027: Bootstrap replayed 1/1 log segments. Stats: ops{read=2 overwritten=0 applied=2 ignored=0} inserts{seen=0 ignored=0} mutations{seen=0 ignored=0} orphaned_commits=0. Pending: 0 replicates
I20260608 09:57:51.596828  2416 tablet_bootstrap.cc:492] T 967e113f6ff74052b51b43e70d59b4b5 P 534f5f40dbc3472caf70e47fcf233027: Bootstrap complete.
I20260608 09:57:51.597659  2416 ts_tablet_manager.cc:1403] T 967e113f6ff74052b51b43e70d59b4b5 P 534f5f40dbc3472caf70e47fcf233027: Time spent bootstrapping tablet: real 0.026s	user 0.014s	sys 0.013s
I20260608 09:57:51.597791  2050 tablet_copy_service.cc:140] P e68f332099a44427b11a64bffcbedc84: Received BeginTabletCopySession request for tablet 720f90f051094e0bbc7d584c1c6df9e4 from peer 534f5f40dbc3472caf70e47fcf233027 ({username='slave'} at 127.0.0.1:54968)
I20260608 09:57:51.598385  2050 tablet_copy_service.cc:161] P e68f332099a44427b11a64bffcbedc84: Beginning new tablet copy session on tablet 720f90f051094e0bbc7d584c1c6df9e4 from peer 534f5f40dbc3472caf70e47fcf233027 at {username='slave'} at 127.0.0.1:54968: session id = 534f5f40dbc3472caf70e47fcf233027-720f90f051094e0bbc7d584c1c6df9e4
I20260608 09:57:51.601554  2416 raft_consensus.cc:359] T 967e113f6ff74052b51b43e70d59b4b5 P 534f5f40dbc3472caf70e47fcf233027 [term 1 LEARNER]: Replica starting. Triggering 0 pending ops. Active config: opid_index: 2 OBSOLETE_local: false peers { permanent_uuid: "389d0330b4d7459cb873ab9b6748f6d5" member_type: VOTER last_known_addr { host: "127.30.176.65" port: 37443 } } peers { permanent_uuid: "e68f332099a44427b11a64bffcbedc84" member_type: VOTER last_known_addr { host: "127.30.176.66" port: 33539 } attrs { replace: true } } peers { permanent_uuid: "7d42dcbe57044e5bb8a1458190da2c47" member_type: VOTER last_known_addr { host: "127.30.176.67" port: 42271 } } peers { permanent_uuid: "534f5f40dbc3472caf70e47fcf233027" member_type: NON_VOTER last_known_addr { host: "127.30.176.68" port: 44313 } attrs { promote: true } }
I20260608 09:57:51.602389  2416 raft_consensus.cc:740] T 967e113f6ff74052b51b43e70d59b4b5 P 534f5f40dbc3472caf70e47fcf233027 [term 1 LEARNER]: Becoming Follower/Learner. State: Replica: 534f5f40dbc3472caf70e47fcf233027, State: Initialized, Role: LEARNER
I20260608 09:57:51.603036  2416 consensus_queue.cc:260] T 967e113f6ff74052b51b43e70d59b4b5 P 534f5f40dbc3472caf70e47fcf233027 [NON_LEADER]: Queue going to NON_LEADER mode. State: All replicated index: 0, Majority replicated index: 0, Committed index: 2, Last appended: 1.2, Last appended by leader: 2, Current term: 0, Majority size: -1, State: 0, Mode: NON_LEADER, active raft config: opid_index: 2 OBSOLETE_local: false peers { permanent_uuid: "389d0330b4d7459cb873ab9b6748f6d5" member_type: VOTER last_known_addr { host: "127.30.176.65" port: 37443 } } peers { permanent_uuid: "e68f332099a44427b11a64bffcbedc84" member_type: VOTER last_known_addr { host: "127.30.176.66" port: 33539 } attrs { replace: true } } peers { permanent_uuid: "7d42dcbe57044e5bb8a1458190da2c47" member_type: VOTER last_known_addr { host: "127.30.176.67" port: 42271 } } peers { permanent_uuid: "534f5f40dbc3472caf70e47fcf233027" member_type: NON_VOTER last_known_addr { host: "127.30.176.68" port: 44313 } attrs { promote: true } }
I20260608 09:57:51.613435  2416 ts_tablet_manager.cc:1434] T 967e113f6ff74052b51b43e70d59b4b5 P 534f5f40dbc3472caf70e47fcf233027: Time spent starting tablet: real 0.015s	user 0.007s	sys 0.000s
I20260608 09:57:51.620823  1975 tablet_copy_service.cc:342] P 389d0330b4d7459cb873ab9b6748f6d5: Request end of tablet copy session 534f5f40dbc3472caf70e47fcf233027-967e113f6ff74052b51b43e70d59b4b5 received from {username='slave'} at 127.0.0.1:39114
I20260608 09:57:51.621410  1975 tablet_copy_service.cc:434] P 389d0330b4d7459cb873ab9b6748f6d5: ending tablet copy session 534f5f40dbc3472caf70e47fcf233027-967e113f6ff74052b51b43e70d59b4b5 on tablet 967e113f6ff74052b51b43e70d59b4b5 with peer 534f5f40dbc3472caf70e47fcf233027
I20260608 09:57:51.624214  2050 tablet_copy_source_session.cc:215] T 720f90f051094e0bbc7d584c1c6df9e4 P e68f332099a44427b11a64bffcbedc84: Tablet Copy: opened 0 blocks and 1 log segments
I20260608 09:57:51.626791  2416 ts_tablet_manager.cc:933] T de94597165124e508764a8fb28bd3a90 P 534f5f40dbc3472caf70e47fcf233027: Initiating tablet copy from peer e68f332099a44427b11a64bffcbedc84 (127.30.176.66:33539)
I20260608 09:57:51.628147  2421 data_dirs.cc:400] Could only allocate 1 dirs of requested 3 for tablet 720f90f051094e0bbc7d584c1c6df9e4. 1 dirs total, 0 dirs full, 0 dirs failed
I20260608 09:57:51.630293  2416 tablet_copy_client.cc:323] T de94597165124e508764a8fb28bd3a90 P 534f5f40dbc3472caf70e47fcf233027: tablet copy: Beginning tablet copy session from remote peer at address 127.30.176.66:33539
I20260608 09:57:51.632278  2050 tablet_copy_service.cc:140] P e68f332099a44427b11a64bffcbedc84: Received BeginTabletCopySession request for tablet de94597165124e508764a8fb28bd3a90 from peer 534f5f40dbc3472caf70e47fcf233027 ({username='slave'} at 127.0.0.1:54968)
I20260608 09:57:51.632860  2050 tablet_copy_service.cc:161] P e68f332099a44427b11a64bffcbedc84: Beginning new tablet copy session on tablet de94597165124e508764a8fb28bd3a90 from peer 534f5f40dbc3472caf70e47fcf233027 at {username='slave'} at 127.0.0.1:54968: session id = 534f5f40dbc3472caf70e47fcf233027-de94597165124e508764a8fb28bd3a90
I20260608 09:57:51.640618  2050 tablet_copy_source_session.cc:215] T de94597165124e508764a8fb28bd3a90 P e68f332099a44427b11a64bffcbedc84: Tablet Copy: opened 0 blocks and 1 log segments
I20260608 09:57:51.644002  2421 tablet_copy_client.cc:806] T 720f90f051094e0bbc7d584c1c6df9e4 P 534f5f40dbc3472caf70e47fcf233027: tablet copy: Starting download of 0 data blocks...
I20260608 09:57:51.644716  2421 tablet_copy_client.cc:670] T 720f90f051094e0bbc7d584c1c6df9e4 P 534f5f40dbc3472caf70e47fcf233027: tablet copy: Starting download of 1 WAL segments...
I20260608 09:57:51.647084  2416 data_dirs.cc:400] Could only allocate 1 dirs of requested 3 for tablet de94597165124e508764a8fb28bd3a90. 1 dirs total, 0 dirs full, 0 dirs failed
I20260608 09:57:51.650962  2421 tablet_copy_client.cc:538] T 720f90f051094e0bbc7d584c1c6df9e4 P 534f5f40dbc3472caf70e47fcf233027: tablet copy: Tablet Copy complete. Replacing tablet superblock.
I20260608 09:57:51.660629  2421 tablet_bootstrap.cc:492] T 720f90f051094e0bbc7d584c1c6df9e4 P 534f5f40dbc3472caf70e47fcf233027: Bootstrap starting.
I20260608 09:57:51.664616  2416 tablet_copy_client.cc:806] T de94597165124e508764a8fb28bd3a90 P 534f5f40dbc3472caf70e47fcf233027: tablet copy: Starting download of 0 data blocks...
I20260608 09:57:51.665330  2416 tablet_copy_client.cc:670] T de94597165124e508764a8fb28bd3a90 P 534f5f40dbc3472caf70e47fcf233027: tablet copy: Starting download of 1 WAL segments...
I20260608 09:57:51.669652  2416 tablet_copy_client.cc:538] T de94597165124e508764a8fb28bd3a90 P 534f5f40dbc3472caf70e47fcf233027: tablet copy: Tablet Copy complete. Replacing tablet superblock.
I20260608 09:57:51.679276  2416 tablet_bootstrap.cc:492] T de94597165124e508764a8fb28bd3a90 P 534f5f40dbc3472caf70e47fcf233027: Bootstrap starting.
I20260608 09:57:51.679713  2421 tablet_bootstrap.cc:492] T 720f90f051094e0bbc7d584c1c6df9e4 P 534f5f40dbc3472caf70e47fcf233027: Bootstrap replayed 1/1 log segments. Stats: ops{read=2 overwritten=0 applied=2 ignored=0} inserts{seen=0 ignored=0} mutations{seen=0 ignored=0} orphaned_commits=0. Pending: 0 replicates
I20260608 09:57:51.680487  2421 tablet_bootstrap.cc:492] T 720f90f051094e0bbc7d584c1c6df9e4 P 534f5f40dbc3472caf70e47fcf233027: Bootstrap complete.
I20260608 09:57:51.681129  2421 ts_tablet_manager.cc:1403] T 720f90f051094e0bbc7d584c1c6df9e4 P 534f5f40dbc3472caf70e47fcf233027: Time spent bootstrapping tablet: real 0.021s	user 0.015s	sys 0.007s
I20260608 09:57:51.683738  2421 raft_consensus.cc:359] T 720f90f051094e0bbc7d584c1c6df9e4 P 534f5f40dbc3472caf70e47fcf233027 [term 1 LEARNER]: Replica starting. Triggering 0 pending ops. Active config: opid_index: 2 OBSOLETE_local: false peers { permanent_uuid: "389d0330b4d7459cb873ab9b6748f6d5" member_type: VOTER last_known_addr { host: "127.30.176.65" port: 37443 } attrs { replace: true } } peers { permanent_uuid: "e68f332099a44427b11a64bffcbedc84" member_type: VOTER last_known_addr { host: "127.30.176.66" port: 33539 } } peers { permanent_uuid: "7d42dcbe57044e5bb8a1458190da2c47" member_type: VOTER last_known_addr { host: "127.30.176.67" port: 42271 } } peers { permanent_uuid: "534f5f40dbc3472caf70e47fcf233027" member_type: NON_VOTER last_known_addr { host: "127.30.176.68" port: 44313 } attrs { promote: true } }
I20260608 09:57:51.684402  2421 raft_consensus.cc:740] T 720f90f051094e0bbc7d584c1c6df9e4 P 534f5f40dbc3472caf70e47fcf233027 [term 1 LEARNER]: Becoming Follower/Learner. State: Replica: 534f5f40dbc3472caf70e47fcf233027, State: Initialized, Role: LEARNER
I20260608 09:57:51.684993  2421 consensus_queue.cc:260] T 720f90f051094e0bbc7d584c1c6df9e4 P 534f5f40dbc3472caf70e47fcf233027 [NON_LEADER]: Queue going to NON_LEADER mode. State: All replicated index: 0, Majority replicated index: 0, Committed index: 2, Last appended: 1.2, Last appended by leader: 2, Current term: 0, Majority size: -1, State: 0, Mode: NON_LEADER, active raft config: opid_index: 2 OBSOLETE_local: false peers { permanent_uuid: "389d0330b4d7459cb873ab9b6748f6d5" member_type: VOTER last_known_addr { host: "127.30.176.65" port: 37443 } attrs { replace: true } } peers { permanent_uuid: "e68f332099a44427b11a64bffcbedc84" member_type: VOTER last_known_addr { host: "127.30.176.66" port: 33539 } } peers { permanent_uuid: "7d42dcbe57044e5bb8a1458190da2c47" member_type: VOTER last_known_addr { host: "127.30.176.67" port: 42271 } } peers { permanent_uuid: "534f5f40dbc3472caf70e47fcf233027" member_type: NON_VOTER last_known_addr { host: "127.30.176.68" port: 44313 } attrs { promote: true } }
I20260608 09:57:51.687335  2421 ts_tablet_manager.cc:1434] T 720f90f051094e0bbc7d584c1c6df9e4 P 534f5f40dbc3472caf70e47fcf233027: Time spent starting tablet: real 0.006s	user 0.003s	sys 0.001s
I20260608 09:57:51.689960  2050 tablet_copy_service.cc:342] P e68f332099a44427b11a64bffcbedc84: Request end of tablet copy session 534f5f40dbc3472caf70e47fcf233027-720f90f051094e0bbc7d584c1c6df9e4 received from {username='slave'} at 127.0.0.1:54968
I20260608 09:57:51.690420  2050 tablet_copy_service.cc:434] P e68f332099a44427b11a64bffcbedc84: ending tablet copy session 534f5f40dbc3472caf70e47fcf233027-720f90f051094e0bbc7d584c1c6df9e4 on tablet 720f90f051094e0bbc7d584c1c6df9e4 with peer 534f5f40dbc3472caf70e47fcf233027
I20260608 09:57:51.702191  2416 tablet_bootstrap.cc:492] T de94597165124e508764a8fb28bd3a90 P 534f5f40dbc3472caf70e47fcf233027: Bootstrap replayed 1/1 log segments. Stats: ops{read=2 overwritten=0 applied=2 ignored=0} inserts{seen=0 ignored=0} mutations{seen=0 ignored=0} orphaned_commits=0. Pending: 0 replicates
I20260608 09:57:51.703187  2416 tablet_bootstrap.cc:492] T de94597165124e508764a8fb28bd3a90 P 534f5f40dbc3472caf70e47fcf233027: Bootstrap complete.
I20260608 09:57:51.703871  2416 ts_tablet_manager.cc:1403] T de94597165124e508764a8fb28bd3a90 P 534f5f40dbc3472caf70e47fcf233027: Time spent bootstrapping tablet: real 0.025s	user 0.015s	sys 0.005s
I20260608 09:57:51.706864  2416 raft_consensus.cc:359] T de94597165124e508764a8fb28bd3a90 P 534f5f40dbc3472caf70e47fcf233027 [term 1 LEARNER]: Replica starting. Triggering 0 pending ops. Active config: opid_index: 2 OBSOLETE_local: false peers { permanent_uuid: "389d0330b4d7459cb873ab9b6748f6d5" member_type: VOTER last_known_addr { host: "127.30.176.65" port: 37443 } } peers { permanent_uuid: "e68f332099a44427b11a64bffcbedc84" member_type: VOTER last_known_addr { host: "127.30.176.66" port: 33539 } } peers { permanent_uuid: "7d42dcbe57044e5bb8a1458190da2c47" member_type: VOTER last_known_addr { host: "127.30.176.67" port: 42271 } attrs { replace: true } } peers { permanent_uuid: "534f5f40dbc3472caf70e47fcf233027" member_type: NON_VOTER last_known_addr { host: "127.30.176.68" port: 44313 } attrs { promote: true } }
I20260608 09:57:51.707655  2416 raft_consensus.cc:740] T de94597165124e508764a8fb28bd3a90 P 534f5f40dbc3472caf70e47fcf233027 [term 1 LEARNER]: Becoming Follower/Learner. State: Replica: 534f5f40dbc3472caf70e47fcf233027, State: Initialized, Role: LEARNER
I20260608 09:57:51.708276  2416 consensus_queue.cc:260] T de94597165124e508764a8fb28bd3a90 P 534f5f40dbc3472caf70e47fcf233027 [NON_LEADER]: Queue going to NON_LEADER mode. State: All replicated index: 0, Majority replicated index: 0, Committed index: 2, Last appended: 1.2, Last appended by leader: 2, Current term: 0, Majority size: -1, State: 0, Mode: NON_LEADER, active raft config: opid_index: 2 OBSOLETE_local: false peers { permanent_uuid: "389d0330b4d7459cb873ab9b6748f6d5" member_type: VOTER last_known_addr { host: "127.30.176.65" port: 37443 } } peers { permanent_uuid: "e68f332099a44427b11a64bffcbedc84" member_type: VOTER last_known_addr { host: "127.30.176.66" port: 33539 } } peers { permanent_uuid: "7d42dcbe57044e5bb8a1458190da2c47" member_type: VOTER last_known_addr { host: "127.30.176.67" port: 42271 } attrs { replace: true } } peers { permanent_uuid: "534f5f40dbc3472caf70e47fcf233027" member_type: NON_VOTER last_known_addr { host: "127.30.176.68" port: 44313 } attrs { promote: true } }
I20260608 09:57:51.710547  2416 ts_tablet_manager.cc:1434] T de94597165124e508764a8fb28bd3a90 P 534f5f40dbc3472caf70e47fcf233027: Time spent starting tablet: real 0.006s	user 0.005s	sys 0.000s
I20260608 09:57:51.712661  2050 tablet_copy_service.cc:342] P e68f332099a44427b11a64bffcbedc84: Request end of tablet copy session 534f5f40dbc3472caf70e47fcf233027-de94597165124e508764a8fb28bd3a90 received from {username='slave'} at 127.0.0.1:54968
I20260608 09:57:51.713172  2050 tablet_copy_service.cc:434] P e68f332099a44427b11a64bffcbedc84: ending tablet copy session 534f5f40dbc3472caf70e47fcf233027-de94597165124e508764a8fb28bd3a90 on tablet de94597165124e508764a8fb28bd3a90 with peer 534f5f40dbc3472caf70e47fcf233027
I20260608 09:57:51.791220  1916 auto_leader_rebalancer.cc:140] leader rebalance for table range_aware_rebalance_new_range
I20260608 09:57:51.821928  2038 tablet_service.cc:2072] Received LeaderStepDown RPC: tablet_id: "59030353d2f64630a6301989fa1fc94b"
dest_uuid: "e68f332099a44427b11a64bffcbedc84"
mode: GRACEFUL
new_leader_uuid: "7d42dcbe57044e5bb8a1458190da2c47"
 from {username='slave'} at 127.0.0.1:54978
I20260608 09:57:51.822706  2038 raft_consensus.cc:606] T 59030353d2f64630a6301989fa1fc94b P e68f332099a44427b11a64bffcbedc84 [term 1 LEADER]: Received request to transfer leadership to TS 7d42dcbe57044e5bb8a1458190da2c47
I20260608 09:57:51.825961  2038 tablet_service.cc:2072] Received LeaderStepDown RPC: tablet_id: "6fe17c09b7a44e5a8956a911c8298053"
dest_uuid: "e68f332099a44427b11a64bffcbedc84"
mode: GRACEFUL
new_leader_uuid: "534f5f40dbc3472caf70e47fcf233027"
 from {username='slave'} at 127.0.0.1:54978
I20260608 09:57:51.826561  2038 raft_consensus.cc:606] T 6fe17c09b7a44e5a8956a911c8298053 P e68f332099a44427b11a64bffcbedc84 [term 1 LEADER]: Received request to transfer leadership to TS 534f5f40dbc3472caf70e47fcf233027
I20260608 09:57:51.829555  2038 tablet_service.cc:2072] Received LeaderStepDown RPC: tablet_id: "720f90f051094e0bbc7d584c1c6df9e4"
dest_uuid: "e68f332099a44427b11a64bffcbedc84"
mode: GRACEFUL
new_leader_uuid: "389d0330b4d7459cb873ab9b6748f6d5"
 from {username='slave'} at 127.0.0.1:54978
I20260608 09:57:51.830277  2038 raft_consensus.cc:606] T 720f90f051094e0bbc7d584c1c6df9e4 P e68f332099a44427b11a64bffcbedc84 [term 1 LEADER]: Received request to transfer leadership to TS 389d0330b4d7459cb873ab9b6748f6d5
I20260608 09:57:51.833338  2038 tablet_service.cc:2072] Received LeaderStepDown RPC: tablet_id: "c806952b5468491a81d800528b6983bd"
dest_uuid: "e68f332099a44427b11a64bffcbedc84"
mode: GRACEFUL
new_leader_uuid: "534f5f40dbc3472caf70e47fcf233027"
 from {username='slave'} at 127.0.0.1:54978
I20260608 09:57:51.833838  2038 raft_consensus.cc:606] T c806952b5468491a81d800528b6983bd P e68f332099a44427b11a64bffcbedc84 [term 1 LEADER]: Received request to transfer leadership to TS 534f5f40dbc3472caf70e47fcf233027
I20260608 09:57:51.835153  1916 auto_leader_rebalancer.cc:388] table: range_aware_rebalance_new_range, leader rebalance finish, leader transfer count: 4
I20260608 09:57:51.835961  1916 auto_leader_rebalancer.cc:451] All tables' leader rebalancing finished this round
I20260608 09:57:51.863365  2354 raft_consensus.cc:993] T 59030353d2f64630a6301989fa1fc94b P e68f332099a44427b11a64bffcbedc84: : Instructing follower 7d42dcbe57044e5bb8a1458190da2c47 to start an election
I20260608 09:57:51.863895  2429 raft_consensus.cc:1081] T 59030353d2f64630a6301989fa1fc94b P e68f332099a44427b11a64bffcbedc84 [term 1 LEADER]: Signalling peer 7d42dcbe57044e5bb8a1458190da2c47 to start an election
I20260608 09:57:51.865872  2113 tablet_service.cc:2044] Received Run Leader Election RPC: tablet_id: "59030353d2f64630a6301989fa1fc94b"
dest_uuid: "7d42dcbe57044e5bb8a1458190da2c47"
 from {username='slave'} at 127.0.0.1:59728
I20260608 09:57:51.866415  2113 raft_consensus.cc:493] T 59030353d2f64630a6301989fa1fc94b P 7d42dcbe57044e5bb8a1458190da2c47 [term 1 FOLLOWER]: Starting forced leader election (received explicit request)
I20260608 09:57:51.866729  2113 raft_consensus.cc:3060] T 59030353d2f64630a6301989fa1fc94b P 7d42dcbe57044e5bb8a1458190da2c47 [term 1 FOLLOWER]: Advancing to term 2
I20260608 09:57:51.873986  2113 raft_consensus.cc:515] T 59030353d2f64630a6301989fa1fc94b P 7d42dcbe57044e5bb8a1458190da2c47 [term 2 FOLLOWER]: Starting forced leader election with config: opid_index: 2 OBSOLETE_local: false peers { permanent_uuid: "389d0330b4d7459cb873ab9b6748f6d5" member_type: VOTER last_known_addr { host: "127.30.176.65" port: 37443 } attrs { replace: true } } peers { permanent_uuid: "e68f332099a44427b11a64bffcbedc84" member_type: VOTER last_known_addr { host: "127.30.176.66" port: 33539 } } peers { permanent_uuid: "7d42dcbe57044e5bb8a1458190da2c47" member_type: VOTER last_known_addr { host: "127.30.176.67" port: 42271 } } peers { permanent_uuid: "534f5f40dbc3472caf70e47fcf233027" member_type: NON_VOTER last_known_addr { host: "127.30.176.68" port: 44313 } attrs { promote: true } }
I20260608 09:57:51.876062  2113 leader_election.cc:290] T 59030353d2f64630a6301989fa1fc94b P 7d42dcbe57044e5bb8a1458190da2c47 [CANDIDATE]: Term 2 election: Requested vote from peers 389d0330b4d7459cb873ab9b6748f6d5 (127.30.176.65:37443), e68f332099a44427b11a64bffcbedc84 (127.30.176.66:33539)
I20260608 09:57:51.876981  1964 tablet_service.cc:1917] Received RequestConsensusVote() RPC: tablet_id: "59030353d2f64630a6301989fa1fc94b" candidate_uuid: "7d42dcbe57044e5bb8a1458190da2c47" candidate_term: 2 candidate_status { last_received { term: 1 index: 2 } } ignore_live_leader: true dest_uuid: "389d0330b4d7459cb873ab9b6748f6d5"
I20260608 09:57:51.877624  1964 raft_consensus.cc:3060] T 59030353d2f64630a6301989fa1fc94b P 389d0330b4d7459cb873ab9b6748f6d5 [term 1 FOLLOWER]: Advancing to term 2
I20260608 09:57:51.878054  2038 tablet_service.cc:1917] Received RequestConsensusVote() RPC: tablet_id: "59030353d2f64630a6301989fa1fc94b" candidate_uuid: "7d42dcbe57044e5bb8a1458190da2c47" candidate_term: 2 candidate_status { last_received { term: 1 index: 2 } } ignore_live_leader: true dest_uuid: "e68f332099a44427b11a64bffcbedc84"
I20260608 09:57:51.878721  2038 raft_consensus.cc:3055] T 59030353d2f64630a6301989fa1fc94b P e68f332099a44427b11a64bffcbedc84 [term 1 LEADER]: Stepping down as leader of term 1
I20260608 09:57:51.879058  2038 raft_consensus.cc:740] T 59030353d2f64630a6301989fa1fc94b P e68f332099a44427b11a64bffcbedc84 [term 1 LEADER]: Becoming Follower/Learner. State: Replica: e68f332099a44427b11a64bffcbedc84, State: Running, Role: LEADER
I20260608 09:57:51.880002  2038 consensus_queue.cc:260] T 59030353d2f64630a6301989fa1fc94b P e68f332099a44427b11a64bffcbedc84 [NON_LEADER]: Queue going to NON_LEADER mode. State: All replicated index: 0, Majority replicated index: 2, Committed index: 2, Last appended: 1.2, Last appended by leader: 2, Current term: 1, Majority size: -1, State: 0, Mode: NON_LEADER, active raft config: opid_index: 2 OBSOLETE_local: false peers { permanent_uuid: "389d0330b4d7459cb873ab9b6748f6d5" member_type: VOTER last_known_addr { host: "127.30.176.65" port: 37443 } attrs { replace: true } } peers { permanent_uuid: "e68f332099a44427b11a64bffcbedc84" member_type: VOTER last_known_addr { host: "127.30.176.66" port: 33539 } } peers { permanent_uuid: "7d42dcbe57044e5bb8a1458190da2c47" member_type: VOTER last_known_addr { host: "127.30.176.67" port: 42271 } } peers { permanent_uuid: "534f5f40dbc3472caf70e47fcf233027" member_type: NON_VOTER last_known_addr { host: "127.30.176.68" port: 44313 } attrs { promote: true } }
I20260608 09:57:51.881822  2038 raft_consensus.cc:3060] T 59030353d2f64630a6301989fa1fc94b P e68f332099a44427b11a64bffcbedc84 [term 1 FOLLOWER]: Advancing to term 2
I20260608 09:57:51.885804  1964 raft_consensus.cc:2468] T 59030353d2f64630a6301989fa1fc94b P 389d0330b4d7459cb873ab9b6748f6d5 [term 2 FOLLOWER]: Leader election vote request: Granting yes vote for candidate 7d42dcbe57044e5bb8a1458190da2c47 in term 2.
I20260608 09:57:51.887212  2077 leader_election.cc:304] T 59030353d2f64630a6301989fa1fc94b P 7d42dcbe57044e5bb8a1458190da2c47 [CANDIDATE]: Term 2 election: Election decided. Result: candidate won. Election summary: received 2 responses out of 3 voters: 2 yes votes; 0 no votes. yes voters: 389d0330b4d7459cb873ab9b6748f6d5, 7d42dcbe57044e5bb8a1458190da2c47; no voters: 
I20260608 09:57:51.888188  2368 raft_consensus.cc:2804] T 59030353d2f64630a6301989fa1fc94b P 7d42dcbe57044e5bb8a1458190da2c47 [term 2 FOLLOWER]: Leader election won for term 2
I20260608 09:57:51.889420  2038 raft_consensus.cc:2468] T 59030353d2f64630a6301989fa1fc94b P e68f332099a44427b11a64bffcbedc84 [term 2 FOLLOWER]: Leader election vote request: Granting yes vote for candidate 7d42dcbe57044e5bb8a1458190da2c47 in term 2.
I20260608 09:57:51.889973  2368 raft_consensus.cc:697] T 59030353d2f64630a6301989fa1fc94b P 7d42dcbe57044e5bb8a1458190da2c47 [term 2 LEADER]: Becoming Leader. State: Replica: 7d42dcbe57044e5bb8a1458190da2c47, State: Running, Role: LEADER
I20260608 09:57:51.891117  2368 consensus_queue.cc:237] T 59030353d2f64630a6301989fa1fc94b P 7d42dcbe57044e5bb8a1458190da2c47 [LEADER]: Queue going to LEADER mode. State: All replicated index: 0, Majority replicated index: 2, Committed index: 2, Last appended: 1.2, Last appended by leader: 2, Current term: 2, Majority size: 2, State: 0, Mode: LEADER, active raft config: opid_index: 2 OBSOLETE_local: false peers { permanent_uuid: "389d0330b4d7459cb873ab9b6748f6d5" member_type: VOTER last_known_addr { host: "127.30.176.65" port: 37443 } attrs { replace: true } } peers { permanent_uuid: "e68f332099a44427b11a64bffcbedc84" member_type: VOTER last_known_addr { host: "127.30.176.66" port: 33539 } } peers { permanent_uuid: "7d42dcbe57044e5bb8a1458190da2c47" member_type: VOTER last_known_addr { host: "127.30.176.67" port: 42271 } } peers { permanent_uuid: "534f5f40dbc3472caf70e47fcf233027" member_type: NON_VOTER last_known_addr { host: "127.30.176.68" port: 44313 } attrs { promote: true } }
I20260608 09:57:51.910837  1861 catalog_manager.cc:5696] T 59030353d2f64630a6301989fa1fc94b P 7d42dcbe57044e5bb8a1458190da2c47 reported cstate change: term changed from 1 to 2, leader changed from e68f332099a44427b11a64bffcbedc84 (127.30.176.66) to 7d42dcbe57044e5bb8a1458190da2c47 (127.30.176.67). New cstate: current_term: 2 leader_uuid: "7d42dcbe57044e5bb8a1458190da2c47" committed_config { opid_index: 2 OBSOLETE_local: false peers { permanent_uuid: "389d0330b4d7459cb873ab9b6748f6d5" member_type: VOTER last_known_addr { host: "127.30.176.65" port: 37443 } attrs { replace: true } health_report { overall_health: UNKNOWN } } peers { permanent_uuid: "e68f332099a44427b11a64bffcbedc84" member_type: VOTER last_known_addr { host: "127.30.176.66" port: 33539 } health_report { overall_health: UNKNOWN } } peers { permanent_uuid: "7d42dcbe57044e5bb8a1458190da2c47" member_type: VOTER last_known_addr { host: "127.30.176.67" port: 42271 } health_report { overall_health: HEALTHY } } peers { permanent_uuid: "534f5f40dbc3472caf70e47fcf233027" member_type: NON_VOTER last_known_addr { host: "127.30.176.68" port: 44313 } attrs { promote: true } health_report { overall_health: UNKNOWN } } }
I20260608 09:57:51.933799  2354 raft_consensus.cc:993] T 720f90f051094e0bbc7d584c1c6df9e4 P e68f332099a44427b11a64bffcbedc84: : Instructing follower 389d0330b4d7459cb873ab9b6748f6d5 to start an election
I20260608 09:57:51.934434  2429 raft_consensus.cc:1081] T 720f90f051094e0bbc7d584c1c6df9e4 P e68f332099a44427b11a64bffcbedc84 [term 1 LEADER]: Signalling peer 389d0330b4d7459cb873ab9b6748f6d5 to start an election
I20260608 09:57:51.936489  1964 tablet_service.cc:2044] Received Run Leader Election RPC: tablet_id: "720f90f051094e0bbc7d584c1c6df9e4"
dest_uuid: "389d0330b4d7459cb873ab9b6748f6d5"
 from {username='slave'} at 127.0.0.1:39098
I20260608 09:57:51.937083  2429 raft_consensus.cc:993] T 6fe17c09b7a44e5a8956a911c8298053 P e68f332099a44427b11a64bffcbedc84: : Instructing follower 534f5f40dbc3472caf70e47fcf233027 to start an election
I20260608 09:57:51.937218  1964 raft_consensus.cc:493] T 720f90f051094e0bbc7d584c1c6df9e4 P 389d0330b4d7459cb873ab9b6748f6d5 [term 1 FOLLOWER]: Starting forced leader election (received explicit request)
I20260608 09:57:51.937673  2428 raft_consensus.cc:1081] T 6fe17c09b7a44e5a8956a911c8298053 P e68f332099a44427b11a64bffcbedc84 [term 1 LEADER]: Signalling peer 534f5f40dbc3472caf70e47fcf233027 to start an election
I20260608 09:57:51.937740  1964 raft_consensus.cc:3060] T 720f90f051094e0bbc7d584c1c6df9e4 P 389d0330b4d7459cb873ab9b6748f6d5 [term 1 FOLLOWER]: Advancing to term 2
I20260608 09:57:51.940886  2257 tablet_service.cc:2044] Received Run Leader Election RPC: tablet_id: "6fe17c09b7a44e5a8956a911c8298053"
dest_uuid: "534f5f40dbc3472caf70e47fcf233027"
 from {username='slave'} at 127.0.0.1:32996
I20260608 09:57:51.941517  2257 raft_consensus.cc:493] T 6fe17c09b7a44e5a8956a911c8298053 P 534f5f40dbc3472caf70e47fcf233027 [term 1 FOLLOWER]: Starting forced leader election (received explicit request)
I20260608 09:57:51.941905  2257 raft_consensus.cc:3060] T 6fe17c09b7a44e5a8956a911c8298053 P 534f5f40dbc3472caf70e47fcf233027 [term 1 FOLLOWER]: Advancing to term 2
I20260608 09:57:51.945017  1964 raft_consensus.cc:515] T 720f90f051094e0bbc7d584c1c6df9e4 P 389d0330b4d7459cb873ab9b6748f6d5 [term 2 FOLLOWER]: Starting forced leader election with config: opid_index: 2 OBSOLETE_local: false peers { permanent_uuid: "389d0330b4d7459cb873ab9b6748f6d5" member_type: VOTER last_known_addr { host: "127.30.176.65" port: 37443 } attrs { replace: true } } peers { permanent_uuid: "e68f332099a44427b11a64bffcbedc84" member_type: VOTER last_known_addr { host: "127.30.176.66" port: 33539 } } peers { permanent_uuid: "7d42dcbe57044e5bb8a1458190da2c47" member_type: VOTER last_known_addr { host: "127.30.176.67" port: 42271 } } peers { permanent_uuid: "534f5f40dbc3472caf70e47fcf233027" member_type: NON_VOTER last_known_addr { host: "127.30.176.68" port: 44313 } attrs { promote: true } }
I20260608 09:57:51.948062  1964 leader_election.cc:290] T 720f90f051094e0bbc7d584c1c6df9e4 P 389d0330b4d7459cb873ab9b6748f6d5 [CANDIDATE]: Term 2 election: Requested vote from peers e68f332099a44427b11a64bffcbedc84 (127.30.176.66:33539), 7d42dcbe57044e5bb8a1458190da2c47 (127.30.176.67:42271)
I20260608 09:57:51.948371  2038 tablet_service.cc:1917] Received RequestConsensusVote() RPC: tablet_id: "720f90f051094e0bbc7d584c1c6df9e4" candidate_uuid: "389d0330b4d7459cb873ab9b6748f6d5" candidate_term: 2 candidate_status { last_received { term: 1 index: 2 } } ignore_live_leader: true dest_uuid: "e68f332099a44427b11a64bffcbedc84"
I20260608 09:57:51.948616  2113 tablet_service.cc:1917] Received RequestConsensusVote() RPC: tablet_id: "720f90f051094e0bbc7d584c1c6df9e4" candidate_uuid: "389d0330b4d7459cb873ab9b6748f6d5" candidate_term: 2 candidate_status { last_received { term: 1 index: 2 } } ignore_live_leader: true dest_uuid: "7d42dcbe57044e5bb8a1458190da2c47"
I20260608 09:57:51.949096  2038 raft_consensus.cc:3055] T 720f90f051094e0bbc7d584c1c6df9e4 P e68f332099a44427b11a64bffcbedc84 [term 1 LEADER]: Stepping down as leader of term 1
I20260608 09:57:51.948846  2257 raft_consensus.cc:515] T 6fe17c09b7a44e5a8956a911c8298053 P 534f5f40dbc3472caf70e47fcf233027 [term 2 FOLLOWER]: Starting forced leader election with config: opid_index: -1 OBSOLETE_local: false peers { permanent_uuid: "534f5f40dbc3472caf70e47fcf233027" member_type: VOTER last_known_addr { host: "127.30.176.68" port: 44313 } } peers { permanent_uuid: "389d0330b4d7459cb873ab9b6748f6d5" member_type: VOTER last_known_addr { host: "127.30.176.65" port: 37443 } } peers { permanent_uuid: "e68f332099a44427b11a64bffcbedc84" member_type: VOTER last_known_addr { host: "127.30.176.66" port: 33539 } }
I20260608 09:57:51.949342  2113 raft_consensus.cc:3060] T 720f90f051094e0bbc7d584c1c6df9e4 P 7d42dcbe57044e5bb8a1458190da2c47 [term 1 FOLLOWER]: Advancing to term 2
I20260608 09:57:51.949506  2038 raft_consensus.cc:740] T 720f90f051094e0bbc7d584c1c6df9e4 P e68f332099a44427b11a64bffcbedc84 [term 1 LEADER]: Becoming Follower/Learner. State: Replica: e68f332099a44427b11a64bffcbedc84, State: Running, Role: LEADER
I20260608 09:57:51.950661  2038 consensus_queue.cc:260] T 720f90f051094e0bbc7d584c1c6df9e4 P e68f332099a44427b11a64bffcbedc84 [NON_LEADER]: Queue going to NON_LEADER mode. State: All replicated index: 0, Majority replicated index: 2, Committed index: 2, Last appended: 1.2, Last appended by leader: 2, Current term: 1, Majority size: -1, State: 0, Mode: NON_LEADER, active raft config: opid_index: 2 OBSOLETE_local: false peers { permanent_uuid: "389d0330b4d7459cb873ab9b6748f6d5" member_type: VOTER last_known_addr { host: "127.30.176.65" port: 37443 } attrs { replace: true } } peers { permanent_uuid: "e68f332099a44427b11a64bffcbedc84" member_type: VOTER last_known_addr { host: "127.30.176.66" port: 33539 } } peers { permanent_uuid: "7d42dcbe57044e5bb8a1458190da2c47" member_type: VOTER last_known_addr { host: "127.30.176.67" port: 42271 } } peers { permanent_uuid: "534f5f40dbc3472caf70e47fcf233027" member_type: NON_VOTER last_known_addr { host: "127.30.176.68" port: 44313 } attrs { promote: true } }
I20260608 09:57:51.953356  2038 raft_consensus.cc:3060] T 720f90f051094e0bbc7d584c1c6df9e4 P e68f332099a44427b11a64bffcbedc84 [term 1 FOLLOWER]: Advancing to term 2
I20260608 09:57:51.953434  2040 tablet_service.cc:1917] Received RequestConsensusVote() RPC: tablet_id: "6fe17c09b7a44e5a8956a911c8298053" candidate_uuid: "534f5f40dbc3472caf70e47fcf233027" candidate_term: 2 candidate_status { last_received { term: 1 index: 1 } } ignore_live_leader: true dest_uuid: "e68f332099a44427b11a64bffcbedc84"
I20260608 09:57:51.954123  2040 raft_consensus.cc:3055] T 6fe17c09b7a44e5a8956a911c8298053 P e68f332099a44427b11a64bffcbedc84 [term 1 LEADER]: Stepping down as leader of term 1
I20260608 09:57:51.954494  2040 raft_consensus.cc:740] T 6fe17c09b7a44e5a8956a911c8298053 P e68f332099a44427b11a64bffcbedc84 [term 1 LEADER]: Becoming Follower/Learner. State: Replica: e68f332099a44427b11a64bffcbedc84, State: Running, Role: LEADER
I20260608 09:57:51.955526  2040 consensus_queue.cc:260] T 6fe17c09b7a44e5a8956a911c8298053 P e68f332099a44427b11a64bffcbedc84 [NON_LEADER]: Queue going to NON_LEADER mode. State: All replicated index: 0, Majority replicated index: 1, Committed index: 1, Last appended: 1.1, Last appended by leader: 1, Current term: 1, Majority size: -1, State: 0, Mode: NON_LEADER, active raft config: opid_index: -1 OBSOLETE_local: false peers { permanent_uuid: "534f5f40dbc3472caf70e47fcf233027" member_type: VOTER last_known_addr { host: "127.30.176.68" port: 44313 } } peers { permanent_uuid: "389d0330b4d7459cb873ab9b6748f6d5" member_type: VOTER last_known_addr { host: "127.30.176.65" port: 37443 } } peers { permanent_uuid: "e68f332099a44427b11a64bffcbedc84" member_type: VOTER last_known_addr { host: "127.30.176.66" port: 33539 } }
I20260608 09:57:51.956705  2040 raft_consensus.cc:3060] T 6fe17c09b7a44e5a8956a911c8298053 P e68f332099a44427b11a64bffcbedc84 [term 1 FOLLOWER]: Advancing to term 2
I20260608 09:57:51.956890  2113 raft_consensus.cc:2468] T 720f90f051094e0bbc7d584c1c6df9e4 P 7d42dcbe57044e5bb8a1458190da2c47 [term 2 FOLLOWER]: Leader election vote request: Granting yes vote for candidate 389d0330b4d7459cb873ab9b6748f6d5 in term 2.
I20260608 09:57:51.958408  1928 leader_election.cc:304] T 720f90f051094e0bbc7d584c1c6df9e4 P 389d0330b4d7459cb873ab9b6748f6d5 [CANDIDATE]: Term 2 election: Election decided. Result: candidate won. Election summary: received 2 responses out of 3 voters: 2 yes votes; 0 no votes. yes voters: 389d0330b4d7459cb873ab9b6748f6d5, 7d42dcbe57044e5bb8a1458190da2c47; no voters: 
I20260608 09:57:51.959311  2194 raft_consensus.cc:2804] T 720f90f051094e0bbc7d584c1c6df9e4 P 389d0330b4d7459cb873ab9b6748f6d5 [term 2 FOLLOWER]: Leader election won for term 2
I20260608 09:57:51.959818  2194 raft_consensus.cc:697] T 720f90f051094e0bbc7d584c1c6df9e4 P 389d0330b4d7459cb873ab9b6748f6d5 [term 2 LEADER]: Becoming Leader. State: Replica: 389d0330b4d7459cb873ab9b6748f6d5, State: Running, Role: LEADER
I20260608 09:57:51.960980  1964 tablet_service.cc:1917] Received RequestConsensusVote() RPC: tablet_id: "6fe17c09b7a44e5a8956a911c8298053" candidate_uuid: "534f5f40dbc3472caf70e47fcf233027" candidate_term: 2 candidate_status { last_received { term: 1 index: 1 } } ignore_live_leader: true dest_uuid: "389d0330b4d7459cb873ab9b6748f6d5"
I20260608 09:57:51.960691  2194 consensus_queue.cc:237] T 720f90f051094e0bbc7d584c1c6df9e4 P 389d0330b4d7459cb873ab9b6748f6d5 [LEADER]: Queue going to LEADER mode. State: All replicated index: 0, Majority replicated index: 2, Committed index: 2, Last appended: 1.2, Last appended by leader: 2, Current term: 2, Majority size: 2, State: 0, Mode: LEADER, active raft config: opid_index: 2 OBSOLETE_local: false peers { permanent_uuid: "389d0330b4d7459cb873ab9b6748f6d5" member_type: VOTER last_known_addr { host: "127.30.176.65" port: 37443 } attrs { replace: true } } peers { permanent_uuid: "e68f332099a44427b11a64bffcbedc84" member_type: VOTER last_known_addr { host: "127.30.176.66" port: 33539 } } peers { permanent_uuid: "7d42dcbe57044e5bb8a1458190da2c47" member_type: VOTER last_known_addr { host: "127.30.176.67" port: 42271 } } peers { permanent_uuid: "534f5f40dbc3472caf70e47fcf233027" member_type: NON_VOTER last_known_addr { host: "127.30.176.68" port: 44313 } attrs { promote: true } }
I20260608 09:57:51.961771  1964 raft_consensus.cc:3060] T 6fe17c09b7a44e5a8956a911c8298053 P 389d0330b4d7459cb873ab9b6748f6d5 [term 1 FOLLOWER]: Advancing to term 2
I20260608 09:57:51.964110  2040 raft_consensus.cc:2468] T 6fe17c09b7a44e5a8956a911c8298053 P e68f332099a44427b11a64bffcbedc84 [term 2 FOLLOWER]: Leader election vote request: Granting yes vote for candidate 534f5f40dbc3472caf70e47fcf233027 in term 2.
I20260608 09:57:51.965966  2224 leader_election.cc:304] T 6fe17c09b7a44e5a8956a911c8298053 P 534f5f40dbc3472caf70e47fcf233027 [CANDIDATE]: Term 2 election: Election decided. Result: candidate won. Election summary: received 2 responses out of 3 voters: 2 yes votes; 0 no votes. yes voters: 534f5f40dbc3472caf70e47fcf233027, e68f332099a44427b11a64bffcbedc84; no voters: 
I20260608 09:57:51.964628  2257 leader_election.cc:290] T 6fe17c09b7a44e5a8956a911c8298053 P 534f5f40dbc3472caf70e47fcf233027 [CANDIDATE]: Term 2 election: Requested vote from peers 389d0330b4d7459cb873ab9b6748f6d5 (127.30.176.65:37443), e68f332099a44427b11a64bffcbedc84 (127.30.176.66:33539)
I20260608 09:57:51.966822  2419 raft_consensus.cc:2804] T 6fe17c09b7a44e5a8956a911c8298053 P 534f5f40dbc3472caf70e47fcf233027 [term 2 FOLLOWER]: Leader election won for term 2
I20260608 09:57:51.968334  2419 raft_consensus.cc:697] T 6fe17c09b7a44e5a8956a911c8298053 P 534f5f40dbc3472caf70e47fcf233027 [term 2 LEADER]: Becoming Leader. State: Replica: 534f5f40dbc3472caf70e47fcf233027, State: Running, Role: LEADER
I20260608 09:57:51.969298  2419 consensus_queue.cc:237] T 6fe17c09b7a44e5a8956a911c8298053 P 534f5f40dbc3472caf70e47fcf233027 [LEADER]: Queue going to LEADER mode. State: All replicated index: 0, Majority replicated index: 1, Committed index: 1, Last appended: 1.1, Last appended by leader: 1, Current term: 2, Majority size: 2, State: 0, Mode: LEADER, active raft config: opid_index: -1 OBSOLETE_local: false peers { permanent_uuid: "534f5f40dbc3472caf70e47fcf233027" member_type: VOTER last_known_addr { host: "127.30.176.68" port: 44313 } } peers { permanent_uuid: "389d0330b4d7459cb873ab9b6748f6d5" member_type: VOTER last_known_addr { host: "127.30.176.65" port: 37443 } } peers { permanent_uuid: "e68f332099a44427b11a64bffcbedc84" member_type: VOTER last_known_addr { host: "127.30.176.66" port: 33539 } }
I20260608 09:57:51.972007  1861 catalog_manager.cc:5696] T 720f90f051094e0bbc7d584c1c6df9e4 P 389d0330b4d7459cb873ab9b6748f6d5 reported cstate change: term changed from 1 to 2, leader changed from e68f332099a44427b11a64bffcbedc84 (127.30.176.66) to 389d0330b4d7459cb873ab9b6748f6d5 (127.30.176.65). New cstate: current_term: 2 leader_uuid: "389d0330b4d7459cb873ab9b6748f6d5" committed_config { opid_index: 2 OBSOLETE_local: false peers { permanent_uuid: "389d0330b4d7459cb873ab9b6748f6d5" member_type: VOTER last_known_addr { host: "127.30.176.65" port: 37443 } attrs { replace: true } health_report { overall_health: HEALTHY } } peers { permanent_uuid: "e68f332099a44427b11a64bffcbedc84" member_type: VOTER last_known_addr { host: "127.30.176.66" port: 33539 } health_report { overall_health: UNKNOWN } } peers { permanent_uuid: "7d42dcbe57044e5bb8a1458190da2c47" member_type: VOTER last_known_addr { host: "127.30.176.67" port: 42271 } health_report { overall_health: UNKNOWN } } peers { permanent_uuid: "534f5f40dbc3472caf70e47fcf233027" member_type: NON_VOTER last_known_addr { host: "127.30.176.68" port: 44313 } attrs { promote: true } health_report { overall_health: UNKNOWN } } }
I20260608 09:57:51.974421  2038 raft_consensus.cc:2468] T 720f90f051094e0bbc7d584c1c6df9e4 P e68f332099a44427b11a64bffcbedc84 [term 2 FOLLOWER]: Leader election vote request: Granting yes vote for candidate 389d0330b4d7459cb873ab9b6748f6d5 in term 2.
I20260608 09:57:51.981429  1964 raft_consensus.cc:2468] T 6fe17c09b7a44e5a8956a911c8298053 P 389d0330b4d7459cb873ab9b6748f6d5 [term 2 FOLLOWER]: Leader election vote request: Granting yes vote for candidate 534f5f40dbc3472caf70e47fcf233027 in term 2.
I20260608 09:57:51.986227  1863 catalog_manager.cc:5696] T 6fe17c09b7a44e5a8956a911c8298053 P 534f5f40dbc3472caf70e47fcf233027 reported cstate change: term changed from 1 to 2, leader changed from e68f332099a44427b11a64bffcbedc84 (127.30.176.66) to 534f5f40dbc3472caf70e47fcf233027 (127.30.176.68). New cstate: current_term: 2 leader_uuid: "534f5f40dbc3472caf70e47fcf233027" committed_config { opid_index: -1 OBSOLETE_local: false peers { permanent_uuid: "534f5f40dbc3472caf70e47fcf233027" member_type: VOTER last_known_addr { host: "127.30.176.68" port: 44313 } health_report { overall_health: HEALTHY } } peers { permanent_uuid: "389d0330b4d7459cb873ab9b6748f6d5" member_type: VOTER last_known_addr { host: "127.30.176.65" port: 37443 } health_report { overall_health: UNKNOWN } } peers { permanent_uuid: "e68f332099a44427b11a64bffcbedc84" member_type: VOTER last_known_addr { host: "127.30.176.66" port: 33539 } health_report { overall_health: UNKNOWN } } }
I20260608 09:57:51.988328  1965 tablet_service.cc:2072] Received LeaderStepDown RPC: tablet_id: "720f90f051094e0bbc7d584c1c6df9e4"
dest_uuid: "389d0330b4d7459cb873ab9b6748f6d5"
mode: GRACEFUL
 from {username='slave'} at 127.0.0.1:48332
I20260608 09:57:51.989015  1965 raft_consensus.cc:606] T 720f90f051094e0bbc7d584c1c6df9e4 P 389d0330b4d7459cb873ab9b6748f6d5 [term 2 LEADER]: Received request to transfer leadership
I20260608 09:57:51.994418  1964 tablet_service.cc:2072] Received LeaderStepDown RPC: tablet_id: "720f90f051094e0bbc7d584c1c6df9e4"
dest_uuid: "389d0330b4d7459cb873ab9b6748f6d5"
mode: GRACEFUL
 from {username='slave'} at 127.0.0.1:48332
I20260608 09:57:51.994987  1964 raft_consensus.cc:606] T 720f90f051094e0bbc7d584c1c6df9e4 P 389d0330b4d7459cb873ab9b6748f6d5 [term 2 LEADER]: Received request to transfer leadership
W20260608 09:57:51.996078  1847 proxy.cc:239] Call had error, refreshing address and retrying: Remote error: Service unavailable: leadership transfer for 720f90f051094e0bbc7d584c1c6df9e4 already in progress
I20260608 09:57:51.999526  1964 tablet_service.cc:2072] Received LeaderStepDown RPC: tablet_id: "720f90f051094e0bbc7d584c1c6df9e4"
dest_uuid: "389d0330b4d7459cb873ab9b6748f6d5"
mode: GRACEFUL
 from {username='slave'} at 127.0.0.1:48332
I20260608 09:57:52.000078  1964 raft_consensus.cc:606] T 720f90f051094e0bbc7d584c1c6df9e4 P 389d0330b4d7459cb873ab9b6748f6d5 [term 2 LEADER]: Received request to transfer leadership
W20260608 09:57:52.004323  1911 auto_rebalancer.cc:855] Removing replace marker failed: Service unavailable: leader transfer in progress
W20260608 09:57:52.004609  1911 auto_rebalancer.cc:863] Could not move replica: Remote error: Service unavailable: leadership transfer for 720f90f051094e0bbc7d584c1c6df9e4 already in progress
W20260608 09:57:52.004812  1911 auto_rebalancer.cc:301] scheduled replica move failed to complete: Remote error: Service unavailable: leadership transfer for 720f90f051094e0bbc7d584c1c6df9e4 already in progress
I20260608 09:57:52.153434  2257 raft_consensus.cc:1217] T 967e113f6ff74052b51b43e70d59b4b5 P 534f5f40dbc3472caf70e47fcf233027 [term 1 LEARNER]: Deduplicated request from leader. Original: 1.1->[1.2-1.2]   Dedup: 1.2->[]
I20260608 09:57:52.191048  2256 raft_consensus.cc:1217] T de94597165124e508764a8fb28bd3a90 P 534f5f40dbc3472caf70e47fcf233027 [term 1 LEARNER]: Deduplicated request from leader. Original: 1.1->[1.2-1.2]   Dedup: 1.2->[]
I20260608 09:57:52.199720  2428 raft_consensus.cc:993] T c806952b5468491a81d800528b6983bd P e68f332099a44427b11a64bffcbedc84: : Instructing follower 534f5f40dbc3472caf70e47fcf233027 to start an election
I20260608 09:57:52.201915  2428 raft_consensus.cc:1081] T c806952b5468491a81d800528b6983bd P e68f332099a44427b11a64bffcbedc84 [term 1 LEADER]: Signalling peer 534f5f40dbc3472caf70e47fcf233027 to start an election
I20260608 09:57:52.210191  2257 tablet_service.cc:2044] Received Run Leader Election RPC: tablet_id: "c806952b5468491a81d800528b6983bd"
dest_uuid: "534f5f40dbc3472caf70e47fcf233027"
 from {username='slave'} at 127.0.0.1:32996
I20260608 09:57:52.211138  2257 raft_consensus.cc:493] T c806952b5468491a81d800528b6983bd P 534f5f40dbc3472caf70e47fcf233027 [term 1 FOLLOWER]: Starting forced leader election (received explicit request)
I20260608 09:57:52.211611  2257 raft_consensus.cc:3060] T c806952b5468491a81d800528b6983bd P 534f5f40dbc3472caf70e47fcf233027 [term 1 FOLLOWER]: Advancing to term 2
I20260608 09:57:52.220703  2257 raft_consensus.cc:515] T c806952b5468491a81d800528b6983bd P 534f5f40dbc3472caf70e47fcf233027 [term 2 FOLLOWER]: Starting forced leader election with config: opid_index: -1 OBSOLETE_local: false peers { permanent_uuid: "534f5f40dbc3472caf70e47fcf233027" member_type: VOTER last_known_addr { host: "127.30.176.68" port: 44313 } } peers { permanent_uuid: "e68f332099a44427b11a64bffcbedc84" member_type: VOTER last_known_addr { host: "127.30.176.66" port: 33539 } } peers { permanent_uuid: "7d42dcbe57044e5bb8a1458190da2c47" member_type: VOTER last_known_addr { host: "127.30.176.67" port: 42271 } }
I20260608 09:57:52.224522  2257 leader_election.cc:290] T c806952b5468491a81d800528b6983bd P 534f5f40dbc3472caf70e47fcf233027 [CANDIDATE]: Term 2 election: Requested vote from peers e68f332099a44427b11a64bffcbedc84 (127.30.176.66:33539), 7d42dcbe57044e5bb8a1458190da2c47 (127.30.176.67:42271)
I20260608 09:57:52.226640  2113 tablet_service.cc:1917] Received RequestConsensusVote() RPC: tablet_id: "c806952b5468491a81d800528b6983bd" candidate_uuid: "534f5f40dbc3472caf70e47fcf233027" candidate_term: 2 candidate_status { last_received { term: 1 index: 1 } } ignore_live_leader: true dest_uuid: "7d42dcbe57044e5bb8a1458190da2c47"
