I20260608 09:47:27.629786 32537 raft_consensus.cc:515] T bd397190326447929ce595b80b0007f9 P b6f5e65979444f69849ed5e8e434da7e [term 1 FOLLOWER]: Starting leader election with config: opid_index: -1 OBSOLETE_local: false peers { permanent_uuid: "cb06b6b910f14cc0be89f429822bfcc2" member_type: VOTER last_known_addr { host: "127.30.236.129" port: 43383 } } peers { permanent_uuid: "b6f5e65979444f69849ed5e8e434da7e" member_type: VOTER last_known_addr { host: "127.30.236.130" port: 33037 } } peers { permanent_uuid: "10771a6ba5704da98b77059e4177dfdd" member_type: VOTER last_known_addr { host: "127.30.236.131" port: 33343 } }
I20260608 09:47:27.642932 32537 leader_election.cc:290] T bd397190326447929ce595b80b0007f9 P b6f5e65979444f69849ed5e8e434da7e [CANDIDATE]: Term 1 election: Requested vote from peers cb06b6b910f14cc0be89f429822bfcc2 (127.30.236.129:43383), 10771a6ba5704da98b77059e4177dfdd (127.30.236.131:33343)
I20260608 09:47:27.643827 32410 raft_consensus.cc:2393] T bd397190326447929ce595b80b0007f9 P b6f5e65979444f69849ed5e8e434da7e [term 1 FOLLOWER]: Leader pre-election vote request: Denying vote to candidate 10771a6ba5704da98b77059e4177dfdd in current term 1: Already voted for candidate b6f5e65979444f69849ed5e8e434da7e in this term.
I20260608 09:47:27.643589 32300 leader_election.cc:304] T 37e2b2ebd0b1430ca42c0fb9483a4b29 P cb06b6b910f14cc0be89f429822bfcc2 [CANDIDATE]: Term 1 election: Election decided. Result: candidate won. Election summary: received 2 responses out of 3 voters: 2 yes votes; 0 no votes. yes voters: 10771a6ba5704da98b77059e4177dfdd, cb06b6b910f14cc0be89f429822bfcc2; no voters: 
I20260608 09:47:27.645021 32541 raft_consensus.cc:2804] T 37e2b2ebd0b1430ca42c0fb9483a4b29 P cb06b6b910f14cc0be89f429822bfcc2 [term 1 FOLLOWER]: Leader election won for term 1
I20260608 09:47:27.645684 32541 raft_consensus.cc:697] T 37e2b2ebd0b1430ca42c0fb9483a4b29 P cb06b6b910f14cc0be89f429822bfcc2 [term 1 LEADER]: Becoming Leader. State: Replica: cb06b6b910f14cc0be89f429822bfcc2, State: Running, Role: LEADER
I20260608 09:47:27.646303 32335 tablet_service.cc:1917] Received RequestConsensusVote() RPC: tablet_id: "bd397190326447929ce595b80b0007f9" candidate_uuid: "b6f5e65979444f69849ed5e8e434da7e" candidate_term: 1 candidate_status { last_received { term: 0 index: 0 } } ignore_live_leader: false dest_uuid: "cb06b6b910f14cc0be89f429822bfcc2"
I20260608 09:47:27.647136 32335 raft_consensus.cc:3060] T bd397190326447929ce595b80b0007f9 P cb06b6b910f14cc0be89f429822bfcc2 [term 0 FOLLOWER]: Advancing to term 1
I20260608 09:47:27.646812 32541 consensus_queue.cc:237] T 37e2b2ebd0b1430ca42c0fb9483a4b29 P cb06b6b910f14cc0be89f429822bfcc2 [LEADER]: Queue going to LEADER mode. State: All replicated index: 0, Majority replicated index: 0, Committed index: 0, Last appended: 0.0, Last appended by leader: 0, Current term: 1, Majority size: 2, State: 0, Mode: LEADER, active raft config: opid_index: -1 OBSOLETE_local: false peers { permanent_uuid: "b6f5e65979444f69849ed5e8e434da7e" member_type: VOTER last_known_addr { host: "127.30.236.130" port: 33037 } } peers { permanent_uuid: "cb06b6b910f14cc0be89f429822bfcc2" member_type: VOTER last_known_addr { host: "127.30.236.129" port: 43383 } } peers { permanent_uuid: "10771a6ba5704da98b77059e4177dfdd" member_type: VOTER last_known_addr { host: "127.30.236.131" port: 33343 } }
I20260608 09:47:27.646349 32483 tablet_service.cc:1917] Received RequestConsensusVote() RPC: tablet_id: "3c4781a270dd48ff91e83e743c5f76e0" candidate_uuid: "cb06b6b910f14cc0be89f429822bfcc2" candidate_term: 1 candidate_status { last_received { term: 0 index: 0 } } ignore_live_leader: false dest_uuid: "10771a6ba5704da98b77059e4177dfdd"
I20260608 09:47:27.650149 32448 leader_election.cc:304] T bd397190326447929ce595b80b0007f9 P 10771a6ba5704da98b77059e4177dfdd [CANDIDATE]: Term 1 pre-election: Election decided. Result: candidate lost. Election summary: received 3 responses out of 3 voters: 1 yes votes; 2 no votes. yes voters: 10771a6ba5704da98b77059e4177dfdd; no voters: b6f5e65979444f69849ed5e8e434da7e, cb06b6b910f14cc0be89f429822bfcc2
I20260608 09:47:27.652951 32484 tablet_service.cc:1917] Received RequestConsensusVote() RPC: tablet_id: "bd397190326447929ce595b80b0007f9" candidate_uuid: "b6f5e65979444f69849ed5e8e434da7e" candidate_term: 1 candidate_status { last_received { term: 0 index: 0 } } ignore_live_leader: false dest_uuid: "10771a6ba5704da98b77059e4177dfdd"
I20260608 09:47:27.653847 32484 raft_consensus.cc:3060] T bd397190326447929ce595b80b0007f9 P 10771a6ba5704da98b77059e4177dfdd [term 0 FOLLOWER]: Advancing to term 1
I20260608 09:47:27.656435 32336 tablet_service.cc:1917] Received RequestConsensusVote() RPC: tablet_id: "4e4aced4e893490f96b5aef3fb364cae" candidate_uuid: "10771a6ba5704da98b77059e4177dfdd" candidate_term: 1 candidate_status { last_received { term: 0 index: 0 } } ignore_live_leader: false dest_uuid: "cb06b6b910f14cc0be89f429822bfcc2"
I20260608 09:47:27.665349 32411 raft_consensus.cc:2468] T 37e2b2ebd0b1430ca42c0fb9483a4b29 P b6f5e65979444f69849ed5e8e434da7e [term 1 FOLLOWER]: Leader election vote request: Granting yes vote for candidate cb06b6b910f14cc0be89f429822bfcc2 in term 1.
I20260608 09:47:27.658108 32538 leader_election.cc:290] T 4e4aced4e893490f96b5aef3fb364cae P 10771a6ba5704da98b77059e4177dfdd [CANDIDATE]: Term 1 election: Requested vote from peers cb06b6b910f14cc0be89f429822bfcc2 (127.30.236.129:43383), b6f5e65979444f69849ed5e8e434da7e (127.30.236.130:33037)
I20260608 09:47:27.667447 32335 raft_consensus.cc:2468] T bd397190326447929ce595b80b0007f9 P cb06b6b910f14cc0be89f429822bfcc2 [term 1 FOLLOWER]: Leader election vote request: Granting yes vote for candidate b6f5e65979444f69849ed5e8e434da7e in term 1.
I20260608 09:47:27.668896 32376 leader_election.cc:304] T bd397190326447929ce595b80b0007f9 P b6f5e65979444f69849ed5e8e434da7e [CANDIDATE]: Term 1 election: Election decided. Result: candidate won. Election summary: received 2 responses out of 3 voters: 2 yes votes; 0 no votes. yes voters: b6f5e65979444f69849ed5e8e434da7e, cb06b6b910f14cc0be89f429822bfcc2; no voters: 
I20260608 09:47:27.670449 32537 raft_consensus.cc:2804] T bd397190326447929ce595b80b0007f9 P b6f5e65979444f69849ed5e8e434da7e [term 1 FOLLOWER]: Leader election won for term 1
I20260608 09:47:27.665439 32336 raft_consensus.cc:3060] T 4e4aced4e893490f96b5aef3fb364cae P cb06b6b910f14cc0be89f429822bfcc2 [term 0 FOLLOWER]: Advancing to term 1
I20260608 09:47:27.671193 32537 raft_consensus.cc:697] T bd397190326447929ce595b80b0007f9 P b6f5e65979444f69849ed5e8e434da7e [term 1 LEADER]: Becoming Leader. State: Replica: b6f5e65979444f69849ed5e8e434da7e, State: Running, Role: LEADER
I20260608 09:47:27.673120 32537 consensus_queue.cc:237] T bd397190326447929ce595b80b0007f9 P b6f5e65979444f69849ed5e8e434da7e [LEADER]: Queue going to LEADER mode. State: All replicated index: 0, Majority replicated index: 0, Committed index: 0, Last appended: 0.0, Last appended by leader: 0, Current term: 1, Majority size: 2, State: 0, Mode: LEADER, active raft config: opid_index: -1 OBSOLETE_local: false peers { permanent_uuid: "cb06b6b910f14cc0be89f429822bfcc2" member_type: VOTER last_known_addr { host: "127.30.236.129" port: 43383 } } peers { permanent_uuid: "b6f5e65979444f69849ed5e8e434da7e" member_type: VOTER last_known_addr { host: "127.30.236.130" port: 33037 } } peers { permanent_uuid: "10771a6ba5704da98b77059e4177dfdd" member_type: VOTER last_known_addr { host: "127.30.236.131" port: 33343 } }
I20260608 09:47:27.664233 32532 ts_tablet_manager.cc:1434] T 6d63f178a664461896cbd3f1bb9fc905 P b6f5e65979444f69849ed5e8e434da7e: Time spent starting tablet: real 0.035s	user 0.007s	sys 0.000s
I20260608 09:47:27.681514 32562 raft_consensus.cc:515] T 3c4781a270dd48ff91e83e743c5f76e0 P 10771a6ba5704da98b77059e4177dfdd [term 1 FOLLOWER]: Starting leader election with config: opid_index: -1 OBSOLETE_local: false peers { permanent_uuid: "cb06b6b910f14cc0be89f429822bfcc2" member_type: VOTER last_known_addr { host: "127.30.236.129" port: 43383 } } peers { permanent_uuid: "b6f5e65979444f69849ed5e8e434da7e" member_type: VOTER last_known_addr { host: "127.30.236.130" port: 33037 } } peers { permanent_uuid: "10771a6ba5704da98b77059e4177dfdd" member_type: VOTER last_known_addr { host: "127.30.236.131" port: 33343 } }
I20260608 09:47:27.683310 32483 raft_consensus.cc:2393] T 3c4781a270dd48ff91e83e743c5f76e0 P 10771a6ba5704da98b77059e4177dfdd [term 1 FOLLOWER]: Leader election vote request: Denying vote to candidate cb06b6b910f14cc0be89f429822bfcc2 in current term 1: Already voted for candidate 10771a6ba5704da98b77059e4177dfdd in this term.
I20260608 09:47:27.684249 32411 tablet_service.cc:1917] Received RequestConsensusVote() RPC: tablet_id: "4e4aced4e893490f96b5aef3fb364cae" candidate_uuid: "10771a6ba5704da98b77059e4177dfdd" candidate_term: 1 candidate_status { last_received { term: 0 index: 0 } } ignore_live_leader: false dest_uuid: "b6f5e65979444f69849ed5e8e434da7e"
I20260608 09:47:27.690470 32335 tablet_service.cc:1917] Received RequestConsensusVote() RPC: tablet_id: "3c4781a270dd48ff91e83e743c5f76e0" candidate_uuid: "10771a6ba5704da98b77059e4177dfdd" candidate_term: 1 candidate_status { last_received { term: 0 index: 0 } } ignore_live_leader: false dest_uuid: "cb06b6b910f14cc0be89f429822bfcc2"
I20260608 09:47:27.697587 32335 raft_consensus.cc:2393] T 3c4781a270dd48ff91e83e743c5f76e0 P cb06b6b910f14cc0be89f429822bfcc2 [term 1 FOLLOWER]: Leader election vote request: Denying vote to candidate 10771a6ba5704da98b77059e4177dfdd in current term 1: Already voted for candidate cb06b6b910f14cc0be89f429822bfcc2 in this term.
I20260608 09:47:27.691614 32410 tablet_service.cc:1917] Received RequestConsensusVote() RPC: tablet_id: "3c4781a270dd48ff91e83e743c5f76e0" candidate_uuid: "10771a6ba5704da98b77059e4177dfdd" candidate_term: 1 candidate_status { last_received { term: 0 index: 0 } } ignore_live_leader: false dest_uuid: "b6f5e65979444f69849ed5e8e434da7e"
I20260608 09:47:27.696092 32562 leader_election.cc:290] T 3c4781a270dd48ff91e83e743c5f76e0 P 10771a6ba5704da98b77059e4177dfdd [CANDIDATE]: Term 1 election: Requested vote from peers cb06b6b910f14cc0be89f429822bfcc2 (127.30.236.129:43383), b6f5e65979444f69849ed5e8e434da7e (127.30.236.130:33037)
I20260608 09:47:27.700469 32411 raft_consensus.cc:3060] T 4e4aced4e893490f96b5aef3fb364cae P b6f5e65979444f69849ed5e8e434da7e [term 0 FOLLOWER]: Advancing to term 1
I20260608 09:47:27.700304 32448 leader_election.cc:304] T 3c4781a270dd48ff91e83e743c5f76e0 P 10771a6ba5704da98b77059e4177dfdd [CANDIDATE]: Term 1 election: Election decided. Result: candidate lost. Election summary: received 3 responses out of 3 voters: 1 yes votes; 2 no votes. yes voters: 10771a6ba5704da98b77059e4177dfdd; no voters: b6f5e65979444f69849ed5e8e434da7e, cb06b6b910f14cc0be89f429822bfcc2
I20260608 09:47:27.701292 32562 raft_consensus.cc:2749] T 3c4781a270dd48ff91e83e743c5f76e0 P 10771a6ba5704da98b77059e4177dfdd [term 1 FOLLOWER]: Leader election lost for term 1. Reason: could not achieve majority
I20260608 09:47:27.703835 32533 tablet_bootstrap.cc:492] T d630083b528541fe979d15c6aeeb09c8 P cb06b6b910f14cc0be89f429822bfcc2: No bootstrap required, opened a new log
I20260608 09:47:27.704417 32533 ts_tablet_manager.cc:1403] T d630083b528541fe979d15c6aeeb09c8 P cb06b6b910f14cc0be89f429822bfcc2: Time spent bootstrapping tablet: real 0.085s	user 0.028s	sys 0.047s
I20260608 09:47:27.705806 32484 raft_consensus.cc:2468] T bd397190326447929ce595b80b0007f9 P 10771a6ba5704da98b77059e4177dfdd [term 1 FOLLOWER]: Leader election vote request: Granting yes vote for candidate b6f5e65979444f69849ed5e8e434da7e in term 1.
I20260608 09:47:27.706321 32559 raft_consensus.cc:2749] T bd397190326447929ce595b80b0007f9 P 10771a6ba5704da98b77059e4177dfdd [term 1 FOLLOWER]: Leader pre-election lost for term 1. Reason: could not achieve majority
I20260608 09:47:27.706617 32231 catalog_manager.cc:5696] T bd397190326447929ce595b80b0007f9 P b6f5e65979444f69849ed5e8e434da7e reported cstate change: term changed from 0 to 1, leader changed from <none> to b6f5e65979444f69849ed5e8e434da7e (127.30.236.130). New cstate: current_term: 1 leader_uuid: "b6f5e65979444f69849ed5e8e434da7e" committed_config { opid_index: -1 OBSOLETE_local: false peers { permanent_uuid: "cb06b6b910f14cc0be89f429822bfcc2" member_type: VOTER last_known_addr { host: "127.30.236.129" port: 43383 } health_report { overall_health: UNKNOWN } } peers { permanent_uuid: "b6f5e65979444f69849ed5e8e434da7e" member_type: VOTER last_known_addr { host: "127.30.236.130" port: 33037 } health_report { overall_health: HEALTHY } } peers { permanent_uuid: "10771a6ba5704da98b77059e4177dfdd" member_type: VOTER last_known_addr { host: "127.30.236.131" port: 33343 } health_report { overall_health: UNKNOWN } } }
I20260608 09:47:27.708954 32533 raft_consensus.cc:359] T d630083b528541fe979d15c6aeeb09c8 P cb06b6b910f14cc0be89f429822bfcc2 [term 0 FOLLOWER]: Replica starting. Triggering 0 pending ops. Active config: opid_index: -1 OBSOLETE_local: false peers { permanent_uuid: "cb06b6b910f14cc0be89f429822bfcc2" member_type: VOTER last_known_addr { host: "127.30.236.129" port: 43383 } } peers { permanent_uuid: "b6f5e65979444f69849ed5e8e434da7e" member_type: VOTER last_known_addr { host: "127.30.236.130" port: 33037 } } peers { permanent_uuid: "10771a6ba5704da98b77059e4177dfdd" member_type: VOTER last_known_addr { host: "127.30.236.131" port: 33343 } }
I20260608 09:47:27.708529 32232 catalog_manager.cc:5696] T 37e2b2ebd0b1430ca42c0fb9483a4b29 P cb06b6b910f14cc0be89f429822bfcc2 reported cstate change: term changed from 0 to 1, leader changed from <none> to cb06b6b910f14cc0be89f429822bfcc2 (127.30.236.129). New cstate: current_term: 1 leader_uuid: "cb06b6b910f14cc0be89f429822bfcc2" committed_config { opid_index: -1 OBSOLETE_local: false peers { permanent_uuid: "b6f5e65979444f69849ed5e8e434da7e" member_type: VOTER last_known_addr { host: "127.30.236.130" port: 33037 } health_report { overall_health: UNKNOWN } } peers { permanent_uuid: "cb06b6b910f14cc0be89f429822bfcc2" member_type: VOTER last_known_addr { host: "127.30.236.129" port: 43383 } health_report { overall_health: HEALTHY } } peers { permanent_uuid: "10771a6ba5704da98b77059e4177dfdd" member_type: VOTER last_known_addr { host: "127.30.236.131" port: 33343 } health_report { overall_health: UNKNOWN } } }
I20260608 09:47:27.709685 32533 raft_consensus.cc:385] T d630083b528541fe979d15c6aeeb09c8 P cb06b6b910f14cc0be89f429822bfcc2 [term 0 FOLLOWER]: Consensus starting up: Expiring failure detector timer to make a prompt election more likely
I20260608 09:47:27.710036 32533 raft_consensus.cc:740] T d630083b528541fe979d15c6aeeb09c8 P cb06b6b910f14cc0be89f429822bfcc2 [term 0 FOLLOWER]: Becoming Follower/Learner. State: Replica: cb06b6b910f14cc0be89f429822bfcc2, State: Initialized, Role: FOLLOWER
I20260608 09:47:27.710958 32533 consensus_queue.cc:260] T d630083b528541fe979d15c6aeeb09c8 P cb06b6b910f14cc0be89f429822bfcc2 [NON_LEADER]: Queue going to NON_LEADER mode. State: All replicated index: 0, Majority replicated index: 0, Committed index: 0, Last appended: 0.0, Last appended by leader: 0, Current term: 0, Majority size: -1, State: 0, Mode: NON_LEADER, active raft config: opid_index: -1 OBSOLETE_local: false peers { permanent_uuid: "cb06b6b910f14cc0be89f429822bfcc2" member_type: VOTER last_known_addr { host: "127.30.236.129" port: 43383 } } peers { permanent_uuid: "b6f5e65979444f69849ed5e8e434da7e" member_type: VOTER last_known_addr { host: "127.30.236.130" port: 33037 } } peers { permanent_uuid: "10771a6ba5704da98b77059e4177dfdd" member_type: VOTER last_known_addr { host: "127.30.236.131" port: 33343 } }
I20260608 09:47:27.703986 32409 raft_consensus.cc:2468] T 3c4781a270dd48ff91e83e743c5f76e0 P b6f5e65979444f69849ed5e8e434da7e [term 1 FOLLOWER]: Leader election vote request: Granting yes vote for candidate cb06b6b910f14cc0be89f429822bfcc2 in term 1.
I20260608 09:47:27.713449 32533 ts_tablet_manager.cc:1434] T d630083b528541fe979d15c6aeeb09c8 P cb06b6b910f14cc0be89f429822bfcc2: Time spent starting tablet: real 0.009s	user 0.010s	sys 0.000s
I20260608 09:47:27.714578 32533 tablet_bootstrap.cc:492] T 6d63f178a664461896cbd3f1bb9fc905 P cb06b6b910f14cc0be89f429822bfcc2: Bootstrap starting.
I20260608 09:47:27.714496 32336 raft_consensus.cc:2468] T 4e4aced4e893490f96b5aef3fb364cae P cb06b6b910f14cc0be89f429822bfcc2 [term 1 FOLLOWER]: Leader election vote request: Granting yes vote for candidate 10771a6ba5704da98b77059e4177dfdd in term 1.
I20260608 09:47:27.716354 32299 leader_election.cc:304] T 3c4781a270dd48ff91e83e743c5f76e0 P cb06b6b910f14cc0be89f429822bfcc2 [CANDIDATE]: Term 1 election: Election decided. Result: candidate won. Election summary: received 3 responses out of 3 voters: 2 yes votes; 1 no votes. yes voters: b6f5e65979444f69849ed5e8e434da7e, cb06b6b910f14cc0be89f429822bfcc2; no voters: 10771a6ba5704da98b77059e4177dfdd
I20260608 09:47:27.716645 32450 leader_election.cc:304] T 4e4aced4e893490f96b5aef3fb364cae P 10771a6ba5704da98b77059e4177dfdd [CANDIDATE]: Term 1 election: Election decided. Result: candidate won. Election summary: received 2 responses out of 3 voters: 2 yes votes; 0 no votes. yes voters: 10771a6ba5704da98b77059e4177dfdd, cb06b6b910f14cc0be89f429822bfcc2; no voters: 
I20260608 09:47:27.717617 32541 raft_consensus.cc:2804] T 3c4781a270dd48ff91e83e743c5f76e0 P cb06b6b910f14cc0be89f429822bfcc2 [term 1 FOLLOWER]: Leader election won for term 1
I20260608 09:47:27.717638 32411 raft_consensus.cc:2468] T 4e4aced4e893490f96b5aef3fb364cae P b6f5e65979444f69849ed5e8e434da7e [term 1 FOLLOWER]: Leader election vote request: Granting yes vote for candidate 10771a6ba5704da98b77059e4177dfdd in term 1.
I20260608 09:47:27.718736 32541 raft_consensus.cc:697] T 3c4781a270dd48ff91e83e743c5f76e0 P cb06b6b910f14cc0be89f429822bfcc2 [term 1 LEADER]: Becoming Leader. State: Replica: cb06b6b910f14cc0be89f429822bfcc2, State: Running, Role: LEADER
I20260608 09:47:27.719691 32541 consensus_queue.cc:237] T 3c4781a270dd48ff91e83e743c5f76e0 P cb06b6b910f14cc0be89f429822bfcc2 [LEADER]: Queue going to LEADER mode. State: All replicated index: 0, Majority replicated index: 0, Committed index: 0, Last appended: 0.0, Last appended by leader: 0, Current term: 1, Majority size: 2, State: 0, Mode: LEADER, active raft config: opid_index: -1 OBSOLETE_local: false peers { permanent_uuid: "cb06b6b910f14cc0be89f429822bfcc2" member_type: VOTER last_known_addr { host: "127.30.236.129" port: 43383 } } peers { permanent_uuid: "b6f5e65979444f69849ed5e8e434da7e" member_type: VOTER last_known_addr { host: "127.30.236.130" port: 33037 } } peers { permanent_uuid: "10771a6ba5704da98b77059e4177dfdd" member_type: VOTER last_known_addr { host: "127.30.236.131" port: 33343 } }
I20260608 09:47:27.721794 32533 tablet_bootstrap.cc:654] T 6d63f178a664461896cbd3f1bb9fc905 P cb06b6b910f14cc0be89f429822bfcc2: Neither blocks nor log segments found. Creating new log.
I20260608 09:47:27.717653 32559 raft_consensus.cc:2804] T 4e4aced4e893490f96b5aef3fb364cae P 10771a6ba5704da98b77059e4177dfdd [term 1 FOLLOWER]: Leader election won for term 1
I20260608 09:47:27.722513 32559 raft_consensus.cc:697] T 4e4aced4e893490f96b5aef3fb364cae P 10771a6ba5704da98b77059e4177dfdd [term 1 LEADER]: Becoming Leader. State: Replica: 10771a6ba5704da98b77059e4177dfdd, State: Running, Role: LEADER
I20260608 09:47:27.723199 32559 consensus_queue.cc:237] T 4e4aced4e893490f96b5aef3fb364cae P 10771a6ba5704da98b77059e4177dfdd [LEADER]: Queue going to LEADER mode. State: All replicated index: 0, Majority replicated index: 0, Committed index: 0, Last appended: 0.0, Last appended by leader: 0, Current term: 1, Majority size: 2, State: 0, Mode: LEADER, active raft config: opid_index: -1 OBSOLETE_local: false peers { permanent_uuid: "cb06b6b910f14cc0be89f429822bfcc2" member_type: VOTER last_known_addr { host: "127.30.236.129" port: 43383 } } peers { permanent_uuid: "b6f5e65979444f69849ed5e8e434da7e" member_type: VOTER last_known_addr { host: "127.30.236.130" port: 33037 } } peers { permanent_uuid: "10771a6ba5704da98b77059e4177dfdd" member_type: VOTER last_known_addr { host: "127.30.236.131" port: 33343 } }
I20260608 09:47:27.735656 32533 tablet_bootstrap.cc:492] T 6d63f178a664461896cbd3f1bb9fc905 P cb06b6b910f14cc0be89f429822bfcc2: No bootstrap required, opened a new log
I20260608 09:47:27.736297 32533 ts_tablet_manager.cc:1403] T 6d63f178a664461896cbd3f1bb9fc905 P cb06b6b910f14cc0be89f429822bfcc2: Time spent bootstrapping tablet: real 0.022s	user 0.017s	sys 0.004s
I20260608 09:47:27.738571 32533 raft_consensus.cc:359] T 6d63f178a664461896cbd3f1bb9fc905 P cb06b6b910f14cc0be89f429822bfcc2 [term 0 FOLLOWER]: Replica starting. Triggering 0 pending ops. Active config: opid_index: -1 OBSOLETE_local: false peers { permanent_uuid: "cb06b6b910f14cc0be89f429822bfcc2" member_type: VOTER last_known_addr { host: "127.30.236.129" port: 43383 } } peers { permanent_uuid: "b6f5e65979444f69849ed5e8e434da7e" member_type: VOTER last_known_addr { host: "127.30.236.130" port: 33037 } } peers { permanent_uuid: "10771a6ba5704da98b77059e4177dfdd" member_type: VOTER last_known_addr { host: "127.30.236.131" port: 33343 } }
I20260608 09:47:27.739076 32533 raft_consensus.cc:385] T 6d63f178a664461896cbd3f1bb9fc905 P cb06b6b910f14cc0be89f429822bfcc2 [term 0 FOLLOWER]: Consensus starting up: Expiring failure detector timer to make a prompt election more likely
I20260608 09:47:27.739259 32533 raft_consensus.cc:740] T 6d63f178a664461896cbd3f1bb9fc905 P cb06b6b910f14cc0be89f429822bfcc2 [term 0 FOLLOWER]: Becoming Follower/Learner. State: Replica: cb06b6b910f14cc0be89f429822bfcc2, State: Initialized, Role: FOLLOWER
I20260608 09:47:27.739853 32533 consensus_queue.cc:260] T 6d63f178a664461896cbd3f1bb9fc905 P cb06b6b910f14cc0be89f429822bfcc2 [NON_LEADER]: Queue going to NON_LEADER mode. State: All replicated index: 0, Majority replicated index: 0, Committed index: 0, Last appended: 0.0, Last appended by leader: 0, Current term: 0, Majority size: -1, State: 0, Mode: NON_LEADER, active raft config: opid_index: -1 OBSOLETE_local: false peers { permanent_uuid: "cb06b6b910f14cc0be89f429822bfcc2" member_type: VOTER last_known_addr { host: "127.30.236.129" port: 43383 } } peers { permanent_uuid: "b6f5e65979444f69849ed5e8e434da7e" member_type: VOTER last_known_addr { host: "127.30.236.130" port: 33037 } } peers { permanent_uuid: "10771a6ba5704da98b77059e4177dfdd" member_type: VOTER last_known_addr { host: "127.30.236.131" port: 33343 } }
I20260608 09:47:27.739409 32232 catalog_manager.cc:5696] T 4e4aced4e893490f96b5aef3fb364cae P 10771a6ba5704da98b77059e4177dfdd reported cstate change: term changed from 0 to 1, leader changed from <none> to 10771a6ba5704da98b77059e4177dfdd (127.30.236.131). New cstate: current_term: 1 leader_uuid: "10771a6ba5704da98b77059e4177dfdd" committed_config { opid_index: -1 OBSOLETE_local: false peers { permanent_uuid: "cb06b6b910f14cc0be89f429822bfcc2" member_type: VOTER last_known_addr { host: "127.30.236.129" port: 43383 } health_report { overall_health: UNKNOWN } } peers { permanent_uuid: "b6f5e65979444f69849ed5e8e434da7e" member_type: VOTER last_known_addr { host: "127.30.236.130" port: 33037 } health_report { overall_health: UNKNOWN } } peers { permanent_uuid: "10771a6ba5704da98b77059e4177dfdd" member_type: VOTER last_known_addr { host: "127.30.236.131" port: 33343 } health_report { overall_health: HEALTHY } } }
I20260608 09:47:27.739413 32231 catalog_manager.cc:5696] T 3c4781a270dd48ff91e83e743c5f76e0 P cb06b6b910f14cc0be89f429822bfcc2 reported cstate change: term changed from 0 to 1, leader changed from <none> to cb06b6b910f14cc0be89f429822bfcc2 (127.30.236.129). New cstate: current_term: 1 leader_uuid: "cb06b6b910f14cc0be89f429822bfcc2" committed_config { opid_index: -1 OBSOLETE_local: false peers { permanent_uuid: "cb06b6b910f14cc0be89f429822bfcc2" member_type: VOTER last_known_addr { host: "127.30.236.129" port: 43383 } health_report { overall_health: HEALTHY } } peers { permanent_uuid: "b6f5e65979444f69849ed5e8e434da7e" member_type: VOTER last_known_addr { host: "127.30.236.130" port: 33037 } health_report { overall_health: UNKNOWN } } peers { permanent_uuid: "10771a6ba5704da98b77059e4177dfdd" member_type: VOTER last_known_addr { host: "127.30.236.131" port: 33343 } health_report { overall_health: UNKNOWN } } }
I20260608 09:47:27.741503 32533 ts_tablet_manager.cc:1434] T 6d63f178a664461896cbd3f1bb9fc905 P cb06b6b910f14cc0be89f429822bfcc2: Time spent starting tablet: real 0.005s	user 0.005s	sys 0.000s
I20260608 09:47:27.795620 32559 raft_consensus.cc:493] T d630083b528541fe979d15c6aeeb09c8 P 10771a6ba5704da98b77059e4177dfdd [term 0 FOLLOWER]: Starting pre-election (no leader contacted us within the election timeout)
I20260608 09:47:27.796205 32559 raft_consensus.cc:515] T d630083b528541fe979d15c6aeeb09c8 P 10771a6ba5704da98b77059e4177dfdd [term 0 FOLLOWER]: Starting pre-election with config: opid_index: -1 OBSOLETE_local: false peers { permanent_uuid: "cb06b6b910f14cc0be89f429822bfcc2" member_type: VOTER last_known_addr { host: "127.30.236.129" port: 43383 } } peers { permanent_uuid: "b6f5e65979444f69849ed5e8e434da7e" member_type: VOTER last_known_addr { host: "127.30.236.130" port: 33037 } } peers { permanent_uuid: "10771a6ba5704da98b77059e4177dfdd" member_type: VOTER last_known_addr { host: "127.30.236.131" port: 33343 } }
I20260608 09:47:27.797981 32559 leader_election.cc:290] T d630083b528541fe979d15c6aeeb09c8 P 10771a6ba5704da98b77059e4177dfdd [CANDIDATE]: Term 1 pre-election: Requested pre-vote from peers cb06b6b910f14cc0be89f429822bfcc2 (127.30.236.129:43383), b6f5e65979444f69849ed5e8e434da7e (127.30.236.130:33037)
I20260608 09:47:27.798971 32336 tablet_service.cc:1917] Received RequestConsensusVote() RPC: tablet_id: "d630083b528541fe979d15c6aeeb09c8" candidate_uuid: "10771a6ba5704da98b77059e4177dfdd" candidate_term: 1 candidate_status { last_received { term: 0 index: 0 } } ignore_live_leader: false dest_uuid: "cb06b6b910f14cc0be89f429822bfcc2" is_pre_election: true
I20260608 09:47:27.799008 32411 tablet_service.cc:1917] Received RequestConsensusVote() RPC: tablet_id: "d630083b528541fe979d15c6aeeb09c8" candidate_uuid: "10771a6ba5704da98b77059e4177dfdd" candidate_term: 1 candidate_status { last_received { term: 0 index: 0 } } ignore_live_leader: false dest_uuid: "b6f5e65979444f69849ed5e8e434da7e" is_pre_election: true
I20260608 09:47:27.799688 32411 raft_consensus.cc:2468] T d630083b528541fe979d15c6aeeb09c8 P b6f5e65979444f69849ed5e8e434da7e [term 0 FOLLOWER]: Leader pre-election vote request: Granting yes vote for candidate 10771a6ba5704da98b77059e4177dfdd in term 0.
I20260608 09:47:27.799713 32336 raft_consensus.cc:2468] T d630083b528541fe979d15c6aeeb09c8 P cb06b6b910f14cc0be89f429822bfcc2 [term 0 FOLLOWER]: Leader pre-election vote request: Granting yes vote for candidate 10771a6ba5704da98b77059e4177dfdd in term 0.
I20260608 09:47:27.801000 32448 leader_election.cc:304] T d630083b528541fe979d15c6aeeb09c8 P 10771a6ba5704da98b77059e4177dfdd [CANDIDATE]: Term 1 pre-election: Election decided. Result: candidate won. Election summary: received 2 responses out of 3 voters: 2 yes votes; 0 no votes. yes voters: 10771a6ba5704da98b77059e4177dfdd, b6f5e65979444f69849ed5e8e434da7e; no voters: 
I20260608 09:47:27.801746 32559 raft_consensus.cc:2804] T d630083b528541fe979d15c6aeeb09c8 P 10771a6ba5704da98b77059e4177dfdd [term 0 FOLLOWER]: Leader pre-election won for term 1
I20260608 09:47:27.802086 32559 raft_consensus.cc:493] T d630083b528541fe979d15c6aeeb09c8 P 10771a6ba5704da98b77059e4177dfdd [term 0 FOLLOWER]: Starting leader election (no leader contacted us within the election timeout)
I20260608 09:47:27.802405 32559 raft_consensus.cc:3060] T d630083b528541fe979d15c6aeeb09c8 P 10771a6ba5704da98b77059e4177dfdd [term 0 FOLLOWER]: Advancing to term 1
I20260608 09:47:27.807205 32559 raft_consensus.cc:515] T d630083b528541fe979d15c6aeeb09c8 P 10771a6ba5704da98b77059e4177dfdd [term 1 FOLLOWER]: Starting leader election with config: opid_index: -1 OBSOLETE_local: false peers { permanent_uuid: "cb06b6b910f14cc0be89f429822bfcc2" member_type: VOTER last_known_addr { host: "127.30.236.129" port: 43383 } } peers { permanent_uuid: "b6f5e65979444f69849ed5e8e434da7e" member_type: VOTER last_known_addr { host: "127.30.236.130" port: 33037 } } peers { permanent_uuid: "10771a6ba5704da98b77059e4177dfdd" member_type: VOTER last_known_addr { host: "127.30.236.131" port: 33343 } }
I20260608 09:47:27.809018 32559 leader_election.cc:290] T d630083b528541fe979d15c6aeeb09c8 P 10771a6ba5704da98b77059e4177dfdd [CANDIDATE]: Term 1 election: Requested vote from peers cb06b6b910f14cc0be89f429822bfcc2 (127.30.236.129:43383), b6f5e65979444f69849ed5e8e434da7e (127.30.236.130:33037)
I20260608 09:47:27.810151 32336 tablet_service.cc:1917] Received RequestConsensusVote() RPC: tablet_id: "d630083b528541fe979d15c6aeeb09c8" candidate_uuid: "10771a6ba5704da98b77059e4177dfdd" candidate_term: 1 candidate_status { last_received { term: 0 index: 0 } } ignore_live_leader: false dest_uuid: "cb06b6b910f14cc0be89f429822bfcc2"
I20260608 09:47:27.810266 32411 tablet_service.cc:1917] Received RequestConsensusVote() RPC: tablet_id: "d630083b528541fe979d15c6aeeb09c8" candidate_uuid: "10771a6ba5704da98b77059e4177dfdd" candidate_term: 1 candidate_status { last_received { term: 0 index: 0 } } ignore_live_leader: false dest_uuid: "b6f5e65979444f69849ed5e8e434da7e"
I20260608 09:47:27.810732 32336 raft_consensus.cc:3060] T d630083b528541fe979d15c6aeeb09c8 P cb06b6b910f14cc0be89f429822bfcc2 [term 0 FOLLOWER]: Advancing to term 1
I20260608 09:47:27.810842 32411 raft_consensus.cc:3060] T d630083b528541fe979d15c6aeeb09c8 P b6f5e65979444f69849ed5e8e434da7e [term 0 FOLLOWER]: Advancing to term 1
I20260608 09:47:27.815949 32411 raft_consensus.cc:2468] T d630083b528541fe979d15c6aeeb09c8 P b6f5e65979444f69849ed5e8e434da7e [term 1 FOLLOWER]: Leader election vote request: Granting yes vote for candidate 10771a6ba5704da98b77059e4177dfdd in term 1.
I20260608 09:47:27.816083 32336 raft_consensus.cc:2468] T d630083b528541fe979d15c6aeeb09c8 P cb06b6b910f14cc0be89f429822bfcc2 [term 1 FOLLOWER]: Leader election vote request: Granting yes vote for candidate 10771a6ba5704da98b77059e4177dfdd in term 1.
I20260608 09:47:27.817281 32448 leader_election.cc:304] T d630083b528541fe979d15c6aeeb09c8 P 10771a6ba5704da98b77059e4177dfdd [CANDIDATE]: Term 1 election: Election decided. Result: candidate won. Election summary: received 2 responses out of 3 voters: 2 yes votes; 0 no votes. yes voters: 10771a6ba5704da98b77059e4177dfdd, b6f5e65979444f69849ed5e8e434da7e; no voters: 
I20260608 09:47:27.818135 32559 raft_consensus.cc:2804] T d630083b528541fe979d15c6aeeb09c8 P 10771a6ba5704da98b77059e4177dfdd [term 1 FOLLOWER]: Leader election won for term 1
I20260608 09:47:27.818605 32559 raft_consensus.cc:697] T d630083b528541fe979d15c6aeeb09c8 P 10771a6ba5704da98b77059e4177dfdd [term 1 LEADER]: Becoming Leader. State: Replica: 10771a6ba5704da98b77059e4177dfdd, State: Running, Role: LEADER
I20260608 09:47:27.819321 32559 consensus_queue.cc:237] T d630083b528541fe979d15c6aeeb09c8 P 10771a6ba5704da98b77059e4177dfdd [LEADER]: Queue going to LEADER mode. State: All replicated index: 0, Majority replicated index: 0, Committed index: 0, Last appended: 0.0, Last appended by leader: 0, Current term: 1, Majority size: 2, State: 0, Mode: LEADER, active raft config: opid_index: -1 OBSOLETE_local: false peers { permanent_uuid: "cb06b6b910f14cc0be89f429822bfcc2" member_type: VOTER last_known_addr { host: "127.30.236.129" port: 43383 } } peers { permanent_uuid: "b6f5e65979444f69849ed5e8e434da7e" member_type: VOTER last_known_addr { host: "127.30.236.130" port: 33037 } } peers { permanent_uuid: "10771a6ba5704da98b77059e4177dfdd" member_type: VOTER last_known_addr { host: "127.30.236.131" port: 33343 } }
I20260608 09:47:27.823356 32559 raft_consensus.cc:493] T 363b98085bfe4b64850081d34710f42e P 10771a6ba5704da98b77059e4177dfdd [term 0 FOLLOWER]: Starting pre-election (no leader contacted us within the election timeout)
I20260608 09:47:27.823966 32559 raft_consensus.cc:515] T 363b98085bfe4b64850081d34710f42e P 10771a6ba5704da98b77059e4177dfdd [term 0 FOLLOWER]: Starting pre-election with config: opid_index: -1 OBSOLETE_local: false peers { permanent_uuid: "cb06b6b910f14cc0be89f429822bfcc2" member_type: VOTER last_known_addr { host: "127.30.236.129" port: 43383 } } peers { permanent_uuid: "b6f5e65979444f69849ed5e8e434da7e" member_type: VOTER last_known_addr { host: "127.30.236.130" port: 33037 } } peers { permanent_uuid: "10771a6ba5704da98b77059e4177dfdd" member_type: VOTER last_known_addr { host: "127.30.236.131" port: 33343 } }
I20260608 09:47:27.826328 32559 leader_election.cc:290] T 363b98085bfe4b64850081d34710f42e P 10771a6ba5704da98b77059e4177dfdd [CANDIDATE]: Term 1 pre-election: Requested pre-vote from peers cb06b6b910f14cc0be89f429822bfcc2 (127.30.236.129:43383), b6f5e65979444f69849ed5e8e434da7e (127.30.236.130:33037)
I20260608 09:47:27.827168 32336 tablet_service.cc:1917] Received RequestConsensusVote() RPC: tablet_id: "363b98085bfe4b64850081d34710f42e" candidate_uuid: "10771a6ba5704da98b77059e4177dfdd" candidate_term: 1 candidate_status { last_received { term: 0 index: 0 } } ignore_live_leader: false dest_uuid: "cb06b6b910f14cc0be89f429822bfcc2" is_pre_election: true
I20260608 09:47:27.827410 32411 tablet_service.cc:1917] Received RequestConsensusVote() RPC: tablet_id: "363b98085bfe4b64850081d34710f42e" candidate_uuid: "10771a6ba5704da98b77059e4177dfdd" candidate_term: 1 candidate_status { last_received { term: 0 index: 0 } } ignore_live_leader: false dest_uuid: "b6f5e65979444f69849ed5e8e434da7e" is_pre_election: true
I20260608 09:47:27.827795 32336 raft_consensus.cc:2468] T 363b98085bfe4b64850081d34710f42e P cb06b6b910f14cc0be89f429822bfcc2 [term 0 FOLLOWER]: Leader pre-election vote request: Granting yes vote for candidate 10771a6ba5704da98b77059e4177dfdd in term 0.
I20260608 09:47:27.828091 32411 raft_consensus.cc:2468] T 363b98085bfe4b64850081d34710f42e P b6f5e65979444f69849ed5e8e434da7e [term 0 FOLLOWER]: Leader pre-election vote request: Granting yes vote for candidate 10771a6ba5704da98b77059e4177dfdd in term 0.
I20260608 09:47:27.829015 32450 leader_election.cc:304] T 363b98085bfe4b64850081d34710f42e P 10771a6ba5704da98b77059e4177dfdd [CANDIDATE]: Term 1 pre-election: Election decided. Result: candidate won. Election summary: received 2 responses out of 3 voters: 2 yes votes; 0 no votes. yes voters: 10771a6ba5704da98b77059e4177dfdd, cb06b6b910f14cc0be89f429822bfcc2; no voters: 
I20260608 09:47:27.829895 32559 raft_consensus.cc:2804] T 363b98085bfe4b64850081d34710f42e P 10771a6ba5704da98b77059e4177dfdd [term 0 FOLLOWER]: Leader pre-election won for term 1
I20260608 09:47:27.829236 32232 catalog_manager.cc:5696] T d630083b528541fe979d15c6aeeb09c8 P 10771a6ba5704da98b77059e4177dfdd reported cstate change: term changed from 0 to 1, leader changed from <none> to 10771a6ba5704da98b77059e4177dfdd (127.30.236.131). New cstate: current_term: 1 leader_uuid: "10771a6ba5704da98b77059e4177dfdd" committed_config { opid_index: -1 OBSOLETE_local: false peers { permanent_uuid: "cb06b6b910f14cc0be89f429822bfcc2" member_type: VOTER last_known_addr { host: "127.30.236.129" port: 43383 } health_report { overall_health: UNKNOWN } } peers { permanent_uuid: "b6f5e65979444f69849ed5e8e434da7e" member_type: VOTER last_known_addr { host: "127.30.236.130" port: 33037 } health_report { overall_health: UNKNOWN } } peers { permanent_uuid: "10771a6ba5704da98b77059e4177dfdd" member_type: VOTER last_known_addr { host: "127.30.236.131" port: 33343 } health_report { overall_health: HEALTHY } } }
I20260608 09:47:27.830269 32559 raft_consensus.cc:493] T 363b98085bfe4b64850081d34710f42e P 10771a6ba5704da98b77059e4177dfdd [term 0 FOLLOWER]: Starting leader election (no leader contacted us within the election timeout)
I20260608 09:47:27.830683 32559 raft_consensus.cc:3060] T 363b98085bfe4b64850081d34710f42e P 10771a6ba5704da98b77059e4177dfdd [term 0 FOLLOWER]: Advancing to term 1
I20260608 09:47:27.836345 32559 raft_consensus.cc:515] T 363b98085bfe4b64850081d34710f42e P 10771a6ba5704da98b77059e4177dfdd [term 1 FOLLOWER]: Starting leader election with config: opid_index: -1 OBSOLETE_local: false peers { permanent_uuid: "cb06b6b910f14cc0be89f429822bfcc2" member_type: VOTER last_known_addr { host: "127.30.236.129" port: 43383 } } peers { permanent_uuid: "b6f5e65979444f69849ed5e8e434da7e" member_type: VOTER last_known_addr { host: "127.30.236.130" port: 33037 } } peers { permanent_uuid: "10771a6ba5704da98b77059e4177dfdd" member_type: VOTER last_known_addr { host: "127.30.236.131" port: 33343 } }
I20260608 09:47:27.838394 32559 leader_election.cc:290] T 363b98085bfe4b64850081d34710f42e P 10771a6ba5704da98b77059e4177dfdd [CANDIDATE]: Term 1 election: Requested vote from peers cb06b6b910f14cc0be89f429822bfcc2 (127.30.236.129:43383), b6f5e65979444f69849ed5e8e434da7e (127.30.236.130:33037)
I20260608 09:47:27.839344 32336 tablet_service.cc:1917] Received RequestConsensusVote() RPC: tablet_id: "363b98085bfe4b64850081d34710f42e" candidate_uuid: "10771a6ba5704da98b77059e4177dfdd" candidate_term: 1 candidate_status { last_received { term: 0 index: 0 } } ignore_live_leader: false dest_uuid: "cb06b6b910f14cc0be89f429822bfcc2"
I20260608 09:47:27.839450 32411 tablet_service.cc:1917] Received RequestConsensusVote() RPC: tablet_id: "363b98085bfe4b64850081d34710f42e" candidate_uuid: "10771a6ba5704da98b77059e4177dfdd" candidate_term: 1 candidate_status { last_received { term: 0 index: 0 } } ignore_live_leader: false dest_uuid: "b6f5e65979444f69849ed5e8e434da7e"
I20260608 09:47:27.839987 32336 raft_consensus.cc:3060] T 363b98085bfe4b64850081d34710f42e P cb06b6b910f14cc0be89f429822bfcc2 [term 0 FOLLOWER]: Advancing to term 1
I20260608 09:47:27.840116 32411 raft_consensus.cc:3060] T 363b98085bfe4b64850081d34710f42e P b6f5e65979444f69849ed5e8e434da7e [term 0 FOLLOWER]: Advancing to term 1
I20260608 09:47:27.845350 32411 raft_consensus.cc:2468] T 363b98085bfe4b64850081d34710f42e P b6f5e65979444f69849ed5e8e434da7e [term 1 FOLLOWER]: Leader election vote request: Granting yes vote for candidate 10771a6ba5704da98b77059e4177dfdd in term 1.
I20260608 09:47:27.845355 32336 raft_consensus.cc:2468] T 363b98085bfe4b64850081d34710f42e P cb06b6b910f14cc0be89f429822bfcc2 [term 1 FOLLOWER]: Leader election vote request: Granting yes vote for candidate 10771a6ba5704da98b77059e4177dfdd in term 1.
I20260608 09:47:27.846653 32450 leader_election.cc:304] T 363b98085bfe4b64850081d34710f42e P 10771a6ba5704da98b77059e4177dfdd [CANDIDATE]: Term 1 election: Election decided. Result: candidate won. Election summary: received 2 responses out of 3 voters: 2 yes votes; 0 no votes. yes voters: 10771a6ba5704da98b77059e4177dfdd, cb06b6b910f14cc0be89f429822bfcc2; no voters: 
I20260608 09:47:27.847582 32559 raft_consensus.cc:2804] T 363b98085bfe4b64850081d34710f42e P 10771a6ba5704da98b77059e4177dfdd [term 1 FOLLOWER]: Leader election won for term 1
I20260608 09:47:27.848059 32559 raft_consensus.cc:697] T 363b98085bfe4b64850081d34710f42e P 10771a6ba5704da98b77059e4177dfdd [term 1 LEADER]: Becoming Leader. State: Replica: 10771a6ba5704da98b77059e4177dfdd, State: Running, Role: LEADER
I20260608 09:47:27.848898 32559 consensus_queue.cc:237] T 363b98085bfe4b64850081d34710f42e P 10771a6ba5704da98b77059e4177dfdd [LEADER]: Queue going to LEADER mode. State: All replicated index: 0, Majority replicated index: 0, Committed index: 0, Last appended: 0.0, Last appended by leader: 0, Current term: 1, Majority size: 2, State: 0, Mode: LEADER, active raft config: opid_index: -1 OBSOLETE_local: false peers { permanent_uuid: "cb06b6b910f14cc0be89f429822bfcc2" member_type: VOTER last_known_addr { host: "127.30.236.129" port: 43383 } } peers { permanent_uuid: "b6f5e65979444f69849ed5e8e434da7e" member_type: VOTER last_known_addr { host: "127.30.236.130" port: 33037 } } peers { permanent_uuid: "10771a6ba5704da98b77059e4177dfdd" member_type: VOTER last_known_addr { host: "127.30.236.131" port: 33343 } }
I20260608 09:47:27.856611 32232 catalog_manager.cc:5696] T 363b98085bfe4b64850081d34710f42e P 10771a6ba5704da98b77059e4177dfdd reported cstate change: term changed from 0 to 1, leader changed from <none> to 10771a6ba5704da98b77059e4177dfdd (127.30.236.131). New cstate: current_term: 1 leader_uuid: "10771a6ba5704da98b77059e4177dfdd" committed_config { opid_index: -1 OBSOLETE_local: false peers { permanent_uuid: "cb06b6b910f14cc0be89f429822bfcc2" member_type: VOTER last_known_addr { host: "127.30.236.129" port: 43383 } health_report { overall_health: UNKNOWN } } peers { permanent_uuid: "b6f5e65979444f69849ed5e8e434da7e" member_type: VOTER last_known_addr { host: "127.30.236.130" port: 33037 } health_report { overall_health: UNKNOWN } } peers { permanent_uuid: "10771a6ba5704da98b77059e4177dfdd" member_type: VOTER last_known_addr { host: "127.30.236.131" port: 33343 } health_report { overall_health: HEALTHY } } }
I20260608 09:47:27.964550 32411 raft_consensus.cc:3060] T 5d2cdf9befb5471caa1028ef3844f00d P b6f5e65979444f69849ed5e8e434da7e [term 0 FOLLOWER]: Advancing to term 1
I20260608 09:47:27.971499 32541 consensus_queue.cc:1048] T 5d2cdf9befb5471caa1028ef3844f00d P cb06b6b910f14cc0be89f429822bfcc2 [LEADER]: Connected to new peer: Peer: permanent_uuid: "b6f5e65979444f69849ed5e8e434da7e" member_type: VOTER last_known_addr { host: "127.30.236.130" port: 33037 }, Status: LMP_MISMATCH, Last received: 0.0, Next index: 1, Last known committed idx: 0, Time since last communication: 0.000s
I20260608 09:47:27.985591 32566 consensus_queue.cc:1048] T 5d2cdf9befb5471caa1028ef3844f00d P cb06b6b910f14cc0be89f429822bfcc2 [LEADER]: Connected to new peer: Peer: permanent_uuid: "10771a6ba5704da98b77059e4177dfdd" member_type: VOTER last_known_addr { host: "127.30.236.131" port: 33343 }, Status: LMP_MISMATCH, Last received: 0.0, Next index: 1, Last known committed idx: 0, Time since last communication: 0.001s
I20260608 09:47:28.059418 32537 raft_consensus.cc:493] T 6d63f178a664461896cbd3f1bb9fc905 P b6f5e65979444f69849ed5e8e434da7e [term 0 FOLLOWER]: Starting pre-election (no leader contacted us within the election timeout)
I20260608 09:47:28.059939 32537 raft_consensus.cc:515] T 6d63f178a664461896cbd3f1bb9fc905 P b6f5e65979444f69849ed5e8e434da7e [term 0 FOLLOWER]: Starting pre-election with config: opid_index: -1 OBSOLETE_local: false peers { permanent_uuid: "cb06b6b910f14cc0be89f429822bfcc2" member_type: VOTER last_known_addr { host: "127.30.236.129" port: 43383 } } peers { permanent_uuid: "b6f5e65979444f69849ed5e8e434da7e" member_type: VOTER last_known_addr { host: "127.30.236.130" port: 33037 } } peers { permanent_uuid: "10771a6ba5704da98b77059e4177dfdd" member_type: VOTER last_known_addr { host: "127.30.236.131" port: 33343 } }
I20260608 09:47:28.062021 32537 leader_election.cc:290] T 6d63f178a664461896cbd3f1bb9fc905 P b6f5e65979444f69849ed5e8e434da7e [CANDIDATE]: Term 1 pre-election: Requested pre-vote from peers cb06b6b910f14cc0be89f429822bfcc2 (127.30.236.129:43383), 10771a6ba5704da98b77059e4177dfdd (127.30.236.131:33343)
I20260608 09:47:28.062976 32336 tablet_service.cc:1917] Received RequestConsensusVote() RPC: tablet_id: "6d63f178a664461896cbd3f1bb9fc905" candidate_uuid: "b6f5e65979444f69849ed5e8e434da7e" candidate_term: 1 candidate_status { last_received { term: 0 index: 0 } } ignore_live_leader: false dest_uuid: "cb06b6b910f14cc0be89f429822bfcc2" is_pre_election: true
I20260608 09:47:28.063208 32484 tablet_service.cc:1917] Received RequestConsensusVote() RPC: tablet_id: "6d63f178a664461896cbd3f1bb9fc905" candidate_uuid: "b6f5e65979444f69849ed5e8e434da7e" candidate_term: 1 candidate_status { last_received { term: 0 index: 0 } } ignore_live_leader: false dest_uuid: "10771a6ba5704da98b77059e4177dfdd" is_pre_election: true
I20260608 09:47:28.063544 32336 raft_consensus.cc:2468] T 6d63f178a664461896cbd3f1bb9fc905 P cb06b6b910f14cc0be89f429822bfcc2 [term 0 FOLLOWER]: Leader pre-election vote request: Granting yes vote for candidate b6f5e65979444f69849ed5e8e434da7e in term 0.
I20260608 09:47:28.063833 32484 raft_consensus.cc:2468] T 6d63f178a664461896cbd3f1bb9fc905 P 10771a6ba5704da98b77059e4177dfdd [term 0 FOLLOWER]: Leader pre-election vote request: Granting yes vote for candidate b6f5e65979444f69849ed5e8e434da7e in term 0.
I20260608 09:47:28.064742 32376 leader_election.cc:304] T 6d63f178a664461896cbd3f1bb9fc905 P b6f5e65979444f69849ed5e8e434da7e [CANDIDATE]: Term 1 pre-election: Election decided. Result: candidate won. Election summary: received 2 responses out of 3 voters: 2 yes votes; 0 no votes. yes voters: b6f5e65979444f69849ed5e8e434da7e, cb06b6b910f14cc0be89f429822bfcc2; no voters: 
I20260608 09:47:28.065575 32537 raft_consensus.cc:2804] T 6d63f178a664461896cbd3f1bb9fc905 P b6f5e65979444f69849ed5e8e434da7e [term 0 FOLLOWER]: Leader pre-election won for term 1
I20260608 09:47:28.066000 32537 raft_consensus.cc:493] T 6d63f178a664461896cbd3f1bb9fc905 P b6f5e65979444f69849ed5e8e434da7e [term 0 FOLLOWER]: Starting leader election (no leader contacted us within the election timeout)
I20260608 09:47:28.066287 32537 raft_consensus.cc:3060] T 6d63f178a664461896cbd3f1bb9fc905 P b6f5e65979444f69849ed5e8e434da7e [term 0 FOLLOWER]: Advancing to term 1
I20260608 09:47:28.071152 32537 raft_consensus.cc:515] T 6d63f178a664461896cbd3f1bb9fc905 P b6f5e65979444f69849ed5e8e434da7e [term 1 FOLLOWER]: Starting leader election with config: opid_index: -1 OBSOLETE_local: false peers { permanent_uuid: "cb06b6b910f14cc0be89f429822bfcc2" member_type: VOTER last_known_addr { host: "127.30.236.129" port: 43383 } } peers { permanent_uuid: "b6f5e65979444f69849ed5e8e434da7e" member_type: VOTER last_known_addr { host: "127.30.236.130" port: 33037 } } peers { permanent_uuid: "10771a6ba5704da98b77059e4177dfdd" member_type: VOTER last_known_addr { host: "127.30.236.131" port: 33343 } }
I20260608 09:47:28.073341 32537 leader_election.cc:290] T 6d63f178a664461896cbd3f1bb9fc905 P b6f5e65979444f69849ed5e8e434da7e [CANDIDATE]: Term 1 election: Requested vote from peers cb06b6b910f14cc0be89f429822bfcc2 (127.30.236.129:43383), 10771a6ba5704da98b77059e4177dfdd (127.30.236.131:33343)
I20260608 09:47:28.074438 32336 tablet_service.cc:1917] Received RequestConsensusVote() RPC: tablet_id: "6d63f178a664461896cbd3f1bb9fc905" candidate_uuid: "b6f5e65979444f69849ed5e8e434da7e" candidate_term: 1 candidate_status { last_received { term: 0 index: 0 } } ignore_live_leader: false dest_uuid: "cb06b6b910f14cc0be89f429822bfcc2"
I20260608 09:47:28.074666 32484 tablet_service.cc:1917] Received RequestConsensusVote() RPC: tablet_id: "6d63f178a664461896cbd3f1bb9fc905" candidate_uuid: "b6f5e65979444f69849ed5e8e434da7e" candidate_term: 1 candidate_status { last_received { term: 0 index: 0 } } ignore_live_leader: false dest_uuid: "10771a6ba5704da98b77059e4177dfdd"
I20260608 09:47:28.075148 32336 raft_consensus.cc:3060] T 6d63f178a664461896cbd3f1bb9fc905 P cb06b6b910f14cc0be89f429822bfcc2 [term 0 FOLLOWER]: Advancing to term 1
I20260608 09:47:28.075165 32484 raft_consensus.cc:3060] T 6d63f178a664461896cbd3f1bb9fc905 P 10771a6ba5704da98b77059e4177dfdd [term 0 FOLLOWER]: Advancing to term 1
I20260608 09:47:28.082337 32336 raft_consensus.cc:2468] T 6d63f178a664461896cbd3f1bb9fc905 P cb06b6b910f14cc0be89f429822bfcc2 [term 1 FOLLOWER]: Leader election vote request: Granting yes vote for candidate b6f5e65979444f69849ed5e8e434da7e in term 1.
I20260608 09:47:28.082337 32484 raft_consensus.cc:2468] T 6d63f178a664461896cbd3f1bb9fc905 P 10771a6ba5704da98b77059e4177dfdd [term 1 FOLLOWER]: Leader election vote request: Granting yes vote for candidate b6f5e65979444f69849ed5e8e434da7e in term 1.
I20260608 09:47:28.083851 32376 leader_election.cc:304] T 6d63f178a664461896cbd3f1bb9fc905 P b6f5e65979444f69849ed5e8e434da7e [CANDIDATE]: Term 1 election: Election decided. Result: candidate won. Election summary: received 2 responses out of 3 voters: 2 yes votes; 0 no votes. yes voters: b6f5e65979444f69849ed5e8e434da7e, cb06b6b910f14cc0be89f429822bfcc2; no voters: 
I20260608 09:47:28.084606 32537 raft_consensus.cc:2804] T 6d63f178a664461896cbd3f1bb9fc905 P b6f5e65979444f69849ed5e8e434da7e [term 1 FOLLOWER]: Leader election won for term 1
I20260608 09:47:28.085218 32537 raft_consensus.cc:697] T 6d63f178a664461896cbd3f1bb9fc905 P b6f5e65979444f69849ed5e8e434da7e [term 1 LEADER]: Becoming Leader. State: Replica: b6f5e65979444f69849ed5e8e434da7e, State: Running, Role: LEADER
I20260608 09:47:28.085960 32537 consensus_queue.cc:237] T 6d63f178a664461896cbd3f1bb9fc905 P b6f5e65979444f69849ed5e8e434da7e [LEADER]: Queue going to LEADER mode. State: All replicated index: 0, Majority replicated index: 0, Committed index: 0, Last appended: 0.0, Last appended by leader: 0, Current term: 1, Majority size: 2, State: 0, Mode: LEADER, active raft config: opid_index: -1 OBSOLETE_local: false peers { permanent_uuid: "cb06b6b910f14cc0be89f429822bfcc2" member_type: VOTER last_known_addr { host: "127.30.236.129" port: 43383 } } peers { permanent_uuid: "b6f5e65979444f69849ed5e8e434da7e" member_type: VOTER last_known_addr { host: "127.30.236.130" port: 33037 } } peers { permanent_uuid: "10771a6ba5704da98b77059e4177dfdd" member_type: VOTER last_known_addr { host: "127.30.236.131" port: 33343 } }
