I20260608 09:48:53.954533 31666 webserver.cc:533] Webserver started at http://127.30.236.130:40827/ using document root <none> and password file <none>
I20260608 09:48:53.955538 31666 fs_manager.cc:362] Metadata directory not provided
I20260608 09:48:53.955798 31666 fs_manager.cc:368] Using write-ahead log directory (fs_wal_dir) as metadata directory
I20260608 09:48:53.956324 31666 server_base.cc:909] This appears to be a new deployment of Kudu; creating new FS layout
I20260608 09:48:53.959023 31666 fs_manager.cc:1068] Generated new instance metadata in path /tmp/dist-test-task0kflkA/test-tmp/auto_rebalancer-test.0.AutoRebalancerTest.NoReplicaMovesIfLocationLoadSkewedByOne.1780912036126812-31666-0/minicluster-data/ts-1-root/instance:
uuid: "2135850303f44403a66617bbac4ccbb9"
format_stamp: "Formatted at 2026-06-08 09:48:53 on dist-test-slave-74m6"
I20260608 09:48:53.959084  2831 master_service.cc:502] Signed X509 certificate for tserver {username='slave'} at 127.0.0.1:48482
I20260608 09:48:53.964757 31666 fs_manager.cc:696] Time spent creating directory manager: real 0.005s	user 0.006s	sys 0.001s
I20260608 09:48:53.968760  2970 log_block_manager.cc:4031] Time spent loading block containers with low live blocks: real 0.000s	user 0.000s	sys 0.000s
I20260608 09:48:53.970037 31666 fs_manager.cc:730] Time spent opening block manager: real 0.003s	user 0.000s	sys 0.004s
I20260608 09:48:53.970317 31666 fs_manager.cc:647] Opened local filesystem: /tmp/dist-test-task0kflkA/test-tmp/auto_rebalancer-test.0.AutoRebalancerTest.NoReplicaMovesIfLocationLoadSkewedByOne.1780912036126812-31666-0/minicluster-data/ts-1-root
uuid: "2135850303f44403a66617bbac4ccbb9"
format_stamp: "Formatted at 2026-06-08 09:48:53 on dist-test-slave-74m6"
I20260608 09:48:53.970574 31666 fs_report.cc:389] FS layout report
--------------------
wal directory: /tmp/dist-test-task0kflkA/test-tmp/auto_rebalancer-test.0.AutoRebalancerTest.NoReplicaMovesIfLocationLoadSkewedByOne.1780912036126812-31666-0/minicluster-data/ts-1-root
metadata directory: /tmp/dist-test-task0kflkA/test-tmp/auto_rebalancer-test.0.AutoRebalancerTest.NoReplicaMovesIfLocationLoadSkewedByOne.1780912036126812-31666-0/minicluster-data/ts-1-root
1 data directories: /tmp/dist-test-task0kflkA/test-tmp/auto_rebalancer-test.0.AutoRebalancerTest.NoReplicaMovesIfLocationLoadSkewedByOne.1780912036126812-31666-0/minicluster-data/ts-1-root/data
Total live blocks: 0
Total live bytes: 0
Total live bytes (after alignment): 0
Total number of LBM containers: 0 (0 full)
Did not check for missing blocks
Did not check for orphaned blocks
Total full LBM containers with extra space: 0 (0 repaired)
Total full LBM container extra space in bytes: 0 (0 repaired)
Total incomplete LBM containers: 0 (0 repaired)
Total LBM partial records: 0 (0 repaired)
Total corrupted LBM metadata records in RocksDB: 0 (0 repaired)
I20260608 09:48:54.002080 31666 rpc_server.cc:225] running with OpenSSL 1.1.1  11 Sep 2018
I20260608 09:48:54.003619 31666 kserver.cc:163] Server-wide thread pool size limit: 3276
I20260608 09:48:54.005297 31666 txn_system_client.cc:432] TxnSystemClient initialization is disabled...
I20260608 09:48:54.008013 31666 ts_tablet_manager.cc:585] Loaded tablet metadata (0 total tablets, 0 live tablets)
I20260608 09:48:54.008289 31666 ts_tablet_manager.cc:531] Time spent load tablet metadata: real 0.000s	user 0.000s	sys 0.000s
I20260608 09:48:54.008594 31666 ts_tablet_manager.cc:616] Registered 0 tablets
I20260608 09:48:54.008826 31666 ts_tablet_manager.cc:595] Time spent register tablets: real 0.000s	user 0.000s	sys 0.000s
I20260608 09:48:54.056919 31666 rpc_server.cc:307] RPC server started. Bound to: 127.30.236.130:36049
I20260608 09:48:54.057044  3032 acceptor_pool.cc:272] collecting diagnostics on the listening RPC socket 127.30.236.130:36049 every 8 connection(s)
I20260608 09:48:54.062208 31666 file_cache.cc:492] Constructed file cache file cache with capacity 419430
W20260608 09:48:54.070977  3036 instance_detector.cc:116] could not retrieve AWS instance metadata: Network error: curl error: HTTP response code said error: The requested URL returned error: 404
W20260608 09:48:54.071609  3037 instance_detector.cc:116] could not retrieve Azure instance metadata: Network error: curl error: HTTP response code said error: The requested URL returned error: 404
I20260608 09:48:54.075177 31666 server_base.cc:1061] running on GCE node
I20260608 09:48:54.076081  3033 heartbeater.cc:344] Connected to a master server at 127.30.236.190:41859
I20260608 09:48:54.076469  3033 heartbeater.cc:461] Registering TS with master...
W20260608 09:48:54.076493  3039 instance_detector.cc:116] could not retrieve OpenStack instance metadata: Network error: curl error: HTTP response code said error: The requested URL returned error: 404
I20260608 09:48:54.077553  3033 heartbeater.cc:507] Master 127.30.236.190:41859 requested a full tablet report, sending...
I20260608 09:48:54.077841 31666 hybrid_clock.cc:584] initializing the hybrid clock with 'system_unsync' time source
W20260608 09:48:54.078126 31666 system_unsync_time.cc:38] NTP support is disabled. Clock error bounds will not be accurate. This configuration is not suitable for distributed clusters.
I20260608 09:48:54.078344 31666 hybrid_clock.cc:648] HybridClock initialized: now 1780912134078323 us; error 0 us; skew 500 ppm
I20260608 09:48:54.079139 31666 server_base.cc:861] Flag tcmalloc_max_total_thread_cache_bytes is not working since tcmalloc is not enabled.
I20260608 09:48:54.080152  2831 ts_manager.cc:194] Registered new tserver with Master: 2135850303f44403a66617bbac4ccbb9 (127.30.236.130:36049)
I20260608 09:48:54.082929  2831 master_service.cc:502] Signed X509 certificate for tserver {username='slave'} at 127.0.0.1:48486
I20260608 09:48:54.082923 31666 webserver.cc:533] Webserver started at http://127.30.236.131:37143/ using document root <none> and password file <none>
I20260608 09:48:54.083693 31666 fs_manager.cc:362] Metadata directory not provided
I20260608 09:48:54.083992 31666 fs_manager.cc:368] Using write-ahead log directory (fs_wal_dir) as metadata directory
I20260608 09:48:54.084391 31666 server_base.cc:909] This appears to be a new deployment of Kudu; creating new FS layout
I20260608 09:48:54.085950 31666 fs_manager.cc:1068] Generated new instance metadata in path /tmp/dist-test-task0kflkA/test-tmp/auto_rebalancer-test.0.AutoRebalancerTest.NoReplicaMovesIfLocationLoadSkewedByOne.1780912036126812-31666-0/minicluster-data/ts-2-root/instance:
uuid: "6328e70d76e24515bb432042fed730c2"
format_stamp: "Formatted at 2026-06-08 09:48:54 on dist-test-slave-74m6"
I20260608 09:48:54.090826 31666 fs_manager.cc:696] Time spent creating directory manager: real 0.004s	user 0.005s	sys 0.000s
I20260608 09:48:54.094493  3044 log_block_manager.cc:4031] Time spent loading block containers with low live blocks: real 0.000s	user 0.000s	sys 0.000s
I20260608 09:48:54.095407 31666 fs_manager.cc:730] Time spent opening block manager: real 0.003s	user 0.001s	sys 0.000s
I20260608 09:48:54.095801 31666 fs_manager.cc:647] Opened local filesystem: /tmp/dist-test-task0kflkA/test-tmp/auto_rebalancer-test.0.AutoRebalancerTest.NoReplicaMovesIfLocationLoadSkewedByOne.1780912036126812-31666-0/minicluster-data/ts-2-root
uuid: "6328e70d76e24515bb432042fed730c2"
format_stamp: "Formatted at 2026-06-08 09:48:54 on dist-test-slave-74m6"
I20260608 09:48:54.096097 31666 fs_report.cc:389] FS layout report
--------------------
wal directory: /tmp/dist-test-task0kflkA/test-tmp/auto_rebalancer-test.0.AutoRebalancerTest.NoReplicaMovesIfLocationLoadSkewedByOne.1780912036126812-31666-0/minicluster-data/ts-2-root
metadata directory: /tmp/dist-test-task0kflkA/test-tmp/auto_rebalancer-test.0.AutoRebalancerTest.NoReplicaMovesIfLocationLoadSkewedByOne.1780912036126812-31666-0/minicluster-data/ts-2-root
1 data directories: /tmp/dist-test-task0kflkA/test-tmp/auto_rebalancer-test.0.AutoRebalancerTest.NoReplicaMovesIfLocationLoadSkewedByOne.1780912036126812-31666-0/minicluster-data/ts-2-root/data
Total live blocks: 0
Total live bytes: 0
Total live bytes (after alignment): 0
Total number of LBM containers: 0 (0 full)
Did not check for missing blocks
Did not check for orphaned blocks
Total full LBM containers with extra space: 0 (0 repaired)
Total full LBM container extra space in bytes: 0 (0 repaired)
Total incomplete LBM containers: 0 (0 repaired)
Total LBM partial records: 0 (0 repaired)
Total corrupted LBM metadata records in RocksDB: 0 (0 repaired)
I20260608 09:48:54.109328 31666 rpc_server.cc:225] running with OpenSSL 1.1.1  11 Sep 2018
I20260608 09:48:54.110548 31666 kserver.cc:163] Server-wide thread pool size limit: 3276
I20260608 09:48:54.112008 31666 txn_system_client.cc:432] TxnSystemClient initialization is disabled...
I20260608 09:48:54.114408 31666 ts_tablet_manager.cc:585] Loaded tablet metadata (0 total tablets, 0 live tablets)
I20260608 09:48:54.114652 31666 ts_tablet_manager.cc:531] Time spent load tablet metadata: real 0.000s	user 0.000s	sys 0.000s
I20260608 09:48:54.114913 31666 ts_tablet_manager.cc:616] Registered 0 tablets
I20260608 09:48:54.115098 31666 ts_tablet_manager.cc:595] Time spent register tablets: real 0.000s	user 0.000s	sys 0.000s
I20260608 09:48:54.159196 31666 rpc_server.cc:307] RPC server started. Bound to: 127.30.236.131:36509
I20260608 09:48:54.159303  3106 acceptor_pool.cc:272] collecting diagnostics on the listening RPC socket 127.30.236.131:36509 every 8 connection(s)
I20260608 09:48:54.164745 31666 file_cache.cc:492] Constructed file cache file cache with capacity 419430
W20260608 09:48:54.172590  3110 instance_detector.cc:116] could not retrieve AWS instance metadata: Network error: curl error: HTTP response code said error: The requested URL returned error: 404
W20260608 09:48:54.173233  3111 instance_detector.cc:116] could not retrieve Azure instance metadata: Network error: curl error: HTTP response code said error: The requested URL returned error: 404
I20260608 09:48:54.176998 31666 server_base.cc:1061] running on GCE node
W20260608 09:48:54.177168  3113 instance_detector.cc:116] could not retrieve OpenStack instance metadata: Network error: curl error: HTTP response code said error: The requested URL returned error: 404
I20260608 09:48:54.179132 31666 hybrid_clock.cc:584] initializing the hybrid clock with 'system_unsync' time source
I20260608 09:48:54.179301  3107 heartbeater.cc:344] Connected to a master server at 127.30.236.190:41859
W20260608 09:48:54.179437 31666 system_unsync_time.cc:38] NTP support is disabled. Clock error bounds will not be accurate. This configuration is not suitable for distributed clusters.
I20260608 09:48:54.179922 31666 hybrid_clock.cc:648] HybridClock initialized: now 1780912134179896 us; error 0 us; skew 500 ppm
I20260608 09:48:54.180014  3107 heartbeater.cc:461] Registering TS with master...
I20260608 09:48:54.180619 31666 server_base.cc:861] Flag tcmalloc_max_total_thread_cache_bytes is not working since tcmalloc is not enabled.
I20260608 09:48:54.181078  3107 heartbeater.cc:507] Master 127.30.236.190:41859 requested a full tablet report, sending...
I20260608 09:48:54.183713 31666 webserver.cc:533] Webserver started at http://127.30.236.132:42899/ using document root <none> and password file <none>
I20260608 09:48:54.183917  2831 ts_manager.cc:194] Registered new tserver with Master: 6328e70d76e24515bb432042fed730c2 (127.30.236.131:36509)
I20260608 09:48:54.184450 31666 fs_manager.cc:362] Metadata directory not provided
I20260608 09:48:54.184722 31666 fs_manager.cc:368] Using write-ahead log directory (fs_wal_dir) as metadata directory
I20260608 09:48:54.185111 31666 server_base.cc:909] This appears to be a new deployment of Kudu; creating new FS layout
I20260608 09:48:54.185905  2831 master_service.cc:502] Signed X509 certificate for tserver {username='slave'} at 127.0.0.1:48492
I20260608 09:48:54.186628 31666 fs_manager.cc:1068] Generated new instance metadata in path /tmp/dist-test-task0kflkA/test-tmp/auto_rebalancer-test.0.AutoRebalancerTest.NoReplicaMovesIfLocationLoadSkewedByOne.1780912036126812-31666-0/minicluster-data/ts-3-root/instance:
uuid: "ab9ff45d85eb4224b1e8bb796788d174"
format_stamp: "Formatted at 2026-06-08 09:48:54 on dist-test-slave-74m6"
I20260608 09:48:54.191668 31666 fs_manager.cc:696] Time spent creating directory manager: real 0.004s	user 0.006s	sys 0.000s
I20260608 09:48:54.195420  3118 log_block_manager.cc:4031] Time spent loading block containers with low live blocks: real 0.000s	user 0.000s	sys 0.000s
I20260608 09:48:54.196434 31666 fs_manager.cc:730] Time spent opening block manager: real 0.003s	user 0.002s	sys 0.000s
I20260608 09:48:54.196821 31666 fs_manager.cc:647] Opened local filesystem: /tmp/dist-test-task0kflkA/test-tmp/auto_rebalancer-test.0.AutoRebalancerTest.NoReplicaMovesIfLocationLoadSkewedByOne.1780912036126812-31666-0/minicluster-data/ts-3-root
uuid: "ab9ff45d85eb4224b1e8bb796788d174"
format_stamp: "Formatted at 2026-06-08 09:48:54 on dist-test-slave-74m6"
I20260608 09:48:54.197198 31666 fs_report.cc:389] FS layout report
--------------------
wal directory: /tmp/dist-test-task0kflkA/test-tmp/auto_rebalancer-test.0.AutoRebalancerTest.NoReplicaMovesIfLocationLoadSkewedByOne.1780912036126812-31666-0/minicluster-data/ts-3-root
metadata directory: /tmp/dist-test-task0kflkA/test-tmp/auto_rebalancer-test.0.AutoRebalancerTest.NoReplicaMovesIfLocationLoadSkewedByOne.1780912036126812-31666-0/minicluster-data/ts-3-root
1 data directories: /tmp/dist-test-task0kflkA/test-tmp/auto_rebalancer-test.0.AutoRebalancerTest.NoReplicaMovesIfLocationLoadSkewedByOne.1780912036126812-31666-0/minicluster-data/ts-3-root/data
Total live blocks: 0
Total live bytes: 0
Total live bytes (after alignment): 0
Total number of LBM containers: 0 (0 full)
Did not check for missing blocks
Did not check for orphaned blocks
Total full LBM containers with extra space: 0 (0 repaired)
Total full LBM container extra space in bytes: 0 (0 repaired)
Total incomplete LBM containers: 0 (0 repaired)
Total LBM partial records: 0 (0 repaired)
Total corrupted LBM metadata records in RocksDB: 0 (0 repaired)
I20260608 09:48:54.215915 31666 rpc_server.cc:225] running with OpenSSL 1.1.1  11 Sep 2018
I20260608 09:48:54.217244 31666 kserver.cc:163] Server-wide thread pool size limit: 3276
I20260608 09:48:54.218791 31666 txn_system_client.cc:432] TxnSystemClient initialization is disabled...
I20260608 09:48:54.221443 31666 ts_tablet_manager.cc:585] Loaded tablet metadata (0 total tablets, 0 live tablets)
I20260608 09:48:54.221729 31666 ts_tablet_manager.cc:531] Time spent load tablet metadata: real 0.000s	user 0.000s	sys 0.000s
I20260608 09:48:54.222002 31666 ts_tablet_manager.cc:616] Registered 0 tablets
I20260608 09:48:54.222195 31666 ts_tablet_manager.cc:595] Time spent register tablets: real 0.000s	user 0.000s	sys 0.000s
I20260608 09:48:54.267982 31666 rpc_server.cc:307] RPC server started. Bound to: 127.30.236.132:39233
I20260608 09:48:54.268106  3180 acceptor_pool.cc:272] collecting diagnostics on the listening RPC socket 127.30.236.132:39233 every 8 connection(s)
I20260608 09:48:54.285017  3181 heartbeater.cc:344] Connected to a master server at 127.30.236.190:41859
I20260608 09:48:54.285447  3181 heartbeater.cc:461] Registering TS with master...
I20260608 09:48:54.286286  3181 heartbeater.cc:507] Master 127.30.236.190:41859 requested a full tablet report, sending...
I20260608 09:48:54.289450  2831 ts_manager.cc:194] Registered new tserver with Master: ab9ff45d85eb4224b1e8bb796788d174 (127.30.236.132:39233)
I20260608 09:48:54.289695 31666 internal_mini_cluster.cc:371] 4 TS(s) registered with all masters after 0.017953079s
I20260608 09:48:54.291481  2831 master_service.cc:502] Signed X509 certificate for tserver {username='slave'} at 127.0.0.1:48504
I20260608 09:48:54.858868  2831 catalog_manager.cc:2282] Servicing CreateTable request from {username='slave'} at 127.0.0.1:48518:
name: "test-workload"
schema {
  columns {
    name: "key"
    type: INT32
    is_key: true
    is_nullable: false
    encoding: AUTO_ENCODING
    compression: DEFAULT_COMPRESSION
    cfile_block_size: 0
    immutable: false
  }
  columns {
    name: "int_val"
    type: INT32
    is_key: false
    is_nullable: false
    encoding: AUTO_ENCODING
    compression: DEFAULT_COMPRESSION
    cfile_block_size: 0
    immutable: false
  }
  columns {
    name: "string_val"
    type: STRING
    is_key: false
    is_nullable: true
    encoding: AUTO_ENCODING
    compression: DEFAULT_COMPRESSION
    cfile_block_size: 0
    immutable: false
  }
}
num_replicas: 3
split_rows_range_bounds {
}
partition_schema {
  range_schema {
    columns {
      name: "key"
    }
  }
}
I20260608 09:48:54.912987  2923 tablet_service.cc:1511] Processing CreateTablet for tablet f4f033abc79b42768bd8c90d5b34137a (DEFAULT_TABLE table=test-workload [id=8670fb802a0644c297d4bd6bf2a2c1ca]), partition=RANGE (key) PARTITION UNBOUNDED
I20260608 09:48:54.912987  3146 tablet_service.cc:1511] Processing CreateTablet for tablet f4f033abc79b42768bd8c90d5b34137a (DEFAULT_TABLE table=test-workload [id=8670fb802a0644c297d4bd6bf2a2c1ca]), partition=RANGE (key) PARTITION UNBOUNDED
I20260608 09:48:54.914752  2923 data_dirs.cc:400] Could only allocate 1 dirs of requested 3 for tablet f4f033abc79b42768bd8c90d5b34137a. 1 dirs total, 0 dirs full, 0 dirs failed
I20260608 09:48:54.914752  3146 data_dirs.cc:400] Could only allocate 1 dirs of requested 3 for tablet f4f033abc79b42768bd8c90d5b34137a. 1 dirs total, 0 dirs full, 0 dirs failed
I20260608 09:48:54.919268  3072 tablet_service.cc:1511] Processing CreateTablet for tablet f4f033abc79b42768bd8c90d5b34137a (DEFAULT_TABLE table=test-workload [id=8670fb802a0644c297d4bd6bf2a2c1ca]), partition=RANGE (key) PARTITION UNBOUNDED
I20260608 09:48:54.920476  3072 data_dirs.cc:400] Could only allocate 1 dirs of requested 3 for tablet f4f033abc79b42768bd8c90d5b34137a. 1 dirs total, 0 dirs full, 0 dirs failed
I20260608 09:48:54.936273  3203 tablet_bootstrap.cc:492] T f4f033abc79b42768bd8c90d5b34137a P ef26f0d4a9d0496cbc633ad005d397ba: Bootstrap starting.
I20260608 09:48:54.937788  3204 tablet_bootstrap.cc:492] T f4f033abc79b42768bd8c90d5b34137a P 6328e70d76e24515bb432042fed730c2: Bootstrap starting.
I20260608 09:48:54.937788  3202 tablet_bootstrap.cc:492] T f4f033abc79b42768bd8c90d5b34137a P ab9ff45d85eb4224b1e8bb796788d174: Bootstrap starting.
I20260608 09:48:54.944146  3204 tablet_bootstrap.cc:654] T f4f033abc79b42768bd8c90d5b34137a P 6328e70d76e24515bb432042fed730c2: Neither blocks nor log segments found. Creating new log.
I20260608 09:48:54.944149  3203 tablet_bootstrap.cc:654] T f4f033abc79b42768bd8c90d5b34137a P ef26f0d4a9d0496cbc633ad005d397ba: Neither blocks nor log segments found. Creating new log.
I20260608 09:48:54.945815  3202 tablet_bootstrap.cc:654] T f4f033abc79b42768bd8c90d5b34137a P ab9ff45d85eb4224b1e8bb796788d174: Neither blocks nor log segments found. Creating new log.
I20260608 09:48:54.950110  3204 tablet_bootstrap.cc:492] T f4f033abc79b42768bd8c90d5b34137a P 6328e70d76e24515bb432042fed730c2: No bootstrap required, opened a new log
I20260608 09:48:54.950610  3204 ts_tablet_manager.cc:1403] T f4f033abc79b42768bd8c90d5b34137a P 6328e70d76e24515bb432042fed730c2: Time spent bootstrapping tablet: real 0.013s	user 0.007s	sys 0.004s
I20260608 09:48:54.952171  3203 tablet_bootstrap.cc:492] T f4f033abc79b42768bd8c90d5b34137a P ef26f0d4a9d0496cbc633ad005d397ba: No bootstrap required, opened a new log
I20260608 09:48:54.953001  3203 ts_tablet_manager.cc:1403] T f4f033abc79b42768bd8c90d5b34137a P ef26f0d4a9d0496cbc633ad005d397ba: Time spent bootstrapping tablet: real 0.017s	user 0.009s	sys 0.007s
I20260608 09:48:54.953053  3204 raft_consensus.cc:359] T f4f033abc79b42768bd8c90d5b34137a P 6328e70d76e24515bb432042fed730c2 [term 0 FOLLOWER]: Replica starting. Triggering 0 pending ops. Active config: opid_index: -1 OBSOLETE_local: false peers { permanent_uuid: "ef26f0d4a9d0496cbc633ad005d397ba" member_type: VOTER last_known_addr { host: "127.30.236.129" port: 42625 } } peers { permanent_uuid: "ab9ff45d85eb4224b1e8bb796788d174" member_type: VOTER last_known_addr { host: "127.30.236.132" port: 39233 } } peers { permanent_uuid: "6328e70d76e24515bb432042fed730c2" member_type: VOTER last_known_addr { host: "127.30.236.131" port: 36509 } }
I20260608 09:48:54.954089  3204 raft_consensus.cc:385] T f4f033abc79b42768bd8c90d5b34137a P 6328e70d76e24515bb432042fed730c2 [term 0 FOLLOWER]: Consensus starting up: Expiring failure detector timer to make a prompt election more likely
I20260608 09:48:54.954370  3204 raft_consensus.cc:740] T f4f033abc79b42768bd8c90d5b34137a P 6328e70d76e24515bb432042fed730c2 [term 0 FOLLOWER]: Becoming Follower/Learner. State: Replica: 6328e70d76e24515bb432042fed730c2, State: Initialized, Role: FOLLOWER
I20260608 09:48:54.955338  3204 consensus_queue.cc:260] T f4f033abc79b42768bd8c90d5b34137a P 6328e70d76e24515bb432042fed730c2 [NON_LEADER]: Queue going to NON_LEADER mode. State: All replicated index: 0, Majority replicated index: 0, Committed index: 0, Last appended: 0.0, Last appended by leader: 0, Current term: 0, Majority size: -1, State: 0, Mode: NON_LEADER, active raft config: opid_index: -1 OBSOLETE_local: false peers { permanent_uuid: "ef26f0d4a9d0496cbc633ad005d397ba" member_type: VOTER last_known_addr { host: "127.30.236.129" port: 42625 } } peers { permanent_uuid: "ab9ff45d85eb4224b1e8bb796788d174" member_type: VOTER last_known_addr { host: "127.30.236.132" port: 39233 } } peers { permanent_uuid: "6328e70d76e24515bb432042fed730c2" member_type: VOTER last_known_addr { host: "127.30.236.131" port: 36509 } }
I20260608 09:48:54.955850  3202 tablet_bootstrap.cc:492] T f4f033abc79b42768bd8c90d5b34137a P ab9ff45d85eb4224b1e8bb796788d174: No bootstrap required, opened a new log
I20260608 09:48:54.956604  3202 ts_tablet_manager.cc:1403] T f4f033abc79b42768bd8c90d5b34137a P ab9ff45d85eb4224b1e8bb796788d174: Time spent bootstrapping tablet: real 0.019s	user 0.013s	sys 0.005s
I20260608 09:48:54.957315  3203 raft_consensus.cc:359] T f4f033abc79b42768bd8c90d5b34137a P ef26f0d4a9d0496cbc633ad005d397ba [term 0 FOLLOWER]: Replica starting. Triggering 0 pending ops. Active config: opid_index: -1 OBSOLETE_local: false peers { permanent_uuid: "ef26f0d4a9d0496cbc633ad005d397ba" member_type: VOTER last_known_addr { host: "127.30.236.129" port: 42625 } } peers { permanent_uuid: "ab9ff45d85eb4224b1e8bb796788d174" member_type: VOTER last_known_addr { host: "127.30.236.132" port: 39233 } } peers { permanent_uuid: "6328e70d76e24515bb432042fed730c2" member_type: VOTER last_known_addr { host: "127.30.236.131" port: 36509 } }
I20260608 09:48:54.958293  3203 raft_consensus.cc:385] T f4f033abc79b42768bd8c90d5b34137a P ef26f0d4a9d0496cbc633ad005d397ba [term 0 FOLLOWER]: Consensus starting up: Expiring failure detector timer to make a prompt election more likely
I20260608 09:48:54.958747  3203 raft_consensus.cc:740] T f4f033abc79b42768bd8c90d5b34137a P ef26f0d4a9d0496cbc633ad005d397ba [term 0 FOLLOWER]: Becoming Follower/Learner. State: Replica: ef26f0d4a9d0496cbc633ad005d397ba, State: Initialized, Role: FOLLOWER
I20260608 09:48:54.959698  3203 consensus_queue.cc:260] T f4f033abc79b42768bd8c90d5b34137a P ef26f0d4a9d0496cbc633ad005d397ba [NON_LEADER]: Queue going to NON_LEADER mode. State: All replicated index: 0, Majority replicated index: 0, Committed index: 0, Last appended: 0.0, Last appended by leader: 0, Current term: 0, Majority size: -1, State: 0, Mode: NON_LEADER, active raft config: opid_index: -1 OBSOLETE_local: false peers { permanent_uuid: "ef26f0d4a9d0496cbc633ad005d397ba" member_type: VOTER last_known_addr { host: "127.30.236.129" port: 42625 } } peers { permanent_uuid: "ab9ff45d85eb4224b1e8bb796788d174" member_type: VOTER last_known_addr { host: "127.30.236.132" port: 39233 } } peers { permanent_uuid: "6328e70d76e24515bb432042fed730c2" member_type: VOTER last_known_addr { host: "127.30.236.131" port: 36509 } }
I20260608 09:48:54.960337  3202 raft_consensus.cc:359] T f4f033abc79b42768bd8c90d5b34137a P ab9ff45d85eb4224b1e8bb796788d174 [term 0 FOLLOWER]: Replica starting. Triggering 0 pending ops. Active config: opid_index: -1 OBSOLETE_local: false peers { permanent_uuid: "ef26f0d4a9d0496cbc633ad005d397ba" member_type: VOTER last_known_addr { host: "127.30.236.129" port: 42625 } } peers { permanent_uuid: "ab9ff45d85eb4224b1e8bb796788d174" member_type: VOTER last_known_addr { host: "127.30.236.132" port: 39233 } } peers { permanent_uuid: "6328e70d76e24515bb432042fed730c2" member_type: VOTER last_known_addr { host: "127.30.236.131" port: 36509 } }
I20260608 09:48:54.961462  3202 raft_consensus.cc:385] T f4f033abc79b42768bd8c90d5b34137a P ab9ff45d85eb4224b1e8bb796788d174 [term 0 FOLLOWER]: Consensus starting up: Expiring failure detector timer to make a prompt election more likely
I20260608 09:48:54.962011  3202 raft_consensus.cc:740] T f4f033abc79b42768bd8c90d5b34137a P ab9ff45d85eb4224b1e8bb796788d174 [term 0 FOLLOWER]: Becoming Follower/Learner. State: Replica: ab9ff45d85eb4224b1e8bb796788d174, State: Initialized, Role: FOLLOWER
I20260608 09:48:54.962324  3107 heartbeater.cc:499] Master 127.30.236.190:41859 was elected leader, sending a full tablet report...
I20260608 09:48:54.962682  3204 ts_tablet_manager.cc:1434] T f4f033abc79b42768bd8c90d5b34137a P 6328e70d76e24515bb432042fed730c2: Time spent starting tablet: real 0.012s	user 0.007s	sys 0.005s
I20260608 09:48:54.962950  2958 heartbeater.cc:499] Master 127.30.236.190:41859 was elected leader, sending a full tablet report...
I20260608 09:48:54.965325  3202 consensus_queue.cc:260] T f4f033abc79b42768bd8c90d5b34137a P ab9ff45d85eb4224b1e8bb796788d174 [NON_LEADER]: Queue going to NON_LEADER mode. State: All replicated index: 0, Majority replicated index: 0, Committed index: 0, Last appended: 0.0, Last appended by leader: 0, Current term: 0, Majority size: -1, State: 0, Mode: NON_LEADER, active raft config: opid_index: -1 OBSOLETE_local: false peers { permanent_uuid: "ef26f0d4a9d0496cbc633ad005d397ba" member_type: VOTER last_known_addr { host: "127.30.236.129" port: 42625 } } peers { permanent_uuid: "ab9ff45d85eb4224b1e8bb796788d174" member_type: VOTER last_known_addr { host: "127.30.236.132" port: 39233 } } peers { permanent_uuid: "6328e70d76e24515bb432042fed730c2" member_type: VOTER last_known_addr { host: "127.30.236.131" port: 36509 } }
I20260608 09:48:54.969935  3181 heartbeater.cc:499] Master 127.30.236.190:41859 was elected leader, sending a full tablet report...
I20260608 09:48:54.970517  3202 ts_tablet_manager.cc:1434] T f4f033abc79b42768bd8c90d5b34137a P ab9ff45d85eb4224b1e8bb796788d174: Time spent starting tablet: real 0.013s	user 0.007s	sys 0.002s
I20260608 09:48:54.972229  3203 ts_tablet_manager.cc:1434] T f4f033abc79b42768bd8c90d5b34137a P ef26f0d4a9d0496cbc633ad005d397ba: Time spent starting tablet: real 0.019s	user 0.014s	sys 0.000s
I20260608 09:48:55.086263  3033 heartbeater.cc:499] Master 127.30.236.190:41859 was elected leader, sending a full tablet report...
I20260608 09:48:55.150660  3208 raft_consensus.cc:493] T f4f033abc79b42768bd8c90d5b34137a P 6328e70d76e24515bb432042fed730c2 [term 0 FOLLOWER]: Starting pre-election (no leader contacted us within the election timeout)
I20260608 09:48:55.151239  3208 raft_consensus.cc:515] T f4f033abc79b42768bd8c90d5b34137a P 6328e70d76e24515bb432042fed730c2 [term 0 FOLLOWER]: Starting pre-election with config: opid_index: -1 OBSOLETE_local: false peers { permanent_uuid: "ef26f0d4a9d0496cbc633ad005d397ba" member_type: VOTER last_known_addr { host: "127.30.236.129" port: 42625 } } peers { permanent_uuid: "ab9ff45d85eb4224b1e8bb796788d174" member_type: VOTER last_known_addr { host: "127.30.236.132" port: 39233 } } peers { permanent_uuid: "6328e70d76e24515bb432042fed730c2" member_type: VOTER last_known_addr { host: "127.30.236.131" port: 36509 } }
I20260608 09:48:55.153685  3208 leader_election.cc:290] T f4f033abc79b42768bd8c90d5b34137a P 6328e70d76e24515bb432042fed730c2 [CANDIDATE]: Term 1 pre-election: Requested pre-vote from peers ef26f0d4a9d0496cbc633ad005d397ba (127.30.236.129:42625), ab9ff45d85eb4224b1e8bb796788d174 (127.30.236.132:39233)
I20260608 09:48:55.167495  2933 tablet_service.cc:1917] Received RequestConsensusVote() RPC: tablet_id: "f4f033abc79b42768bd8c90d5b34137a" candidate_uuid: "6328e70d76e24515bb432042fed730c2" candidate_term: 1 candidate_status { last_received { term: 0 index: 0 } } ignore_live_leader: false dest_uuid: "ef26f0d4a9d0496cbc633ad005d397ba" is_pre_election: true
I20260608 09:48:55.168303  2933 raft_consensus.cc:2468] T f4f033abc79b42768bd8c90d5b34137a P ef26f0d4a9d0496cbc633ad005d397ba [term 0 FOLLOWER]: Leader pre-election vote request: Granting yes vote for candidate 6328e70d76e24515bb432042fed730c2 in term 0.
I20260608 09:48:55.168495  3156 tablet_service.cc:1917] Received RequestConsensusVote() RPC: tablet_id: "f4f033abc79b42768bd8c90d5b34137a" candidate_uuid: "6328e70d76e24515bb432042fed730c2" candidate_term: 1 candidate_status { last_received { term: 0 index: 0 } } ignore_live_leader: false dest_uuid: "ab9ff45d85eb4224b1e8bb796788d174" is_pre_election: true
I20260608 09:48:55.169220  3156 raft_consensus.cc:2468] T f4f033abc79b42768bd8c90d5b34137a P ab9ff45d85eb4224b1e8bb796788d174 [term 0 FOLLOWER]: Leader pre-election vote request: Granting yes vote for candidate 6328e70d76e24515bb432042fed730c2 in term 0.
I20260608 09:48:55.169915  3045 leader_election.cc:304] T f4f033abc79b42768bd8c90d5b34137a P 6328e70d76e24515bb432042fed730c2 [CANDIDATE]: Term 1 pre-election: Election decided. Result: candidate won. Election summary: received 2 responses out of 3 voters: 2 yes votes; 0 no votes. yes voters: 6328e70d76e24515bb432042fed730c2, ef26f0d4a9d0496cbc633ad005d397ba; no voters: 
I20260608 09:48:55.170859  3208 raft_consensus.cc:2804] T f4f033abc79b42768bd8c90d5b34137a P 6328e70d76e24515bb432042fed730c2 [term 0 FOLLOWER]: Leader pre-election won for term 1
I20260608 09:48:55.171180  3208 raft_consensus.cc:493] T f4f033abc79b42768bd8c90d5b34137a P 6328e70d76e24515bb432042fed730c2 [term 0 FOLLOWER]: Starting leader election (no leader contacted us within the election timeout)
I20260608 09:48:55.171445  3208 raft_consensus.cc:3060] T f4f033abc79b42768bd8c90d5b34137a P 6328e70d76e24515bb432042fed730c2 [term 0 FOLLOWER]: Advancing to term 1
I20260608 09:48:55.176532  3208 raft_consensus.cc:515] T f4f033abc79b42768bd8c90d5b34137a P 6328e70d76e24515bb432042fed730c2 [term 1 FOLLOWER]: Starting leader election with config: opid_index: -1 OBSOLETE_local: false peers { permanent_uuid: "ef26f0d4a9d0496cbc633ad005d397ba" member_type: VOTER last_known_addr { host: "127.30.236.129" port: 42625 } } peers { permanent_uuid: "ab9ff45d85eb4224b1e8bb796788d174" member_type: VOTER last_known_addr { host: "127.30.236.132" port: 39233 } } peers { permanent_uuid: "6328e70d76e24515bb432042fed730c2" member_type: VOTER last_known_addr { host: "127.30.236.131" port: 36509 } }
I20260608 09:48:55.178364  3208 leader_election.cc:290] T f4f033abc79b42768bd8c90d5b34137a P 6328e70d76e24515bb432042fed730c2 [CANDIDATE]: Term 1 election: Requested vote from peers ef26f0d4a9d0496cbc633ad005d397ba (127.30.236.129:42625), ab9ff45d85eb4224b1e8bb796788d174 (127.30.236.132:39233)
I20260608 09:48:55.179322  2933 tablet_service.cc:1917] Received RequestConsensusVote() RPC: tablet_id: "f4f033abc79b42768bd8c90d5b34137a" candidate_uuid: "6328e70d76e24515bb432042fed730c2" candidate_term: 1 candidate_status { last_received { term: 0 index: 0 } } ignore_live_leader: false dest_uuid: "ef26f0d4a9d0496cbc633ad005d397ba"
I20260608 09:48:55.179476  3156 tablet_service.cc:1917] Received RequestConsensusVote() RPC: tablet_id: "f4f033abc79b42768bd8c90d5b34137a" candidate_uuid: "6328e70d76e24515bb432042fed730c2" candidate_term: 1 candidate_status { last_received { term: 0 index: 0 } } ignore_live_leader: false dest_uuid: "ab9ff45d85eb4224b1e8bb796788d174"
I20260608 09:48:55.179853  2933 raft_consensus.cc:3060] T f4f033abc79b42768bd8c90d5b34137a P ef26f0d4a9d0496cbc633ad005d397ba [term 0 FOLLOWER]: Advancing to term 1
I20260608 09:48:55.180176  3156 raft_consensus.cc:3060] T f4f033abc79b42768bd8c90d5b34137a P ab9ff45d85eb4224b1e8bb796788d174 [term 0 FOLLOWER]: Advancing to term 1
I20260608 09:48:55.184993  2933 raft_consensus.cc:2468] T f4f033abc79b42768bd8c90d5b34137a P ef26f0d4a9d0496cbc633ad005d397ba [term 1 FOLLOWER]: Leader election vote request: Granting yes vote for candidate 6328e70d76e24515bb432042fed730c2 in term 1.
I20260608 09:48:55.185168  3156 raft_consensus.cc:2468] T f4f033abc79b42768bd8c90d5b34137a P ab9ff45d85eb4224b1e8bb796788d174 [term 1 FOLLOWER]: Leader election vote request: Granting yes vote for candidate 6328e70d76e24515bb432042fed730c2 in term 1.
I20260608 09:48:55.186278  3045 leader_election.cc:304] T f4f033abc79b42768bd8c90d5b34137a P 6328e70d76e24515bb432042fed730c2 [CANDIDATE]: Term 1 election: Election decided. Result: candidate won. Election summary: received 2 responses out of 3 voters: 2 yes votes; 0 no votes. yes voters: 6328e70d76e24515bb432042fed730c2, ef26f0d4a9d0496cbc633ad005d397ba; no voters: 
I20260608 09:48:55.187098  3208 raft_consensus.cc:2804] T f4f033abc79b42768bd8c90d5b34137a P 6328e70d76e24515bb432042fed730c2 [term 1 FOLLOWER]: Leader election won for term 1
I20260608 09:48:55.188226  3208 raft_consensus.cc:697] T f4f033abc79b42768bd8c90d5b34137a P 6328e70d76e24515bb432042fed730c2 [term 1 LEADER]: Becoming Leader. State: Replica: 6328e70d76e24515bb432042fed730c2, State: Running, Role: LEADER
I20260608 09:48:55.189328  3208 consensus_queue.cc:237] T f4f033abc79b42768bd8c90d5b34137a P 6328e70d76e24515bb432042fed730c2 [LEADER]: Queue going to LEADER mode. State: All replicated index: 0, Majority replicated index: 0, Committed index: 0, Last appended: 0.0, Last appended by leader: 0, Current term: 1, Majority size: 2, State: 0, Mode: LEADER, active raft config: opid_index: -1 OBSOLETE_local: false peers { permanent_uuid: "ef26f0d4a9d0496cbc633ad005d397ba" member_type: VOTER last_known_addr { host: "127.30.236.129" port: 42625 } } peers { permanent_uuid: "ab9ff45d85eb4224b1e8bb796788d174" member_type: VOTER last_known_addr { host: "127.30.236.132" port: 39233 } } peers { permanent_uuid: "6328e70d76e24515bb432042fed730c2" member_type: VOTER last_known_addr { host: "127.30.236.131" port: 36509 } }
I20260608 09:48:55.196691  2830 catalog_manager.cc:5696] T f4f033abc79b42768bd8c90d5b34137a P 6328e70d76e24515bb432042fed730c2 reported cstate change: term changed from 0 to 1, leader changed from <none> to 6328e70d76e24515bb432042fed730c2 (127.30.236.131). New cstate: current_term: 1 leader_uuid: "6328e70d76e24515bb432042fed730c2" committed_config { opid_index: -1 OBSOLETE_local: false peers { permanent_uuid: "ef26f0d4a9d0496cbc633ad005d397ba" member_type: VOTER last_known_addr { host: "127.30.236.129" port: 42625 } health_report { overall_health: UNKNOWN } } peers { permanent_uuid: "ab9ff45d85eb4224b1e8bb796788d174" member_type: VOTER last_known_addr { host: "127.30.236.132" port: 39233 } health_report { overall_health: UNKNOWN } } peers { permanent_uuid: "6328e70d76e24515bb432042fed730c2" member_type: VOTER last_known_addr { host: "127.30.236.131" port: 36509 } health_report { overall_health: HEALTHY } } }
I20260608 09:48:55.694625  3208 consensus_queue.cc:1048] T f4f033abc79b42768bd8c90d5b34137a P 6328e70d76e24515bb432042fed730c2 [LEADER]: Connected to new peer: Peer: permanent_uuid: "ab9ff45d85eb4224b1e8bb796788d174" member_type: VOTER last_known_addr { host: "127.30.236.132" port: 39233 }, Status: LMP_MISMATCH, Last received: 0.0, Next index: 1, Last known committed idx: 0, Time since last communication: 0.000s
I20260608 09:48:55.711388  3217 consensus_queue.cc:1048] T f4f033abc79b42768bd8c90d5b34137a P 6328e70d76e24515bb432042fed730c2 [LEADER]: Connected to new peer: Peer: permanent_uuid: "ef26f0d4a9d0496cbc633ad005d397ba" member_type: VOTER last_known_addr { host: "127.30.236.129" port: 42625 }, Status: LMP_MISMATCH, Last received: 0.0, Next index: 1, Last known committed idx: 0, Time since last communication: 0.001s
I20260608 09:48:55.744944  2884 auto_leader_rebalancer.cc:140] leader rebalance for table test-workload
I20260608 09:48:55.746673  2884 auto_leader_rebalancer.cc:388] table: test-workload, leader rebalance finish, leader transfer count: 0
I20260608 09:48:55.747045  2884 auto_leader_rebalancer.cc:451] All tables' leader rebalancing finished this round
I20260608 09:48:57.748345  2884 auto_leader_rebalancer.cc:140] leader rebalance for table test-workload
I20260608 09:48:57.750332  2884 auto_leader_rebalancer.cc:388] table: test-workload, leader rebalance finish, leader transfer count: 0
I20260608 09:48:57.750736  2884 auto_leader_rebalancer.cc:451] All tables' leader rebalancing finished this round
I20260608 09:48:59.752262  2884 auto_leader_rebalancer.cc:140] leader rebalance for table test-workload
I20260608 09:48:59.753961  2884 auto_leader_rebalancer.cc:388] table: test-workload, leader rebalance finish, leader transfer count: 0
I20260608 09:48:59.754308  2884 auto_leader_rebalancer.cc:451] All tables' leader rebalancing finished this round
I20260608 09:49:01.773470  2884 auto_leader_rebalancer.cc:140] leader rebalance for table test-workload
I20260608 09:49:01.775730  2884 auto_leader_rebalancer.cc:388] table: test-workload, leader rebalance finish, leader transfer count: 0
I20260608 09:49:01.776266  2884 auto_leader_rebalancer.cc:451] All tables' leader rebalancing finished this round
W20260608 09:49:03.198402  3177 debug-util.cc:398] Leaking SignalData structure 0x7b08001be060 after lost signal to thread 31669
W20260608 09:49:03.199379  3177 debug-util.cc:398] Leaking SignalData structure 0x7b080022d240 after lost signal to thread 2865
W20260608 09:49:03.200392  3177 debug-util.cc:398] Leaking SignalData structure 0x7b080003d440 after lost signal to thread 2957
W20260608 09:49:03.201270  3177 debug-util.cc:398] Leaking SignalData structure 0x7b0800034c80 after lost signal to thread 3032
W20260608 09:49:03.202118  3177 debug-util.cc:398] Leaking SignalData structure 0x7b080007b360 after lost signal to thread 3106
W20260608 09:49:03.202950  3177 debug-util.cc:398] Leaking SignalData structure 0x7b080007b400 after lost signal to thread 3180
I20260608 09:49:03.777586  2884 auto_leader_rebalancer.cc:140] leader rebalance for table test-workload
I20260608 09:49:03.779626  2884 auto_leader_rebalancer.cc:388] table: test-workload, leader rebalance finish, leader transfer count: 0
I20260608 09:49:03.780166  2884 auto_leader_rebalancer.cc:451] All tables' leader rebalancing finished this round
I20260608 09:49:05.781471  2884 auto_leader_rebalancer.cc:140] leader rebalance for table test-workload
I20260608 09:49:05.783437  2884 auto_leader_rebalancer.cc:388] table: test-workload, leader rebalance finish, leader transfer count: 0
I20260608 09:49:05.783878  2884 auto_leader_rebalancer.cc:451] All tables' leader rebalancing finished this round
I20260608 09:49:05.841506 31666 tablet_server.cc:179] TabletServer@127.30.236.129:0 shutting down...
I20260608 09:49:05.889132 31666 ts_tablet_manager.cc:1507] Shutting down tablet manager...
I20260608 09:49:05.890137 31666 tablet_replica.cc:333] T f4f033abc79b42768bd8c90d5b34137a P ef26f0d4a9d0496cbc633ad005d397ba: stopping tablet replica
I20260608 09:49:05.891080 31666 raft_consensus.cc:2243] T f4f033abc79b42768bd8c90d5b34137a P ef26f0d4a9d0496cbc633ad005d397ba [term 1 FOLLOWER]: Raft consensus shutting down.
I20260608 09:49:05.891867 31666 raft_consensus.cc:2272] T f4f033abc79b42768bd8c90d5b34137a P ef26f0d4a9d0496cbc633ad005d397ba [term 1 FOLLOWER]: Raft consensus is shut down!
I20260608 09:49:05.917465 31666 tablet_server.cc:196] TabletServer@127.30.236.129:0 shutdown complete.
I20260608 09:49:05.937759 31666 tablet_server.cc:179] TabletServer@127.30.236.130:0 shutting down...
I20260608 09:49:05.964653 31666 ts_tablet_manager.cc:1507] Shutting down tablet manager...
I20260608 09:49:05.981516 31666 tablet_server.cc:196] TabletServer@127.30.236.130:0 shutdown complete.
I20260608 09:49:05.991111 31666 tablet_server.cc:179] TabletServer@127.30.236.131:0 shutting down...
I20260608 09:49:06.014523 31666 ts_tablet_manager.cc:1507] Shutting down tablet manager...
I20260608 09:49:06.015410 31666 tablet_replica.cc:333] T f4f033abc79b42768bd8c90d5b34137a P 6328e70d76e24515bb432042fed730c2: stopping tablet replica
I20260608 09:49:06.016127 31666 raft_consensus.cc:2243] T f4f033abc79b42768bd8c90d5b34137a P 6328e70d76e24515bb432042fed730c2 [term 1 LEADER]: Raft consensus shutting down.
I20260608 09:49:06.017186 31666 raft_consensus.cc:2272] T f4f033abc79b42768bd8c90d5b34137a P 6328e70d76e24515bb432042fed730c2 [term 1 FOLLOWER]: Raft consensus is shut down!
I20260608 09:49:06.038165 31666 tablet_server.cc:196] TabletServer@127.30.236.131:0 shutdown complete.
I20260608 09:49:06.050743 31666 tablet_server.cc:179] TabletServer@127.30.236.132:0 shutting down...
I20260608 09:49:06.078565 31666 ts_tablet_manager.cc:1507] Shutting down tablet manager...
I20260608 09:49:06.079285 31666 tablet_replica.cc:333] T f4f033abc79b42768bd8c90d5b34137a P ab9ff45d85eb4224b1e8bb796788d174: stopping tablet replica
I20260608 09:49:06.079820 31666 raft_consensus.cc:2243] T f4f033abc79b42768bd8c90d5b34137a P ab9ff45d85eb4224b1e8bb796788d174 [term 1 FOLLOWER]: Raft consensus shutting down.
I20260608 09:49:06.080274 31666 raft_consensus.cc:2272] T f4f033abc79b42768bd8c90d5b34137a P ab9ff45d85eb4224b1e8bb796788d174 [term 1 FOLLOWER]: Raft consensus is shut down!
I20260608 09:49:06.117676 31666 tablet_server.cc:196] TabletServer@127.30.236.132:0 shutdown complete.
I20260608 09:49:06.129544 31666 master.cc:562] Master@127.30.236.190:41859 shutting down...
I20260608 09:49:06.150627 31666 raft_consensus.cc:2243] T 00000000000000000000000000000000 P f9fa385cd4d246058f9b5cda8816eeb5 [term 1 LEADER]: Raft consensus shutting down.
I20260608 09:49:06.151314 31666 raft_consensus.cc:2272] T 00000000000000000000000000000000 P f9fa385cd4d246058f9b5cda8816eeb5 [term 1 FOLLOWER]: Raft consensus is shut down!
I20260608 09:49:06.151672 31666 tablet_replica.cc:333] T 00000000000000000000000000000000 P f9fa385cd4d246058f9b5cda8816eeb5: stopping tablet replica
I20260608 09:49:06.172199 31666 master.cc:584] Master@127.30.236.190:41859 shutdown complete.
[       OK ] AutoRebalancerTest.NoReplicaMovesIfLocationLoadSkewedByOne (12626 ms)
[ RUN      ] AutoRebalancerTest.NoReplicaMovesIfCannotFixPlacementPolicy
I20260608 09:49:06.211025 31666 internal_mini_cluster.cc:156] Creating distributed mini masters. Addrs: 127.30.236.190:37743
I20260608 09:49:06.212294 31666 file_cache.cc:492] Constructed file cache file cache with capacity 419430
W20260608 09:49:06.219017  3229 instance_detector.cc:116] could not retrieve AWS instance metadata: Network error: curl error: HTTP response code said error: The requested URL returned error: 404
W20260608 09:49:06.219237  3232 instance_detector.cc:116] could not retrieve OpenStack instance metadata: Network error: curl error: HTTP response code said error: The requested URL returned error: 404
W20260608 09:49:06.218997  3230 instance_detector.cc:116] could not retrieve Azure instance metadata: Network error: curl error: HTTP response code said error: The requested URL returned error: 404
I20260608 09:49:06.220939 31666 server_base.cc:1061] running on GCE node
I20260608 09:49:06.221915 31666 hybrid_clock.cc:584] initializing the hybrid clock with 'system_unsync' time source
W20260608 09:49:06.222103 31666 system_unsync_time.cc:38] NTP support is disabled. Clock error bounds will not be accurate. This configuration is not suitable for distributed clusters.
I20260608 09:49:06.222292 31666 hybrid_clock.cc:648] HybridClock initialized: now 1780912146222273 us; error 0 us; skew 500 ppm
I20260608 09:49:06.222887 31666 server_base.cc:861] Flag tcmalloc_max_total_thread_cache_bytes is not working since tcmalloc is not enabled.
I20260608 09:49:06.225744 31666 webserver.cc:533] Webserver started at http://127.30.236.190:36381/ using document root <none> and password file <none>
I20260608 09:49:06.226305 31666 fs_manager.cc:362] Metadata directory not provided
I20260608 09:49:06.226518 31666 fs_manager.cc:368] Using write-ahead log directory (fs_wal_dir) as metadata directory
I20260608 09:49:06.226809 31666 server_base.cc:909] This appears to be a new deployment of Kudu; creating new FS layout
I20260608 09:49:06.228032 31666 fs_manager.cc:1068] Generated new instance metadata in path /tmp/dist-test-task0kflkA/test-tmp/auto_rebalancer-test.0.AutoRebalancerTest.NoReplicaMovesIfCannotFixPlacementPolicy.1780912036126812-31666-0/minicluster-data/master-0-root/instance:
uuid: "37418b290eb54384a4470f09f7268f48"
format_stamp: "Formatted at 2026-06-08 09:49:06 on dist-test-slave-74m6"
I20260608 09:49:06.233170 31666 fs_manager.cc:696] Time spent creating directory manager: real 0.004s	user 0.007s	sys 0.000s
I20260608 09:49:06.237063  3237 log_block_manager.cc:4031] Time spent loading block containers with low live blocks: real 0.000s	user 0.000s	sys 0.000s
I20260608 09:49:06.238044 31666 fs_manager.cc:730] Time spent opening block manager: real 0.003s	user 0.004s	sys 0.000s
I20260608 09:49:06.238301 31666 fs_manager.cc:647] Opened local filesystem: /tmp/dist-test-task0kflkA/test-tmp/auto_rebalancer-test.0.AutoRebalancerTest.NoReplicaMovesIfCannotFixPlacementPolicy.1780912036126812-31666-0/minicluster-data/master-0-root
uuid: "37418b290eb54384a4470f09f7268f48"
format_stamp: "Formatted at 2026-06-08 09:49:06 on dist-test-slave-74m6"
I20260608 09:49:06.238546 31666 fs_report.cc:389] FS layout report
--------------------
wal directory: /tmp/dist-test-task0kflkA/test-tmp/auto_rebalancer-test.0.AutoRebalancerTest.NoReplicaMovesIfCannotFixPlacementPolicy.1780912036126812-31666-0/minicluster-data/master-0-root
metadata directory: /tmp/dist-test-task0kflkA/test-tmp/auto_rebalancer-test.0.AutoRebalancerTest.NoReplicaMovesIfCannotFixPlacementPolicy.1780912036126812-31666-0/minicluster-data/master-0-root
1 data directories: /tmp/dist-test-task0kflkA/test-tmp/auto_rebalancer-test.0.AutoRebalancerTest.NoReplicaMovesIfCannotFixPlacementPolicy.1780912036126812-31666-0/minicluster-data/master-0-root/data
Total live blocks: 0
Total live bytes: 0
Total live bytes (after alignment): 0
Total number of LBM containers: 0 (0 full)
Did not check for missing blocks
Did not check for orphaned blocks
Total full LBM containers with extra space: 0 (0 repaired)
Total full LBM container extra space in bytes: 0 (0 repaired)
Total incomplete LBM containers: 0 (0 repaired)
Total LBM partial records: 0 (0 repaired)
Total corrupted LBM metadata records in RocksDB: 0 (0 repaired)
I20260608 09:49:06.251215 31666 rpc_server.cc:225] running with OpenSSL 1.1.1  11 Sep 2018
I20260608 09:49:06.252519 31666 kserver.cc:163] Server-wide thread pool size limit: 3276
I20260608 09:49:06.301816 31666 rpc_server.cc:307] RPC server started. Bound to: 127.30.236.190:37743
I20260608 09:49:06.301923  3288 acceptor_pool.cc:272] collecting diagnostics on the listening RPC socket 127.30.236.190:37743 every 8 connection(s)
I20260608 09:49:06.307356  3289 data_dirs.cc:400] Could only allocate 1 dirs of requested 3 for tablet 00000000000000000000000000000000. 1 dirs total, 0 dirs full, 0 dirs failed
I20260608 09:49:06.319252  3289 tablet_bootstrap.cc:492] T 00000000000000000000000000000000 P 37418b290eb54384a4470f09f7268f48: Bootstrap starting.
I20260608 09:49:06.324353  3289 tablet_bootstrap.cc:654] T 00000000000000000000000000000000 P 37418b290eb54384a4470f09f7268f48: Neither blocks nor log segments found. Creating new log.
I20260608 09:49:06.329144  3289 tablet_bootstrap.cc:492] T 00000000000000000000000000000000 P 37418b290eb54384a4470f09f7268f48: No bootstrap required, opened a new log
I20260608 09:49:06.331661  3289 raft_consensus.cc:359] T 00000000000000000000000000000000 P 37418b290eb54384a4470f09f7268f48 [term 0 FOLLOWER]: Replica starting. Triggering 0 pending ops. Active config: opid_index: -1 OBSOLETE_local: true peers { permanent_uuid: "37418b290eb54384a4470f09f7268f48" member_type: VOTER }
I20260608 09:49:06.332134  3289 raft_consensus.cc:385] T 00000000000000000000000000000000 P 37418b290eb54384a4470f09f7268f48 [term 0 FOLLOWER]: Consensus starting up: Expiring failure detector timer to make a prompt election more likely
I20260608 09:49:06.332405  3289 raft_consensus.cc:740] T 00000000000000000000000000000000 P 37418b290eb54384a4470f09f7268f48 [term 0 FOLLOWER]: Becoming Follower/Learner. State: Replica: 37418b290eb54384a4470f09f7268f48, State: Initialized, Role: FOLLOWER
I20260608 09:49:06.333139  3289 consensus_queue.cc:260] T 00000000000000000000000000000000 P 37418b290eb54384a4470f09f7268f48 [NON_LEADER]: Queue going to NON_LEADER mode. State: All replicated index: 0, Majority replicated index: 0, Committed index: 0, Last appended: 0.0, Last appended by leader: 0, Current term: 0, Majority size: -1, State: 0, Mode: NON_LEADER, active raft config: opid_index: -1 OBSOLETE_local: true peers { permanent_uuid: "37418b290eb54384a4470f09f7268f48" member_type: VOTER }
I20260608 09:49:06.333638  3289 raft_consensus.cc:399] T 00000000000000000000000000000000 P 37418b290eb54384a4470f09f7268f48 [term 0 FOLLOWER]: Only one voter in the Raft config. Triggering election immediately
I20260608 09:49:06.333873  3289 raft_consensus.cc:493] T 00000000000000000000000000000000 P 37418b290eb54384a4470f09f7268f48 [term 0 FOLLOWER]: Starting leader election (initial election of a single-replica configuration)
I20260608 09:49:06.334182  3289 raft_consensus.cc:3060] T 00000000000000000000000000000000 P 37418b290eb54384a4470f09f7268f48 [term 0 FOLLOWER]: Advancing to term 1
