I20260608 09:48:37.027508  1764 leader_election.cc:290] T 00000000000000000000000000000000 P dcd6d7f67b314abfaa2074896f4693e7 [CANDIDATE]: Term 1 election: Requested vote from peers 
I20260608 09:48:37.028213  1767 raft_consensus.cc:2804] T 00000000000000000000000000000000 P dcd6d7f67b314abfaa2074896f4693e7 [term 1 FOLLOWER]: Leader election won for term 1
I20260608 09:48:37.030063  1767 raft_consensus.cc:697] T 00000000000000000000000000000000 P dcd6d7f67b314abfaa2074896f4693e7 [term 1 LEADER]: Becoming Leader. State: Replica: dcd6d7f67b314abfaa2074896f4693e7, State: Running, Role: LEADER
I20260608 09:48:37.030889  1767 consensus_queue.cc:237] T 00000000000000000000000000000000 P dcd6d7f67b314abfaa2074896f4693e7 [LEADER]: Queue going to LEADER mode. State: All replicated index: 0, Majority replicated index: 0, Committed index: 0, Last appended: 0.0, Last appended by leader: 0, Current term: 1, Majority size: 1, State: 0, Mode: LEADER, active raft config: opid_index: -1 OBSOLETE_local: true peers { permanent_uuid: "dcd6d7f67b314abfaa2074896f4693e7" member_type: VOTER }
I20260608 09:48:37.031654  1764 sys_catalog.cc:565] T 00000000000000000000000000000000 P dcd6d7f67b314abfaa2074896f4693e7 [sys.catalog]: configured and running, proceeding with master startup.
I20260608 09:48:37.034463  1769 sys_catalog.cc:455] T 00000000000000000000000000000000 P dcd6d7f67b314abfaa2074896f4693e7 [sys.catalog]: SysCatalogTable state changed. Reason: New leader dcd6d7f67b314abfaa2074896f4693e7. Latest consensus state: current_term: 1 leader_uuid: "dcd6d7f67b314abfaa2074896f4693e7" committed_config { opid_index: -1 OBSOLETE_local: true peers { permanent_uuid: "dcd6d7f67b314abfaa2074896f4693e7" member_type: VOTER } }
I20260608 09:48:37.035171  1769 sys_catalog.cc:458] T 00000000000000000000000000000000 P dcd6d7f67b314abfaa2074896f4693e7 [sys.catalog]: This master's current role is: LEADER
I20260608 09:48:37.035454  1768 sys_catalog.cc:455] T 00000000000000000000000000000000 P dcd6d7f67b314abfaa2074896f4693e7 [sys.catalog]: SysCatalogTable state changed. Reason: RaftConsensus started. Latest consensus state: current_term: 1 leader_uuid: "dcd6d7f67b314abfaa2074896f4693e7" committed_config { opid_index: -1 OBSOLETE_local: true peers { permanent_uuid: "dcd6d7f67b314abfaa2074896f4693e7" member_type: VOTER } }
I20260608 09:48:37.036279  1768 sys_catalog.cc:458] T 00000000000000000000000000000000 P dcd6d7f67b314abfaa2074896f4693e7 [sys.catalog]: This master's current role is: LEADER
I20260608 09:48:37.040918  1772 catalog_manager.cc:1510] Loading table and tablet metadata into memory...
I20260608 09:48:37.049988  1772 catalog_manager.cc:1519] Initializing Kudu cluster ID...
I20260608 09:48:37.050992 31666 internal_mini_cluster.cc:184] Waiting to initialize catalog manager on master 0
I20260608 09:48:37.060837  1772 catalog_manager.cc:1382] Generated new cluster ID: e61a1cb366974ee39386573105ebbcf9
I20260608 09:48:37.061203  1772 catalog_manager.cc:1530] Initializing Kudu internal certificate authority...
I20260608 09:48:37.094763  1772 catalog_manager.cc:1405] Generated new certificate authority record
I20260608 09:48:37.096159  1772 catalog_manager.cc:1539] Loading token signing keys...
I20260608 09:48:37.108937  1772 catalog_manager.cc:6069] T 00000000000000000000000000000000 P dcd6d7f67b314abfaa2074896f4693e7: Generated new TSK 0
I20260608 09:48:37.109654  1772 catalog_manager.cc:1549] Initializing in-progress tserver states...
I20260608 09:48:37.118521 31666 file_cache.cc:492] Constructed file cache file cache with capacity 419430
W20260608 09:48:37.126222  1785 instance_detector.cc:116] could not retrieve AWS instance metadata: Network error: curl error: HTTP response code said error: The requested URL returned error: 404
W20260608 09:48:37.127238  1786 instance_detector.cc:116] could not retrieve Azure instance metadata: Network error: curl error: HTTP response code said error: The requested URL returned error: 404
W20260608 09:48:37.128736  1788 instance_detector.cc:116] could not retrieve OpenStack instance metadata: Network error: curl error: HTTP response code said error: The requested URL returned error: 404
I20260608 09:48:37.130092 31666 server_base.cc:1061] running on GCE node
I20260608 09:48:37.130952 31666 hybrid_clock.cc:584] initializing the hybrid clock with 'system_unsync' time source
W20260608 09:48:37.131167 31666 system_unsync_time.cc:38] NTP support is disabled. Clock error bounds will not be accurate. This configuration is not suitable for distributed clusters.
I20260608 09:48:37.131309 31666 hybrid_clock.cc:648] HybridClock initialized: now 1780912117131296 us; error 0 us; skew 500 ppm
I20260608 09:48:37.131896 31666 server_base.cc:861] Flag tcmalloc_max_total_thread_cache_bytes is not working since tcmalloc is not enabled.
I20260608 09:48:37.135407 31666 webserver.cc:533] Webserver started at http://127.30.236.129:35367/ using document root <none> and password file <none>
I20260608 09:48:37.136006 31666 fs_manager.cc:362] Metadata directory not provided
I20260608 09:48:37.136305 31666 fs_manager.cc:368] Using write-ahead log directory (fs_wal_dir) as metadata directory
I20260608 09:48:37.137025 31666 server_base.cc:909] This appears to be a new deployment of Kudu; creating new FS layout
I20260608 09:48:37.138353 31666 fs_manager.cc:1068] Generated new instance metadata in path /tmp/dist-test-task0kflkA/test-tmp/auto_rebalancer-test.0.AutoRebalancerTest.RangeAwareBuildClusterInfoGroupsByRange.1780912036126812-31666-0/minicluster-data/ts-0-root/instance:
uuid: "afb6311dee544031891549346008ace9"
format_stamp: "Formatted at 2026-06-08 09:48:37 on dist-test-slave-74m6"
I20260608 09:48:37.143656 31666 fs_manager.cc:696] Time spent creating directory manager: real 0.005s	user 0.003s	sys 0.003s
I20260608 09:48:37.148023  1793 log_block_manager.cc:4031] Time spent loading block containers with low live blocks: real 0.000s	user 0.000s	sys 0.000s
I20260608 09:48:37.149327 31666 fs_manager.cc:730] Time spent opening block manager: real 0.003s	user 0.003s	sys 0.000s
I20260608 09:48:37.149684 31666 fs_manager.cc:647] Opened local filesystem: /tmp/dist-test-task0kflkA/test-tmp/auto_rebalancer-test.0.AutoRebalancerTest.RangeAwareBuildClusterInfoGroupsByRange.1780912036126812-31666-0/minicluster-data/ts-0-root
uuid: "afb6311dee544031891549346008ace9"
format_stamp: "Formatted at 2026-06-08 09:48:37 on dist-test-slave-74m6"
I20260608 09:48:37.149973 31666 fs_report.cc:389] FS layout report
--------------------
wal directory: /tmp/dist-test-task0kflkA/test-tmp/auto_rebalancer-test.0.AutoRebalancerTest.RangeAwareBuildClusterInfoGroupsByRange.1780912036126812-31666-0/minicluster-data/ts-0-root
metadata directory: /tmp/dist-test-task0kflkA/test-tmp/auto_rebalancer-test.0.AutoRebalancerTest.RangeAwareBuildClusterInfoGroupsByRange.1780912036126812-31666-0/minicluster-data/ts-0-root
1 data directories: /tmp/dist-test-task0kflkA/test-tmp/auto_rebalancer-test.0.AutoRebalancerTest.RangeAwareBuildClusterInfoGroupsByRange.1780912036126812-31666-0/minicluster-data/ts-0-root/data
Total live blocks: 0
Total live bytes: 0
Total live bytes (after alignment): 0
Total number of LBM containers: 0 (0 full)
Did not check for missing blocks
Did not check for orphaned blocks
Total full LBM containers with extra space: 0 (0 repaired)
Total full LBM container extra space in bytes: 0 (0 repaired)
Total incomplete LBM containers: 0 (0 repaired)
Total LBM partial records: 0 (0 repaired)
Total corrupted LBM metadata records in RocksDB: 0 (0 repaired)
I20260608 09:48:37.165778 31666 rpc_server.cc:225] running with OpenSSL 1.1.1  11 Sep 2018
I20260608 09:48:37.167131 31666 kserver.cc:163] Server-wide thread pool size limit: 3276
I20260608 09:48:37.168871 31666 txn_system_client.cc:432] TxnSystemClient initialization is disabled...
I20260608 09:48:37.171443 31666 ts_tablet_manager.cc:585] Loaded tablet metadata (0 total tablets, 0 live tablets)
I20260608 09:48:37.171684 31666 ts_tablet_manager.cc:531] Time spent load tablet metadata: real 0.000s	user 0.000s	sys 0.000s
I20260608 09:48:37.171960 31666 ts_tablet_manager.cc:616] Registered 0 tablets
I20260608 09:48:37.172151 31666 ts_tablet_manager.cc:595] Time spent register tablets: real 0.000s	user 0.000s	sys 0.000s
I20260608 09:48:37.217813 31666 rpc_server.cc:307] RPC server started. Bound to: 127.30.236.129:33157
I20260608 09:48:37.217988  1855 acceptor_pool.cc:272] collecting diagnostics on the listening RPC socket 127.30.236.129:33157 every 8 connection(s)
I20260608 09:48:37.223438 31666 file_cache.cc:492] Constructed file cache file cache with capacity 419430
W20260608 09:48:37.232313  1861 instance_detector.cc:116] could not retrieve Azure instance metadata: Network error: curl error: HTTP response code said error: The requested URL returned error: 404
W20260608 09:48:37.234192  1860 instance_detector.cc:116] could not retrieve AWS instance metadata: Network error: curl error: HTTP response code said error: The requested URL returned error: 404
W20260608 09:48:37.235960  1863 instance_detector.cc:116] could not retrieve OpenStack instance metadata: Network error: curl error: HTTP response code said error: The requested URL returned error: 404
I20260608 09:48:37.236155 31666 server_base.cc:1061] running on GCE node
I20260608 09:48:37.237339 31666 hybrid_clock.cc:584] initializing the hybrid clock with 'system_unsync' time source
W20260608 09:48:37.237545 31666 system_unsync_time.cc:38] NTP support is disabled. Clock error bounds will not be accurate. This configuration is not suitable for distributed clusters.
I20260608 09:48:37.237686 31666 hybrid_clock.cc:648] HybridClock initialized: now 1780912117237675 us; error 0 us; skew 500 ppm
I20260608 09:48:37.238456 31666 server_base.cc:861] Flag tcmalloc_max_total_thread_cache_bytes is not working since tcmalloc is not enabled.
I20260608 09:48:37.241604 31666 webserver.cc:533] Webserver started at http://127.30.236.130:39635/ using document root <none> and password file <none>
I20260608 09:48:37.242251 31666 fs_manager.cc:362] Metadata directory not provided
I20260608 09:48:37.242512 31666 fs_manager.cc:368] Using write-ahead log directory (fs_wal_dir) as metadata directory
I20260608 09:48:37.242545  1856 heartbeater.cc:344] Connected to a master server at 127.30.236.190:43805
I20260608 09:48:37.242834 31666 server_base.cc:909] This appears to be a new deployment of Kudu; creating new FS layout
I20260608 09:48:37.243129  1856 heartbeater.cc:461] Registering TS with master...
I20260608 09:48:37.243973  1856 heartbeater.cc:507] Master 127.30.236.190:43805 requested a full tablet report, sending...
I20260608 09:48:37.244500 31666 fs_manager.cc:1068] Generated new instance metadata in path /tmp/dist-test-task0kflkA/test-tmp/auto_rebalancer-test.0.AutoRebalancerTest.RangeAwareBuildClusterInfoGroupsByRange.1780912036126812-31666-0/minicluster-data/ts-1-root/instance:
uuid: "ecac903243414caa9a7d1fbe3b1651b8"
format_stamp: "Formatted at 2026-06-08 09:48:37 on dist-test-slave-74m6"
I20260608 09:48:37.246639  1729 ts_manager.cc:194] Registered new tserver with Master: afb6311dee544031891549346008ace9 (127.30.236.129:33157)
I20260608 09:48:37.248684  1729 master_service.cc:502] Signed X509 certificate for tserver {username='slave'} at 127.0.0.1:57470
I20260608 09:48:37.250315 31666 fs_manager.cc:696] Time spent creating directory manager: real 0.005s	user 0.004s	sys 0.000s
I20260608 09:48:37.254676  1868 log_block_manager.cc:4031] Time spent loading block containers with low live blocks: real 0.000s	user 0.000s	sys 0.000s
I20260608 09:48:37.255646 31666 fs_manager.cc:730] Time spent opening block manager: real 0.003s	user 0.001s	sys 0.000s
I20260608 09:48:37.255970 31666 fs_manager.cc:647] Opened local filesystem: /tmp/dist-test-task0kflkA/test-tmp/auto_rebalancer-test.0.AutoRebalancerTest.RangeAwareBuildClusterInfoGroupsByRange.1780912036126812-31666-0/minicluster-data/ts-1-root
uuid: "ecac903243414caa9a7d1fbe3b1651b8"
format_stamp: "Formatted at 2026-06-08 09:48:37 on dist-test-slave-74m6"
I20260608 09:48:37.256275 31666 fs_report.cc:389] FS layout report
--------------------
wal directory: /tmp/dist-test-task0kflkA/test-tmp/auto_rebalancer-test.0.AutoRebalancerTest.RangeAwareBuildClusterInfoGroupsByRange.1780912036126812-31666-0/minicluster-data/ts-1-root
metadata directory: /tmp/dist-test-task0kflkA/test-tmp/auto_rebalancer-test.0.AutoRebalancerTest.RangeAwareBuildClusterInfoGroupsByRange.1780912036126812-31666-0/minicluster-data/ts-1-root
1 data directories: /tmp/dist-test-task0kflkA/test-tmp/auto_rebalancer-test.0.AutoRebalancerTest.RangeAwareBuildClusterInfoGroupsByRange.1780912036126812-31666-0/minicluster-data/ts-1-root/data
Total live blocks: 0
Total live bytes: 0
Total live bytes (after alignment): 0
Total number of LBM containers: 0 (0 full)
Did not check for missing blocks
Did not check for orphaned blocks
Total full LBM containers with extra space: 0 (0 repaired)
Total full LBM container extra space in bytes: 0 (0 repaired)
Total incomplete LBM containers: 0 (0 repaired)
Total LBM partial records: 0 (0 repaired)
Total corrupted LBM metadata records in RocksDB: 0 (0 repaired)
I20260608 09:48:37.279721 31666 rpc_server.cc:225] running with OpenSSL 1.1.1  11 Sep 2018
I20260608 09:48:37.281112 31666 kserver.cc:163] Server-wide thread pool size limit: 3276
I20260608 09:48:37.282680 31666 txn_system_client.cc:432] TxnSystemClient initialization is disabled...
I20260608 09:48:37.285154 31666 ts_tablet_manager.cc:585] Loaded tablet metadata (0 total tablets, 0 live tablets)
I20260608 09:48:37.285396 31666 ts_tablet_manager.cc:531] Time spent load tablet metadata: real 0.000s	user 0.000s	sys 0.000s
I20260608 09:48:37.285645 31666 ts_tablet_manager.cc:616] Registered 0 tablets
I20260608 09:48:37.285833 31666 ts_tablet_manager.cc:595] Time spent register tablets: real 0.000s	user 0.000s	sys 0.000s
I20260608 09:48:37.329006 31666 rpc_server.cc:307] RPC server started. Bound to: 127.30.236.130:43695
I20260608 09:48:37.329134  1930 acceptor_pool.cc:272] collecting diagnostics on the listening RPC socket 127.30.236.130:43695 every 8 connection(s)
I20260608 09:48:37.335567 31666 file_cache.cc:492] Constructed file cache file cache with capacity 419430
W20260608 09:48:37.344666  1934 instance_detector.cc:116] could not retrieve AWS instance metadata: Network error: curl error: HTTP response code said error: The requested URL returned error: 404
W20260608 09:48:37.346549  1935 instance_detector.cc:116] could not retrieve Azure instance metadata: Network error: curl error: HTTP response code said error: The requested URL returned error: 404
I20260608 09:48:37.349928 31666 server_base.cc:1061] running on GCE node
W20260608 09:48:37.350330  1937 instance_detector.cc:116] could not retrieve OpenStack instance metadata: Network error: curl error: HTTP response code said error: The requested URL returned error: 404
I20260608 09:48:37.351542 31666 hybrid_clock.cc:584] initializing the hybrid clock with 'system_unsync' time source
W20260608 09:48:37.351869 31666 system_unsync_time.cc:38] NTP support is disabled. Clock error bounds will not be accurate. This configuration is not suitable for distributed clusters.
I20260608 09:48:37.351709  1931 heartbeater.cc:344] Connected to a master server at 127.30.236.190:43805
I20260608 09:48:37.352150 31666 hybrid_clock.cc:648] HybridClock initialized: now 1780912117352133 us; error 0 us; skew 500 ppm
I20260608 09:48:37.352430  1931 heartbeater.cc:461] Registering TS with master...
I20260608 09:48:37.353056 31666 server_base.cc:861] Flag tcmalloc_max_total_thread_cache_bytes is not working since tcmalloc is not enabled.
I20260608 09:48:37.353399  1931 heartbeater.cc:507] Master 127.30.236.190:43805 requested a full tablet report, sending...
I20260608 09:48:37.355934  1729 ts_manager.cc:194] Registered new tserver with Master: ecac903243414caa9a7d1fbe3b1651b8 (127.30.236.130:43695)
I20260608 09:48:37.356735 31666 webserver.cc:533] Webserver started at http://127.30.236.131:43069/ using document root <none> and password file <none>
I20260608 09:48:37.357561 31666 fs_manager.cc:362] Metadata directory not provided
I20260608 09:48:37.357787 31666 fs_manager.cc:368] Using write-ahead log directory (fs_wal_dir) as metadata directory
I20260608 09:48:37.357884  1729 master_service.cc:502] Signed X509 certificate for tserver {username='slave'} at 127.0.0.1:57480
I20260608 09:48:37.358108 31666 server_base.cc:909] This appears to be a new deployment of Kudu; creating new FS layout
I20260608 09:48:37.359803 31666 fs_manager.cc:1068] Generated new instance metadata in path /tmp/dist-test-task0kflkA/test-tmp/auto_rebalancer-test.0.AutoRebalancerTest.RangeAwareBuildClusterInfoGroupsByRange.1780912036126812-31666-0/minicluster-data/ts-2-root/instance:
uuid: "b312db34781940f9978ad8aa26bdb7fd"
format_stamp: "Formatted at 2026-06-08 09:48:37 on dist-test-slave-74m6"
I20260608 09:48:37.365979 31666 fs_manager.cc:696] Time spent creating directory manager: real 0.006s	user 0.001s	sys 0.006s
I20260608 09:48:37.370795  1942 log_block_manager.cc:4031] Time spent loading block containers with low live blocks: real 0.000s	user 0.000s	sys 0.000s
I20260608 09:48:37.371950 31666 fs_manager.cc:730] Time spent opening block manager: real 0.004s	user 0.003s	sys 0.001s
I20260608 09:48:37.372252 31666 fs_manager.cc:647] Opened local filesystem: /tmp/dist-test-task0kflkA/test-tmp/auto_rebalancer-test.0.AutoRebalancerTest.RangeAwareBuildClusterInfoGroupsByRange.1780912036126812-31666-0/minicluster-data/ts-2-root
uuid: "b312db34781940f9978ad8aa26bdb7fd"
format_stamp: "Formatted at 2026-06-08 09:48:37 on dist-test-slave-74m6"
I20260608 09:48:37.372525 31666 fs_report.cc:389] FS layout report
--------------------
wal directory: /tmp/dist-test-task0kflkA/test-tmp/auto_rebalancer-test.0.AutoRebalancerTest.RangeAwareBuildClusterInfoGroupsByRange.1780912036126812-31666-0/minicluster-data/ts-2-root
metadata directory: /tmp/dist-test-task0kflkA/test-tmp/auto_rebalancer-test.0.AutoRebalancerTest.RangeAwareBuildClusterInfoGroupsByRange.1780912036126812-31666-0/minicluster-data/ts-2-root
1 data directories: /tmp/dist-test-task0kflkA/test-tmp/auto_rebalancer-test.0.AutoRebalancerTest.RangeAwareBuildClusterInfoGroupsByRange.1780912036126812-31666-0/minicluster-data/ts-2-root/data
Total live blocks: 0
Total live bytes: 0
Total live bytes (after alignment): 0
Total number of LBM containers: 0 (0 full)
Did not check for missing blocks
Did not check for orphaned blocks
Total full LBM containers with extra space: 0 (0 repaired)
Total full LBM container extra space in bytes: 0 (0 repaired)
Total incomplete LBM containers: 0 (0 repaired)
Total LBM partial records: 0 (0 repaired)
Total corrupted LBM metadata records in RocksDB: 0 (0 repaired)
I20260608 09:48:37.399201 31666 rpc_server.cc:225] running with OpenSSL 1.1.1  11 Sep 2018
I20260608 09:48:37.400640 31666 kserver.cc:163] Server-wide thread pool size limit: 3276
I20260608 09:48:37.402328 31666 txn_system_client.cc:432] TxnSystemClient initialization is disabled...
I20260608 09:48:37.404997 31666 ts_tablet_manager.cc:585] Loaded tablet metadata (0 total tablets, 0 live tablets)
I20260608 09:48:37.405210 31666 ts_tablet_manager.cc:531] Time spent load tablet metadata: real 0.000s	user 0.000s	sys 0.000s
I20260608 09:48:37.405521 31666 ts_tablet_manager.cc:616] Registered 0 tablets
I20260608 09:48:37.405745 31666 ts_tablet_manager.cc:595] Time spent register tablets: real 0.000s	user 0.000s	sys 0.000s
I20260608 09:48:37.453709 31666 rpc_server.cc:307] RPC server started. Bound to: 127.30.236.131:44371
I20260608 09:48:37.453830  2004 acceptor_pool.cc:272] collecting diagnostics on the listening RPC socket 127.30.236.131:44371 every 8 connection(s)
I20260608 09:48:37.470798  2005 heartbeater.cc:344] Connected to a master server at 127.30.236.190:43805
I20260608 09:48:37.471344  2005 heartbeater.cc:461] Registering TS with master...
I20260608 09:48:37.472304  2005 heartbeater.cc:507] Master 127.30.236.190:43805 requested a full tablet report, sending...
I20260608 09:48:37.474819  1729 ts_manager.cc:194] Registered new tserver with Master: b312db34781940f9978ad8aa26bdb7fd (127.30.236.131:44371)
I20260608 09:48:37.474988 31666 internal_mini_cluster.cc:371] 3 TS(s) registered with all masters after 0.017107226s
I20260608 09:48:37.476833  1729 master_service.cc:502] Signed X509 certificate for tserver {username='slave'} at 127.0.0.1:57490
I20260608 09:48:38.252140  1856 heartbeater.cc:499] Master 127.30.236.190:43805 was elected leader, sending a full tablet report...
I20260608 09:48:38.361490  1931 heartbeater.cc:499] Master 127.30.236.190:43805 was elected leader, sending a full tablet report...
I20260608 09:48:38.480034  2005 heartbeater.cc:499] Master 127.30.236.190:43805 was elected leader, sending a full tablet report...
I20260608 09:48:38.536123  1729 catalog_manager.cc:2282] Servicing CreateTable request from {username='slave'} at 127.0.0.1:57506:
name: "range_aware_auto_rebalancer_test"
schema {
  columns {
    name: "key"
    type: INT32
    is_key: true
    is_nullable: false
    encoding: AUTO_ENCODING
    compression: DEFAULT_COMPRESSION
    cfile_block_size: 0
    immutable: false
  }
}
num_replicas: 3
split_rows_range_bounds {
  rows: "\006\001\000\000\000\000\007\001\n\000\000\000\006\001\n\000\000\000\007\001\024\000\000\000""\006\001\000\000\000\000\007\001\n\000\000\000\006\001\n\000\000\000\007\001\024\000\000\000"
  indirect_data: """"
}
partition_schema {
  hash_schema {
    columns {
      name: "key"
    }
    num_buckets: 2
    seed: 0
  }
  range_schema {
    columns {
      name: "key"
    }
  }
}
W20260608 09:48:38.538977  1729 catalog_manager.cc:7076] The number of live tablet servers is not enough to re-replicate a tablet replica of the newly created table range_aware_auto_rebalancer_test in case of a server failure: 4 tablet servers would be needed, 3 are available. Consider bringing up more tablet servers.
I20260608 09:48:38.605484  1896 tablet_service.cc:1511] Processing CreateTablet for tablet 37f3b2b5c61c46b084f38ffe6f010806 (DEFAULT_TABLE table=range_aware_auto_rebalancer_test [id=eb360fb48c614db89140b6b3046c8ac2]), partition=HASH (key) PARTITION 0, RANGE (key) PARTITION 0 <= VALUES < 10
I20260608 09:48:38.607910  1896 data_dirs.cc:400] Could only allocate 1 dirs of requested 3 for tablet 37f3b2b5c61c46b084f38ffe6f010806. 1 dirs total, 0 dirs full, 0 dirs failed
I20260608 09:48:38.609130  1895 tablet_service.cc:1511] Processing CreateTablet for tablet 00839bbe0b0a4e08a26226ba44f4eb83 (DEFAULT_TABLE table=range_aware_auto_rebalancer_test [id=eb360fb48c614db89140b6b3046c8ac2]), partition=HASH (key) PARTITION 0, RANGE (key) PARTITION 10 <= VALUES < 20
I20260608 09:48:38.609968  1821 tablet_service.cc:1511] Processing CreateTablet for tablet 37f3b2b5c61c46b084f38ffe6f010806 (DEFAULT_TABLE table=range_aware_auto_rebalancer_test [id=eb360fb48c614db89140b6b3046c8ac2]), partition=HASH (key) PARTITION 0, RANGE (key) PARTITION 0 <= VALUES < 10
I20260608 09:48:38.610806  1895 data_dirs.cc:400] Could only allocate 1 dirs of requested 3 for tablet 00839bbe0b0a4e08a26226ba44f4eb83. 1 dirs total, 0 dirs full, 0 dirs failed
I20260608 09:48:38.610342  1820 tablet_service.cc:1511] Processing CreateTablet for tablet 00839bbe0b0a4e08a26226ba44f4eb83 (DEFAULT_TABLE table=range_aware_auto_rebalancer_test [id=eb360fb48c614db89140b6b3046c8ac2]), partition=HASH (key) PARTITION 0, RANGE (key) PARTITION 10 <= VALUES < 20
I20260608 09:48:38.611630  1821 data_dirs.cc:400] Could only allocate 1 dirs of requested 3 for tablet 37f3b2b5c61c46b084f38ffe6f010806. 1 dirs total, 0 dirs full, 0 dirs failed
I20260608 09:48:38.612380  1820 data_dirs.cc:400] Could only allocate 1 dirs of requested 3 for tablet 00839bbe0b0a4e08a26226ba44f4eb83. 1 dirs total, 0 dirs full, 0 dirs failed
I20260608 09:48:38.621208  1894 tablet_service.cc:1511] Processing CreateTablet for tablet 094163b885244a169cb092928b84b84c (DEFAULT_TABLE table=range_aware_auto_rebalancer_test [id=eb360fb48c614db89140b6b3046c8ac2]), partition=HASH (key) PARTITION 1, RANGE (key) PARTITION 0 <= VALUES < 10
I20260608 09:48:38.621659  1819 tablet_service.cc:1511] Processing CreateTablet for tablet 094163b885244a169cb092928b84b84c (DEFAULT_TABLE table=range_aware_auto_rebalancer_test [id=eb360fb48c614db89140b6b3046c8ac2]), partition=HASH (key) PARTITION 1, RANGE (key) PARTITION 0 <= VALUES < 10
I20260608 09:48:38.622911  1894 data_dirs.cc:400] Could only allocate 1 dirs of requested 3 for tablet 094163b885244a169cb092928b84b84c. 1 dirs total, 0 dirs full, 0 dirs failed
I20260608 09:48:38.623235  1819 data_dirs.cc:400] Could only allocate 1 dirs of requested 3 for tablet 094163b885244a169cb092928b84b84c. 1 dirs total, 0 dirs full, 0 dirs failed
I20260608 09:48:38.638705  1818 tablet_service.cc:1511] Processing CreateTablet for tablet 74c9bc1fa8284cce88dcf4fb03ae75ed (DEFAULT_TABLE table=range_aware_auto_rebalancer_test [id=eb360fb48c614db89140b6b3046c8ac2]), partition=HASH (key) PARTITION 1, RANGE (key) PARTITION 10 <= VALUES < 20
I20260608 09:48:38.640486  1818 data_dirs.cc:400] Could only allocate 1 dirs of requested 3 for tablet 74c9bc1fa8284cce88dcf4fb03ae75ed. 1 dirs total, 0 dirs full, 0 dirs failed
I20260608 09:48:38.638362  1893 tablet_service.cc:1511] Processing CreateTablet for tablet 74c9bc1fa8284cce88dcf4fb03ae75ed (DEFAULT_TABLE table=range_aware_auto_rebalancer_test [id=eb360fb48c614db89140b6b3046c8ac2]), partition=HASH (key) PARTITION 1, RANGE (key) PARTITION 10 <= VALUES < 20
I20260608 09:48:38.642340  1893 data_dirs.cc:400] Could only allocate 1 dirs of requested 3 for tablet 74c9bc1fa8284cce88dcf4fb03ae75ed. 1 dirs total, 0 dirs full, 0 dirs failed
I20260608 09:48:38.662330  2025 tablet_bootstrap.cc:492] T 37f3b2b5c61c46b084f38ffe6f010806 P ecac903243414caa9a7d1fbe3b1651b8: Bootstrap starting.
I20260608 09:48:38.666640  1970 tablet_service.cc:1511] Processing CreateTablet for tablet 37f3b2b5c61c46b084f38ffe6f010806 (DEFAULT_TABLE table=range_aware_auto_rebalancer_test [id=eb360fb48c614db89140b6b3046c8ac2]), partition=HASH (key) PARTITION 0, RANGE (key) PARTITION 0 <= VALUES < 10
I20260608 09:48:38.669008  2024 tablet_bootstrap.cc:492] T 37f3b2b5c61c46b084f38ffe6f010806 P afb6311dee544031891549346008ace9: Bootstrap starting.
I20260608 09:48:38.670042  1970 data_dirs.cc:400] Could only allocate 1 dirs of requested 3 for tablet 37f3b2b5c61c46b084f38ffe6f010806. 1 dirs total, 0 dirs full, 0 dirs failed
I20260608 09:48:38.678714  2024 tablet_bootstrap.cc:654] T 37f3b2b5c61c46b084f38ffe6f010806 P afb6311dee544031891549346008ace9: Neither blocks nor log segments found. Creating new log.
I20260608 09:48:38.679642  1969 tablet_service.cc:1511] Processing CreateTablet for tablet 00839bbe0b0a4e08a26226ba44f4eb83 (DEFAULT_TABLE table=range_aware_auto_rebalancer_test [id=eb360fb48c614db89140b6b3046c8ac2]), partition=HASH (key) PARTITION 0, RANGE (key) PARTITION 10 <= VALUES < 20
I20260608 09:48:38.681318  1969 data_dirs.cc:400] Could only allocate 1 dirs of requested 3 for tablet 00839bbe0b0a4e08a26226ba44f4eb83. 1 dirs total, 0 dirs full, 0 dirs failed
I20260608 09:48:38.681033  1967 tablet_service.cc:1511] Processing CreateTablet for tablet 74c9bc1fa8284cce88dcf4fb03ae75ed (DEFAULT_TABLE table=range_aware_auto_rebalancer_test [id=eb360fb48c614db89140b6b3046c8ac2]), partition=HASH (key) PARTITION 1, RANGE (key) PARTITION 10 <= VALUES < 20
I20260608 09:48:38.682613  1967 data_dirs.cc:400] Could only allocate 1 dirs of requested 3 for tablet 74c9bc1fa8284cce88dcf4fb03ae75ed. 1 dirs total, 0 dirs full, 0 dirs failed
I20260608 09:48:38.683894  1968 tablet_service.cc:1511] Processing CreateTablet for tablet 094163b885244a169cb092928b84b84c (DEFAULT_TABLE table=range_aware_auto_rebalancer_test [id=eb360fb48c614db89140b6b3046c8ac2]), partition=HASH (key) PARTITION 1, RANGE (key) PARTITION 0 <= VALUES < 10
I20260608 09:48:38.685460  1968 data_dirs.cc:400] Could only allocate 1 dirs of requested 3 for tablet 094163b885244a169cb092928b84b84c. 1 dirs total, 0 dirs full, 0 dirs failed
I20260608 09:48:38.699571  2024 tablet_bootstrap.cc:492] T 37f3b2b5c61c46b084f38ffe6f010806 P afb6311dee544031891549346008ace9: No bootstrap required, opened a new log
I20260608 09:48:38.700346  2024 ts_tablet_manager.cc:1403] T 37f3b2b5c61c46b084f38ffe6f010806 P afb6311dee544031891549346008ace9: Time spent bootstrapping tablet: real 0.032s	user 0.010s	sys 0.015s
I20260608 09:48:38.679638  2025 tablet_bootstrap.cc:654] T 37f3b2b5c61c46b084f38ffe6f010806 P ecac903243414caa9a7d1fbe3b1651b8: Neither blocks nor log segments found. Creating new log.
I20260608 09:48:38.709235  2027 tablet_bootstrap.cc:492] T 37f3b2b5c61c46b084f38ffe6f010806 P b312db34781940f9978ad8aa26bdb7fd: Bootstrap starting.
I20260608 09:48:38.708756  2024 raft_consensus.cc:359] T 37f3b2b5c61c46b084f38ffe6f010806 P afb6311dee544031891549346008ace9 [term 0 FOLLOWER]: Replica starting. Triggering 0 pending ops. Active config: opid_index: -1 OBSOLETE_local: false peers { permanent_uuid: "ecac903243414caa9a7d1fbe3b1651b8" member_type: VOTER last_known_addr { host: "127.30.236.130" port: 43695 } } peers { permanent_uuid: "afb6311dee544031891549346008ace9" member_type: VOTER last_known_addr { host: "127.30.236.129" port: 33157 } } peers { permanent_uuid: "b312db34781940f9978ad8aa26bdb7fd" member_type: VOTER last_known_addr { host: "127.30.236.131" port: 44371 } }
I20260608 09:48:38.711328  2024 raft_consensus.cc:385] T 37f3b2b5c61c46b084f38ffe6f010806 P afb6311dee544031891549346008ace9 [term 0 FOLLOWER]: Consensus starting up: Expiring failure detector timer to make a prompt election more likely
I20260608 09:48:38.711997  2024 raft_consensus.cc:740] T 37f3b2b5c61c46b084f38ffe6f010806 P afb6311dee544031891549346008ace9 [term 0 FOLLOWER]: Becoming Follower/Learner. State: Replica: afb6311dee544031891549346008ace9, State: Initialized, Role: FOLLOWER
I20260608 09:48:38.713088  2024 consensus_queue.cc:260] T 37f3b2b5c61c46b084f38ffe6f010806 P afb6311dee544031891549346008ace9 [NON_LEADER]: Queue going to NON_LEADER mode. State: All replicated index: 0, Majority replicated index: 0, Committed index: 0, Last appended: 0.0, Last appended by leader: 0, Current term: 0, Majority size: -1, State: 0, Mode: NON_LEADER, active raft config: opid_index: -1 OBSOLETE_local: false peers { permanent_uuid: "ecac903243414caa9a7d1fbe3b1651b8" member_type: VOTER last_known_addr { host: "127.30.236.130" port: 43695 } } peers { permanent_uuid: "afb6311dee544031891549346008ace9" member_type: VOTER last_known_addr { host: "127.30.236.129" port: 33157 } } peers { permanent_uuid: "b312db34781940f9978ad8aa26bdb7fd" member_type: VOTER last_known_addr { host: "127.30.236.131" port: 44371 } }
I20260608 09:48:38.715020  2025 tablet_bootstrap.cc:492] T 37f3b2b5c61c46b084f38ffe6f010806 P ecac903243414caa9a7d1fbe3b1651b8: No bootstrap required, opened a new log
I20260608 09:48:38.715680  2025 ts_tablet_manager.cc:1403] T 37f3b2b5c61c46b084f38ffe6f010806 P ecac903243414caa9a7d1fbe3b1651b8: Time spent bootstrapping tablet: real 0.054s	user 0.013s	sys 0.000s
I20260608 09:48:38.718326  2025 raft_consensus.cc:359] T 37f3b2b5c61c46b084f38ffe6f010806 P ecac903243414caa9a7d1fbe3b1651b8 [term 0 FOLLOWER]: Replica starting. Triggering 0 pending ops. Active config: opid_index: -1 OBSOLETE_local: false peers { permanent_uuid: "ecac903243414caa9a7d1fbe3b1651b8" member_type: VOTER last_known_addr { host: "127.30.236.130" port: 43695 } } peers { permanent_uuid: "afb6311dee544031891549346008ace9" member_type: VOTER last_known_addr { host: "127.30.236.129" port: 33157 } } peers { permanent_uuid: "b312db34781940f9978ad8aa26bdb7fd" member_type: VOTER last_known_addr { host: "127.30.236.131" port: 44371 } }
I20260608 09:48:38.719388  2027 tablet_bootstrap.cc:654] T 37f3b2b5c61c46b084f38ffe6f010806 P b312db34781940f9978ad8aa26bdb7fd: Neither blocks nor log segments found. Creating new log.
I20260608 09:48:38.719256  2025 raft_consensus.cc:385] T 37f3b2b5c61c46b084f38ffe6f010806 P ecac903243414caa9a7d1fbe3b1651b8 [term 0 FOLLOWER]: Consensus starting up: Expiring failure detector timer to make a prompt election more likely
I20260608 09:48:38.720075  2025 raft_consensus.cc:740] T 37f3b2b5c61c46b084f38ffe6f010806 P ecac903243414caa9a7d1fbe3b1651b8 [term 0 FOLLOWER]: Becoming Follower/Learner. State: Replica: ecac903243414caa9a7d1fbe3b1651b8, State: Initialized, Role: FOLLOWER
I20260608 09:48:38.721202  2025 consensus_queue.cc:260] T 37f3b2b5c61c46b084f38ffe6f010806 P ecac903243414caa9a7d1fbe3b1651b8 [NON_LEADER]: Queue going to NON_LEADER mode. State: All replicated index: 0, Majority replicated index: 0, Committed index: 0, Last appended: 0.0, Last appended by leader: 0, Current term: 0, Majority size: -1, State: 0, Mode: NON_LEADER, active raft config: opid_index: -1 OBSOLETE_local: false peers { permanent_uuid: "ecac903243414caa9a7d1fbe3b1651b8" member_type: VOTER last_known_addr { host: "127.30.236.130" port: 43695 } } peers { permanent_uuid: "afb6311dee544031891549346008ace9" member_type: VOTER last_known_addr { host: "127.30.236.129" port: 33157 } } peers { permanent_uuid: "b312db34781940f9978ad8aa26bdb7fd" member_type: VOTER last_known_addr { host: "127.30.236.131" port: 44371 } }
I20260608 09:48:38.724567  2025 ts_tablet_manager.cc:1434] T 37f3b2b5c61c46b084f38ffe6f010806 P ecac903243414caa9a7d1fbe3b1651b8: Time spent starting tablet: real 0.009s	user 0.007s	sys 0.000s
I20260608 09:48:38.725293  2024 ts_tablet_manager.cc:1434] T 37f3b2b5c61c46b084f38ffe6f010806 P afb6311dee544031891549346008ace9: Time spent starting tablet: real 0.024s	user 0.010s	sys 0.000s
I20260608 09:48:38.725993  2025 tablet_bootstrap.cc:492] T 74c9bc1fa8284cce88dcf4fb03ae75ed P ecac903243414caa9a7d1fbe3b1651b8: Bootstrap starting.
I20260608 09:48:38.726473  2024 tablet_bootstrap.cc:492] T 094163b885244a169cb092928b84b84c P afb6311dee544031891549346008ace9: Bootstrap starting.
I20260608 09:48:38.734077  2024 tablet_bootstrap.cc:654] T 094163b885244a169cb092928b84b84c P afb6311dee544031891549346008ace9: Neither blocks nor log segments found. Creating new log.
I20260608 09:48:38.743651  2024 tablet_bootstrap.cc:492] T 094163b885244a169cb092928b84b84c P afb6311dee544031891549346008ace9: No bootstrap required, opened a new log
I20260608 09:48:38.744262  2024 ts_tablet_manager.cc:1403] T 094163b885244a169cb092928b84b84c P afb6311dee544031891549346008ace9: Time spent bootstrapping tablet: real 0.018s	user 0.012s	sys 0.002s
I20260608 09:48:38.744792  2025 tablet_bootstrap.cc:654] T 74c9bc1fa8284cce88dcf4fb03ae75ed P ecac903243414caa9a7d1fbe3b1651b8: Neither blocks nor log segments found. Creating new log.
I20260608 09:48:38.746181  2027 tablet_bootstrap.cc:492] T 37f3b2b5c61c46b084f38ffe6f010806 P b312db34781940f9978ad8aa26bdb7fd: No bootstrap required, opened a new log
I20260608 09:48:38.746766  2027 ts_tablet_manager.cc:1403] T 37f3b2b5c61c46b084f38ffe6f010806 P b312db34781940f9978ad8aa26bdb7fd: Time spent bootstrapping tablet: real 0.038s	user 0.015s	sys 0.015s
I20260608 09:48:38.747804  2024 raft_consensus.cc:359] T 094163b885244a169cb092928b84b84c P afb6311dee544031891549346008ace9 [term 0 FOLLOWER]: Replica starting. Triggering 0 pending ops. Active config: opid_index: -1 OBSOLETE_local: false peers { permanent_uuid: "afb6311dee544031891549346008ace9" member_type: VOTER last_known_addr { host: "127.30.236.129" port: 33157 } } peers { permanent_uuid: "ecac903243414caa9a7d1fbe3b1651b8" member_type: VOTER last_known_addr { host: "127.30.236.130" port: 43695 } } peers { permanent_uuid: "b312db34781940f9978ad8aa26bdb7fd" member_type: VOTER last_known_addr { host: "127.30.236.131" port: 44371 } }
I20260608 09:48:38.748725  2024 raft_consensus.cc:385] T 094163b885244a169cb092928b84b84c P afb6311dee544031891549346008ace9 [term 0 FOLLOWER]: Consensus starting up: Expiring failure detector timer to make a prompt election more likely
I20260608 09:48:38.749114  2024 raft_consensus.cc:740] T 094163b885244a169cb092928b84b84c P afb6311dee544031891549346008ace9 [term 0 FOLLOWER]: Becoming Follower/Learner. State: Replica: afb6311dee544031891549346008ace9, State: Initialized, Role: FOLLOWER
I20260608 09:48:38.750173  2025 tablet_bootstrap.cc:492] T 74c9bc1fa8284cce88dcf4fb03ae75ed P ecac903243414caa9a7d1fbe3b1651b8: No bootstrap required, opened a new log
I20260608 09:48:38.750012  2024 consensus_queue.cc:260] T 094163b885244a169cb092928b84b84c P afb6311dee544031891549346008ace9 [NON_LEADER]: Queue going to NON_LEADER mode. State: All replicated index: 0, Majority replicated index: 0, Committed index: 0, Last appended: 0.0, Last appended by leader: 0, Current term: 0, Majority size: -1, State: 0, Mode: NON_LEADER, active raft config: opid_index: -1 OBSOLETE_local: false peers { permanent_uuid: "afb6311dee544031891549346008ace9" member_type: VOTER last_known_addr { host: "127.30.236.129" port: 33157 } } peers { permanent_uuid: "ecac903243414caa9a7d1fbe3b1651b8" member_type: VOTER last_known_addr { host: "127.30.236.130" port: 43695 } } peers { permanent_uuid: "b312db34781940f9978ad8aa26bdb7fd" member_type: VOTER last_known_addr { host: "127.30.236.131" port: 44371 } }
I20260608 09:48:38.750734  2025 ts_tablet_manager.cc:1403] T 74c9bc1fa8284cce88dcf4fb03ae75ed P ecac903243414caa9a7d1fbe3b1651b8: Time spent bootstrapping tablet: real 0.025s	user 0.011s	sys 0.000s
I20260608 09:48:38.750253  2027 raft_consensus.cc:359] T 37f3b2b5c61c46b084f38ffe6f010806 P b312db34781940f9978ad8aa26bdb7fd [term 0 FOLLOWER]: Replica starting. Triggering 0 pending ops. Active config: opid_index: -1 OBSOLETE_local: false peers { permanent_uuid: "ecac903243414caa9a7d1fbe3b1651b8" member_type: VOTER last_known_addr { host: "127.30.236.130" port: 43695 } } peers { permanent_uuid: "afb6311dee544031891549346008ace9" member_type: VOTER last_known_addr { host: "127.30.236.129" port: 33157 } } peers { permanent_uuid: "b312db34781940f9978ad8aa26bdb7fd" member_type: VOTER last_known_addr { host: "127.30.236.131" port: 44371 } }
I20260608 09:48:38.751433  2027 raft_consensus.cc:385] T 37f3b2b5c61c46b084f38ffe6f010806 P b312db34781940f9978ad8aa26bdb7fd [term 0 FOLLOWER]: Consensus starting up: Expiring failure detector timer to make a prompt election more likely
I20260608 09:48:38.752005  2027 raft_consensus.cc:740] T 37f3b2b5c61c46b084f38ffe6f010806 P b312db34781940f9978ad8aa26bdb7fd [term 0 FOLLOWER]: Becoming Follower/Learner. State: Replica: b312db34781940f9978ad8aa26bdb7fd, State: Initialized, Role: FOLLOWER
I20260608 09:48:38.753173  2024 ts_tablet_manager.cc:1434] T 094163b885244a169cb092928b84b84c P afb6311dee544031891549346008ace9: Time spent starting tablet: real 0.009s	user 0.005s	sys 0.003s
I20260608 09:48:38.753191  2027 consensus_queue.cc:260] T 37f3b2b5c61c46b084f38ffe6f010806 P b312db34781940f9978ad8aa26bdb7fd [NON_LEADER]: Queue going to NON_LEADER mode. State: All replicated index: 0, Majority replicated index: 0, Committed index: 0, Last appended: 0.0, Last appended by leader: 0, Current term: 0, Majority size: -1, State: 0, Mode: NON_LEADER, active raft config: opid_index: -1 OBSOLETE_local: false peers { permanent_uuid: "ecac903243414caa9a7d1fbe3b1651b8" member_type: VOTER last_known_addr { host: "127.30.236.130" port: 43695 } } peers { permanent_uuid: "afb6311dee544031891549346008ace9" member_type: VOTER last_known_addr { host: "127.30.236.129" port: 33157 } } peers { permanent_uuid: "b312db34781940f9978ad8aa26bdb7fd" member_type: VOTER last_known_addr { host: "127.30.236.131" port: 44371 } }
I20260608 09:48:38.756494  2024 tablet_bootstrap.cc:492] T 00839bbe0b0a4e08a26226ba44f4eb83 P afb6311dee544031891549346008ace9: Bootstrap starting.
I20260608 09:48:38.754436  2025 raft_consensus.cc:359] T 74c9bc1fa8284cce88dcf4fb03ae75ed P ecac903243414caa9a7d1fbe3b1651b8 [term 0 FOLLOWER]: Replica starting. Triggering 0 pending ops. Active config: opid_index: -1 OBSOLETE_local: false peers { permanent_uuid: "afb6311dee544031891549346008ace9" member_type: VOTER last_known_addr { host: "127.30.236.129" port: 33157 } } peers { permanent_uuid: "ecac903243414caa9a7d1fbe3b1651b8" member_type: VOTER last_known_addr { host: "127.30.236.130" port: 43695 } } peers { permanent_uuid: "b312db34781940f9978ad8aa26bdb7fd" member_type: VOTER last_known_addr { host: "127.30.236.131" port: 44371 } }
I20260608 09:48:38.758105  2025 raft_consensus.cc:385] T 74c9bc1fa8284cce88dcf4fb03ae75ed P ecac903243414caa9a7d1fbe3b1651b8 [term 0 FOLLOWER]: Consensus starting up: Expiring failure detector timer to make a prompt election more likely
I20260608 09:48:38.758466  2025 raft_consensus.cc:740] T 74c9bc1fa8284cce88dcf4fb03ae75ed P ecac903243414caa9a7d1fbe3b1651b8 [term 0 FOLLOWER]: Becoming Follower/Learner. State: Replica: ecac903243414caa9a7d1fbe3b1651b8, State: Initialized, Role: FOLLOWER
I20260608 09:48:38.759529  2025 consensus_queue.cc:260] T 74c9bc1fa8284cce88dcf4fb03ae75ed P ecac903243414caa9a7d1fbe3b1651b8 [NON_LEADER]: Queue going to NON_LEADER mode. State: All replicated index: 0, Majority replicated index: 0, Committed index: 0, Last appended: 0.0, Last appended by leader: 0, Current term: 0, Majority size: -1, State: 0, Mode: NON_LEADER, active raft config: opid_index: -1 OBSOLETE_local: false peers { permanent_uuid: "afb6311dee544031891549346008ace9" member_type: VOTER last_known_addr { host: "127.30.236.129" port: 33157 } } peers { permanent_uuid: "ecac903243414caa9a7d1fbe3b1651b8" member_type: VOTER last_known_addr { host: "127.30.236.130" port: 43695 } } peers { permanent_uuid: "b312db34781940f9978ad8aa26bdb7fd" member_type: VOTER last_known_addr { host: "127.30.236.131" port: 44371 } }
I20260608 09:48:38.762641  2025 ts_tablet_manager.cc:1434] T 74c9bc1fa8284cce88dcf4fb03ae75ed P ecac903243414caa9a7d1fbe3b1651b8: Time spent starting tablet: real 0.011s	user 0.005s	sys 0.005s
I20260608 09:48:38.763957  2025 tablet_bootstrap.cc:492] T 00839bbe0b0a4e08a26226ba44f4eb83 P ecac903243414caa9a7d1fbe3b1651b8: Bootstrap starting.
I20260608 09:48:38.765633  2027 ts_tablet_manager.cc:1434] T 37f3b2b5c61c46b084f38ffe6f010806 P b312db34781940f9978ad8aa26bdb7fd: Time spent starting tablet: real 0.019s	user 0.010s	sys 0.008s
I20260608 09:48:38.766319  2024 tablet_bootstrap.cc:654] T 00839bbe0b0a4e08a26226ba44f4eb83 P afb6311dee544031891549346008ace9: Neither blocks nor log segments found. Creating new log.
I20260608 09:48:38.766918  2027 tablet_bootstrap.cc:492] T 094163b885244a169cb092928b84b84c P b312db34781940f9978ad8aa26bdb7fd: Bootstrap starting.
I20260608 09:48:38.771942  2025 tablet_bootstrap.cc:654] T 00839bbe0b0a4e08a26226ba44f4eb83 P ecac903243414caa9a7d1fbe3b1651b8: Neither blocks nor log segments found. Creating new log.
I20260608 09:48:38.777536  2027 tablet_bootstrap.cc:654] T 094163b885244a169cb092928b84b84c P b312db34781940f9978ad8aa26bdb7fd: Neither blocks nor log segments found. Creating new log.
I20260608 09:48:38.781247  2024 tablet_bootstrap.cc:492] T 00839bbe0b0a4e08a26226ba44f4eb83 P afb6311dee544031891549346008ace9: No bootstrap required, opened a new log
I20260608 09:48:38.781934  2024 ts_tablet_manager.cc:1403] T 00839bbe0b0a4e08a26226ba44f4eb83 P afb6311dee544031891549346008ace9: Time spent bootstrapping tablet: real 0.026s	user 0.010s	sys 0.014s
I20260608 09:48:38.785820  2024 raft_consensus.cc:359] T 00839bbe0b0a4e08a26226ba44f4eb83 P afb6311dee544031891549346008ace9 [term 0 FOLLOWER]: Replica starting. Triggering 0 pending ops. Active config: opid_index: -1 OBSOLETE_local: false peers { permanent_uuid: "afb6311dee544031891549346008ace9" member_type: VOTER last_known_addr { host: "127.30.236.129" port: 33157 } } peers { permanent_uuid: "ecac903243414caa9a7d1fbe3b1651b8" member_type: VOTER last_known_addr { host: "127.30.236.130" port: 43695 } } peers { permanent_uuid: "b312db34781940f9978ad8aa26bdb7fd" member_type: VOTER last_known_addr { host: "127.30.236.131" port: 44371 } }
I20260608 09:48:38.786664  2024 raft_consensus.cc:385] T 00839bbe0b0a4e08a26226ba44f4eb83 P afb6311dee544031891549346008ace9 [term 0 FOLLOWER]: Consensus starting up: Expiring failure detector timer to make a prompt election more likely
I20260608 09:48:38.787055  2024 raft_consensus.cc:740] T 00839bbe0b0a4e08a26226ba44f4eb83 P afb6311dee544031891549346008ace9 [term 0 FOLLOWER]: Becoming Follower/Learner. State: Replica: afb6311dee544031891549346008ace9, State: Initialized, Role: FOLLOWER
I20260608 09:48:38.787248  2025 tablet_bootstrap.cc:492] T 00839bbe0b0a4e08a26226ba44f4eb83 P ecac903243414caa9a7d1fbe3b1651b8: No bootstrap required, opened a new log
I20260608 09:48:38.787839  2025 ts_tablet_manager.cc:1403] T 00839bbe0b0a4e08a26226ba44f4eb83 P ecac903243414caa9a7d1fbe3b1651b8: Time spent bootstrapping tablet: real 0.024s	user 0.010s	sys 0.008s
I20260608 09:48:38.788230  2024 consensus_queue.cc:260] T 00839bbe0b0a4e08a26226ba44f4eb83 P afb6311dee544031891549346008ace9 [NON_LEADER]: Queue going to NON_LEADER mode. State: All replicated index: 0, Majority replicated index: 0, Committed index: 0, Last appended: 0.0, Last appended by leader: 0, Current term: 0, Majority size: -1, State: 0, Mode: NON_LEADER, active raft config: opid_index: -1 OBSOLETE_local: false peers { permanent_uuid: "afb6311dee544031891549346008ace9" member_type: VOTER last_known_addr { host: "127.30.236.129" port: 33157 } } peers { permanent_uuid: "ecac903243414caa9a7d1fbe3b1651b8" member_type: VOTER last_known_addr { host: "127.30.236.130" port: 43695 } } peers { permanent_uuid: "b312db34781940f9978ad8aa26bdb7fd" member_type: VOTER last_known_addr { host: "127.30.236.131" port: 44371 } }
I20260608 09:48:38.790918  2024 ts_tablet_manager.cc:1434] T 00839bbe0b0a4e08a26226ba44f4eb83 P afb6311dee544031891549346008ace9: Time spent starting tablet: real 0.009s	user 0.006s	sys 0.000s
I20260608 09:48:38.791193  2025 raft_consensus.cc:359] T 00839bbe0b0a4e08a26226ba44f4eb83 P ecac903243414caa9a7d1fbe3b1651b8 [term 0 FOLLOWER]: Replica starting. Triggering 0 pending ops. Active config: opid_index: -1 OBSOLETE_local: false peers { permanent_uuid: "afb6311dee544031891549346008ace9" member_type: VOTER last_known_addr { host: "127.30.236.129" port: 33157 } } peers { permanent_uuid: "ecac903243414caa9a7d1fbe3b1651b8" member_type: VOTER last_known_addr { host: "127.30.236.130" port: 43695 } } peers { permanent_uuid: "b312db34781940f9978ad8aa26bdb7fd" member_type: VOTER last_known_addr { host: "127.30.236.131" port: 44371 } }
I20260608 09:48:38.792059  2024 tablet_bootstrap.cc:492] T 74c9bc1fa8284cce88dcf4fb03ae75ed P afb6311dee544031891549346008ace9: Bootstrap starting.
I20260608 09:48:38.791998  2025 raft_consensus.cc:385] T 00839bbe0b0a4e08a26226ba44f4eb83 P ecac903243414caa9a7d1fbe3b1651b8 [term 0 FOLLOWER]: Consensus starting up: Expiring failure detector timer to make a prompt election more likely
I20260608 09:48:38.792549  2025 raft_consensus.cc:740] T 00839bbe0b0a4e08a26226ba44f4eb83 P ecac903243414caa9a7d1fbe3b1651b8 [term 0 FOLLOWER]: Becoming Follower/Learner. State: Replica: ecac903243414caa9a7d1fbe3b1651b8, State: Initialized, Role: FOLLOWER
I20260608 09:48:38.793685  2025 consensus_queue.cc:260] T 00839bbe0b0a4e08a26226ba44f4eb83 P ecac903243414caa9a7d1fbe3b1651b8 [NON_LEADER]: Queue going to NON_LEADER mode. State: All replicated index: 0, Majority replicated index: 0, Committed index: 0, Last appended: 0.0, Last appended by leader: 0, Current term: 0, Majority size: -1, State: 0, Mode: NON_LEADER, active raft config: opid_index: -1 OBSOLETE_local: false peers { permanent_uuid: "afb6311dee544031891549346008ace9" member_type: VOTER last_known_addr { host: "127.30.236.129" port: 33157 } } peers { permanent_uuid: "ecac903243414caa9a7d1fbe3b1651b8" member_type: VOTER last_known_addr { host: "127.30.236.130" port: 43695 } } peers { permanent_uuid: "b312db34781940f9978ad8aa26bdb7fd" member_type: VOTER last_known_addr { host: "127.30.236.131" port: 44371 } }
I20260608 09:48:38.796761  2025 ts_tablet_manager.cc:1434] T 00839bbe0b0a4e08a26226ba44f4eb83 P ecac903243414caa9a7d1fbe3b1651b8: Time spent starting tablet: real 0.009s	user 0.009s	sys 0.000s
I20260608 09:48:38.799005  2025 tablet_bootstrap.cc:492] T 094163b885244a169cb092928b84b84c P ecac903243414caa9a7d1fbe3b1651b8: Bootstrap starting.
I20260608 09:48:38.801329  2024 tablet_bootstrap.cc:654] T 74c9bc1fa8284cce88dcf4fb03ae75ed P afb6311dee544031891549346008ace9: Neither blocks nor log segments found. Creating new log.
I20260608 09:48:38.801787  2027 tablet_bootstrap.cc:492] T 094163b885244a169cb092928b84b84c P b312db34781940f9978ad8aa26bdb7fd: No bootstrap required, opened a new log
I20260608 09:48:38.802412  2027 ts_tablet_manager.cc:1403] T 094163b885244a169cb092928b84b84c P b312db34781940f9978ad8aa26bdb7fd: Time spent bootstrapping tablet: real 0.036s	user 0.013s	sys 0.007s
I20260608 09:48:38.808099  2025 tablet_bootstrap.cc:654] T 094163b885244a169cb092928b84b84c P ecac903243414caa9a7d1fbe3b1651b8: Neither blocks nor log segments found. Creating new log.
I20260608 09:48:38.806226  2027 raft_consensus.cc:359] T 094163b885244a169cb092928b84b84c P b312db34781940f9978ad8aa26bdb7fd [term 0 FOLLOWER]: Replica starting. Triggering 0 pending ops. Active config: opid_index: -1 OBSOLETE_local: false peers { permanent_uuid: "afb6311dee544031891549346008ace9" member_type: VOTER last_known_addr { host: "127.30.236.129" port: 33157 } } peers { permanent_uuid: "ecac903243414caa9a7d1fbe3b1651b8" member_type: VOTER last_known_addr { host: "127.30.236.130" port: 43695 } } peers { permanent_uuid: "b312db34781940f9978ad8aa26bdb7fd" member_type: VOTER last_known_addr { host: "127.30.236.131" port: 44371 } }
I20260608 09:48:38.811688  2027 raft_consensus.cc:385] T 094163b885244a169cb092928b84b84c P b312db34781940f9978ad8aa26bdb7fd [term 0 FOLLOWER]: Consensus starting up: Expiring failure detector timer to make a prompt election more likely
