I20260608 09:58:10.706178 13693 leader_election.cc:304] T 2fce52bdec1d49158c46f2d5ced4acde P 792686bc8a4a4ba19c9c9fd0acc2a186 [CANDIDATE]: Term 1 election: Election decided. Result: candidate lost. Election summary: received 3 responses out of 3 voters: 1 yes votes; 2 no votes. yes voters: 792686bc8a4a4ba19c9c9fd0acc2a186; no voters: 1446bcb1c51e4f859f0fa5ac3941c4d7, b2c03589b9884afbb9eaeed9df69c145
I20260608 09:58:10.707093 13780 raft_consensus.cc:2749] T 2fce52bdec1d49158c46f2d5ced4acde P 792686bc8a4a4ba19c9c9fd0acc2a186 [term 1 FOLLOWER]: Leader election lost for term 1. Reason: could not achieve majority
I20260608 09:58:10.709600 13653 raft_consensus.cc:2468] T 06b07fd5d6b2474a85a84c37cc3050d2 P 1446bcb1c51e4f859f0fa5ac3941c4d7 [term 1 FOLLOWER]: Leader election vote request: Granting yes vote for candidate 792686bc8a4a4ba19c9c9fd0acc2a186 in term 1.
I20260608 09:58:10.710966 13652 raft_consensus.cc:2468] T 1e6da373d0fc49329ec54a2a15130d84 P 1446bcb1c51e4f859f0fa5ac3941c4d7 [term 1 FOLLOWER]: Leader election vote request: Granting yes vote for candidate b2c03589b9884afbb9eaeed9df69c145 in term 1.
I20260608 09:58:10.712795 13774 ts_tablet_manager.cc:1434] T 0f9d4f66799f4463b4a0fb3be301f417 P 1446bcb1c51e4f859f0fa5ac3941c4d7: Time spent starting tablet: real 0.023s	user 0.007s	sys 0.002s
I20260608 09:58:10.713892 13542 leader_election.cc:304] T 1e6da373d0fc49329ec54a2a15130d84 P b2c03589b9884afbb9eaeed9df69c145 [CANDIDATE]: Term 1 election: Election decided. Result: candidate won. Election summary: received 2 responses out of 3 voters: 2 yes votes; 0 no votes. yes voters: 792686bc8a4a4ba19c9c9fd0acc2a186, b2c03589b9884afbb9eaeed9df69c145; no voters: 
I20260608 09:58:10.698685 13654 raft_consensus.cc:2468] T e0bccf43ba95457a9fe7fab9be2a0aee P 1446bcb1c51e4f859f0fa5ac3941c4d7 [term 0 FOLLOWER]: Leader pre-election vote request: Granting yes vote for candidate b2c03589b9884afbb9eaeed9df69c145 in term 0.
I20260608 09:58:10.714630 13778 raft_consensus.cc:2804] T 1e6da373d0fc49329ec54a2a15130d84 P b2c03589b9884afbb9eaeed9df69c145 [term 1 FOLLOWER]: Leader election won for term 1
I20260608 09:58:10.715173 13778 raft_consensus.cc:697] T 1e6da373d0fc49329ec54a2a15130d84 P b2c03589b9884afbb9eaeed9df69c145 [term 1 LEADER]: Becoming Leader. State: Replica: b2c03589b9884afbb9eaeed9df69c145, State: Running, Role: LEADER
I20260608 09:58:10.715996 13778 consensus_queue.cc:237] T 1e6da373d0fc49329ec54a2a15130d84 P b2c03589b9884afbb9eaeed9df69c145 [LEADER]: Queue going to LEADER mode. State: All replicated index: 0, Majority replicated index: 0, Committed index: 0, Last appended: 0.0, Last appended by leader: 0, Current term: 1, Majority size: 2, State: 0, Mode: LEADER, active raft config: opid_index: -1 OBSOLETE_local: false peers { permanent_uuid: "b2c03589b9884afbb9eaeed9df69c145" member_type: VOTER last_known_addr { host: "127.8.227.193" port: 34663 } } peers { permanent_uuid: "1446bcb1c51e4f859f0fa5ac3941c4d7" member_type: VOTER last_known_addr { host: "127.8.227.194" port: 32965 } } peers { permanent_uuid: "792686bc8a4a4ba19c9c9fd0acc2a186" member_type: VOTER last_known_addr { host: "127.8.227.195" port: 46357 } }
I20260608 09:58:10.718199 13545 leader_election.cc:304] T e0bccf43ba95457a9fe7fab9be2a0aee P b2c03589b9884afbb9eaeed9df69c145 [CANDIDATE]: Term 1 pre-election: Election decided. Result: candidate won. Election summary: received 3 responses out of 3 voters: 2 yes votes; 1 no votes. yes voters: 1446bcb1c51e4f859f0fa5ac3941c4d7, b2c03589b9884afbb9eaeed9df69c145; no voters: 792686bc8a4a4ba19c9c9fd0acc2a186
I20260608 09:58:10.721238 13824 raft_consensus.cc:2804] T e0bccf43ba95457a9fe7fab9be2a0aee P b2c03589b9884afbb9eaeed9df69c145 [term 0 FOLLOWER]: Leader pre-election won for term 1
I20260608 09:58:10.721630 13824 raft_consensus.cc:493] T e0bccf43ba95457a9fe7fab9be2a0aee P b2c03589b9884afbb9eaeed9df69c145 [term 0 FOLLOWER]: Starting leader election (no leader contacted us within the election timeout)
I20260608 09:58:10.721961 13824 raft_consensus.cc:3060] T e0bccf43ba95457a9fe7fab9be2a0aee P b2c03589b9884afbb9eaeed9df69c145 [term 0 FOLLOWER]: Advancing to term 1
I20260608 09:58:10.725783 13773 tablet_bootstrap.cc:654] T 0546a9571ac94a24a2b1fe45a8583197 P b2c03589b9884afbb9eaeed9df69c145: Neither blocks nor log segments found. Creating new log.
I20260608 09:58:10.733592 13772 raft_consensus.cc:359] T e0bccf43ba95457a9fe7fab9be2a0aee P 792686bc8a4a4ba19c9c9fd0acc2a186 [term 0 FOLLOWER]: Replica starting. Triggering 0 pending ops. Active config: opid_index: -1 OBSOLETE_local: false peers { permanent_uuid: "b2c03589b9884afbb9eaeed9df69c145" member_type: VOTER last_known_addr { host: "127.8.227.193" port: 34663 } } peers { permanent_uuid: "1446bcb1c51e4f859f0fa5ac3941c4d7" member_type: VOTER last_known_addr { host: "127.8.227.194" port: 32965 } } peers { permanent_uuid: "792686bc8a4a4ba19c9c9fd0acc2a186" member_type: VOTER last_known_addr { host: "127.8.227.195" port: 46357 } }
I20260608 09:58:10.736825 13772 raft_consensus.cc:385] T e0bccf43ba95457a9fe7fab9be2a0aee P 792686bc8a4a4ba19c9c9fd0acc2a186 [term 0 FOLLOWER]: Consensus starting up: Expiring failure detector timer to make a prompt election more likely
I20260608 09:58:10.737704 13772 raft_consensus.cc:740] T e0bccf43ba95457a9fe7fab9be2a0aee P 792686bc8a4a4ba19c9c9fd0acc2a186 [term 0 FOLLOWER]: Becoming Follower/Learner. State: Replica: 792686bc8a4a4ba19c9c9fd0acc2a186, State: Initialized, Role: FOLLOWER
I20260608 09:58:10.744021 13779 raft_consensus.cc:493] T 0f9d4f66799f4463b4a0fb3be301f417 P 1446bcb1c51e4f859f0fa5ac3941c4d7 [term 0 FOLLOWER]: Starting pre-election (no leader contacted us within the election timeout)
I20260608 09:58:10.745275 13779 raft_consensus.cc:515] T 0f9d4f66799f4463b4a0fb3be301f417 P 1446bcb1c51e4f859f0fa5ac3941c4d7 [term 0 FOLLOWER]: Starting pre-election with config: opid_index: -1 OBSOLETE_local: false peers { permanent_uuid: "b2c03589b9884afbb9eaeed9df69c145" member_type: VOTER last_known_addr { host: "127.8.227.193" port: 34663 } } peers { permanent_uuid: "1446bcb1c51e4f859f0fa5ac3941c4d7" member_type: VOTER last_known_addr { host: "127.8.227.194" port: 32965 } } peers { permanent_uuid: "792686bc8a4a4ba19c9c9fd0acc2a186" member_type: VOTER last_known_addr { host: "127.8.227.195" port: 46357 } }
I20260608 09:58:10.747144 13779 leader_election.cc:290] T 0f9d4f66799f4463b4a0fb3be301f417 P 1446bcb1c51e4f859f0fa5ac3941c4d7 [CANDIDATE]: Term 1 pre-election: Requested pre-vote from peers b2c03589b9884afbb9eaeed9df69c145 (127.8.227.193:34663), 792686bc8a4a4ba19c9c9fd0acc2a186 (127.8.227.195:46357)
I20260608 09:58:10.749275 13728 tablet_service.cc:1917] Received RequestConsensusVote() RPC: tablet_id: "0f9d4f66799f4463b4a0fb3be301f417" candidate_uuid: "1446bcb1c51e4f859f0fa5ac3941c4d7" candidate_term: 1 candidate_status { last_received { term: 0 index: 0 } } ignore_live_leader: false dest_uuid: "792686bc8a4a4ba19c9c9fd0acc2a186" is_pre_election: true
I20260608 09:58:10.750012 13728 raft_consensus.cc:2468] T 0f9d4f66799f4463b4a0fb3be301f417 P 792686bc8a4a4ba19c9c9fd0acc2a186 [term 0 FOLLOWER]: Leader pre-election vote request: Granting yes vote for candidate 1446bcb1c51e4f859f0fa5ac3941c4d7 in term 0.
I20260608 09:58:10.751156 13579 tablet_service.cc:1917] Received RequestConsensusVote() RPC: tablet_id: "0f9d4f66799f4463b4a0fb3be301f417" candidate_uuid: "1446bcb1c51e4f859f0fa5ac3941c4d7" candidate_term: 1 candidate_status { last_received { term: 0 index: 0 } } ignore_live_leader: false dest_uuid: "b2c03589b9884afbb9eaeed9df69c145" is_pre_election: true
W20260608 09:58:10.754163 13619 leader_election.cc:343] T 0f9d4f66799f4463b4a0fb3be301f417 P 1446bcb1c51e4f859f0fa5ac3941c4d7 [CANDIDATE]: Term 1 pre-election: Tablet error from VoteRequest() call to peer b2c03589b9884afbb9eaeed9df69c145 (127.8.227.193:34663): Illegal state: must be running to vote when last-logged opid is not known
I20260608 09:58:10.759574 13772 consensus_queue.cc:260] T e0bccf43ba95457a9fe7fab9be2a0aee P 792686bc8a4a4ba19c9c9fd0acc2a186 [NON_LEADER]: Queue going to NON_LEADER mode. State: All replicated index: 0, Majority replicated index: 0, Committed index: 0, Last appended: 0.0, Last appended by leader: 0, Current term: 0, Majority size: -1, State: 0, Mode: NON_LEADER, active raft config: opid_index: -1 OBSOLETE_local: false peers { permanent_uuid: "b2c03589b9884afbb9eaeed9df69c145" member_type: VOTER last_known_addr { host: "127.8.227.193" port: 34663 } } peers { permanent_uuid: "1446bcb1c51e4f859f0fa5ac3941c4d7" member_type: VOTER last_known_addr { host: "127.8.227.194" port: 32965 } } peers { permanent_uuid: "792686bc8a4a4ba19c9c9fd0acc2a186" member_type: VOTER last_known_addr { host: "127.8.227.195" port: 46357 } }
I20260608 09:58:10.766366 13772 ts_tablet_manager.cc:1434] T e0bccf43ba95457a9fe7fab9be2a0aee P 792686bc8a4a4ba19c9c9fd0acc2a186: Time spent starting tablet: real 0.062s	user 0.010s	sys 0.000s
I20260608 09:58:10.768142 13772 tablet_bootstrap.cc:492] T 0546a9571ac94a24a2b1fe45a8583197 P 792686bc8a4a4ba19c9c9fd0acc2a186: Bootstrap starting.
I20260608 09:58:10.767014 13824 raft_consensus.cc:515] T e0bccf43ba95457a9fe7fab9be2a0aee P b2c03589b9884afbb9eaeed9df69c145 [term 1 FOLLOWER]: Starting leader election with config: opid_index: -1 OBSOLETE_local: false peers { permanent_uuid: "b2c03589b9884afbb9eaeed9df69c145" member_type: VOTER last_known_addr { host: "127.8.227.193" port: 34663 } } peers { permanent_uuid: "1446bcb1c51e4f859f0fa5ac3941c4d7" member_type: VOTER last_known_addr { host: "127.8.227.194" port: 32965 } } peers { permanent_uuid: "792686bc8a4a4ba19c9c9fd0acc2a186" member_type: VOTER last_known_addr { host: "127.8.227.195" port: 46357 } }
I20260608 09:58:10.772439 13824 leader_election.cc:290] T e0bccf43ba95457a9fe7fab9be2a0aee P b2c03589b9884afbb9eaeed9df69c145 [CANDIDATE]: Term 1 election: Requested vote from peers 1446bcb1c51e4f859f0fa5ac3941c4d7 (127.8.227.194:32965), 792686bc8a4a4ba19c9c9fd0acc2a186 (127.8.227.195:46357)
I20260608 09:58:10.773291 13654 tablet_service.cc:1917] Received RequestConsensusVote() RPC: tablet_id: "e0bccf43ba95457a9fe7fab9be2a0aee" candidate_uuid: "b2c03589b9884afbb9eaeed9df69c145" candidate_term: 1 candidate_status { last_received { term: 0 index: 0 } } ignore_live_leader: false dest_uuid: "1446bcb1c51e4f859f0fa5ac3941c4d7"
I20260608 09:58:10.773865 13654 raft_consensus.cc:3060] T e0bccf43ba95457a9fe7fab9be2a0aee P 1446bcb1c51e4f859f0fa5ac3941c4d7 [term 0 FOLLOWER]: Advancing to term 1
I20260608 09:58:10.773478 13728 tablet_service.cc:1917] Received RequestConsensusVote() RPC: tablet_id: "e0bccf43ba95457a9fe7fab9be2a0aee" candidate_uuid: "b2c03589b9884afbb9eaeed9df69c145" candidate_term: 1 candidate_status { last_received { term: 0 index: 0 } } ignore_live_leader: false dest_uuid: "792686bc8a4a4ba19c9c9fd0acc2a186"
I20260608 09:58:10.777218 13728 raft_consensus.cc:3060] T e0bccf43ba95457a9fe7fab9be2a0aee P 792686bc8a4a4ba19c9c9fd0acc2a186 [term 0 FOLLOWER]: Advancing to term 1
I20260608 09:58:10.779316 13654 raft_consensus.cc:2468] T e0bccf43ba95457a9fe7fab9be2a0aee P 1446bcb1c51e4f859f0fa5ac3941c4d7 [term 1 FOLLOWER]: Leader election vote request: Granting yes vote for candidate b2c03589b9884afbb9eaeed9df69c145 in term 1.
I20260608 09:58:10.779234 13617 leader_election.cc:304] T 0f9d4f66799f4463b4a0fb3be301f417 P 1446bcb1c51e4f859f0fa5ac3941c4d7 [CANDIDATE]: Term 1 pre-election: Election decided. Result: candidate won. Election summary: received 3 responses out of 3 voters: 2 yes votes; 1 no votes. yes voters: 1446bcb1c51e4f859f0fa5ac3941c4d7, 792686bc8a4a4ba19c9c9fd0acc2a186; no voters: b2c03589b9884afbb9eaeed9df69c145
I20260608 09:58:10.781733 13545 leader_election.cc:304] T e0bccf43ba95457a9fe7fab9be2a0aee P b2c03589b9884afbb9eaeed9df69c145 [CANDIDATE]: Term 1 election: Election decided. Result: candidate won. Election summary: received 2 responses out of 3 voters: 2 yes votes; 0 no votes. yes voters: 1446bcb1c51e4f859f0fa5ac3941c4d7, b2c03589b9884afbb9eaeed9df69c145; no voters: 
I20260608 09:58:10.786266 13779 raft_consensus.cc:2804] T 0f9d4f66799f4463b4a0fb3be301f417 P 1446bcb1c51e4f859f0fa5ac3941c4d7 [term 0 FOLLOWER]: Leader pre-election won for term 1
I20260608 09:58:10.786684 13779 raft_consensus.cc:493] T 0f9d4f66799f4463b4a0fb3be301f417 P 1446bcb1c51e4f859f0fa5ac3941c4d7 [term 0 FOLLOWER]: Starting leader election (no leader contacted us within the election timeout)
I20260608 09:58:10.787142 13779 raft_consensus.cc:3060] T 0f9d4f66799f4463b4a0fb3be301f417 P 1446bcb1c51e4f859f0fa5ac3941c4d7 [term 0 FOLLOWER]: Advancing to term 1
I20260608 09:58:10.796996 13779 raft_consensus.cc:515] T 0f9d4f66799f4463b4a0fb3be301f417 P 1446bcb1c51e4f859f0fa5ac3941c4d7 [term 1 FOLLOWER]: Starting leader election with config: opid_index: -1 OBSOLETE_local: false peers { permanent_uuid: "b2c03589b9884afbb9eaeed9df69c145" member_type: VOTER last_known_addr { host: "127.8.227.193" port: 34663 } } peers { permanent_uuid: "1446bcb1c51e4f859f0fa5ac3941c4d7" member_type: VOTER last_known_addr { host: "127.8.227.194" port: 32965 } } peers { permanent_uuid: "792686bc8a4a4ba19c9c9fd0acc2a186" member_type: VOTER last_known_addr { host: "127.8.227.195" port: 46357 } }
I20260608 09:58:10.797665 13772 tablet_bootstrap.cc:654] T 0546a9571ac94a24a2b1fe45a8583197 P 792686bc8a4a4ba19c9c9fd0acc2a186: Neither blocks nor log segments found. Creating new log.
I20260608 09:58:10.798789 13824 raft_consensus.cc:2804] T e0bccf43ba95457a9fe7fab9be2a0aee P b2c03589b9884afbb9eaeed9df69c145 [term 1 FOLLOWER]: Leader election won for term 1
I20260608 09:58:10.799621 13824 raft_consensus.cc:697] T e0bccf43ba95457a9fe7fab9be2a0aee P b2c03589b9884afbb9eaeed9df69c145 [term 1 LEADER]: Becoming Leader. State: Replica: b2c03589b9884afbb9eaeed9df69c145, State: Running, Role: LEADER
I20260608 09:58:10.800670 13728 raft_consensus.cc:2468] T e0bccf43ba95457a9fe7fab9be2a0aee P 792686bc8a4a4ba19c9c9fd0acc2a186 [term 1 FOLLOWER]: Leader election vote request: Granting yes vote for candidate b2c03589b9884afbb9eaeed9df69c145 in term 1.
I20260608 09:58:10.803972 13807 consensus_queue.cc:1048] T dd1d4624c1c144b28d98cdee68cfe3a8 P 792686bc8a4a4ba19c9c9fd0acc2a186 [LEADER]: Connected to new peer: Peer: permanent_uuid: "1446bcb1c51e4f859f0fa5ac3941c4d7" member_type: VOTER last_known_addr { host: "127.8.227.194" port: 32965 }, Status: LMP_MISMATCH, Last received: 0.0, Next index: 1, Last known committed idx: 0, Time since last communication: 0.000s
I20260608 09:58:10.804522 13779 leader_election.cc:290] T 0f9d4f66799f4463b4a0fb3be301f417 P 1446bcb1c51e4f859f0fa5ac3941c4d7 [CANDIDATE]: Term 1 election: Requested vote from peers b2c03589b9884afbb9eaeed9df69c145 (127.8.227.193:34663), 792686bc8a4a4ba19c9c9fd0acc2a186 (127.8.227.195:46357)
I20260608 09:58:10.805585 13728 tablet_service.cc:1917] Received RequestConsensusVote() RPC: tablet_id: "0f9d4f66799f4463b4a0fb3be301f417" candidate_uuid: "1446bcb1c51e4f859f0fa5ac3941c4d7" candidate_term: 1 candidate_status { last_received { term: 0 index: 0 } } ignore_live_leader: false dest_uuid: "792686bc8a4a4ba19c9c9fd0acc2a186"
I20260608 09:58:10.806006 13579 tablet_service.cc:1917] Received RequestConsensusVote() RPC: tablet_id: "0f9d4f66799f4463b4a0fb3be301f417" candidate_uuid: "1446bcb1c51e4f859f0fa5ac3941c4d7" candidate_term: 1 candidate_status { last_received { term: 0 index: 0 } } ignore_live_leader: false dest_uuid: "b2c03589b9884afbb9eaeed9df69c145"
I20260608 09:58:10.806370 13728 raft_consensus.cc:3060] T 0f9d4f66799f4463b4a0fb3be301f417 P 792686bc8a4a4ba19c9c9fd0acc2a186 [term 0 FOLLOWER]: Advancing to term 1
W20260608 09:58:10.807926 13619 leader_election.cc:343] T 0f9d4f66799f4463b4a0fb3be301f417 P 1446bcb1c51e4f859f0fa5ac3941c4d7 [CANDIDATE]: Term 1 election: Tablet error from VoteRequest() call to peer b2c03589b9884afbb9eaeed9df69c145 (127.8.227.193:34663): Illegal state: must be running to vote when last-logged opid is not known
I20260608 09:58:10.802449 13824 consensus_queue.cc:237] T e0bccf43ba95457a9fe7fab9be2a0aee P b2c03589b9884afbb9eaeed9df69c145 [LEADER]: Queue going to LEADER mode. State: All replicated index: 0, Majority replicated index: 0, Committed index: 0, Last appended: 0.0, Last appended by leader: 0, Current term: 1, Majority size: 2, State: 0, Mode: LEADER, active raft config: opid_index: -1 OBSOLETE_local: false peers { permanent_uuid: "b2c03589b9884afbb9eaeed9df69c145" member_type: VOTER last_known_addr { host: "127.8.227.193" port: 34663 } } peers { permanent_uuid: "1446bcb1c51e4f859f0fa5ac3941c4d7" member_type: VOTER last_known_addr { host: "127.8.227.194" port: 32965 } } peers { permanent_uuid: "792686bc8a4a4ba19c9c9fd0acc2a186" member_type: VOTER last_known_addr { host: "127.8.227.195" port: 46357 } }
I20260608 09:58:10.818302 13807 consensus_queue.cc:1048] T dd1d4624c1c144b28d98cdee68cfe3a8 P 792686bc8a4a4ba19c9c9fd0acc2a186 [LEADER]: Connected to new peer: Peer: permanent_uuid: "b2c03589b9884afbb9eaeed9df69c145" member_type: VOTER last_known_addr { host: "127.8.227.193" port: 34663 }, Status: LMP_MISMATCH, Last received: 0.0, Next index: 1, Last known committed idx: 0, Time since last communication: 0.001s
I20260608 09:58:10.821167 13727 raft_consensus.cc:3060] T a504c50c8b3144df9b7c9779d353f224 P 792686bc8a4a4ba19c9c9fd0acc2a186 [term 0 FOLLOWER]: Advancing to term 1
I20260608 09:58:10.827464 13728 raft_consensus.cc:2468] T 0f9d4f66799f4463b4a0fb3be301f417 P 792686bc8a4a4ba19c9c9fd0acc2a186 [term 1 FOLLOWER]: Leader election vote request: Granting yes vote for candidate 1446bcb1c51e4f859f0fa5ac3941c4d7 in term 1.
I20260608 09:58:10.832099 13617 leader_election.cc:304] T 0f9d4f66799f4463b4a0fb3be301f417 P 1446bcb1c51e4f859f0fa5ac3941c4d7 [CANDIDATE]: Term 1 election: Election decided. Result: candidate won. Election summary: received 3 responses out of 3 voters: 2 yes votes; 1 no votes. yes voters: 1446bcb1c51e4f859f0fa5ac3941c4d7, 792686bc8a4a4ba19c9c9fd0acc2a186; no voters: b2c03589b9884afbb9eaeed9df69c145
I20260608 09:58:10.833397 13779 raft_consensus.cc:2804] T 0f9d4f66799f4463b4a0fb3be301f417 P 1446bcb1c51e4f859f0fa5ac3941c4d7 [term 1 FOLLOWER]: Leader election won for term 1
I20260608 09:58:10.833659 13772 tablet_bootstrap.cc:492] T 0546a9571ac94a24a2b1fe45a8583197 P 792686bc8a4a4ba19c9c9fd0acc2a186: No bootstrap required, opened a new log
I20260608 09:58:10.835569 13772 ts_tablet_manager.cc:1403] T 0546a9571ac94a24a2b1fe45a8583197 P 792686bc8a4a4ba19c9c9fd0acc2a186: Time spent bootstrapping tablet: real 0.068s	user 0.010s	sys 0.014s
I20260608 09:58:10.836308 13475 catalog_manager.cc:5696] T 06b07fd5d6b2474a85a84c37cc3050d2 P 792686bc8a4a4ba19c9c9fd0acc2a186 reported cstate change: term changed from 0 to 1, leader changed from <none> to 792686bc8a4a4ba19c9c9fd0acc2a186 (127.8.227.195). New cstate: current_term: 1 leader_uuid: "792686bc8a4a4ba19c9c9fd0acc2a186" committed_config { opid_index: -1 OBSOLETE_local: false peers { permanent_uuid: "b2c03589b9884afbb9eaeed9df69c145" member_type: VOTER last_known_addr { host: "127.8.227.193" port: 34663 } health_report { overall_health: UNKNOWN } } peers { permanent_uuid: "1446bcb1c51e4f859f0fa5ac3941c4d7" member_type: VOTER last_known_addr { host: "127.8.227.194" port: 32965 } health_report { overall_health: UNKNOWN } } peers { permanent_uuid: "792686bc8a4a4ba19c9c9fd0acc2a186" member_type: VOTER last_known_addr { host: "127.8.227.195" port: 46357 } health_report { overall_health: HEALTHY } } }
I20260608 09:58:10.838678 13773 tablet_bootstrap.cc:492] T 0546a9571ac94a24a2b1fe45a8583197 P b2c03589b9884afbb9eaeed9df69c145: No bootstrap required, opened a new log
I20260608 09:58:10.839298 13773 ts_tablet_manager.cc:1403] T 0546a9571ac94a24a2b1fe45a8583197 P b2c03589b9884afbb9eaeed9df69c145: Time spent bootstrapping tablet: real 0.137s	user 0.013s	sys 0.011s
I20260608 09:58:10.842854 13772 raft_consensus.cc:359] T 0546a9571ac94a24a2b1fe45a8583197 P 792686bc8a4a4ba19c9c9fd0acc2a186 [term 0 FOLLOWER]: Replica starting. Triggering 0 pending ops. Active config: opid_index: -1 OBSOLETE_local: false peers { permanent_uuid: "b2c03589b9884afbb9eaeed9df69c145" member_type: VOTER last_known_addr { host: "127.8.227.193" port: 34663 } } peers { permanent_uuid: "1446bcb1c51e4f859f0fa5ac3941c4d7" member_type: VOTER last_known_addr { host: "127.8.227.194" port: 32965 } } peers { permanent_uuid: "792686bc8a4a4ba19c9c9fd0acc2a186" member_type: VOTER last_known_addr { host: "127.8.227.195" port: 46357 } }
I20260608 09:58:10.843845 13772 raft_consensus.cc:385] T 0546a9571ac94a24a2b1fe45a8583197 P 792686bc8a4a4ba19c9c9fd0acc2a186 [term 0 FOLLOWER]: Consensus starting up: Expiring failure detector timer to make a prompt election more likely
I20260608 09:58:10.844231 13772 raft_consensus.cc:740] T 0546a9571ac94a24a2b1fe45a8583197 P 792686bc8a4a4ba19c9c9fd0acc2a186 [term 0 FOLLOWER]: Becoming Follower/Learner. State: Replica: 792686bc8a4a4ba19c9c9fd0acc2a186, State: Initialized, Role: FOLLOWER
I20260608 09:58:10.843286 13773 raft_consensus.cc:359] T 0546a9571ac94a24a2b1fe45a8583197 P b2c03589b9884afbb9eaeed9df69c145 [term 0 FOLLOWER]: Replica starting. Triggering 0 pending ops. Active config: opid_index: -1 OBSOLETE_local: false peers { permanent_uuid: "b2c03589b9884afbb9eaeed9df69c145" member_type: VOTER last_known_addr { host: "127.8.227.193" port: 34663 } } peers { permanent_uuid: "1446bcb1c51e4f859f0fa5ac3941c4d7" member_type: VOTER last_known_addr { host: "127.8.227.194" port: 32965 } } peers { permanent_uuid: "792686bc8a4a4ba19c9c9fd0acc2a186" member_type: VOTER last_known_addr { host: "127.8.227.195" port: 46357 } }
I20260608 09:58:10.845268 13773 raft_consensus.cc:385] T 0546a9571ac94a24a2b1fe45a8583197 P b2c03589b9884afbb9eaeed9df69c145 [term 0 FOLLOWER]: Consensus starting up: Expiring failure detector timer to make a prompt election more likely
I20260608 09:58:10.845631 13773 raft_consensus.cc:740] T 0546a9571ac94a24a2b1fe45a8583197 P b2c03589b9884afbb9eaeed9df69c145 [term 0 FOLLOWER]: Becoming Follower/Learner. State: Replica: b2c03589b9884afbb9eaeed9df69c145, State: Initialized, Role: FOLLOWER
I20260608 09:58:10.845412 13772 consensus_queue.cc:260] T 0546a9571ac94a24a2b1fe45a8583197 P 792686bc8a4a4ba19c9c9fd0acc2a186 [NON_LEADER]: Queue going to NON_LEADER mode. State: All replicated index: 0, Majority replicated index: 0, Committed index: 0, Last appended: 0.0, Last appended by leader: 0, Current term: 0, Majority size: -1, State: 0, Mode: NON_LEADER, active raft config: opid_index: -1 OBSOLETE_local: false peers { permanent_uuid: "b2c03589b9884afbb9eaeed9df69c145" member_type: VOTER last_known_addr { host: "127.8.227.193" port: 34663 } } peers { permanent_uuid: "1446bcb1c51e4f859f0fa5ac3941c4d7" member_type: VOTER last_known_addr { host: "127.8.227.194" port: 32965 } } peers { permanent_uuid: "792686bc8a4a4ba19c9c9fd0acc2a186" member_type: VOTER last_known_addr { host: "127.8.227.195" port: 46357 } }
I20260608 09:58:10.851217 13773 consensus_queue.cc:260] T 0546a9571ac94a24a2b1fe45a8583197 P b2c03589b9884afbb9eaeed9df69c145 [NON_LEADER]: Queue going to NON_LEADER mode. State: All replicated index: 0, Majority replicated index: 0, Committed index: 0, Last appended: 0.0, Last appended by leader: 0, Current term: 0, Majority size: -1, State: 0, Mode: NON_LEADER, active raft config: opid_index: -1 OBSOLETE_local: false peers { permanent_uuid: "b2c03589b9884afbb9eaeed9df69c145" member_type: VOTER last_known_addr { host: "127.8.227.193" port: 34663 } } peers { permanent_uuid: "1446bcb1c51e4f859f0fa5ac3941c4d7" member_type: VOTER last_known_addr { host: "127.8.227.194" port: 32965 } } peers { permanent_uuid: "792686bc8a4a4ba19c9c9fd0acc2a186" member_type: VOTER last_known_addr { host: "127.8.227.195" port: 46357 } }
I20260608 09:58:10.857070 13772 ts_tablet_manager.cc:1434] T 0546a9571ac94a24a2b1fe45a8583197 P 792686bc8a4a4ba19c9c9fd0acc2a186: Time spent starting tablet: real 0.021s	user 0.007s	sys 0.000s
I20260608 09:58:10.858464 13772 tablet_bootstrap.cc:492] T 79d61022c4fb4ffcb1b4fafbc98d995d P 792686bc8a4a4ba19c9c9fd0acc2a186: Bootstrap starting.
I20260608 09:58:10.858894 13779 raft_consensus.cc:697] T 0f9d4f66799f4463b4a0fb3be301f417 P 1446bcb1c51e4f859f0fa5ac3941c4d7 [term 1 LEADER]: Becoming Leader. State: Replica: 1446bcb1c51e4f859f0fa5ac3941c4d7, State: Running, Role: LEADER
I20260608 09:58:10.859834 13779 consensus_queue.cc:237] T 0f9d4f66799f4463b4a0fb3be301f417 P 1446bcb1c51e4f859f0fa5ac3941c4d7 [LEADER]: Queue going to LEADER mode. State: All replicated index: 0, Majority replicated index: 0, Committed index: 0, Last appended: 0.0, Last appended by leader: 0, Current term: 1, Majority size: 2, State: 0, Mode: LEADER, active raft config: opid_index: -1 OBSOLETE_local: false peers { permanent_uuid: "b2c03589b9884afbb9eaeed9df69c145" member_type: VOTER last_known_addr { host: "127.8.227.193" port: 34663 } } peers { permanent_uuid: "1446bcb1c51e4f859f0fa5ac3941c4d7" member_type: VOTER last_known_addr { host: "127.8.227.194" port: 32965 } } peers { permanent_uuid: "792686bc8a4a4ba19c9c9fd0acc2a186" member_type: VOTER last_known_addr { host: "127.8.227.195" port: 46357 } }
I20260608 09:58:10.862142 13773 ts_tablet_manager.cc:1434] T 0546a9571ac94a24a2b1fe45a8583197 P b2c03589b9884afbb9eaeed9df69c145: Time spent starting tablet: real 0.022s	user 0.007s	sys 0.000s
I20260608 09:58:10.866118 13773 tablet_bootstrap.cc:492] T 0f9d4f66799f4463b4a0fb3be301f417 P b2c03589b9884afbb9eaeed9df69c145: Bootstrap starting.
I20260608 09:58:10.867522 13772 tablet_bootstrap.cc:654] T 79d61022c4fb4ffcb1b4fafbc98d995d P 792686bc8a4a4ba19c9c9fd0acc2a186: Neither blocks nor log segments found. Creating new log.
I20260608 09:58:10.857333 13824 consensus_queue.cc:1048] T a504c50c8b3144df9b7c9779d353f224 P b2c03589b9884afbb9eaeed9df69c145 [LEADER]: Connected to new peer: Peer: permanent_uuid: "792686bc8a4a4ba19c9c9fd0acc2a186" member_type: VOTER last_known_addr { host: "127.8.227.195" port: 46357 }, Status: LMP_MISMATCH, Last received: 0.0, Next index: 1, Last known committed idx: 0, Time since last communication: 0.014s
I20260608 09:58:10.883805 13841 raft_consensus.cc:493] T 93c60ff692874812b444be858b10268a P 1446bcb1c51e4f859f0fa5ac3941c4d7 [term 0 FOLLOWER]: Starting pre-election (no leader contacted us within the election timeout)
I20260608 09:58:10.884420 13841 raft_consensus.cc:515] T 93c60ff692874812b444be858b10268a P 1446bcb1c51e4f859f0fa5ac3941c4d7 [term 0 FOLLOWER]: Starting pre-election with config: opid_index: -1 OBSOLETE_local: false peers { permanent_uuid: "b2c03589b9884afbb9eaeed9df69c145" member_type: VOTER last_known_addr { host: "127.8.227.193" port: 34663 } } peers { permanent_uuid: "1446bcb1c51e4f859f0fa5ac3941c4d7" member_type: VOTER last_known_addr { host: "127.8.227.194" port: 32965 } } peers { permanent_uuid: "792686bc8a4a4ba19c9c9fd0acc2a186" member_type: VOTER last_known_addr { host: "127.8.227.195" port: 46357 } }
I20260608 09:58:10.887694 13577 tablet_service.cc:1917] Received RequestConsensusVote() RPC: tablet_id: "93c60ff692874812b444be858b10268a" candidate_uuid: "1446bcb1c51e4f859f0fa5ac3941c4d7" candidate_term: 1 candidate_status { last_received { term: 0 index: 0 } } ignore_live_leader: false dest_uuid: "b2c03589b9884afbb9eaeed9df69c145" is_pre_election: true
I20260608 09:58:10.888373 13577 raft_consensus.cc:2468] T 93c60ff692874812b444be858b10268a P b2c03589b9884afbb9eaeed9df69c145 [term 0 FOLLOWER]: Leader pre-election vote request: Granting yes vote for candidate 1446bcb1c51e4f859f0fa5ac3941c4d7 in term 0.
I20260608 09:58:10.887867 13475 catalog_manager.cc:5696] T 0f9d4f66799f4463b4a0fb3be301f417 P 1446bcb1c51e4f859f0fa5ac3941c4d7 reported cstate change: term changed from 0 to 1, leader changed from <none> to 1446bcb1c51e4f859f0fa5ac3941c4d7 (127.8.227.194). New cstate: current_term: 1 leader_uuid: "1446bcb1c51e4f859f0fa5ac3941c4d7" committed_config { opid_index: -1 OBSOLETE_local: false peers { permanent_uuid: "b2c03589b9884afbb9eaeed9df69c145" member_type: VOTER last_known_addr { host: "127.8.227.193" port: 34663 } health_report { overall_health: UNKNOWN } } peers { permanent_uuid: "1446bcb1c51e4f859f0fa5ac3941c4d7" member_type: VOTER last_known_addr { host: "127.8.227.194" port: 32965 } health_report { overall_health: HEALTHY } } peers { permanent_uuid: "792686bc8a4a4ba19c9c9fd0acc2a186" member_type: VOTER last_known_addr { host: "127.8.227.195" port: 46357 } health_report { overall_health: UNKNOWN } } }
I20260608 09:58:10.889859 13619 leader_election.cc:304] T 93c60ff692874812b444be858b10268a P 1446bcb1c51e4f859f0fa5ac3941c4d7 [CANDIDATE]: Term 1 pre-election: Election decided. Result: candidate won. Election summary: received 2 responses out of 3 voters: 2 yes votes; 0 no votes. yes voters: 1446bcb1c51e4f859f0fa5ac3941c4d7, b2c03589b9884afbb9eaeed9df69c145; no voters: 
I20260608 09:58:10.892623 13779 raft_consensus.cc:2804] T 93c60ff692874812b444be858b10268a P 1446bcb1c51e4f859f0fa5ac3941c4d7 [term 0 FOLLOWER]: Leader pre-election won for term 1
I20260608 09:58:10.893078 13779 raft_consensus.cc:493] T 93c60ff692874812b444be858b10268a P 1446bcb1c51e4f859f0fa5ac3941c4d7 [term 0 FOLLOWER]: Starting leader election (no leader contacted us within the election timeout)
I20260608 09:58:10.893425 13779 raft_consensus.cc:3060] T 93c60ff692874812b444be858b10268a P 1446bcb1c51e4f859f0fa5ac3941c4d7 [term 0 FOLLOWER]: Advancing to term 1
I20260608 09:58:10.894791 13728 tablet_service.cc:1917] Received RequestConsensusVote() RPC: tablet_id: "93c60ff692874812b444be858b10268a" candidate_uuid: "1446bcb1c51e4f859f0fa5ac3941c4d7" candidate_term: 1 candidate_status { last_received { term: 0 index: 0 } } ignore_live_leader: false dest_uuid: "792686bc8a4a4ba19c9c9fd0acc2a186" is_pre_election: true
I20260608 09:58:10.896018 13841 leader_election.cc:290] T 93c60ff692874812b444be858b10268a P 1446bcb1c51e4f859f0fa5ac3941c4d7 [CANDIDATE]: Term 1 pre-election: Requested pre-vote from peers b2c03589b9884afbb9eaeed9df69c145 (127.8.227.193:34663), 792686bc8a4a4ba19c9c9fd0acc2a186 (127.8.227.195:46357)
W20260608 09:58:10.896705 13617 leader_election.cc:343] T 93c60ff692874812b444be858b10268a P 1446bcb1c51e4f859f0fa5ac3941c4d7 [CANDIDATE]: Term 1 pre-election: Tablet error from VoteRequest() call to peer 792686bc8a4a4ba19c9c9fd0acc2a186 (127.8.227.195:46357): Illegal state: must be running to vote when last-logged opid is not known
I20260608 09:58:10.899856 13772 tablet_bootstrap.cc:492] T 79d61022c4fb4ffcb1b4fafbc98d995d P 792686bc8a4a4ba19c9c9fd0acc2a186: No bootstrap required, opened a new log
I20260608 09:58:10.900362 13772 ts_tablet_manager.cc:1403] T 79d61022c4fb4ffcb1b4fafbc98d995d P 792686bc8a4a4ba19c9c9fd0acc2a186: Time spent bootstrapping tablet: real 0.042s	user 0.022s	sys 0.000s
I20260608 09:58:10.905750 13477 catalog_manager.cc:5696] T 2fce52bdec1d49158c46f2d5ced4acde P b2c03589b9884afbb9eaeed9df69c145 reported cstate change: term changed from 0 to 1, leader changed from <none> to b2c03589b9884afbb9eaeed9df69c145 (127.8.227.193). New cstate: current_term: 1 leader_uuid: "b2c03589b9884afbb9eaeed9df69c145" committed_config { opid_index: -1 OBSOLETE_local: false peers { permanent_uuid: "b2c03589b9884afbb9eaeed9df69c145" member_type: VOTER last_known_addr { host: "127.8.227.193" port: 34663 } health_report { overall_health: HEALTHY } } peers { permanent_uuid: "1446bcb1c51e4f859f0fa5ac3941c4d7" member_type: VOTER last_known_addr { host: "127.8.227.194" port: 32965 } health_report { overall_health: UNKNOWN } } peers { permanent_uuid: "792686bc8a4a4ba19c9c9fd0acc2a186" member_type: VOTER last_known_addr { host: "127.8.227.195" port: 46357 } health_report { overall_health: UNKNOWN } } }
I20260608 09:58:10.907986 13477 catalog_manager.cc:5696] T 1e6da373d0fc49329ec54a2a15130d84 P b2c03589b9884afbb9eaeed9df69c145 reported cstate change: term changed from 0 to 1, leader changed from <none> to b2c03589b9884afbb9eaeed9df69c145 (127.8.227.193). New cstate: current_term: 1 leader_uuid: "b2c03589b9884afbb9eaeed9df69c145" committed_config { opid_index: -1 OBSOLETE_local: false peers { permanent_uuid: "b2c03589b9884afbb9eaeed9df69c145" member_type: VOTER last_known_addr { host: "127.8.227.193" port: 34663 } health_report { overall_health: HEALTHY } } peers { permanent_uuid: "1446bcb1c51e4f859f0fa5ac3941c4d7" member_type: VOTER last_known_addr { host: "127.8.227.194" port: 32965 } health_report { overall_health: UNKNOWN } } peers { permanent_uuid: "792686bc8a4a4ba19c9c9fd0acc2a186" member_type: VOTER last_known_addr { host: "127.8.227.195" port: 46357 } health_report { overall_health: UNKNOWN } } }
I20260608 09:58:10.911083 13772 raft_consensus.cc:359] T 79d61022c4fb4ffcb1b4fafbc98d995d P 792686bc8a4a4ba19c9c9fd0acc2a186 [term 0 FOLLOWER]: Replica starting. Triggering 0 pending ops. Active config: opid_index: -1 OBSOLETE_local: false peers { permanent_uuid: "b2c03589b9884afbb9eaeed9df69c145" member_type: VOTER last_known_addr { host: "127.8.227.193" port: 34663 } } peers { permanent_uuid: "1446bcb1c51e4f859f0fa5ac3941c4d7" member_type: VOTER last_known_addr { host: "127.8.227.194" port: 32965 } } peers { permanent_uuid: "792686bc8a4a4ba19c9c9fd0acc2a186" member_type: VOTER last_known_addr { host: "127.8.227.195" port: 46357 } }
I20260608 09:58:10.911804 13772 raft_consensus.cc:385] T 79d61022c4fb4ffcb1b4fafbc98d995d P 792686bc8a4a4ba19c9c9fd0acc2a186 [term 0 FOLLOWER]: Consensus starting up: Expiring failure detector timer to make a prompt election more likely
I20260608 09:58:10.912071 13772 raft_consensus.cc:740] T 79d61022c4fb4ffcb1b4fafbc98d995d P 792686bc8a4a4ba19c9c9fd0acc2a186 [term 0 FOLLOWER]: Becoming Follower/Learner. State: Replica: 792686bc8a4a4ba19c9c9fd0acc2a186, State: Initialized, Role: FOLLOWER
I20260608 09:58:10.912850 13772 consensus_queue.cc:260] T 79d61022c4fb4ffcb1b4fafbc98d995d P 792686bc8a4a4ba19c9c9fd0acc2a186 [NON_LEADER]: Queue going to NON_LEADER mode. State: All replicated index: 0, Majority replicated index: 0, Committed index: 0, Last appended: 0.0, Last appended by leader: 0, Current term: 0, Majority size: -1, State: 0, Mode: NON_LEADER, active raft config: opid_index: -1 OBSOLETE_local: false peers { permanent_uuid: "b2c03589b9884afbb9eaeed9df69c145" member_type: VOTER last_known_addr { host: "127.8.227.193" port: 34663 } } peers { permanent_uuid: "1446bcb1c51e4f859f0fa5ac3941c4d7" member_type: VOTER last_known_addr { host: "127.8.227.194" port: 32965 } } peers { permanent_uuid: "792686bc8a4a4ba19c9c9fd0acc2a186" member_type: VOTER last_known_addr { host: "127.8.227.195" port: 46357 } }
I20260608 09:58:10.913793 13779 raft_consensus.cc:515] T 93c60ff692874812b444be858b10268a P 1446bcb1c51e4f859f0fa5ac3941c4d7 [term 1 FOLLOWER]: Starting leader election with config: opid_index: -1 OBSOLETE_local: false peers { permanent_uuid: "b2c03589b9884afbb9eaeed9df69c145" member_type: VOTER last_known_addr { host: "127.8.227.193" port: 34663 } } peers { permanent_uuid: "1446bcb1c51e4f859f0fa5ac3941c4d7" member_type: VOTER last_known_addr { host: "127.8.227.194" port: 32965 } } peers { permanent_uuid: "792686bc8a4a4ba19c9c9fd0acc2a186" member_type: VOTER last_known_addr { host: "127.8.227.195" port: 46357 } }
I20260608 09:58:10.915277 13772 ts_tablet_manager.cc:1434] T 79d61022c4fb4ffcb1b4fafbc98d995d P 792686bc8a4a4ba19c9c9fd0acc2a186: Time spent starting tablet: real 0.015s	user 0.008s	sys 0.000s
I20260608 09:58:10.916172 13779 leader_election.cc:290] T 93c60ff692874812b444be858b10268a P 1446bcb1c51e4f859f0fa5ac3941c4d7 [CANDIDATE]: Term 1 election: Requested vote from peers b2c03589b9884afbb9eaeed9df69c145 (127.8.227.193:34663), 792686bc8a4a4ba19c9c9fd0acc2a186 (127.8.227.195:46357)
I20260608 09:58:10.916715 13773 tablet_bootstrap.cc:654] T 0f9d4f66799f4463b4a0fb3be301f417 P b2c03589b9884afbb9eaeed9df69c145: Neither blocks nor log segments found. Creating new log.
I20260608 09:58:10.917414 13728 tablet_service.cc:1917] Received RequestConsensusVote() RPC: tablet_id: "93c60ff692874812b444be858b10268a" candidate_uuid: "1446bcb1c51e4f859f0fa5ac3941c4d7" candidate_term: 1 candidate_status { last_received { term: 0 index: 0 } } ignore_live_leader: false dest_uuid: "792686bc8a4a4ba19c9c9fd0acc2a186"
W20260608 09:58:10.918867 13617 leader_election.cc:343] T 93c60ff692874812b444be858b10268a P 1446bcb1c51e4f859f0fa5ac3941c4d7 [CANDIDATE]: Term 1 election: Tablet error from VoteRequest() call to peer 792686bc8a4a4ba19c9c9fd0acc2a186 (127.8.227.195:46357): Illegal state: must be running to vote when last-logged opid is not known
I20260608 09:58:10.919497 13772 tablet_bootstrap.cc:492] T 93c60ff692874812b444be858b10268a P 792686bc8a4a4ba19c9c9fd0acc2a186: Bootstrap starting.
I20260608 09:58:10.922271 13773 tablet_bootstrap.cc:492] T 0f9d4f66799f4463b4a0fb3be301f417 P b2c03589b9884afbb9eaeed9df69c145: No bootstrap required, opened a new log
I20260608 09:58:10.922776 13773 ts_tablet_manager.cc:1403] T 0f9d4f66799f4463b4a0fb3be301f417 P b2c03589b9884afbb9eaeed9df69c145: Time spent bootstrapping tablet: real 0.057s	user 0.009s	sys 0.001s
I20260608 09:58:10.922770 13577 tablet_service.cc:1917] Received RequestConsensusVote() RPC: tablet_id: "93c60ff692874812b444be858b10268a" candidate_uuid: "1446bcb1c51e4f859f0fa5ac3941c4d7" candidate_term: 1 candidate_status { last_received { term: 0 index: 0 } } ignore_live_leader: false dest_uuid: "b2c03589b9884afbb9eaeed9df69c145"
I20260608 09:58:10.923511 13577 raft_consensus.cc:3060] T 93c60ff692874812b444be858b10268a P b2c03589b9884afbb9eaeed9df69c145 [term 0 FOLLOWER]: Advancing to term 1
I20260608 09:58:10.924722 13772 tablet_bootstrap.cc:654] T 93c60ff692874812b444be858b10268a P 792686bc8a4a4ba19c9c9fd0acc2a186: Neither blocks nor log segments found. Creating new log.
I20260608 09:58:10.925904 13773 raft_consensus.cc:359] T 0f9d4f66799f4463b4a0fb3be301f417 P b2c03589b9884afbb9eaeed9df69c145 [term 0 FOLLOWER]: Replica starting. Triggering 0 pending ops. Active config: opid_index: -1 OBSOLETE_local: false peers { permanent_uuid: "b2c03589b9884afbb9eaeed9df69c145" member_type: VOTER last_known_addr { host: "127.8.227.193" port: 34663 } } peers { permanent_uuid: "1446bcb1c51e4f859f0fa5ac3941c4d7" member_type: VOTER last_known_addr { host: "127.8.227.194" port: 32965 } } peers { permanent_uuid: "792686bc8a4a4ba19c9c9fd0acc2a186" member_type: VOTER last_known_addr { host: "127.8.227.195" port: 46357 } }
I20260608 09:58:10.926602 13773 raft_consensus.cc:385] T 0f9d4f66799f4463b4a0fb3be301f417 P b2c03589b9884afbb9eaeed9df69c145 [term 0 FOLLOWER]: Consensus starting up: Expiring failure detector timer to make a prompt election more likely
I20260608 09:58:10.926914 13773 raft_consensus.cc:740] T 0f9d4f66799f4463b4a0fb3be301f417 P b2c03589b9884afbb9eaeed9df69c145 [term 0 FOLLOWER]: Becoming Follower/Learner. State: Replica: b2c03589b9884afbb9eaeed9df69c145, State: Initialized, Role: FOLLOWER
I20260608 09:58:10.909809 13477 catalog_manager.cc:5696] T e0bccf43ba95457a9fe7fab9be2a0aee P b2c03589b9884afbb9eaeed9df69c145 reported cstate change: term changed from 0 to 1, leader changed from <none> to b2c03589b9884afbb9eaeed9df69c145 (127.8.227.193). New cstate: current_term: 1 leader_uuid: "b2c03589b9884afbb9eaeed9df69c145" committed_config { opid_index: -1 OBSOLETE_local: false peers { permanent_uuid: "b2c03589b9884afbb9eaeed9df69c145" member_type: VOTER last_known_addr { host: "127.8.227.193" port: 34663 } health_report { overall_health: HEALTHY } } peers { permanent_uuid: "1446bcb1c51e4f859f0fa5ac3941c4d7" member_type: VOTER last_known_addr { host: "127.8.227.194" port: 32965 } health_report { overall_health: UNKNOWN } } peers { permanent_uuid: "792686bc8a4a4ba19c9c9fd0acc2a186" member_type: VOTER last_known_addr { host: "127.8.227.195" port: 46357 } health_report { overall_health: UNKNOWN } } }
I20260608 09:58:10.927681 13773 consensus_queue.cc:260] T 0f9d4f66799f4463b4a0fb3be301f417 P b2c03589b9884afbb9eaeed9df69c145 [NON_LEADER]: Queue going to NON_LEADER mode. State: All replicated index: 0, Majority replicated index: 0, Committed index: 0, Last appended: 0.0, Last appended by leader: 0, Current term: 0, Majority size: -1, State: 0, Mode: NON_LEADER, active raft config: opid_index: -1 OBSOLETE_local: false peers { permanent_uuid: "b2c03589b9884afbb9eaeed9df69c145" member_type: VOTER last_known_addr { host: "127.8.227.193" port: 34663 } } peers { permanent_uuid: "1446bcb1c51e4f859f0fa5ac3941c4d7" member_type: VOTER last_known_addr { host: "127.8.227.194" port: 32965 } } peers { permanent_uuid: "792686bc8a4a4ba19c9c9fd0acc2a186" member_type: VOTER last_known_addr { host: "127.8.227.195" port: 46357 } }
I20260608 09:58:10.930922 13773 ts_tablet_manager.cc:1434] T 0f9d4f66799f4463b4a0fb3be301f417 P b2c03589b9884afbb9eaeed9df69c145: Time spent starting tablet: real 0.008s	user 0.007s	sys 0.000s
I20260608 09:58:10.931066 13577 raft_consensus.cc:2468] T 93c60ff692874812b444be858b10268a P b2c03589b9884afbb9eaeed9df69c145 [term 1 FOLLOWER]: Leader election vote request: Granting yes vote for candidate 1446bcb1c51e4f859f0fa5ac3941c4d7 in term 1.
I20260608 09:58:10.931059 13824 raft_consensus.cc:493] T 0f9d4f66799f4463b4a0fb3be301f417 P b2c03589b9884afbb9eaeed9df69c145 [term 0 FOLLOWER]: Starting pre-election (no leader contacted us within the election timeout)
I20260608 09:58:10.931878 13773 tablet_bootstrap.cc:492] T 79d61022c4fb4ffcb1b4fafbc98d995d P b2c03589b9884afbb9eaeed9df69c145: Bootstrap starting.
I20260608 09:58:10.931998 13824 raft_consensus.cc:515] T 0f9d4f66799f4463b4a0fb3be301f417 P b2c03589b9884afbb9eaeed9df69c145 [term 0 FOLLOWER]: Starting pre-election with config: opid_index: -1 OBSOLETE_local: false peers { permanent_uuid: "b2c03589b9884afbb9eaeed9df69c145" member_type: VOTER last_known_addr { host: "127.8.227.193" port: 34663 } } peers { permanent_uuid: "1446bcb1c51e4f859f0fa5ac3941c4d7" member_type: VOTER last_known_addr { host: "127.8.227.194" port: 32965 } } peers { permanent_uuid: "792686bc8a4a4ba19c9c9fd0acc2a186" member_type: VOTER last_known_addr { host: "127.8.227.195" port: 46357 } }
I20260608 09:58:10.932812 13619 leader_election.cc:304] T 93c60ff692874812b444be858b10268a P 1446bcb1c51e4f859f0fa5ac3941c4d7 [CANDIDATE]: Term 1 election: Election decided. Result: candidate won. Election summary: received 3 responses out of 3 voters: 2 yes votes; 1 no votes. yes voters: 1446bcb1c51e4f859f0fa5ac3941c4d7, b2c03589b9884afbb9eaeed9df69c145; no voters: 792686bc8a4a4ba19c9c9fd0acc2a186
I20260608 09:58:10.934041 13779 raft_consensus.cc:2804] T 93c60ff692874812b444be858b10268a P 1446bcb1c51e4f859f0fa5ac3941c4d7 [term 1 FOLLOWER]: Leader election won for term 1
I20260608 09:58:10.934536 13779 raft_consensus.cc:697] T 93c60ff692874812b444be858b10268a P 1446bcb1c51e4f859f0fa5ac3941c4d7 [term 1 LEADER]: Becoming Leader. State: Replica: 1446bcb1c51e4f859f0fa5ac3941c4d7, State: Running, Role: LEADER
I20260608 09:58:10.935427 13779 consensus_queue.cc:237] T 93c60ff692874812b444be858b10268a P 1446bcb1c51e4f859f0fa5ac3941c4d7 [LEADER]: Queue going to LEADER mode. State: All replicated index: 0, Majority replicated index: 0, Committed index: 0, Last appended: 0.0, Last appended by leader: 0, Current term: 1, Majority size: 2, State: 0, Mode: LEADER, active raft config: opid_index: -1 OBSOLETE_local: false peers { permanent_uuid: "b2c03589b9884afbb9eaeed9df69c145" member_type: VOTER last_known_addr { host: "127.8.227.193" port: 34663 } } peers { permanent_uuid: "1446bcb1c51e4f859f0fa5ac3941c4d7" member_type: VOTER last_known_addr { host: "127.8.227.194" port: 32965 } } peers { permanent_uuid: "792686bc8a4a4ba19c9c9fd0acc2a186" member_type: VOTER last_known_addr { host: "127.8.227.195" port: 46357 } }
I20260608 09:58:10.936342 13653 tablet_service.cc:1917] Received RequestConsensusVote() RPC: tablet_id: "0f9d4f66799f4463b4a0fb3be301f417" candidate_uuid: "b2c03589b9884afbb9eaeed9df69c145" candidate_term: 1 candidate_status { last_received { term: 0 index: 0 } } ignore_live_leader: false dest_uuid: "1446bcb1c51e4f859f0fa5ac3941c4d7" is_pre_election: true
I20260608 09:58:10.939179 13773 tablet_bootstrap.cc:654] T 79d61022c4fb4ffcb1b4fafbc98d995d P b2c03589b9884afbb9eaeed9df69c145: Neither blocks nor log segments found. Creating new log.
I20260608 09:58:10.940214 13824 leader_election.cc:290] T 0f9d4f66799f4463b4a0fb3be301f417 P b2c03589b9884afbb9eaeed9df69c145 [CANDIDATE]: Term 1 pre-election: Requested pre-vote from peers 1446bcb1c51e4f859f0fa5ac3941c4d7 (127.8.227.194:32965), 792686bc8a4a4ba19c9c9fd0acc2a186 (127.8.227.195:46357)
I20260608 09:58:10.940922 13727 tablet_service.cc:1917] Received RequestConsensusVote() RPC: tablet_id: "0f9d4f66799f4463b4a0fb3be301f417" candidate_uuid: "b2c03589b9884afbb9eaeed9df69c145" candidate_term: 1 candidate_status { last_received { term: 0 index: 0 } } ignore_live_leader: false dest_uuid: "792686bc8a4a4ba19c9c9fd0acc2a186" is_pre_election: true
I20260608 09:58:10.941730 13727 raft_consensus.cc:2393] T 0f9d4f66799f4463b4a0fb3be301f417 P 792686bc8a4a4ba19c9c9fd0acc2a186 [term 1 FOLLOWER]: Leader pre-election vote request: Denying vote to candidate b2c03589b9884afbb9eaeed9df69c145 in current term 1: Already voted for candidate 1446bcb1c51e4f859f0fa5ac3941c4d7 in this term.
I20260608 09:58:10.942456 13824 consensus_queue.cc:1048] T a504c50c8b3144df9b7c9779d353f224 P b2c03589b9884afbb9eaeed9df69c145 [LEADER]: Connected to new peer: Peer: permanent_uuid: "1446bcb1c51e4f859f0fa5ac3941c4d7" member_type: VOTER last_known_addr { host: "127.8.227.194" port: 32965 }, Status: LMP_MISMATCH, Last received: 0.0, Next index: 1, Last known committed idx: 0, Time since last communication: 0.000s
I20260608 09:58:10.943051 13542 leader_election.cc:304] T 0f9d4f66799f4463b4a0fb3be301f417 P b2c03589b9884afbb9eaeed9df69c145 [CANDIDATE]: Term 1 pre-election: Election decided. Result: candidate lost. Election summary: received 3 responses out of 3 voters: 1 yes votes; 2 no votes. yes voters: b2c03589b9884afbb9eaeed9df69c145; no voters: 1446bcb1c51e4f859f0fa5ac3941c4d7, 792686bc8a4a4ba19c9c9fd0acc2a186
I20260608 09:58:10.944260 13797 raft_consensus.cc:3060] T 0f9d4f66799f4463b4a0fb3be301f417 P b2c03589b9884afbb9eaeed9df69c145 [term 0 FOLLOWER]: Advancing to term 1
I20260608 09:58:10.952847 13797 raft_consensus.cc:2749] T 0f9d4f66799f4463b4a0fb3be301f417 P b2c03589b9884afbb9eaeed9df69c145 [term 1 FOLLOWER]: Leader pre-election lost for term 1. Reason: could not achieve majority
I20260608 09:58:10.955745 13772 tablet_bootstrap.cc:492] T 93c60ff692874812b444be858b10268a P 792686bc8a4a4ba19c9c9fd0acc2a186: No bootstrap required, opened a new log
I20260608 09:58:10.956436 13772 ts_tablet_manager.cc:1403] T 93c60ff692874812b444be858b10268a P 792686bc8a4a4ba19c9c9fd0acc2a186: Time spent bootstrapping tablet: real 0.040s	user 0.012s	sys 0.010s
I20260608 09:58:10.961848 13772 raft_consensus.cc:359] T 93c60ff692874812b444be858b10268a P 792686bc8a4a4ba19c9c9fd0acc2a186 [term 0 FOLLOWER]: Replica starting. Triggering 0 pending ops. Active config: opid_index: -1 OBSOLETE_local: false peers { permanent_uuid: "b2c03589b9884afbb9eaeed9df69c145" member_type: VOTER last_known_addr { host: "127.8.227.193" port: 34663 } } peers { permanent_uuid: "1446bcb1c51e4f859f0fa5ac3941c4d7" member_type: VOTER last_known_addr { host: "127.8.227.194" port: 32965 } } peers { permanent_uuid: "792686bc8a4a4ba19c9c9fd0acc2a186" member_type: VOTER last_known_addr { host: "127.8.227.195" port: 46357 } }
I20260608 09:58:10.962618 13772 raft_consensus.cc:385] T 93c60ff692874812b444be858b10268a P 792686bc8a4a4ba19c9c9fd0acc2a186 [term 0 FOLLOWER]: Consensus starting up: Expiring failure detector timer to make a prompt election more likely
I20260608 09:58:10.962971 13772 raft_consensus.cc:740] T 93c60ff692874812b444be858b10268a P 792686bc8a4a4ba19c9c9fd0acc2a186 [term 0 FOLLOWER]: Becoming Follower/Learner. State: Replica: 792686bc8a4a4ba19c9c9fd0acc2a186, State: Initialized, Role: FOLLOWER
I20260608 09:58:10.963092 13780 raft_consensus.cc:493] T 0546a9571ac94a24a2b1fe45a8583197 P 792686bc8a4a4ba19c9c9fd0acc2a186 [term 0 FOLLOWER]: Starting pre-election (no leader contacted us within the election timeout)
I20260608 09:58:10.963605 13780 raft_consensus.cc:515] T 0546a9571ac94a24a2b1fe45a8583197 P 792686bc8a4a4ba19c9c9fd0acc2a186 [term 0 FOLLOWER]: Starting pre-election with config: opid_index: -1 OBSOLETE_local: false peers { permanent_uuid: "b2c03589b9884afbb9eaeed9df69c145" member_type: VOTER last_known_addr { host: "127.8.227.193" port: 34663 } } peers { permanent_uuid: "1446bcb1c51e4f859f0fa5ac3941c4d7" member_type: VOTER last_known_addr { host: "127.8.227.194" port: 32965 } } peers { permanent_uuid: "792686bc8a4a4ba19c9c9fd0acc2a186" member_type: VOTER last_known_addr { host: "127.8.227.195" port: 46357 } }
I20260608 09:58:10.963877 13772 consensus_queue.cc:260] T 93c60ff692874812b444be858b10268a P 792686bc8a4a4ba19c9c9fd0acc2a186 [NON_LEADER]: Queue going to NON_LEADER mode. State: All replicated index: 0, Majority replicated index: 0, Committed index: 0, Last appended: 0.0, Last appended by leader: 0, Current term: 0, Majority size: -1, State: 0, Mode: NON_LEADER, active raft config: opid_index: -1 OBSOLETE_local: false peers { permanent_uuid: "b2c03589b9884afbb9eaeed9df69c145" member_type: VOTER last_known_addr { host: "127.8.227.193" port: 34663 } } peers { permanent_uuid: "1446bcb1c51e4f859f0fa5ac3941c4d7" member_type: VOTER last_known_addr { host: "127.8.227.194" port: 32965 } } peers { permanent_uuid: "792686bc8a4a4ba19c9c9fd0acc2a186" member_type: VOTER last_known_addr { host: "127.8.227.195" port: 46357 } }
I20260608 09:58:10.965986 13780 leader_election.cc:290] T 0546a9571ac94a24a2b1fe45a8583197 P 792686bc8a4a4ba19c9c9fd0acc2a186 [CANDIDATE]: Term 1 pre-election: Requested pre-vote from peers b2c03589b9884afbb9eaeed9df69c145 (127.8.227.193:34663), 1446bcb1c51e4f859f0fa5ac3941c4d7 (127.8.227.194:32965)
