I20260608 09:57:37.048108 20585 tablet_service.cc:1917] Received RequestConsensusVote() RPC: tablet_id: "84ea0d4495524c48bbade00b827a665c" candidate_uuid: "3652054586404da9be9bddb26fa7b22e" candidate_term: 1 candidate_status { last_received { term: 0 index: 0 } } ignore_live_leader: false dest_uuid: "5ff8550c67b54d1ab3ccc037dc921558"
W20260608 09:57:37.049695 20385 leader_election.cc:343] T 84ea0d4495524c48bbade00b827a665c P 3652054586404da9be9bddb26fa7b22e [CANDIDATE]: Term 1 pre-election: Tablet error from VoteRequest() call to peer 5ff8550c67b54d1ab3ccc037dc921558 (127.16.220.68:38841): Illegal state: must be running to vote when last-logged opid is not known
W20260608 09:57:37.050587 20385 leader_election.cc:343] T 84ea0d4495524c48bbade00b827a665c P 3652054586404da9be9bddb26fa7b22e [CANDIDATE]: Term 1 election: Tablet error from VoteRequest() call to peer 5ff8550c67b54d1ab3ccc037dc921558 (127.16.220.68:38841): Illegal state: must be running to vote when last-logged opid is not known
I20260608 09:57:37.053048 20345 raft_consensus.cc:2468] T c0d44b7f95484d1cb15f519455437ac0 P 3aa0f7d2b3bf4b1aa1a16ab1684e3a9e [term 1 FOLLOWER]: Leader election vote request: Granting yes vote for candidate 5ff8550c67b54d1ab3ccc037dc921558 in term 1.
I20260608 09:57:37.054580 20550 leader_election.cc:304] T c0d44b7f95484d1cb15f519455437ac0 P 5ff8550c67b54d1ab3ccc037dc921558 [CANDIDATE]: Term 1 election: Election decided. Result: candidate won. Election summary: received 2 responses out of 3 voters: 2 yes votes; 0 no votes. yes voters: 3aa0f7d2b3bf4b1aa1a16ab1684e3a9e, 5ff8550c67b54d1ab3ccc037dc921558; no voters: 
I20260608 09:57:37.056176 20629 raft_consensus.cc:2804] T c0d44b7f95484d1cb15f519455437ac0 P 5ff8550c67b54d1ab3ccc037dc921558 [term 1 FOLLOWER]: Leader election won for term 1
I20260608 09:57:37.063868 20271 raft_consensus.cc:2468] T c0d44b7f95484d1cb15f519455437ac0 P c9e4df3b6f1048028f7ab23428bb0fc9 [term 1 FOLLOWER]: Leader election vote request: Granting yes vote for candidate 5ff8550c67b54d1ab3ccc037dc921558 in term 1.
W20260608 09:57:37.067613 20154 catalog_manager.cc:4809] Async tablet task AlterTable RPC for tablet c0d44b7f95484d1cb15f519455437ac0 (table range_aware_rebalance_new_range [id=b10e1471b755487aa76239ff39d5c076], current schema version=0) failed: Not found: failed to reset TS proxy: No leader found: Tablet c0d44b7f95484d1cb15f519455437ac0 consensus state has no leader
I20260608 09:57:37.069645 20623 tablet_bootstrap.cc:492] T cf1aa589841c4c2ab09efe29186d4c4a P 5ff8550c67b54d1ab3ccc037dc921558: No bootstrap required, opened a new log
I20260608 09:57:37.072783 20623 ts_tablet_manager.cc:1403] T cf1aa589841c4c2ab09efe29186d4c4a P 5ff8550c67b54d1ab3ccc037dc921558: Time spent bootstrapping tablet: real 0.070s	user 0.006s	sys 0.008s
I20260608 09:57:37.076218 20167 catalog_manager.cc:5696] T 84ea0d4495524c48bbade00b827a665c P 3652054586404da9be9bddb26fa7b22e reported cstate change: term changed from 0 to 1, leader changed from <none> to 3652054586404da9be9bddb26fa7b22e (127.16.220.67). New cstate: current_term: 1 leader_uuid: "3652054586404da9be9bddb26fa7b22e" committed_config { opid_index: -1 OBSOLETE_local: false peers { permanent_uuid: "3652054586404da9be9bddb26fa7b22e" member_type: VOTER last_known_addr { host: "127.16.220.67" port: 37721 } health_report { overall_health: HEALTHY } } peers { permanent_uuid: "5ff8550c67b54d1ab3ccc037dc921558" member_type: VOTER last_known_addr { host: "127.16.220.68" port: 38841 } health_report { overall_health: UNKNOWN } } peers { permanent_uuid: "c9e4df3b6f1048028f7ab23428bb0fc9" member_type: VOTER last_known_addr { host: "127.16.220.65" port: 43625 } health_report { overall_health: UNKNOWN } } }
I20260608 09:57:37.079396 20623 raft_consensus.cc:359] T cf1aa589841c4c2ab09efe29186d4c4a P 5ff8550c67b54d1ab3ccc037dc921558 [term 0 FOLLOWER]: Replica starting. Triggering 0 pending ops. Active config: opid_index: -1 OBSOLETE_local: false peers { permanent_uuid: "5ff8550c67b54d1ab3ccc037dc921558" member_type: VOTER last_known_addr { host: "127.16.220.68" port: 38841 } } peers { permanent_uuid: "3aa0f7d2b3bf4b1aa1a16ab1684e3a9e" member_type: VOTER last_known_addr { host: "127.16.220.66" port: 41443 } } peers { permanent_uuid: "3652054586404da9be9bddb26fa7b22e" member_type: VOTER last_known_addr { host: "127.16.220.67" port: 37721 } }
I20260608 09:57:37.080318 20623 raft_consensus.cc:385] T cf1aa589841c4c2ab09efe29186d4c4a P 5ff8550c67b54d1ab3ccc037dc921558 [term 0 FOLLOWER]: Consensus starting up: Expiring failure detector timer to make a prompt election more likely
I20260608 09:57:37.080682 20623 raft_consensus.cc:740] T cf1aa589841c4c2ab09efe29186d4c4a P 5ff8550c67b54d1ab3ccc037dc921558 [term 0 FOLLOWER]: Becoming Follower/Learner. State: Replica: 5ff8550c67b54d1ab3ccc037dc921558, State: Initialized, Role: FOLLOWER
I20260608 09:57:37.081619 20623 consensus_queue.cc:260] T cf1aa589841c4c2ab09efe29186d4c4a P 5ff8550c67b54d1ab3ccc037dc921558 [NON_LEADER]: Queue going to NON_LEADER mode. State: All replicated index: 0, Majority replicated index: 0, Committed index: 0, Last appended: 0.0, Last appended by leader: 0, Current term: 0, Majority size: -1, State: 0, Mode: NON_LEADER, active raft config: opid_index: -1 OBSOLETE_local: false peers { permanent_uuid: "5ff8550c67b54d1ab3ccc037dc921558" member_type: VOTER last_known_addr { host: "127.16.220.68" port: 38841 } } peers { permanent_uuid: "3aa0f7d2b3bf4b1aa1a16ab1684e3a9e" member_type: VOTER last_known_addr { host: "127.16.220.66" port: 41443 } } peers { permanent_uuid: "3652054586404da9be9bddb26fa7b22e" member_type: VOTER last_known_addr { host: "127.16.220.67" port: 37721 } }
I20260608 09:57:37.085117 20585 raft_consensus.cc:3060] T 41b277113ad642358b331b9c38fd3768 P 5ff8550c67b54d1ab3ccc037dc921558 [term 0 FOLLOWER]: Advancing to term 1
I20260608 09:57:37.085718 20629 raft_consensus.cc:697] T c0d44b7f95484d1cb15f519455437ac0 P 5ff8550c67b54d1ab3ccc037dc921558 [term 1 LEADER]: Becoming Leader. State: Replica: 5ff8550c67b54d1ab3ccc037dc921558, State: Running, Role: LEADER
I20260608 09:57:37.086608 20629 consensus_queue.cc:237] T c0d44b7f95484d1cb15f519455437ac0 P 5ff8550c67b54d1ab3ccc037dc921558 [LEADER]: Queue going to LEADER mode. State: All replicated index: 0, Majority replicated index: 0, Committed index: 0, Last appended: 0.0, Last appended by leader: 0, Current term: 1, Majority size: 2, State: 0, Mode: LEADER, active raft config: opid_index: -1 OBSOLETE_local: false peers { permanent_uuid: "c9e4df3b6f1048028f7ab23428bb0fc9" member_type: VOTER last_known_addr { host: "127.16.220.65" port: 43625 } } peers { permanent_uuid: "5ff8550c67b54d1ab3ccc037dc921558" member_type: VOTER last_known_addr { host: "127.16.220.68" port: 38841 } } peers { permanent_uuid: "3aa0f7d2b3bf4b1aa1a16ab1684e3a9e" member_type: VOTER last_known_addr { host: "127.16.220.66" port: 41443 } }
I20260608 09:57:37.087103 20514 raft_consensus.cc:493] T c418266be8d54f5995f6db78c5a63acc P 3aa0f7d2b3bf4b1aa1a16ab1684e3a9e [term 0 FOLLOWER]: Starting pre-election (no leader contacted us within the election timeout)
I20260608 09:57:37.087667 20514 raft_consensus.cc:515] T c418266be8d54f5995f6db78c5a63acc P 3aa0f7d2b3bf4b1aa1a16ab1684e3a9e [term 0 FOLLOWER]: Starting pre-election with config: opid_index: -1 OBSOLETE_local: false peers { permanent_uuid: "5ff8550c67b54d1ab3ccc037dc921558" member_type: VOTER last_known_addr { host: "127.16.220.68" port: 38841 } } peers { permanent_uuid: "3aa0f7d2b3bf4b1aa1a16ab1684e3a9e" member_type: VOTER last_known_addr { host: "127.16.220.66" port: 41443 } } peers { permanent_uuid: "3652054586404da9be9bddb26fa7b22e" member_type: VOTER last_known_addr { host: "127.16.220.67" port: 37721 } }
I20260608 09:57:37.090063 20514 leader_election.cc:290] T c418266be8d54f5995f6db78c5a63acc P 3aa0f7d2b3bf4b1aa1a16ab1684e3a9e [CANDIDATE]: Term 1 pre-election: Requested pre-vote from peers 5ff8550c67b54d1ab3ccc037dc921558 (127.16.220.68:38841), 3652054586404da9be9bddb26fa7b22e (127.16.220.67:37721)
I20260608 09:57:37.092221 20584 tablet_service.cc:1917] Received RequestConsensusVote() RPC: tablet_id: "c418266be8d54f5995f6db78c5a63acc" candidate_uuid: "3aa0f7d2b3bf4b1aa1a16ab1684e3a9e" candidate_term: 1 candidate_status { last_received { term: 0 index: 0 } } ignore_live_leader: false dest_uuid: "5ff8550c67b54d1ab3ccc037dc921558" is_pre_election: true
I20260608 09:57:37.092432 20623 ts_tablet_manager.cc:1434] T cf1aa589841c4c2ab09efe29186d4c4a P 5ff8550c67b54d1ab3ccc037dc921558: Time spent starting tablet: real 0.019s	user 0.008s	sys 0.000s
I20260608 09:57:37.092953 20584 raft_consensus.cc:2468] T c418266be8d54f5995f6db78c5a63acc P 5ff8550c67b54d1ab3ccc037dc921558 [term 0 FOLLOWER]: Leader pre-election vote request: Granting yes vote for candidate 3aa0f7d2b3bf4b1aa1a16ab1684e3a9e in term 0.
I20260608 09:57:37.094048 20623 tablet_bootstrap.cc:492] T 84ea0d4495524c48bbade00b827a665c P 5ff8550c67b54d1ab3ccc037dc921558: Bootstrap starting.
I20260608 09:57:37.097807 20311 leader_election.cc:304] T c418266be8d54f5995f6db78c5a63acc P 3aa0f7d2b3bf4b1aa1a16ab1684e3a9e [CANDIDATE]: Term 1 pre-election: Election decided. Result: candidate won. Election summary: received 2 responses out of 3 voters: 2 yes votes; 0 no votes. yes voters: 3aa0f7d2b3bf4b1aa1a16ab1684e3a9e, 5ff8550c67b54d1ab3ccc037dc921558; no voters: 
I20260608 09:57:37.100404 20514 raft_consensus.cc:2804] T c418266be8d54f5995f6db78c5a63acc P 3aa0f7d2b3bf4b1aa1a16ab1684e3a9e [term 0 FOLLOWER]: Leader pre-election won for term 1
I20260608 09:57:37.100833 20514 raft_consensus.cc:493] T c418266be8d54f5995f6db78c5a63acc P 3aa0f7d2b3bf4b1aa1a16ab1684e3a9e [term 0 FOLLOWER]: Starting leader election (no leader contacted us within the election timeout)
I20260608 09:57:37.101177 20514 raft_consensus.cc:3060] T c418266be8d54f5995f6db78c5a63acc P 3aa0f7d2b3bf4b1aa1a16ab1684e3a9e [term 0 FOLLOWER]: Advancing to term 1
I20260608 09:57:37.103469 20496 raft_consensus.cc:493] T c418266be8d54f5995f6db78c5a63acc P 3652054586404da9be9bddb26fa7b22e [term 0 FOLLOWER]: Starting pre-election (no leader contacted us within the election timeout)
I20260608 09:57:37.104249 20496 raft_consensus.cc:515] T c418266be8d54f5995f6db78c5a63acc P 3652054586404da9be9bddb26fa7b22e [term 0 FOLLOWER]: Starting pre-election with config: opid_index: -1 OBSOLETE_local: false peers { permanent_uuid: "5ff8550c67b54d1ab3ccc037dc921558" member_type: VOTER last_known_addr { host: "127.16.220.68" port: 38841 } } peers { permanent_uuid: "3aa0f7d2b3bf4b1aa1a16ab1684e3a9e" member_type: VOTER last_known_addr { host: "127.16.220.66" port: 41443 } } peers { permanent_uuid: "3652054586404da9be9bddb26fa7b22e" member_type: VOTER last_known_addr { host: "127.16.220.67" port: 37721 } }
I20260608 09:57:37.108323 20585 tablet_service.cc:1917] Received RequestConsensusVote() RPC: tablet_id: "c418266be8d54f5995f6db78c5a63acc" candidate_uuid: "3652054586404da9be9bddb26fa7b22e" candidate_term: 1 candidate_status { last_received { term: 0 index: 0 } } ignore_live_leader: false dest_uuid: "5ff8550c67b54d1ab3ccc037dc921558" is_pre_election: true
I20260608 09:57:37.108594 20496 leader_election.cc:290] T c418266be8d54f5995f6db78c5a63acc P 3652054586404da9be9bddb26fa7b22e [CANDIDATE]: Term 1 pre-election: Requested pre-vote from peers 5ff8550c67b54d1ab3ccc037dc921558 (127.16.220.68:38841), 3aa0f7d2b3bf4b1aa1a16ab1684e3a9e (127.16.220.66:41443)
I20260608 09:57:37.108762 20474 consensus_queue.cc:1048] T 41b277113ad642358b331b9c38fd3768 P c9e4df3b6f1048028f7ab23428bb0fc9 [LEADER]: Connected to new peer: Peer: permanent_uuid: "5ff8550c67b54d1ab3ccc037dc921558" member_type: VOTER last_known_addr { host: "127.16.220.68" port: 38841 }, Status: LMP_MISMATCH, Last received: 0.0, Next index: 1, Last known committed idx: 0, Time since last communication: 0.001s
I20260608 09:57:37.110764 20345 tablet_service.cc:1917] Received RequestConsensusVote() RPC: tablet_id: "c418266be8d54f5995f6db78c5a63acc" candidate_uuid: "3652054586404da9be9bddb26fa7b22e" candidate_term: 1 candidate_status { last_received { term: 0 index: 0 } } ignore_live_leader: false dest_uuid: "3aa0f7d2b3bf4b1aa1a16ab1684e3a9e" is_pre_election: true
I20260608 09:57:37.111109 20623 tablet_bootstrap.cc:654] T 84ea0d4495524c48bbade00b827a665c P 5ff8550c67b54d1ab3ccc037dc921558: Neither blocks nor log segments found. Creating new log.
I20260608 09:57:37.109035 20585 raft_consensus.cc:2468] T c418266be8d54f5995f6db78c5a63acc P 5ff8550c67b54d1ab3ccc037dc921558 [term 0 FOLLOWER]: Leader pre-election vote request: Granting yes vote for candidate 3652054586404da9be9bddb26fa7b22e in term 0.
I20260608 09:57:37.113284 20385 leader_election.cc:304] T c418266be8d54f5995f6db78c5a63acc P 3652054586404da9be9bddb26fa7b22e [CANDIDATE]: Term 1 pre-election: Election decided. Result: candidate won. Election summary: received 2 responses out of 3 voters: 2 yes votes; 0 no votes. yes voters: 3652054586404da9be9bddb26fa7b22e, 5ff8550c67b54d1ab3ccc037dc921558; no voters: 
I20260608 09:57:37.114292 20496 raft_consensus.cc:2804] T c418266be8d54f5995f6db78c5a63acc P 3652054586404da9be9bddb26fa7b22e [term 0 FOLLOWER]: Leader pre-election won for term 1
I20260608 09:57:37.114796 20496 raft_consensus.cc:493] T c418266be8d54f5995f6db78c5a63acc P 3652054586404da9be9bddb26fa7b22e [term 0 FOLLOWER]: Starting leader election (no leader contacted us within the election timeout)
I20260608 09:57:37.115598 20496 raft_consensus.cc:3060] T c418266be8d54f5995f6db78c5a63acc P 3652054586404da9be9bddb26fa7b22e [term 0 FOLLOWER]: Advancing to term 1
I20260608 09:57:37.115929 20167 catalog_manager.cc:5696] T c0d44b7f95484d1cb15f519455437ac0 P 5ff8550c67b54d1ab3ccc037dc921558 reported cstate change: term changed from 0 to 1, leader changed from <none> to 5ff8550c67b54d1ab3ccc037dc921558 (127.16.220.68). New cstate: current_term: 1 leader_uuid: "5ff8550c67b54d1ab3ccc037dc921558" committed_config { opid_index: -1 OBSOLETE_local: false peers { permanent_uuid: "c9e4df3b6f1048028f7ab23428bb0fc9" member_type: VOTER last_known_addr { host: "127.16.220.65" port: 43625 } health_report { overall_health: UNKNOWN } } peers { permanent_uuid: "5ff8550c67b54d1ab3ccc037dc921558" member_type: VOTER last_known_addr { host: "127.16.220.68" port: 38841 } health_report { overall_health: HEALTHY } } peers { permanent_uuid: "3aa0f7d2b3bf4b1aa1a16ab1684e3a9e" member_type: VOTER last_known_addr { host: "127.16.220.66" port: 41443 } health_report { overall_health: UNKNOWN } } }
I20260608 09:57:37.123827 20421 tablet_service.cc:1917] Received RequestConsensusVote() RPC: tablet_id: "c418266be8d54f5995f6db78c5a63acc" candidate_uuid: "3aa0f7d2b3bf4b1aa1a16ab1684e3a9e" candidate_term: 1 candidate_status { last_received { term: 0 index: 0 } } ignore_live_leader: false dest_uuid: "3652054586404da9be9bddb26fa7b22e" is_pre_election: true
I20260608 09:57:37.127473 20656 consensus_queue.cc:1048] T ad533a9caec34326bebb06beff3742d6 P 3aa0f7d2b3bf4b1aa1a16ab1684e3a9e [LEADER]: Connected to new peer: Peer: permanent_uuid: "c9e4df3b6f1048028f7ab23428bb0fc9" member_type: VOTER last_known_addr { host: "127.16.220.65" port: 43625 }, Status: LMP_MISMATCH, Last received: 0.0, Next index: 1, Last known committed idx: 0, Time since last communication: 0.001s
I20260608 09:57:37.129371 20514 raft_consensus.cc:515] T c418266be8d54f5995f6db78c5a63acc P 3aa0f7d2b3bf4b1aa1a16ab1684e3a9e [term 1 FOLLOWER]: Starting leader election with config: opid_index: -1 OBSOLETE_local: false peers { permanent_uuid: "5ff8550c67b54d1ab3ccc037dc921558" member_type: VOTER last_known_addr { host: "127.16.220.68" port: 38841 } } peers { permanent_uuid: "3aa0f7d2b3bf4b1aa1a16ab1684e3a9e" member_type: VOTER last_known_addr { host: "127.16.220.66" port: 41443 } } peers { permanent_uuid: "3652054586404da9be9bddb26fa7b22e" member_type: VOTER last_known_addr { host: "127.16.220.67" port: 37721 } }
I20260608 09:57:37.130643 20345 raft_consensus.cc:2393] T c418266be8d54f5995f6db78c5a63acc P 3aa0f7d2b3bf4b1aa1a16ab1684e3a9e [term 1 FOLLOWER]: Leader pre-election vote request: Denying vote to candidate 3652054586404da9be9bddb26fa7b22e in current term 1: Already voted for candidate 3aa0f7d2b3bf4b1aa1a16ab1684e3a9e in this term.
I20260608 09:57:37.148440 20584 tablet_service.cc:1917] Received RequestConsensusVote() RPC: tablet_id: "c418266be8d54f5995f6db78c5a63acc" candidate_uuid: "3aa0f7d2b3bf4b1aa1a16ab1684e3a9e" candidate_term: 1 candidate_status { last_received { term: 0 index: 0 } } ignore_live_leader: false dest_uuid: "5ff8550c67b54d1ab3ccc037dc921558"
I20260608 09:57:37.149178 20584 raft_consensus.cc:3060] T c418266be8d54f5995f6db78c5a63acc P 5ff8550c67b54d1ab3ccc037dc921558 [term 0 FOLLOWER]: Advancing to term 1
I20260608 09:57:37.150076 20496 raft_consensus.cc:515] T c418266be8d54f5995f6db78c5a63acc P 3652054586404da9be9bddb26fa7b22e [term 1 FOLLOWER]: Starting leader election with config: opid_index: -1 OBSOLETE_local: false peers { permanent_uuid: "5ff8550c67b54d1ab3ccc037dc921558" member_type: VOTER last_known_addr { host: "127.16.220.68" port: 38841 } } peers { permanent_uuid: "3aa0f7d2b3bf4b1aa1a16ab1684e3a9e" member_type: VOTER last_known_addr { host: "127.16.220.66" port: 41443 } } peers { permanent_uuid: "3652054586404da9be9bddb26fa7b22e" member_type: VOTER last_known_addr { host: "127.16.220.67" port: 37721 } }
I20260608 09:57:37.151700 20421 raft_consensus.cc:2393] T c418266be8d54f5995f6db78c5a63acc P 3652054586404da9be9bddb26fa7b22e [term 1 FOLLOWER]: Leader pre-election vote request: Denying vote to candidate 3aa0f7d2b3bf4b1aa1a16ab1684e3a9e in current term 1: Already voted for candidate 3652054586404da9be9bddb26fa7b22e in this term.
I20260608 09:57:37.152585 20496 leader_election.cc:290] T c418266be8d54f5995f6db78c5a63acc P 3652054586404da9be9bddb26fa7b22e [CANDIDATE]: Term 1 election: Requested vote from peers 5ff8550c67b54d1ab3ccc037dc921558 (127.16.220.68:38841), 3aa0f7d2b3bf4b1aa1a16ab1684e3a9e (127.16.220.66:41443)
I20260608 09:57:37.158282 20345 tablet_service.cc:1917] Received RequestConsensusVote() RPC: tablet_id: "c418266be8d54f5995f6db78c5a63acc" candidate_uuid: "3652054586404da9be9bddb26fa7b22e" candidate_term: 1 candidate_status { last_received { term: 0 index: 0 } } ignore_live_leader: false dest_uuid: "3aa0f7d2b3bf4b1aa1a16ab1684e3a9e"
I20260608 09:57:37.158406 20585 tablet_service.cc:1917] Received RequestConsensusVote() RPC: tablet_id: "c418266be8d54f5995f6db78c5a63acc" candidate_uuid: "3652054586404da9be9bddb26fa7b22e" candidate_term: 1 candidate_status { last_received { term: 0 index: 0 } } ignore_live_leader: false dest_uuid: "5ff8550c67b54d1ab3ccc037dc921558"
I20260608 09:57:37.159078 20345 raft_consensus.cc:2393] T c418266be8d54f5995f6db78c5a63acc P 3aa0f7d2b3bf4b1aa1a16ab1684e3a9e [term 1 FOLLOWER]: Leader election vote request: Denying vote to candidate 3652054586404da9be9bddb26fa7b22e in current term 1: Already voted for candidate 3aa0f7d2b3bf4b1aa1a16ab1684e3a9e in this term.
I20260608 09:57:37.160643 20385 leader_election.cc:304] T c418266be8d54f5995f6db78c5a63acc P 3652054586404da9be9bddb26fa7b22e [CANDIDATE]: Term 1 election: Election decided. Result: candidate lost. Election summary: received 3 responses out of 3 voters: 1 yes votes; 2 no votes. yes voters: 3652054586404da9be9bddb26fa7b22e; no voters: 3aa0f7d2b3bf4b1aa1a16ab1684e3a9e, 5ff8550c67b54d1ab3ccc037dc921558
I20260608 09:57:37.164532 20623 tablet_bootstrap.cc:492] T 84ea0d4495524c48bbade00b827a665c P 5ff8550c67b54d1ab3ccc037dc921558: No bootstrap required, opened a new log
I20260608 09:57:37.164927 20514 leader_election.cc:290] T c418266be8d54f5995f6db78c5a63acc P 3aa0f7d2b3bf4b1aa1a16ab1684e3a9e [CANDIDATE]: Term 1 election: Requested vote from peers 5ff8550c67b54d1ab3ccc037dc921558 (127.16.220.68:38841), 3652054586404da9be9bddb26fa7b22e (127.16.220.67:37721)
I20260608 09:57:37.165190 20623 ts_tablet_manager.cc:1403] T 84ea0d4495524c48bbade00b827a665c P 5ff8550c67b54d1ab3ccc037dc921558: Time spent bootstrapping tablet: real 0.071s	user 0.024s	sys 0.019s
I20260608 09:57:37.165930 20496 raft_consensus.cc:2749] T c418266be8d54f5995f6db78c5a63acc P 3652054586404da9be9bddb26fa7b22e [term 1 FOLLOWER]: Leader election lost for term 1. Reason: could not achieve majority
I20260608 09:57:37.166291 20421 tablet_service.cc:1917] Received RequestConsensusVote() RPC: tablet_id: "c418266be8d54f5995f6db78c5a63acc" candidate_uuid: "3aa0f7d2b3bf4b1aa1a16ab1684e3a9e" candidate_term: 1 candidate_status { last_received { term: 0 index: 0 } } ignore_live_leader: false dest_uuid: "3652054586404da9be9bddb26fa7b22e"
I20260608 09:57:37.167223 20421 raft_consensus.cc:2393] T c418266be8d54f5995f6db78c5a63acc P 3652054586404da9be9bddb26fa7b22e [term 1 FOLLOWER]: Leader election vote request: Denying vote to candidate 3aa0f7d2b3bf4b1aa1a16ab1684e3a9e in current term 1: Already voted for candidate 3652054586404da9be9bddb26fa7b22e in this term.
I20260608 09:57:37.167325 20584 raft_consensus.cc:2468] T c418266be8d54f5995f6db78c5a63acc P 5ff8550c67b54d1ab3ccc037dc921558 [term 1 FOLLOWER]: Leader election vote request: Granting yes vote for candidate 3aa0f7d2b3bf4b1aa1a16ab1684e3a9e in term 1.
I20260608 09:57:37.168602 20311 leader_election.cc:304] T c418266be8d54f5995f6db78c5a63acc P 3aa0f7d2b3bf4b1aa1a16ab1684e3a9e [CANDIDATE]: Term 1 election: Election decided. Result: candidate won. Election summary: received 3 responses out of 3 voters: 2 yes votes; 1 no votes. yes voters: 3aa0f7d2b3bf4b1aa1a16ab1684e3a9e, 5ff8550c67b54d1ab3ccc037dc921558; no voters: 3652054586404da9be9bddb26fa7b22e
I20260608 09:57:37.168582 20623 raft_consensus.cc:359] T 84ea0d4495524c48bbade00b827a665c P 5ff8550c67b54d1ab3ccc037dc921558 [term 0 FOLLOWER]: Replica starting. Triggering 0 pending ops. Active config: opid_index: -1 OBSOLETE_local: false peers { permanent_uuid: "3652054586404da9be9bddb26fa7b22e" member_type: VOTER last_known_addr { host: "127.16.220.67" port: 37721 } } peers { permanent_uuid: "5ff8550c67b54d1ab3ccc037dc921558" member_type: VOTER last_known_addr { host: "127.16.220.68" port: 38841 } } peers { permanent_uuid: "c9e4df3b6f1048028f7ab23428bb0fc9" member_type: VOTER last_known_addr { host: "127.16.220.65" port: 43625 } }
I20260608 09:57:37.169694 20623 raft_consensus.cc:385] T 84ea0d4495524c48bbade00b827a665c P 5ff8550c67b54d1ab3ccc037dc921558 [term 0 FOLLOWER]: Consensus starting up: Expiring failure detector timer to make a prompt election more likely
I20260608 09:57:37.169827 20491 raft_consensus.cc:2804] T c418266be8d54f5995f6db78c5a63acc P 3aa0f7d2b3bf4b1aa1a16ab1684e3a9e [term 1 FOLLOWER]: Leader election won for term 1
I20260608 09:57:37.170225 20623 raft_consensus.cc:740] T 84ea0d4495524c48bbade00b827a665c P 5ff8550c67b54d1ab3ccc037dc921558 [term 0 FOLLOWER]: Becoming Follower/Learner. State: Replica: 5ff8550c67b54d1ab3ccc037dc921558, State: Initialized, Role: FOLLOWER
I20260608 09:57:37.171182 20623 consensus_queue.cc:260] T 84ea0d4495524c48bbade00b827a665c P 5ff8550c67b54d1ab3ccc037dc921558 [NON_LEADER]: Queue going to NON_LEADER mode. State: All replicated index: 0, Majority replicated index: 0, Committed index: 0, Last appended: 0.0, Last appended by leader: 0, Current term: 0, Majority size: -1, State: 0, Mode: NON_LEADER, active raft config: opid_index: -1 OBSOLETE_local: false peers { permanent_uuid: "3652054586404da9be9bddb26fa7b22e" member_type: VOTER last_known_addr { host: "127.16.220.67" port: 37721 } } peers { permanent_uuid: "5ff8550c67b54d1ab3ccc037dc921558" member_type: VOTER last_known_addr { host: "127.16.220.68" port: 38841 } } peers { permanent_uuid: "c9e4df3b6f1048028f7ab23428bb0fc9" member_type: VOTER last_known_addr { host: "127.16.220.65" port: 43625 } }
I20260608 09:57:37.173132 20491 raft_consensus.cc:697] T c418266be8d54f5995f6db78c5a63acc P 3aa0f7d2b3bf4b1aa1a16ab1684e3a9e [term 1 LEADER]: Becoming Leader. State: Replica: 3aa0f7d2b3bf4b1aa1a16ab1684e3a9e, State: Running, Role: LEADER
I20260608 09:57:37.174083 20623 ts_tablet_manager.cc:1434] T 84ea0d4495524c48bbade00b827a665c P 5ff8550c67b54d1ab3ccc037dc921558: Time spent starting tablet: real 0.009s	user 0.005s	sys 0.004s
I20260608 09:57:37.174134 20491 consensus_queue.cc:237] T c418266be8d54f5995f6db78c5a63acc P 3aa0f7d2b3bf4b1aa1a16ab1684e3a9e [LEADER]: Queue going to LEADER mode. State: All replicated index: 0, Majority replicated index: 0, Committed index: 0, Last appended: 0.0, Last appended by leader: 0, Current term: 1, Majority size: 2, State: 0, Mode: LEADER, active raft config: opid_index: -1 OBSOLETE_local: false peers { permanent_uuid: "5ff8550c67b54d1ab3ccc037dc921558" member_type: VOTER last_known_addr { host: "127.16.220.68" port: 38841 } } peers { permanent_uuid: "3aa0f7d2b3bf4b1aa1a16ab1684e3a9e" member_type: VOTER last_known_addr { host: "127.16.220.66" port: 41443 } } peers { permanent_uuid: "3652054586404da9be9bddb26fa7b22e" member_type: VOTER last_known_addr { host: "127.16.220.67" port: 37721 } }
I20260608 09:57:37.182335 20514 consensus_queue.cc:1048] T ad533a9caec34326bebb06beff3742d6 P 3aa0f7d2b3bf4b1aa1a16ab1684e3a9e [LEADER]: Connected to new peer: Peer: permanent_uuid: "5ff8550c67b54d1ab3ccc037dc921558" member_type: VOTER last_known_addr { host: "127.16.220.68" port: 38841 }, Status: LMP_MISMATCH, Last received: 0.0, Next index: 1, Last known committed idx: 0, Time since last communication: 0.001s
I20260608 09:57:37.190614 20165 catalog_manager.cc:5696] T c418266be8d54f5995f6db78c5a63acc P 3aa0f7d2b3bf4b1aa1a16ab1684e3a9e reported cstate change: term changed from 0 to 1, leader changed from <none> to 3aa0f7d2b3bf4b1aa1a16ab1684e3a9e (127.16.220.66). New cstate: current_term: 1 leader_uuid: "3aa0f7d2b3bf4b1aa1a16ab1684e3a9e" committed_config { opid_index: -1 OBSOLETE_local: false peers { permanent_uuid: "5ff8550c67b54d1ab3ccc037dc921558" member_type: VOTER last_known_addr { host: "127.16.220.68" port: 38841 } health_report { overall_health: UNKNOWN } } peers { permanent_uuid: "3aa0f7d2b3bf4b1aa1a16ab1684e3a9e" member_type: VOTER last_known_addr { host: "127.16.220.66" port: 41443 } health_report { overall_health: HEALTHY } } peers { permanent_uuid: "3652054586404da9be9bddb26fa7b22e" member_type: VOTER last_known_addr { host: "127.16.220.67" port: 37721 } health_report { overall_health: UNKNOWN } } }
I20260608 09:57:37.347502 20474 consensus_queue.cc:1048] T 7ce66b039c79478ea9283ee13466d5ae P c9e4df3b6f1048028f7ab23428bb0fc9 [LEADER]: Connected to new peer: Peer: permanent_uuid: "3652054586404da9be9bddb26fa7b22e" member_type: VOTER last_known_addr { host: "127.16.220.67" port: 37721 }, Status: LMP_MISMATCH, Last received: 0.0, Next index: 1, Last known committed idx: 0, Time since last communication: 0.000s
I20260608 09:57:37.357402 20584 raft_consensus.cc:3060] T 7ce66b039c79478ea9283ee13466d5ae P 5ff8550c67b54d1ab3ccc037dc921558 [term 0 FOLLOWER]: Advancing to term 1
I20260608 09:57:37.367045 20474 consensus_queue.cc:1048] T 7ce66b039c79478ea9283ee13466d5ae P c9e4df3b6f1048028f7ab23428bb0fc9 [LEADER]: Connected to new peer: Peer: permanent_uuid: "5ff8550c67b54d1ab3ccc037dc921558" member_type: VOTER last_known_addr { host: "127.16.220.68" port: 38841 }, Status: LMP_MISMATCH, Last received: 0.0, Next index: 1, Last known committed idx: 0, Time since last communication: 0.000s
I20260608 09:57:37.396117 20491 consensus_queue.cc:1048] T cf1aa589841c4c2ab09efe29186d4c4a P 3aa0f7d2b3bf4b1aa1a16ab1684e3a9e [LEADER]: Connected to new peer: Peer: permanent_uuid: "3652054586404da9be9bddb26fa7b22e" member_type: VOTER last_known_addr { host: "127.16.220.67" port: 37721 }, Status: LMP_MISMATCH, Last received: 0.0, Next index: 1, Last known committed idx: 0, Time since last communication: 0.000s
I20260608 09:57:37.407598 20584 raft_consensus.cc:3060] T cf1aa589841c4c2ab09efe29186d4c4a P 5ff8550c67b54d1ab3ccc037dc921558 [term 0 FOLLOWER]: Advancing to term 1
I20260608 09:57:37.414978 20585 raft_consensus.cc:3060] T 84ea0d4495524c48bbade00b827a665c P 5ff8550c67b54d1ab3ccc037dc921558 [term 0 FOLLOWER]: Advancing to term 1
I20260608 09:57:37.418056 20491 consensus_queue.cc:1048] T cf1aa589841c4c2ab09efe29186d4c4a P 3aa0f7d2b3bf4b1aa1a16ab1684e3a9e [LEADER]: Connected to new peer: Peer: permanent_uuid: "5ff8550c67b54d1ab3ccc037dc921558" member_type: VOTER last_known_addr { host: "127.16.220.68" port: 38841 }, Status: LMP_MISMATCH, Last received: 0.0, Next index: 1, Last known committed idx: 0, Time since last communication: 0.000s
I20260608 09:57:37.421954 20629 raft_consensus.cc:493] T 84ea0d4495524c48bbade00b827a665c P 5ff8550c67b54d1ab3ccc037dc921558 [term 1 FOLLOWER]: Starting pre-election (no leader contacted us within the election timeout)
I20260608 09:57:37.422555 20629 raft_consensus.cc:515] T 84ea0d4495524c48bbade00b827a665c P 5ff8550c67b54d1ab3ccc037dc921558 [term 1 FOLLOWER]: Starting pre-election with config: opid_index: -1 OBSOLETE_local: false peers { permanent_uuid: "3652054586404da9be9bddb26fa7b22e" member_type: VOTER last_known_addr { host: "127.16.220.67" port: 37721 } } peers { permanent_uuid: "5ff8550c67b54d1ab3ccc037dc921558" member_type: VOTER last_known_addr { host: "127.16.220.68" port: 38841 } } peers { permanent_uuid: "c9e4df3b6f1048028f7ab23428bb0fc9" member_type: VOTER last_known_addr { host: "127.16.220.65" port: 43625 } }
I20260608 09:57:37.425136 20629 leader_election.cc:290] T 84ea0d4495524c48bbade00b827a665c P 5ff8550c67b54d1ab3ccc037dc921558 [CANDIDATE]: Term 2 pre-election: Requested pre-vote from peers 3652054586404da9be9bddb26fa7b22e (127.16.220.67:37721), c9e4df3b6f1048028f7ab23428bb0fc9 (127.16.220.65:43625)
I20260608 09:57:37.427198 20496 consensus_queue.cc:1048] T 84ea0d4495524c48bbade00b827a665c P 3652054586404da9be9bddb26fa7b22e [LEADER]: Connected to new peer: Peer: permanent_uuid: "5ff8550c67b54d1ab3ccc037dc921558" member_type: VOTER last_known_addr { host: "127.16.220.68" port: 38841 }, Status: LMP_MISMATCH, Last received: 0.0, Next index: 1, Last known committed idx: 0, Time since last communication: 0.000s
I20260608 09:57:37.427894 20271 tablet_service.cc:1917] Received RequestConsensusVote() RPC: tablet_id: "84ea0d4495524c48bbade00b827a665c" candidate_uuid: "5ff8550c67b54d1ab3ccc037dc921558" candidate_term: 2 candidate_status { last_received { term: 0 index: 0 } } ignore_live_leader: false dest_uuid: "c9e4df3b6f1048028f7ab23428bb0fc9" is_pre_election: true
I20260608 09:57:37.428565 20271 raft_consensus.cc:2468] T 84ea0d4495524c48bbade00b827a665c P c9e4df3b6f1048028f7ab23428bb0fc9 [term 1 FOLLOWER]: Leader pre-election vote request: Granting yes vote for candidate 5ff8550c67b54d1ab3ccc037dc921558 in term 1.
I20260608 09:57:37.430220 20548 leader_election.cc:304] T 84ea0d4495524c48bbade00b827a665c P 5ff8550c67b54d1ab3ccc037dc921558 [CANDIDATE]: Term 2 pre-election: Election decided. Result: candidate won. Election summary: received 2 responses out of 3 voters: 2 yes votes; 0 no votes. yes voters: 5ff8550c67b54d1ab3ccc037dc921558, c9e4df3b6f1048028f7ab23428bb0fc9; no voters: 
I20260608 09:57:37.432317 20474 consensus_queue.cc:1048] T e88b43ca337d4b3dafcd3224abff5387 P c9e4df3b6f1048028f7ab23428bb0fc9 [LEADER]: Connected to new peer: Peer: permanent_uuid: "5ff8550c67b54d1ab3ccc037dc921558" member_type: VOTER last_known_addr { host: "127.16.220.68" port: 38841 }, Status: LMP_MISMATCH, Last received: 0.0, Next index: 1, Last known committed idx: 0, Time since last communication: 0.001s
I20260608 09:57:37.435070 20665 raft_consensus.cc:2804] T 84ea0d4495524c48bbade00b827a665c P 5ff8550c67b54d1ab3ccc037dc921558 [term 1 FOLLOWER]: Leader pre-election won for term 2
I20260608 09:57:37.437062 20665 raft_consensus.cc:493] T 84ea0d4495524c48bbade00b827a665c P 5ff8550c67b54d1ab3ccc037dc921558 [term 1 FOLLOWER]: Starting leader election (detected failure of leader 3652054586404da9be9bddb26fa7b22e)
I20260608 09:57:37.437557 20665 raft_consensus.cc:3060] T 84ea0d4495524c48bbade00b827a665c P 5ff8550c67b54d1ab3ccc037dc921558 [term 1 FOLLOWER]: Advancing to term 2
I20260608 09:57:37.447224 20476 consensus_queue.cc:1048] T 84ea0d4495524c48bbade00b827a665c P 3652054586404da9be9bddb26fa7b22e [LEADER]: Connected to new peer: Peer: permanent_uuid: "c9e4df3b6f1048028f7ab23428bb0fc9" member_type: VOTER last_known_addr { host: "127.16.220.65" port: 43625 }, Status: LMP_MISMATCH, Last received: 0.0, Next index: 1, Last known committed idx: 0, Time since last communication: 0.000s
I20260608 09:57:37.452538 20421 tablet_service.cc:1917] Received RequestConsensusVote() RPC: tablet_id: "84ea0d4495524c48bbade00b827a665c" candidate_uuid: "5ff8550c67b54d1ab3ccc037dc921558" candidate_term: 2 candidate_status { last_received { term: 0 index: 0 } } ignore_live_leader: false dest_uuid: "3652054586404da9be9bddb26fa7b22e" is_pre_election: true
I20260608 09:57:37.471011 20680 consensus_queue.cc:1048] T e88b43ca337d4b3dafcd3224abff5387 P c9e4df3b6f1048028f7ab23428bb0fc9 [LEADER]: Connected to new peer: Peer: permanent_uuid: "3aa0f7d2b3bf4b1aa1a16ab1684e3a9e" member_type: VOTER last_known_addr { host: "127.16.220.66" port: 41443 }, Status: LMP_MISMATCH, Last received: 0.0, Next index: 1, Last known committed idx: 0, Time since last communication: 0.000s
I20260608 09:57:37.473151 20665 raft_consensus.cc:515] T 84ea0d4495524c48bbade00b827a665c P 5ff8550c67b54d1ab3ccc037dc921558 [term 2 FOLLOWER]: Starting leader election with config: opid_index: -1 OBSOLETE_local: false peers { permanent_uuid: "3652054586404da9be9bddb26fa7b22e" member_type: VOTER last_known_addr { host: "127.16.220.67" port: 37721 } } peers { permanent_uuid: "5ff8550c67b54d1ab3ccc037dc921558" member_type: VOTER last_known_addr { host: "127.16.220.68" port: 38841 } } peers { permanent_uuid: "c9e4df3b6f1048028f7ab23428bb0fc9" member_type: VOTER last_known_addr { host: "127.16.220.65" port: 43625 } }
I20260608 09:57:37.476619 20421 tablet_service.cc:1917] Received RequestConsensusVote() RPC: tablet_id: "84ea0d4495524c48bbade00b827a665c" candidate_uuid: "5ff8550c67b54d1ab3ccc037dc921558" candidate_term: 2 candidate_status { last_received { term: 1 index: 1 } } ignore_live_leader: false dest_uuid: "3652054586404da9be9bddb26fa7b22e"
I20260608 09:57:37.477339 20583 raft_consensus.cc:1240] T 84ea0d4495524c48bbade00b827a665c P 5ff8550c67b54d1ab3ccc037dc921558 [term 2 FOLLOWER]: Rejecting Update request from peer 3652054586404da9be9bddb26fa7b22e for earlier term 1. Current term is 2. Ops: []
I20260608 09:57:37.479130 20665 leader_election.cc:290] T 84ea0d4495524c48bbade00b827a665c P 5ff8550c67b54d1ab3ccc037dc921558 [CANDIDATE]: Term 2 election: Requested vote from peers 3652054586404da9be9bddb26fa7b22e (127.16.220.67:37721), c9e4df3b6f1048028f7ab23428bb0fc9 (127.16.220.65:43625)
I20260608 09:57:37.480566 20271 tablet_service.cc:1917] Received RequestConsensusVote() RPC: tablet_id: "84ea0d4495524c48bbade00b827a665c" candidate_uuid: "5ff8550c67b54d1ab3ccc037dc921558" candidate_term: 2 candidate_status { last_received { term: 1 index: 1 } } ignore_live_leader: false dest_uuid: "c9e4df3b6f1048028f7ab23428bb0fc9"
I20260608 09:57:37.481212 20686 consensus_queue.cc:1059] T 84ea0d4495524c48bbade00b827a665c P 3652054586404da9be9bddb26fa7b22e [LEADER]: Peer responded invalid term: Peer: permanent_uuid: "5ff8550c67b54d1ab3ccc037dc921558" member_type: VOTER last_known_addr { host: "127.16.220.68" port: 38841 }, Status: INVALID_TERM, Last received: 1.1, Next index: 2, Last known committed idx: 0, Time since last communication: 0.000s
I20260608 09:57:37.482034 20496 raft_consensus.cc:3055] T 84ea0d4495524c48bbade00b827a665c P 3652054586404da9be9bddb26fa7b22e [term 1 LEADER]: Stepping down as leader of term 1
I20260608 09:57:37.482390 20496 raft_consensus.cc:740] T 84ea0d4495524c48bbade00b827a665c P 3652054586404da9be9bddb26fa7b22e [term 1 LEADER]: Becoming Follower/Learner. State: Replica: 3652054586404da9be9bddb26fa7b22e, State: Running, Role: LEADER
I20260608 09:57:37.482337 20548 leader_election.cc:304] T 84ea0d4495524c48bbade00b827a665c P 5ff8550c67b54d1ab3ccc037dc921558 [CANDIDATE]: Term 2 election: Election decided. Result: candidate lost. Election summary: received 3 responses out of 3 voters: 1 yes votes; 2 no votes. yes voters: 5ff8550c67b54d1ab3ccc037dc921558; no voters: 3652054586404da9be9bddb26fa7b22e, c9e4df3b6f1048028f7ab23428bb0fc9
I20260608 09:57:37.483626 20665 raft_consensus.cc:2749] T 84ea0d4495524c48bbade00b827a665c P 5ff8550c67b54d1ab3ccc037dc921558 [term 2 FOLLOWER]: Leader election lost for term 2. Reason: could not achieve majority
I20260608 09:57:37.483599 20496 consensus_queue.cc:260] T 84ea0d4495524c48bbade00b827a665c P 3652054586404da9be9bddb26fa7b22e [NON_LEADER]: Queue going to NON_LEADER mode. State: All replicated index: 0, Majority replicated index: 1, Committed index: 1, Last appended: 1.1, Last appended by leader: 1, Current term: 1, Majority size: -1, State: 0, Mode: NON_LEADER, active raft config: opid_index: -1 OBSOLETE_local: false peers { permanent_uuid: "3652054586404da9be9bddb26fa7b22e" member_type: VOTER last_known_addr { host: "127.16.220.67" port: 37721 } } peers { permanent_uuid: "5ff8550c67b54d1ab3ccc037dc921558" member_type: VOTER last_known_addr { host: "127.16.220.68" port: 38841 } } peers { permanent_uuid: "c9e4df3b6f1048028f7ab23428bb0fc9" member_type: VOTER last_known_addr { host: "127.16.220.65" port: 43625 } }
I20260608 09:57:37.485054 20496 raft_consensus.cc:3060] T 84ea0d4495524c48bbade00b827a665c P 3652054586404da9be9bddb26fa7b22e [term 1 FOLLOWER]: Advancing to term 2
I20260608 09:57:37.532037 20665 consensus_queue.cc:1048] T c0d44b7f95484d1cb15f519455437ac0 P 5ff8550c67b54d1ab3ccc037dc921558 [LEADER]: Connected to new peer: Peer: permanent_uuid: "3aa0f7d2b3bf4b1aa1a16ab1684e3a9e" member_type: VOTER last_known_addr { host: "127.16.220.66" port: 41443 }, Status: LMP_MISMATCH, Last received: 0.0, Next index: 1, Last known committed idx: 0, Time since last communication: 0.001s
I20260608 09:57:37.544984 20629 consensus_queue.cc:1048] T c0d44b7f95484d1cb15f519455437ac0 P 5ff8550c67b54d1ab3ccc037dc921558 [LEADER]: Connected to new peer: Peer: permanent_uuid: "c9e4df3b6f1048028f7ab23428bb0fc9" member_type: VOTER last_known_addr { host: "127.16.220.65" port: 43625 }, Status: LMP_MISMATCH, Last received: 0.0, Next index: 1, Last known committed idx: 0, Time since last communication: 0.000s
I20260608 09:57:37.610532 20675 consensus_queue.cc:1048] T c418266be8d54f5995f6db78c5a63acc P 3aa0f7d2b3bf4b1aa1a16ab1684e3a9e [LEADER]: Connected to new peer: Peer: permanent_uuid: "3652054586404da9be9bddb26fa7b22e" member_type: VOTER last_known_addr { host: "127.16.220.67" port: 37721 }, Status: LMP_MISMATCH, Last received: 0.0, Next index: 1, Last known committed idx: 0, Time since last communication: 0.001s
I20260608 09:57:37.623833 20675 consensus_queue.cc:1048] T c418266be8d54f5995f6db78c5a63acc P 3aa0f7d2b3bf4b1aa1a16ab1684e3a9e [LEADER]: Connected to new peer: Peer: permanent_uuid: "5ff8550c67b54d1ab3ccc037dc921558" member_type: VOTER last_known_addr { host: "127.16.220.68" port: 38841 }, Status: LMP_MISMATCH, Last received: 0.0, Next index: 1, Last known committed idx: 0, Time since last communication: 0.000s
I20260608 09:57:38.063596 20345 consensus_queue.cc:237] T 395b989cfcf94d3b952762fecda79626 P 3aa0f7d2b3bf4b1aa1a16ab1684e3a9e [LEADER]: Queue going to LEADER mode. State: All replicated index: 0, Majority replicated index: 1, Committed index: 1, Last appended: 1.1, Last appended by leader: 0, Current term: 1, Majority size: 2, State: 0, Mode: LEADER, active raft config: opid_index: 2 OBSOLETE_local: false peers { permanent_uuid: "c9e4df3b6f1048028f7ab23428bb0fc9" member_type: VOTER last_known_addr { host: "127.16.220.65" port: 43625 } attrs { replace: true } } peers { permanent_uuid: "3aa0f7d2b3bf4b1aa1a16ab1684e3a9e" member_type: VOTER last_known_addr { host: "127.16.220.66" port: 41443 } } peers { permanent_uuid: "3652054586404da9be9bddb26fa7b22e" member_type: VOTER last_known_addr { host: "127.16.220.67" port: 37721 } } peers { permanent_uuid: "5ff8550c67b54d1ab3ccc037dc921558" member_type: NON_VOTER last_known_addr { host: "127.16.220.68" port: 38841 } attrs { promote: true } }
I20260608 09:57:38.070746 20421 raft_consensus.cc:1275] T 395b989cfcf94d3b952762fecda79626 P 3652054586404da9be9bddb26fa7b22e [term 1 FOLLOWER]: Refusing update from remote peer 3aa0f7d2b3bf4b1aa1a16ab1684e3a9e: Log matching property violated. Preceding OpId in replica: term: 1 index: 1. Preceding OpId from leader: term: 1 index: 2. (index mismatch)
W20260608 09:57:38.070878 20311 consensus_peers.cc:597] T 395b989cfcf94d3b952762fecda79626 P 3aa0f7d2b3bf4b1aa1a16ab1684e3a9e -> Peer 5ff8550c67b54d1ab3ccc037dc921558 (127.16.220.68:38841): Couldn't send request to peer 5ff8550c67b54d1ab3ccc037dc921558. Error code: TABLET_NOT_FOUND (6). Status: Not found: Tablet not found: 395b989cfcf94d3b952762fecda79626. This is attempt 1: this message will repeat every 5th retry.
I20260608 09:57:38.071048 20271 raft_consensus.cc:1275] T 395b989cfcf94d3b952762fecda79626 P c9e4df3b6f1048028f7ab23428bb0fc9 [term 1 FOLLOWER]: Refusing update from remote peer 3aa0f7d2b3bf4b1aa1a16ab1684e3a9e: Log matching property violated. Preceding OpId in replica: term: 1 index: 1. Preceding OpId from leader: term: 1 index: 2. (index mismatch)
I20260608 09:57:38.072343 20675 consensus_queue.cc:1048] T 395b989cfcf94d3b952762fecda79626 P 3aa0f7d2b3bf4b1aa1a16ab1684e3a9e [LEADER]: Connected to new peer: Peer: permanent_uuid: "3652054586404da9be9bddb26fa7b22e" member_type: VOTER last_known_addr { host: "127.16.220.67" port: 37721 }, Status: LMP_MISMATCH, Last received: 0.0, Next index: 2, Last known committed idx: 1, Time since last communication: 0.000s
I20260608 09:57:38.073254 20491 consensus_queue.cc:1048] T 395b989cfcf94d3b952762fecda79626 P 3aa0f7d2b3bf4b1aa1a16ab1684e3a9e [LEADER]: Connected to new peer: Peer: permanent_uuid: "c9e4df3b6f1048028f7ab23428bb0fc9" member_type: VOTER last_known_addr { host: "127.16.220.65" port: 43625 } attrs { replace: true }, Status: LMP_MISMATCH, Last received: 0.0, Next index: 2, Last known committed idx: 1, Time since last communication: 0.000s
I20260608 09:57:38.085047 20675 raft_consensus.cc:2955] T 395b989cfcf94d3b952762fecda79626 P 3aa0f7d2b3bf4b1aa1a16ab1684e3a9e [term 1 LEADER]: Committing config change with OpId 1.2: config changed from index -1 to 2, NON_VOTER 5ff8550c67b54d1ab3ccc037dc921558 (127.16.220.68) added. New config: { opid_index: 2 OBSOLETE_local: false peers { permanent_uuid: "c9e4df3b6f1048028f7ab23428bb0fc9" member_type: VOTER last_known_addr { host: "127.16.220.65" port: 43625 } attrs { replace: true } } peers { permanent_uuid: "3aa0f7d2b3bf4b1aa1a16ab1684e3a9e" member_type: VOTER last_known_addr { host: "127.16.220.66" port: 41443 } } peers { permanent_uuid: "3652054586404da9be9bddb26fa7b22e" member_type: VOTER last_known_addr { host: "127.16.220.67" port: 37721 } } peers { permanent_uuid: "5ff8550c67b54d1ab3ccc037dc921558" member_type: NON_VOTER last_known_addr { host: "127.16.220.68" port: 38841 } attrs { promote: true } } }
I20260608 09:57:38.087093 20271 raft_consensus.cc:2955] T 395b989cfcf94d3b952762fecda79626 P c9e4df3b6f1048028f7ab23428bb0fc9 [term 1 FOLLOWER]: Committing config change with OpId 1.2: config changed from index -1 to 2, NON_VOTER 5ff8550c67b54d1ab3ccc037dc921558 (127.16.220.68) added. New config: { opid_index: 2 OBSOLETE_local: false peers { permanent_uuid: "c9e4df3b6f1048028f7ab23428bb0fc9" member_type: VOTER last_known_addr { host: "127.16.220.65" port: 43625 } attrs { replace: true } } peers { permanent_uuid: "3aa0f7d2b3bf4b1aa1a16ab1684e3a9e" member_type: VOTER last_known_addr { host: "127.16.220.66" port: 41443 } } peers { permanent_uuid: "3652054586404da9be9bddb26fa7b22e" member_type: VOTER last_known_addr { host: "127.16.220.67" port: 37721 } } peers { permanent_uuid: "5ff8550c67b54d1ab3ccc037dc921558" member_type: NON_VOTER last_known_addr { host: "127.16.220.68" port: 38841 } attrs { promote: true } } }
I20260608 09:57:38.091377 20421 raft_consensus.cc:2955] T 395b989cfcf94d3b952762fecda79626 P 3652054586404da9be9bddb26fa7b22e [term 1 FOLLOWER]: Committing config change with OpId 1.2: config changed from index -1 to 2, NON_VOTER 5ff8550c67b54d1ab3ccc037dc921558 (127.16.220.68) added. New config: { opid_index: 2 OBSOLETE_local: false peers { permanent_uuid: "c9e4df3b6f1048028f7ab23428bb0fc9" member_type: VOTER last_known_addr { host: "127.16.220.65" port: 43625 } attrs { replace: true } } peers { permanent_uuid: "3aa0f7d2b3bf4b1aa1a16ab1684e3a9e" member_type: VOTER last_known_addr { host: "127.16.220.66" port: 41443 } } peers { permanent_uuid: "3652054586404da9be9bddb26fa7b22e" member_type: VOTER last_known_addr { host: "127.16.220.67" port: 37721 } } peers { permanent_uuid: "5ff8550c67b54d1ab3ccc037dc921558" member_type: NON_VOTER last_known_addr { host: "127.16.220.68" port: 38841 } attrs { promote: true } } }
I20260608 09:57:38.107575 20168 catalog_manager.cc:5696] T 395b989cfcf94d3b952762fecda79626 P c9e4df3b6f1048028f7ab23428bb0fc9 reported cstate change: config changed from index -1 to 2, NON_VOTER 5ff8550c67b54d1ab3ccc037dc921558 (127.16.220.68) added. New cstate: current_term: 1 leader_uuid: "3aa0f7d2b3bf4b1aa1a16ab1684e3a9e" committed_config { opid_index: 2 OBSOLETE_local: false peers { permanent_uuid: "c9e4df3b6f1048028f7ab23428bb0fc9" member_type: VOTER last_known_addr { host: "127.16.220.65" port: 43625 } attrs { replace: true } } peers { permanent_uuid: "3aa0f7d2b3bf4b1aa1a16ab1684e3a9e" member_type: VOTER last_known_addr { host: "127.16.220.66" port: 41443 } } peers { permanent_uuid: "3652054586404da9be9bddb26fa7b22e" member_type: VOTER last_known_addr { host: "127.16.220.67" port: 37721 } } peers { permanent_uuid: "5ff8550c67b54d1ab3ccc037dc921558" member_type: NON_VOTER last_known_addr { host: "127.16.220.68" port: 38841 } attrs { promote: true } } }
I20260608 09:57:38.116994 20271 consensus_queue.cc:237] T 2e59d8ff538e4a6590faee5dd305975e P c9e4df3b6f1048028f7ab23428bb0fc9 [LEADER]: Queue going to LEADER mode. State: All replicated index: 0, Majority replicated index: 1, Committed index: 1, Last appended: 1.1, Last appended by leader: 0, Current term: 1, Majority size: 2, State: 0, Mode: LEADER, active raft config: opid_index: 2 OBSOLETE_local: false peers { permanent_uuid: "3aa0f7d2b3bf4b1aa1a16ab1684e3a9e" member_type: VOTER last_known_addr { host: "127.16.220.66" port: 41443 } attrs { replace: true } } peers { permanent_uuid: "c9e4df3b6f1048028f7ab23428bb0fc9" member_type: VOTER last_known_addr { host: "127.16.220.65" port: 43625 } } peers { permanent_uuid: "3652054586404da9be9bddb26fa7b22e" member_type: VOTER last_known_addr { host: "127.16.220.67" port: 37721 } } peers { permanent_uuid: "5ff8550c67b54d1ab3ccc037dc921558" member_type: NON_VOTER last_known_addr { host: "127.16.220.68" port: 38841 } attrs { promote: true } }
W20260608 09:57:38.127241 20235 consensus_peers.cc:597] T 2e59d8ff538e4a6590faee5dd305975e P c9e4df3b6f1048028f7ab23428bb0fc9 -> Peer 5ff8550c67b54d1ab3ccc037dc921558 (127.16.220.68:38841): Couldn't send request to peer 5ff8550c67b54d1ab3ccc037dc921558. Error code: TABLET_NOT_FOUND (6). Status: Not found: Tablet not found: 2e59d8ff538e4a6590faee5dd305975e. This is attempt 1: this message will repeat every 5th retry.
I20260608 09:57:38.127511 20421 raft_consensus.cc:1275] T 2e59d8ff538e4a6590faee5dd305975e P 3652054586404da9be9bddb26fa7b22e [term 1 FOLLOWER]: Refusing update from remote peer c9e4df3b6f1048028f7ab23428bb0fc9: Log matching property violated. Preceding OpId in replica: term: 1 index: 1. Preceding OpId from leader: term: 1 index: 2. (index mismatch)
I20260608 09:57:38.128669 20345 raft_consensus.cc:1275] T 2e59d8ff538e4a6590faee5dd305975e P 3aa0f7d2b3bf4b1aa1a16ab1684e3a9e [term 1 FOLLOWER]: Refusing update from remote peer c9e4df3b6f1048028f7ab23428bb0fc9: Log matching property violated. Preceding OpId in replica: term: 1 index: 1. Preceding OpId from leader: term: 1 index: 2. (index mismatch)
I20260608 09:57:38.129372 20680 consensus_queue.cc:1048] T 2e59d8ff538e4a6590faee5dd305975e P c9e4df3b6f1048028f7ab23428bb0fc9 [LEADER]: Connected to new peer: Peer: permanent_uuid: "3652054586404da9be9bddb26fa7b22e" member_type: VOTER last_known_addr { host: "127.16.220.67" port: 37721 }, Status: LMP_MISMATCH, Last received: 0.0, Next index: 2, Last known committed idx: 1, Time since last communication: 0.000s
I20260608 09:57:38.130702 20648 consensus_queue.cc:1048] T 2e59d8ff538e4a6590faee5dd305975e P c9e4df3b6f1048028f7ab23428bb0fc9 [LEADER]: Connected to new peer: Peer: permanent_uuid: "3aa0f7d2b3bf4b1aa1a16ab1684e3a9e" member_type: VOTER last_known_addr { host: "127.16.220.66" port: 41443 } attrs { replace: true }, Status: LMP_MISMATCH, Last received: 0.0, Next index: 2, Last known committed idx: 1, Time since last communication: 0.000s
I20260608 09:57:38.140383 20499 raft_consensus.cc:2955] T 2e59d8ff538e4a6590faee5dd305975e P c9e4df3b6f1048028f7ab23428bb0fc9 [term 1 LEADER]: Committing config change with OpId 1.2: config changed from index -1 to 2, NON_VOTER 5ff8550c67b54d1ab3ccc037dc921558 (127.16.220.68) added. New config: { opid_index: 2 OBSOLETE_local: false peers { permanent_uuid: "3aa0f7d2b3bf4b1aa1a16ab1684e3a9e" member_type: VOTER last_known_addr { host: "127.16.220.66" port: 41443 } attrs { replace: true } } peers { permanent_uuid: "c9e4df3b6f1048028f7ab23428bb0fc9" member_type: VOTER last_known_addr { host: "127.16.220.65" port: 43625 } } peers { permanent_uuid: "3652054586404da9be9bddb26fa7b22e" member_type: VOTER last_known_addr { host: "127.16.220.67" port: 37721 } } peers { permanent_uuid: "5ff8550c67b54d1ab3ccc037dc921558" member_type: NON_VOTER last_known_addr { host: "127.16.220.68" port: 38841 } attrs { promote: true } } }
