I20260608 09:56:29.535252 18540 sys_catalog.cc:455] T 00000000000000000000000000000000 P c95be7c83a5a411280c5db74a6f585c3 [sys.catalog]: SysCatalogTable state changed. Reason: RaftConsensus started. Latest consensus state: current_term: 0 committed_config { opid_index: -1 OBSOLETE_local: false peers { permanent_uuid: "af667f26db114134a30facba828c32ff" member_type: VOTER last_known_addr { host: "127.16.220.126" port: 38449 } } peers { permanent_uuid: "c95be7c83a5a411280c5db74a6f585c3" member_type: VOTER last_known_addr { host: "127.16.220.125" port: 46223 } } peers { permanent_uuid: "414a01f41ca84e6599d4f7b5448640d4" member_type: VOTER last_known_addr { host: "127.16.220.124" port: 41297 } } }
I20260608 09:56:29.536099 18540 sys_catalog.cc:458] T 00000000000000000000000000000000 P c95be7c83a5a411280c5db74a6f585c3 [sys.catalog]: This master's current role is: FOLLOWER
I20260608 09:56:29.536871 18467 sys_catalog.cc:565] T 00000000000000000000000000000000 P c95be7c83a5a411280c5db74a6f585c3 [sys.catalog]: configured and running, proceeding with master startup.
I20260608 09:56:29.540283 18533 tablet_bootstrap.cc:492] T 00000000000000000000000000000000 P 414a01f41ca84e6599d4f7b5448640d4: No bootstrap required, opened a new log
I20260608 09:56:29.544251 18533 raft_consensus.cc:359] T 00000000000000000000000000000000 P 414a01f41ca84e6599d4f7b5448640d4 [term 0 FOLLOWER]: Replica starting. Triggering 0 pending ops. Active config: opid_index: -1 OBSOLETE_local: false peers { permanent_uuid: "af667f26db114134a30facba828c32ff" member_type: VOTER last_known_addr { host: "127.16.220.126" port: 38449 } } peers { permanent_uuid: "c95be7c83a5a411280c5db74a6f585c3" member_type: VOTER last_known_addr { host: "127.16.220.125" port: 46223 } } peers { permanent_uuid: "414a01f41ca84e6599d4f7b5448640d4" member_type: VOTER last_known_addr { host: "127.16.220.124" port: 41297 } }
I20260608 09:56:29.545221 18533 raft_consensus.cc:385] T 00000000000000000000000000000000 P 414a01f41ca84e6599d4f7b5448640d4 [term 0 FOLLOWER]: Consensus starting up: Expiring failure detector timer to make a prompt election more likely
I20260608 09:56:29.545586 18533 raft_consensus.cc:740] T 00000000000000000000000000000000 P 414a01f41ca84e6599d4f7b5448640d4 [term 0 FOLLOWER]: Becoming Follower/Learner. State: Replica: 414a01f41ca84e6599d4f7b5448640d4, State: Initialized, Role: FOLLOWER
I20260608 09:56:29.546717 18533 consensus_queue.cc:260] T 00000000000000000000000000000000 P 414a01f41ca84e6599d4f7b5448640d4 [NON_LEADER]: Queue going to NON_LEADER mode. State: All replicated index: 0, Majority replicated index: 0, Committed index: 0, Last appended: 0.0, Last appended by leader: 0, Current term: 0, Majority size: -1, State: 0, Mode: NON_LEADER, active raft config: opid_index: -1 OBSOLETE_local: false peers { permanent_uuid: "af667f26db114134a30facba828c32ff" member_type: VOTER last_known_addr { host: "127.16.220.126" port: 38449 } } peers { permanent_uuid: "c95be7c83a5a411280c5db74a6f585c3" member_type: VOTER last_known_addr { host: "127.16.220.125" port: 46223 } } peers { permanent_uuid: "414a01f41ca84e6599d4f7b5448640d4" member_type: VOTER last_known_addr { host: "127.16.220.124" port: 41297 } }
I20260608 09:56:29.551816 17265 internal_mini_cluster.cc:184] Waiting to initialize catalog manager on master 1
I20260608 09:56:29.556784 18555 sys_catalog.cc:455] T 00000000000000000000000000000000 P 414a01f41ca84e6599d4f7b5448640d4 [sys.catalog]: SysCatalogTable state changed. Reason: RaftConsensus started. Latest consensus state: current_term: 0 committed_config { opid_index: -1 OBSOLETE_local: false peers { permanent_uuid: "af667f26db114134a30facba828c32ff" member_type: VOTER last_known_addr { host: "127.16.220.126" port: 38449 } } peers { permanent_uuid: "c95be7c83a5a411280c5db74a6f585c3" member_type: VOTER last_known_addr { host: "127.16.220.125" port: 46223 } } peers { permanent_uuid: "414a01f41ca84e6599d4f7b5448640d4" member_type: VOTER last_known_addr { host: "127.16.220.124" port: 41297 } } }
I20260608 09:56:29.558255 18555 sys_catalog.cc:458] T 00000000000000000000000000000000 P 414a01f41ca84e6599d4f7b5448640d4 [sys.catalog]: This master's current role is: FOLLOWER
W20260608 09:56:29.558295 18559 catalog_manager.cc:1593] T 00000000000000000000000000000000 P af667f26db114134a30facba828c32ff: loading cluster ID for follower catalog manager: Not found: cluster ID entry not found
W20260608 09:56:29.559011 18559 catalog_manager.cc:883] Not found: cluster ID entry not found: failed to prepare follower catalog manager, will retry
I20260608 09:56:29.558885 18533 sys_catalog.cc:565] T 00000000000000000000000000000000 P 414a01f41ca84e6599d4f7b5448640d4 [sys.catalog]: configured and running, proceeding with master startup.
I20260608 09:56:29.560923 18539 raft_consensus.cc:493] T 00000000000000000000000000000000 P af667f26db114134a30facba828c32ff [term 0 FOLLOWER]: Starting pre-election (no leader contacted us within the election timeout)
I20260608 09:56:29.561415 18539 raft_consensus.cc:515] T 00000000000000000000000000000000 P af667f26db114134a30facba828c32ff [term 0 FOLLOWER]: Starting pre-election with config: opid_index: -1 OBSOLETE_local: false peers { permanent_uuid: "af667f26db114134a30facba828c32ff" member_type: VOTER last_known_addr { host: "127.16.220.126" port: 38449 } } peers { permanent_uuid: "c95be7c83a5a411280c5db74a6f585c3" member_type: VOTER last_known_addr { host: "127.16.220.125" port: 46223 } } peers { permanent_uuid: "414a01f41ca84e6599d4f7b5448640d4" member_type: VOTER last_known_addr { host: "127.16.220.124" port: 41297 } }
I20260608 09:56:29.563834 17265 internal_mini_cluster.cc:184] Waiting to initialize catalog manager on master 2
I20260608 09:56:29.566938 18539 leader_election.cc:290] T 00000000000000000000000000000000 P af667f26db114134a30facba828c32ff [CANDIDATE]: Term 1 pre-election: Requested pre-vote from peers c95be7c83a5a411280c5db74a6f585c3 (127.16.220.125:46223), 414a01f41ca84e6599d4f7b5448640d4 (127.16.220.124:41297)
I20260608 09:56:29.566823 18442 tablet_service.cc:1917] Received RequestConsensusVote() RPC: tablet_id: "00000000000000000000000000000000" candidate_uuid: "af667f26db114134a30facba828c32ff" candidate_term: 1 candidate_status { last_received { term: 0 index: 0 } } ignore_live_leader: false dest_uuid: "c95be7c83a5a411280c5db74a6f585c3" is_pre_election: true
W20260608 09:56:29.568444 18564 catalog_manager.cc:1593] T 00000000000000000000000000000000 P c95be7c83a5a411280c5db74a6f585c3: loading cluster ID for follower catalog manager: Not found: cluster ID entry not found
I20260608 09:56:29.568185 18442 raft_consensus.cc:2468] T 00000000000000000000000000000000 P c95be7c83a5a411280c5db74a6f585c3 [term 0 FOLLOWER]: Leader pre-election vote request: Granting yes vote for candidate af667f26db114134a30facba828c32ff in term 0.
W20260608 09:56:29.568810 18564 catalog_manager.cc:883] Not found: cluster ID entry not found: failed to prepare follower catalog manager, will retry
I20260608 09:56:29.566847 18508 tablet_service.cc:1917] Received RequestConsensusVote() RPC: tablet_id: "00000000000000000000000000000000" candidate_uuid: "af667f26db114134a30facba828c32ff" candidate_term: 1 candidate_status { last_received { term: 0 index: 0 } } ignore_live_leader: false dest_uuid: "414a01f41ca84e6599d4f7b5448640d4" is_pre_election: true
I20260608 09:56:29.569911 18352 leader_election.cc:304] T 00000000000000000000000000000000 P af667f26db114134a30facba828c32ff [CANDIDATE]: Term 1 pre-election: Election decided. Result: candidate won. Election summary: received 2 responses out of 3 voters: 2 yes votes; 0 no votes. yes voters: af667f26db114134a30facba828c32ff, c95be7c83a5a411280c5db74a6f585c3; no voters: 
I20260608 09:56:29.570065 18508 raft_consensus.cc:2468] T 00000000000000000000000000000000 P 414a01f41ca84e6599d4f7b5448640d4 [term 0 FOLLOWER]: Leader pre-election vote request: Granting yes vote for candidate af667f26db114134a30facba828c32ff in term 0.
I20260608 09:56:29.570714 18539 raft_consensus.cc:2804] T 00000000000000000000000000000000 P af667f26db114134a30facba828c32ff [term 0 FOLLOWER]: Leader pre-election won for term 1
I20260608 09:56:29.570981 18539 raft_consensus.cc:493] T 00000000000000000000000000000000 P af667f26db114134a30facba828c32ff [term 0 FOLLOWER]: Starting leader election (no leader contacted us within the election timeout)
I20260608 09:56:29.571197 18539 raft_consensus.cc:3060] T 00000000000000000000000000000000 P af667f26db114134a30facba828c32ff [term 0 FOLLOWER]: Advancing to term 1
I20260608 09:56:29.576845 18539 raft_consensus.cc:515] T 00000000000000000000000000000000 P af667f26db114134a30facba828c32ff [term 1 FOLLOWER]: Starting leader election with config: opid_index: -1 OBSOLETE_local: false peers { permanent_uuid: "af667f26db114134a30facba828c32ff" member_type: VOTER last_known_addr { host: "127.16.220.126" port: 38449 } } peers { permanent_uuid: "c95be7c83a5a411280c5db74a6f585c3" member_type: VOTER last_known_addr { host: "127.16.220.125" port: 46223 } } peers { permanent_uuid: "414a01f41ca84e6599d4f7b5448640d4" member_type: VOTER last_known_addr { host: "127.16.220.124" port: 41297 } }
I20260608 09:56:29.579659 18539 leader_election.cc:290] T 00000000000000000000000000000000 P af667f26db114134a30facba828c32ff [CANDIDATE]: Term 1 election: Requested vote from peers c95be7c83a5a411280c5db74a6f585c3 (127.16.220.125:46223), 414a01f41ca84e6599d4f7b5448640d4 (127.16.220.124:41297)
I20260608 09:56:29.580710 18508 tablet_service.cc:1917] Received RequestConsensusVote() RPC: tablet_id: "00000000000000000000000000000000" candidate_uuid: "af667f26db114134a30facba828c32ff" candidate_term: 1 candidate_status { last_received { term: 0 index: 0 } } ignore_live_leader: false dest_uuid: "414a01f41ca84e6599d4f7b5448640d4"
I20260608 09:56:29.580644 18442 tablet_service.cc:1917] Received RequestConsensusVote() RPC: tablet_id: "00000000000000000000000000000000" candidate_uuid: "af667f26db114134a30facba828c32ff" candidate_term: 1 candidate_status { last_received { term: 0 index: 0 } } ignore_live_leader: false dest_uuid: "c95be7c83a5a411280c5db74a6f585c3"
I20260608 09:56:29.581593 18508 raft_consensus.cc:3060] T 00000000000000000000000000000000 P 414a01f41ca84e6599d4f7b5448640d4 [term 0 FOLLOWER]: Advancing to term 1
I20260608 09:56:29.581859 18442 raft_consensus.cc:3060] T 00000000000000000000000000000000 P c95be7c83a5a411280c5db74a6f585c3 [term 0 FOLLOWER]: Advancing to term 1
I20260608 09:56:29.587756 18442 raft_consensus.cc:2468] T 00000000000000000000000000000000 P c95be7c83a5a411280c5db74a6f585c3 [term 1 FOLLOWER]: Leader election vote request: Granting yes vote for candidate af667f26db114134a30facba828c32ff in term 1.
I20260608 09:56:29.587796 18508 raft_consensus.cc:2468] T 00000000000000000000000000000000 P 414a01f41ca84e6599d4f7b5448640d4 [term 1 FOLLOWER]: Leader election vote request: Granting yes vote for candidate af667f26db114134a30facba828c32ff in term 1.
I20260608 09:56:29.589387 18350 leader_election.cc:304] T 00000000000000000000000000000000 P af667f26db114134a30facba828c32ff [CANDIDATE]: Term 1 election: Election decided. Result: candidate won. Election summary: received 2 responses out of 3 voters: 2 yes votes; 0 no votes. yes voters: 414a01f41ca84e6599d4f7b5448640d4, af667f26db114134a30facba828c32ff; no voters: 
I20260608 09:56:29.590328 18539 raft_consensus.cc:2804] T 00000000000000000000000000000000 P af667f26db114134a30facba828c32ff [term 1 FOLLOWER]: Leader election won for term 1
I20260608 09:56:29.592008 18539 raft_consensus.cc:697] T 00000000000000000000000000000000 P af667f26db114134a30facba828c32ff [term 1 LEADER]: Becoming Leader. State: Replica: af667f26db114134a30facba828c32ff, State: Running, Role: LEADER
I20260608 09:56:29.592975 18539 consensus_queue.cc:237] T 00000000000000000000000000000000 P af667f26db114134a30facba828c32ff [LEADER]: Queue going to LEADER mode. State: All replicated index: 0, Majority replicated index: 0, Committed index: 0, Last appended: 0.0, Last appended by leader: 0, Current term: 1, Majority size: 2, State: 0, Mode: LEADER, active raft config: opid_index: -1 OBSOLETE_local: false peers { permanent_uuid: "af667f26db114134a30facba828c32ff" member_type: VOTER last_known_addr { host: "127.16.220.126" port: 38449 } } peers { permanent_uuid: "c95be7c83a5a411280c5db74a6f585c3" member_type: VOTER last_known_addr { host: "127.16.220.125" port: 46223 } } peers { permanent_uuid: "414a01f41ca84e6599d4f7b5448640d4" member_type: VOTER last_known_addr { host: "127.16.220.124" port: 41297 } }
I20260608 09:56:29.593672 17265 file_cache.cc:492] Constructed file cache file cache with capacity 419430
W20260608 09:56:29.596669 18575 catalog_manager.cc:1593] T 00000000000000000000000000000000 P 414a01f41ca84e6599d4f7b5448640d4: loading cluster ID for follower catalog manager: Not found: cluster ID entry not found
W20260608 09:56:29.597116 18575 catalog_manager.cc:883] Not found: cluster ID entry not found: failed to prepare follower catalog manager, will retry
W20260608 09:56:29.604212 18578 instance_detector.cc:116] could not retrieve AWS instance metadata: Network error: curl error: HTTP response code said error: The requested URL returned error: 404
I20260608 09:56:29.604679 18576 sys_catalog.cc:455] T 00000000000000000000000000000000 P af667f26db114134a30facba828c32ff [sys.catalog]: SysCatalogTable state changed. Reason: New leader af667f26db114134a30facba828c32ff. Latest consensus state: current_term: 1 leader_uuid: "af667f26db114134a30facba828c32ff" committed_config { opid_index: -1 OBSOLETE_local: false peers { permanent_uuid: "af667f26db114134a30facba828c32ff" member_type: VOTER last_known_addr { host: "127.16.220.126" port: 38449 } } peers { permanent_uuid: "c95be7c83a5a411280c5db74a6f585c3" member_type: VOTER last_known_addr { host: "127.16.220.125" port: 46223 } } peers { permanent_uuid: "414a01f41ca84e6599d4f7b5448640d4" member_type: VOTER last_known_addr { host: "127.16.220.124" port: 41297 } } }
I20260608 09:56:29.606153 18576 sys_catalog.cc:458] T 00000000000000000000000000000000 P af667f26db114134a30facba828c32ff [sys.catalog]: This master's current role is: LEADER
W20260608 09:56:29.607156 18579 instance_detector.cc:116] could not retrieve Azure instance metadata: Network error: curl error: HTTP response code said error: The requested URL returned error: 404
I20260608 09:56:29.609210 18581 catalog_manager.cc:1510] Loading table and tablet metadata into memory...
I20260608 09:56:29.611634 17265 server_base.cc:1061] running on GCE node
W20260608 09:56:29.611639 18582 instance_detector.cc:116] could not retrieve OpenStack instance metadata: Network error: curl error: HTTP response code said error: The requested URL returned error: 404
I20260608 09:56:29.612985 17265 hybrid_clock.cc:584] initializing the hybrid clock with 'system_unsync' time source
W20260608 09:56:29.613201 17265 system_unsync_time.cc:38] NTP support is disabled. Clock error bounds will not be accurate. This configuration is not suitable for distributed clusters.
I20260608 09:56:29.613340 17265 hybrid_clock.cc:648] HybridClock initialized: now 1780912589613329 us; error 0 us; skew 500 ppm
I20260608 09:56:29.613929 17265 server_base.cc:861] Flag tcmalloc_max_total_thread_cache_bytes is not working since tcmalloc is not enabled.
I20260608 09:56:29.616031 18581 catalog_manager.cc:1519] Initializing Kudu cluster ID...
I20260608 09:56:29.617139 17265 webserver.cc:533] Webserver started at http://127.16.220.65:44283/ using document root <none> and password file <none>
I20260608 09:56:29.617753 17265 fs_manager.cc:362] Metadata directory not provided
I20260608 09:56:29.617959 17265 fs_manager.cc:368] Using write-ahead log directory (fs_wal_dir) as metadata directory
I20260608 09:56:29.618340 17265 server_base.cc:909] This appears to be a new deployment of Kudu; creating new FS layout
I20260608 09:56:29.619688 17265 fs_manager.cc:1068] Generated new instance metadata in path /tmp/dist-test-taskcFQEcl/test-tmp/auto_rebalancer-test.0.AutoRebalancerTest.NextLeaderResumesAutoRebalancing.1780912573592510-17265-0/minicluster-data/ts-0-root/instance:
uuid: "79be51abeb864d7bb15806932be50204"
format_stamp: "Formatted at 2026-06-08 09:56:29 on dist-test-slave-3gsk"
I20260608 09:56:29.627084 17265 fs_manager.cc:696] Time spent creating directory manager: real 0.007s	user 0.007s	sys 0.001s
I20260608 09:56:29.627262 18508 raft_consensus.cc:1275] T 00000000000000000000000000000000 P 414a01f41ca84e6599d4f7b5448640d4 [term 1 FOLLOWER]: Refusing update from remote peer af667f26db114134a30facba828c32ff: Log matching property violated. Preceding OpId in replica: term: 0 index: 0. Preceding OpId from leader: term: 1 index: 2. (index mismatch)
I20260608 09:56:29.627760 18442 raft_consensus.cc:1275] T 00000000000000000000000000000000 P c95be7c83a5a411280c5db74a6f585c3 [term 1 FOLLOWER]: Refusing update from remote peer af667f26db114134a30facba828c32ff: Log matching property violated. Preceding OpId in replica: term: 0 index: 0. Preceding OpId from leader: term: 1 index: 2. (index mismatch)
I20260608 09:56:29.629285 18539 consensus_queue.cc:1048] T 00000000000000000000000000000000 P af667f26db114134a30facba828c32ff [LEADER]: Connected to new peer: Peer: permanent_uuid: "414a01f41ca84e6599d4f7b5448640d4" member_type: VOTER last_known_addr { host: "127.16.220.124" port: 41297 }, Status: LMP_MISMATCH, Last received: 0.0, Next index: 1, Last known committed idx: 0, Time since last communication: 0.000s
I20260608 09:56:29.630223 18576 consensus_queue.cc:1048] T 00000000000000000000000000000000 P af667f26db114134a30facba828c32ff [LEADER]: Connected to new peer: Peer: permanent_uuid: "c95be7c83a5a411280c5db74a6f585c3" member_type: VOTER last_known_addr { host: "127.16.220.125" port: 46223 }, Status: LMP_MISMATCH, Last received: 0.0, Next index: 1, Last known committed idx: 0, Time since last communication: 0.000s
I20260608 09:56:29.633028 18588 log_block_manager.cc:4031] Time spent loading block containers with low live blocks: real 0.000s	user 0.000s	sys 0.000s
I20260608 09:56:29.634562 17265 fs_manager.cc:730] Time spent opening block manager: real 0.004s	user 0.002s	sys 0.000s
I20260608 09:56:29.635031 17265 fs_manager.cc:647] Opened local filesystem: /tmp/dist-test-taskcFQEcl/test-tmp/auto_rebalancer-test.0.AutoRebalancerTest.NextLeaderResumesAutoRebalancing.1780912573592510-17265-0/minicluster-data/ts-0-root
uuid: "79be51abeb864d7bb15806932be50204"
format_stamp: "Formatted at 2026-06-08 09:56:29 on dist-test-slave-3gsk"
I20260608 09:56:29.635560 17265 fs_report.cc:389] FS layout report
--------------------
wal directory: /tmp/dist-test-taskcFQEcl/test-tmp/auto_rebalancer-test.0.AutoRebalancerTest.NextLeaderResumesAutoRebalancing.1780912573592510-17265-0/minicluster-data/ts-0-root
metadata directory: /tmp/dist-test-taskcFQEcl/test-tmp/auto_rebalancer-test.0.AutoRebalancerTest.NextLeaderResumesAutoRebalancing.1780912573592510-17265-0/minicluster-data/ts-0-root
1 data directories: /tmp/dist-test-taskcFQEcl/test-tmp/auto_rebalancer-test.0.AutoRebalancerTest.NextLeaderResumesAutoRebalancing.1780912573592510-17265-0/minicluster-data/ts-0-root/data
Total live blocks: 0
Total live bytes: 0
Total live bytes (after alignment): 0
Total number of LBM containers: 0 (0 full)
Did not check for missing blocks
Did not check for orphaned blocks
Total full LBM containers with extra space: 0 (0 repaired)
Total full LBM container extra space in bytes: 0 (0 repaired)
Total incomplete LBM containers: 0 (0 repaired)
Total LBM partial records: 0 (0 repaired)
Total corrupted LBM metadata records in RocksDB: 0 (0 repaired)
I20260608 09:56:29.641842 18540 sys_catalog.cc:455] T 00000000000000000000000000000000 P c95be7c83a5a411280c5db74a6f585c3 [sys.catalog]: SysCatalogTable state changed. Reason: New leader af667f26db114134a30facba828c32ff. Latest consensus state: current_term: 1 leader_uuid: "af667f26db114134a30facba828c32ff" committed_config { opid_index: -1 OBSOLETE_local: false peers { permanent_uuid: "af667f26db114134a30facba828c32ff" member_type: VOTER last_known_addr { host: "127.16.220.126" port: 38449 } } peers { permanent_uuid: "c95be7c83a5a411280c5db74a6f585c3" member_type: VOTER last_known_addr { host: "127.16.220.125" port: 46223 } } peers { permanent_uuid: "414a01f41ca84e6599d4f7b5448640d4" member_type: VOTER last_known_addr { host: "127.16.220.124" port: 41297 } } }
I20260608 09:56:29.642745 18540 sys_catalog.cc:458] T 00000000000000000000000000000000 P c95be7c83a5a411280c5db74a6f585c3 [sys.catalog]: This master's current role is: FOLLOWER
I20260608 09:56:29.652259 18555 sys_catalog.cc:455] T 00000000000000000000000000000000 P 414a01f41ca84e6599d4f7b5448640d4 [sys.catalog]: SysCatalogTable state changed. Reason: New leader af667f26db114134a30facba828c32ff. Latest consensus state: current_term: 1 leader_uuid: "af667f26db114134a30facba828c32ff" committed_config { opid_index: -1 OBSOLETE_local: false peers { permanent_uuid: "af667f26db114134a30facba828c32ff" member_type: VOTER last_known_addr { host: "127.16.220.126" port: 38449 } } peers { permanent_uuid: "c95be7c83a5a411280c5db74a6f585c3" member_type: VOTER last_known_addr { host: "127.16.220.125" port: 46223 } } peers { permanent_uuid: "414a01f41ca84e6599d4f7b5448640d4" member_type: VOTER last_known_addr { host: "127.16.220.124" port: 41297 } } }
I20260608 09:56:29.653137 18555 sys_catalog.cc:458] T 00000000000000000000000000000000 P 414a01f41ca84e6599d4f7b5448640d4 [sys.catalog]: This master's current role is: FOLLOWER
I20260608 09:56:29.656237 18540 sys_catalog.cc:455] T 00000000000000000000000000000000 P c95be7c83a5a411280c5db74a6f585c3 [sys.catalog]: SysCatalogTable state changed. Reason: Replicated consensus-only round. Latest consensus state: current_term: 1 leader_uuid: "af667f26db114134a30facba828c32ff" committed_config { opid_index: -1 OBSOLETE_local: false peers { permanent_uuid: "af667f26db114134a30facba828c32ff" member_type: VOTER last_known_addr { host: "127.16.220.126" port: 38449 } } peers { permanent_uuid: "c95be7c83a5a411280c5db74a6f585c3" member_type: VOTER last_known_addr { host: "127.16.220.125" port: 46223 } } peers { permanent_uuid: "414a01f41ca84e6599d4f7b5448640d4" member_type: VOTER last_known_addr { host: "127.16.220.124" port: 41297 } } }
I20260608 09:56:29.657003 18540 sys_catalog.cc:458] T 00000000000000000000000000000000 P c95be7c83a5a411280c5db74a6f585c3 [sys.catalog]: This master's current role is: FOLLOWER
I20260608 09:56:29.660663 18555 sys_catalog.cc:455] T 00000000000000000000000000000000 P 414a01f41ca84e6599d4f7b5448640d4 [sys.catalog]: SysCatalogTable state changed. Reason: Replicated consensus-only round. Latest consensus state: current_term: 1 leader_uuid: "af667f26db114134a30facba828c32ff" committed_config { opid_index: -1 OBSOLETE_local: false peers { permanent_uuid: "af667f26db114134a30facba828c32ff" member_type: VOTER last_known_addr { host: "127.16.220.126" port: 38449 } } peers { permanent_uuid: "c95be7c83a5a411280c5db74a6f585c3" member_type: VOTER last_known_addr { host: "127.16.220.125" port: 46223 } } peers { permanent_uuid: "414a01f41ca84e6599d4f7b5448640d4" member_type: VOTER last_known_addr { host: "127.16.220.124" port: 41297 } } }
I20260608 09:56:29.661674 18555 sys_catalog.cc:458] T 00000000000000000000000000000000 P 414a01f41ca84e6599d4f7b5448640d4 [sys.catalog]: This master's current role is: FOLLOWER
I20260608 09:56:29.668663 18539 sys_catalog.cc:455] T 00000000000000000000000000000000 P af667f26db114134a30facba828c32ff [sys.catalog]: SysCatalogTable state changed. Reason: Peer health change. Latest consensus state: current_term: 1 leader_uuid: "af667f26db114134a30facba828c32ff" committed_config { opid_index: -1 OBSOLETE_local: false peers { permanent_uuid: "af667f26db114134a30facba828c32ff" member_type: VOTER last_known_addr { host: "127.16.220.126" port: 38449 } } peers { permanent_uuid: "c95be7c83a5a411280c5db74a6f585c3" member_type: VOTER last_known_addr { host: "127.16.220.125" port: 46223 } } peers { permanent_uuid: "414a01f41ca84e6599d4f7b5448640d4" member_type: VOTER last_known_addr { host: "127.16.220.124" port: 41297 } } }
I20260608 09:56:29.668963 18576 sys_catalog.cc:455] T 00000000000000000000000000000000 P af667f26db114134a30facba828c32ff [sys.catalog]: SysCatalogTable state changed. Reason: Peer health change. Latest consensus state: current_term: 1 leader_uuid: "af667f26db114134a30facba828c32ff" committed_config { opid_index: -1 OBSOLETE_local: false peers { permanent_uuid: "af667f26db114134a30facba828c32ff" member_type: VOTER last_known_addr { host: "127.16.220.126" port: 38449 } } peers { permanent_uuid: "c95be7c83a5a411280c5db74a6f585c3" member_type: VOTER last_known_addr { host: "127.16.220.125" port: 46223 } } peers { permanent_uuid: "414a01f41ca84e6599d4f7b5448640d4" member_type: VOTER last_known_addr { host: "127.16.220.124" port: 41297 } } }
I20260608 09:56:29.669728 18581 catalog_manager.cc:1382] Generated new cluster ID: 9eb75005326545cd9ac39fd483e928fe
I20260608 09:56:29.669809 18576 sys_catalog.cc:458] T 00000000000000000000000000000000 P af667f26db114134a30facba828c32ff [sys.catalog]: This master's current role is: LEADER
I20260608 09:56:29.669466 18539 sys_catalog.cc:458] T 00000000000000000000000000000000 P af667f26db114134a30facba828c32ff [sys.catalog]: This master's current role is: LEADER
I20260608 09:56:29.670203 18581 catalog_manager.cc:1530] Initializing Kudu internal certificate authority...
I20260608 09:56:29.675349 17265 rpc_server.cc:225] running with OpenSSL 1.1.1  11 Sep 2018
I20260608 09:56:29.677210 17265 kserver.cc:163] Server-wide thread pool size limit: 3276
I20260608 09:56:29.679016 17265 txn_system_client.cc:432] TxnSystemClient initialization is disabled...
I20260608 09:56:29.681810 17265 ts_tablet_manager.cc:585] Loaded tablet metadata (0 total tablets, 0 live tablets)
I20260608 09:56:29.682067 17265 ts_tablet_manager.cc:531] Time spent load tablet metadata: real 0.000s	user 0.001s	sys 0.000s
I20260608 09:56:29.682380 17265 ts_tablet_manager.cc:616] Registered 0 tablets
I20260608 09:56:29.682577 17265 ts_tablet_manager.cc:595] Time spent register tablets: real 0.000s	user 0.000s	sys 0.000s
I20260608 09:56:29.715349 18581 catalog_manager.cc:1405] Generated new certificate authority record
I20260608 09:56:29.717829 18581 catalog_manager.cc:1539] Loading token signing keys...
I20260608 09:56:29.762171 18581 catalog_manager.cc:6069] T 00000000000000000000000000000000 P af667f26db114134a30facba828c32ff: Generated new TSK 0
I20260608 09:56:29.763070 18581 catalog_manager.cc:1549] Initializing in-progress tserver states...
I20260608 09:56:29.770705 17265 rpc_server.cc:307] RPC server started. Bound to: 127.16.220.65:42635
I20260608 09:56:29.770830 18659 acceptor_pool.cc:272] collecting diagnostics on the listening RPC socket 127.16.220.65:42635 every 8 connection(s)
I20260608 09:56:29.792840 17265 file_cache.cc:492] Constructed file cache file cache with capacity 419430
I20260608 09:56:29.796859 18660 heartbeater.cc:344] Connected to a master server at 127.16.220.124:41297
I20260608 09:56:29.797492 18660 heartbeater.cc:461] Registering TS with master...
I20260608 09:56:29.798612 18660 heartbeater.cc:507] Master 127.16.220.124:41297 requested a full tablet report, sending...
I20260608 09:56:29.802378 18498 ts_manager.cc:194] Registered new tserver with Master: 79be51abeb864d7bb15806932be50204 (127.16.220.65:42635)
W20260608 09:56:29.807138 18667 instance_detector.cc:116] could not retrieve AWS instance metadata: Network error: curl error: HTTP response code said error: The requested URL returned error: 404
I20260608 09:56:29.807430 18661 heartbeater.cc:344] Connected to a master server at 127.16.220.125:46223
I20260608 09:56:29.807922 18661 heartbeater.cc:461] Registering TS with master...
I20260608 09:56:29.808944 18661 heartbeater.cc:507] Master 127.16.220.125:46223 requested a full tablet report, sending...
W20260608 09:56:29.809469 18668 instance_detector.cc:116] could not retrieve Azure instance metadata: Network error: curl error: HTTP response code said error: The requested URL returned error: 404
I20260608 09:56:29.810982 18662 heartbeater.cc:344] Connected to a master server at 127.16.220.126:38449
I20260608 09:56:29.811635 18662 heartbeater.cc:461] Registering TS with master...
I20260608 09:56:29.812922 18432 ts_manager.cc:194] Registered new tserver with Master: 79be51abeb864d7bb15806932be50204 (127.16.220.65:42635)
I20260608 09:56:29.814545 18662 heartbeater.cc:507] Master 127.16.220.126:38449 requested a full tablet report, sending...
I20260608 09:56:29.816901 17265 server_base.cc:1061] running on GCE node
W20260608 09:56:29.817651 18670 instance_detector.cc:116] could not retrieve OpenStack instance metadata: Network error: curl error: HTTP response code said error: The requested URL returned error: 404
I20260608 09:56:29.818040 18367 ts_manager.cc:194] Registered new tserver with Master: 79be51abeb864d7bb15806932be50204 (127.16.220.65:42635)
I20260608 09:56:29.818989 17265 hybrid_clock.cc:584] initializing the hybrid clock with 'system_unsync' time source
W20260608 09:56:29.819324 17265 system_unsync_time.cc:38] NTP support is disabled. Clock error bounds will not be accurate. This configuration is not suitable for distributed clusters.
I20260608 09:56:29.819561 17265 hybrid_clock.cc:648] HybridClock initialized: now 1780912589819538 us; error 0 us; skew 500 ppm
I20260608 09:56:29.820489 17265 server_base.cc:861] Flag tcmalloc_max_total_thread_cache_bytes is not working since tcmalloc is not enabled.
I20260608 09:56:29.820842 18367 master_service.cc:502] Signed X509 certificate for tserver {username='slave'} at 127.0.0.1:33898
I20260608 09:56:29.823606 17265 webserver.cc:533] Webserver started at http://127.16.220.66:45267/ using document root <none> and password file <none>
I20260608 09:56:29.824251 17265 fs_manager.cc:362] Metadata directory not provided
I20260608 09:56:29.824483 17265 fs_manager.cc:368] Using write-ahead log directory (fs_wal_dir) as metadata directory
I20260608 09:56:29.824770 17265 server_base.cc:909] This appears to be a new deployment of Kudu; creating new FS layout
I20260608 09:56:29.825934 17265 fs_manager.cc:1068] Generated new instance metadata in path /tmp/dist-test-taskcFQEcl/test-tmp/auto_rebalancer-test.0.AutoRebalancerTest.NextLeaderResumesAutoRebalancing.1780912573592510-17265-0/minicluster-data/ts-1-root/instance:
uuid: "d5c76a366b534fe9bce131736dfa413d"
format_stamp: "Formatted at 2026-06-08 09:56:29 on dist-test-slave-3gsk"
I20260608 09:56:29.830960 17265 fs_manager.cc:696] Time spent creating directory manager: real 0.004s	user 0.004s	sys 0.000s
I20260608 09:56:29.835199 18675 log_block_manager.cc:4031] Time spent loading block containers with low live blocks: real 0.000s	user 0.000s	sys 0.000s
I20260608 09:56:29.836086 17265 fs_manager.cc:730] Time spent opening block manager: real 0.003s	user 0.004s	sys 0.000s
I20260608 09:56:29.836450 17265 fs_manager.cc:647] Opened local filesystem: /tmp/dist-test-taskcFQEcl/test-tmp/auto_rebalancer-test.0.AutoRebalancerTest.NextLeaderResumesAutoRebalancing.1780912573592510-17265-0/minicluster-data/ts-1-root
uuid: "d5c76a366b534fe9bce131736dfa413d"
format_stamp: "Formatted at 2026-06-08 09:56:29 on dist-test-slave-3gsk"
I20260608 09:56:29.836762 17265 fs_report.cc:389] FS layout report
--------------------
wal directory: /tmp/dist-test-taskcFQEcl/test-tmp/auto_rebalancer-test.0.AutoRebalancerTest.NextLeaderResumesAutoRebalancing.1780912573592510-17265-0/minicluster-data/ts-1-root
metadata directory: /tmp/dist-test-taskcFQEcl/test-tmp/auto_rebalancer-test.0.AutoRebalancerTest.NextLeaderResumesAutoRebalancing.1780912573592510-17265-0/minicluster-data/ts-1-root
1 data directories: /tmp/dist-test-taskcFQEcl/test-tmp/auto_rebalancer-test.0.AutoRebalancerTest.NextLeaderResumesAutoRebalancing.1780912573592510-17265-0/minicluster-data/ts-1-root/data
Total live blocks: 0
Total live bytes: 0
Total live bytes (after alignment): 0
Total number of LBM containers: 0 (0 full)
Did not check for missing blocks
Did not check for orphaned blocks
Total full LBM containers with extra space: 0 (0 repaired)
Total full LBM container extra space in bytes: 0 (0 repaired)
Total incomplete LBM containers: 0 (0 repaired)
Total LBM partial records: 0 (0 repaired)
Total corrupted LBM metadata records in RocksDB: 0 (0 repaired)
I20260608 09:56:29.863481 17265 rpc_server.cc:225] running with OpenSSL 1.1.1  11 Sep 2018
I20260608 09:56:29.864822 17265 kserver.cc:163] Server-wide thread pool size limit: 3276
I20260608 09:56:29.866464 17265 txn_system_client.cc:432] TxnSystemClient initialization is disabled...
I20260608 09:56:29.869006 17265 ts_tablet_manager.cc:585] Loaded tablet metadata (0 total tablets, 0 live tablets)
I20260608 09:56:29.869264 17265 ts_tablet_manager.cc:531] Time spent load tablet metadata: real 0.000s	user 0.000s	sys 0.000s
I20260608 09:56:29.869527 17265 ts_tablet_manager.cc:616] Registered 0 tablets
I20260608 09:56:29.869709 17265 ts_tablet_manager.cc:595] Time spent register tablets: real 0.000s	user 0.000s	sys 0.000s
I20260608 09:56:29.914602 17265 rpc_server.cc:307] RPC server started. Bound to: 127.16.220.66:43157
I20260608 09:56:29.914775 18739 acceptor_pool.cc:272] collecting diagnostics on the listening RPC socket 127.16.220.66:43157 every 8 connection(s)
I20260608 09:56:29.947099 18741 heartbeater.cc:344] Connected to a master server at 127.16.220.125:46223
I20260608 09:56:29.947559 17265 file_cache.cc:492] Constructed file cache file cache with capacity 419430
I20260608 09:56:29.948071 18742 heartbeater.cc:344] Connected to a master server at 127.16.220.126:38449
I20260608 09:56:29.947670 18741 heartbeater.cc:461] Registering TS with master...
I20260608 09:56:29.948501 18742 heartbeater.cc:461] Registering TS with master...
I20260608 09:56:29.949054 18740 heartbeater.cc:344] Connected to a master server at 127.16.220.124:41297
I20260608 09:56:29.949384 18741 heartbeater.cc:507] Master 127.16.220.125:46223 requested a full tablet report, sending...
I20260608 09:56:29.949504 18740 heartbeater.cc:461] Registering TS with master...
I20260608 09:56:29.949544 18742 heartbeater.cc:507] Master 127.16.220.126:38449 requested a full tablet report, sending...
I20260608 09:56:29.950691 18740 heartbeater.cc:507] Master 127.16.220.124:41297 requested a full tablet report, sending...
I20260608 09:56:29.952617 18432 ts_manager.cc:194] Registered new tserver with Master: d5c76a366b534fe9bce131736dfa413d (127.16.220.66:43157)
I20260608 09:56:29.952677 18367 ts_manager.cc:194] Registered new tserver with Master: d5c76a366b534fe9bce131736dfa413d (127.16.220.66:43157)
I20260608 09:56:29.953754 18498 ts_manager.cc:194] Registered new tserver with Master: d5c76a366b534fe9bce131736dfa413d (127.16.220.66:43157)
I20260608 09:56:29.955075 18367 master_service.cc:502] Signed X509 certificate for tserver {username='slave'} at 127.0.0.1:33900
W20260608 09:56:29.957867 18747 instance_detector.cc:116] could not retrieve AWS instance metadata: Network error: curl error: HTTP response code said error: The requested URL returned error: 404
W20260608 09:56:29.958184 18748 instance_detector.cc:116] could not retrieve Azure instance metadata: Network error: curl error: HTTP response code said error: The requested URL returned error: 404
W20260608 09:56:29.961428 18750 instance_detector.cc:116] could not retrieve OpenStack instance metadata: Network error: curl error: HTTP response code said error: The requested URL returned error: 404
I20260608 09:56:29.962399 17265 server_base.cc:1061] running on GCE node
I20260608 09:56:29.963511 17265 hybrid_clock.cc:584] initializing the hybrid clock with 'system_unsync' time source
W20260608 09:56:29.963788 17265 system_unsync_time.cc:38] NTP support is disabled. Clock error bounds will not be accurate. This configuration is not suitable for distributed clusters.
I20260608 09:56:29.964012 17265 hybrid_clock.cc:648] HybridClock initialized: now 1780912589963980 us; error 0 us; skew 500 ppm
I20260608 09:56:29.964690 17265 server_base.cc:861] Flag tcmalloc_max_total_thread_cache_bytes is not working since tcmalloc is not enabled.
I20260608 09:56:29.967597 17265 webserver.cc:533] Webserver started at http://127.16.220.67:33639/ using document root <none> and password file <none>
I20260608 09:56:29.968161 17265 fs_manager.cc:362] Metadata directory not provided
I20260608 09:56:29.968384 17265 fs_manager.cc:368] Using write-ahead log directory (fs_wal_dir) as metadata directory
I20260608 09:56:29.968680 17265 server_base.cc:909] This appears to be a new deployment of Kudu; creating new FS layout
I20260608 09:56:29.970067 17265 fs_manager.cc:1068] Generated new instance metadata in path /tmp/dist-test-taskcFQEcl/test-tmp/auto_rebalancer-test.0.AutoRebalancerTest.NextLeaderResumesAutoRebalancing.1780912573592510-17265-0/minicluster-data/ts-2-root/instance:
uuid: "4fc41bf46e5c451f8e7a103284902c42"
format_stamp: "Formatted at 2026-06-08 09:56:29 on dist-test-slave-3gsk"
I20260608 09:56:29.975168 17265 fs_manager.cc:696] Time spent creating directory manager: real 0.005s	user 0.004s	sys 0.000s
I20260608 09:56:29.979171 18755 log_block_manager.cc:4031] Time spent loading block containers with low live blocks: real 0.000s	user 0.000s	sys 0.000s
I20260608 09:56:29.980041 17265 fs_manager.cc:730] Time spent opening block manager: real 0.003s	user 0.004s	sys 0.000s
I20260608 09:56:29.980373 17265 fs_manager.cc:647] Opened local filesystem: /tmp/dist-test-taskcFQEcl/test-tmp/auto_rebalancer-test.0.AutoRebalancerTest.NextLeaderResumesAutoRebalancing.1780912573592510-17265-0/minicluster-data/ts-2-root
uuid: "4fc41bf46e5c451f8e7a103284902c42"
format_stamp: "Formatted at 2026-06-08 09:56:29 on dist-test-slave-3gsk"
I20260608 09:56:29.980684 17265 fs_report.cc:389] FS layout report
--------------------
wal directory: /tmp/dist-test-taskcFQEcl/test-tmp/auto_rebalancer-test.0.AutoRebalancerTest.NextLeaderResumesAutoRebalancing.1780912573592510-17265-0/minicluster-data/ts-2-root
metadata directory: /tmp/dist-test-taskcFQEcl/test-tmp/auto_rebalancer-test.0.AutoRebalancerTest.NextLeaderResumesAutoRebalancing.1780912573592510-17265-0/minicluster-data/ts-2-root
1 data directories: /tmp/dist-test-taskcFQEcl/test-tmp/auto_rebalancer-test.0.AutoRebalancerTest.NextLeaderResumesAutoRebalancing.1780912573592510-17265-0/minicluster-data/ts-2-root/data
Total live blocks: 0
Total live bytes: 0
Total live bytes (after alignment): 0
Total number of LBM containers: 0 (0 full)
Did not check for missing blocks
Did not check for orphaned blocks
Total full LBM containers with extra space: 0 (0 repaired)
Total full LBM container extra space in bytes: 0 (0 repaired)
Total incomplete LBM containers: 0 (0 repaired)
Total LBM partial records: 0 (0 repaired)
Total corrupted LBM metadata records in RocksDB: 0 (0 repaired)
I20260608 09:56:30.002242 17265 rpc_server.cc:225] running with OpenSSL 1.1.1  11 Sep 2018
I20260608 09:56:30.003681 17265 kserver.cc:163] Server-wide thread pool size limit: 3276
I20260608 09:56:30.005096 17265 txn_system_client.cc:432] TxnSystemClient initialization is disabled...
I20260608 09:56:30.007503 17265 ts_tablet_manager.cc:585] Loaded tablet metadata (0 total tablets, 0 live tablets)
I20260608 09:56:30.007742 17265 ts_tablet_manager.cc:531] Time spent load tablet metadata: real 0.000s	user 0.000s	sys 0.000s
I20260608 09:56:30.007999 17265 ts_tablet_manager.cc:616] Registered 0 tablets
I20260608 09:56:30.008189 17265 ts_tablet_manager.cc:595] Time spent register tablets: real 0.000s	user 0.000s	sys 0.000s
I20260608 09:56:30.062322 17265 rpc_server.cc:307] RPC server started. Bound to: 127.16.220.67:41517
I20260608 09:56:30.062476 18818 acceptor_pool.cc:272] collecting diagnostics on the listening RPC socket 127.16.220.67:41517 every 8 connection(s)
I20260608 09:56:30.089835 18820 heartbeater.cc:344] Connected to a master server at 127.16.220.125:46223
I20260608 09:56:30.090665 18820 heartbeater.cc:461] Registering TS with master...
I20260608 09:56:30.091127 18819 heartbeater.cc:344] Connected to a master server at 127.16.220.124:41297
I20260608 09:56:30.091684 18819 heartbeater.cc:461] Registering TS with master...
I20260608 09:56:30.092090 18820 heartbeater.cc:507] Master 127.16.220.125:46223 requested a full tablet report, sending...
I20260608 09:56:30.092744 18819 heartbeater.cc:507] Master 127.16.220.124:41297 requested a full tablet report, sending...
I20260608 09:56:30.094547 18821 heartbeater.cc:344] Connected to a master server at 127.16.220.126:38449
I20260608 09:56:30.095052 18821 heartbeater.cc:461] Registering TS with master...
I20260608 09:56:30.095999 18498 ts_manager.cc:194] Registered new tserver with Master: 4fc41bf46e5c451f8e7a103284902c42 (127.16.220.67:41517)
I20260608 09:56:30.096205 18821 heartbeater.cc:507] Master 127.16.220.126:38449 requested a full tablet report, sending...
I20260608 09:56:30.096827 18432 ts_manager.cc:194] Registered new tserver with Master: 4fc41bf46e5c451f8e7a103284902c42 (127.16.220.67:41517)
I20260608 09:56:30.099511 18367 ts_manager.cc:194] Registered new tserver with Master: 4fc41bf46e5c451f8e7a103284902c42 (127.16.220.67:41517)
I20260608 09:56:30.099924 17265 internal_mini_cluster.cc:371] 3 TS(s) registered with all masters after 0.029234641s
I20260608 09:56:30.101765 18367 master_service.cc:502] Signed X509 certificate for tserver {username='slave'} at 127.0.0.1:33902
I20260608 09:56:30.574066 18564 catalog_manager.cc:1294] Loaded cluster ID: 9eb75005326545cd9ac39fd483e928fe
I20260608 09:56:30.574400 18564 catalog_manager.cc:1587] T 00000000000000000000000000000000 P c95be7c83a5a411280c5db74a6f585c3: loading cluster ID for follower catalog manager: success
I20260608 09:56:30.580049 18564 catalog_manager.cc:1609] T 00000000000000000000000000000000 P c95be7c83a5a411280c5db74a6f585c3: acquiring CA information for follower catalog manager: success
I20260608 09:56:30.583840 18564 catalog_manager.cc:1637] T 00000000000000000000000000000000 P c95be7c83a5a411280c5db74a6f585c3: importing token verification keys for follower catalog manager: success; most recent TSK sequence number 0
I20260608 09:56:30.604084 18575 catalog_manager.cc:1294] Loaded cluster ID: 9eb75005326545cd9ac39fd483e928fe
I20260608 09:56:30.604493 18575 catalog_manager.cc:1587] T 00000000000000000000000000000000 P 414a01f41ca84e6599d4f7b5448640d4: loading cluster ID for follower catalog manager: success
I20260608 09:56:30.611382 18575 catalog_manager.cc:1609] T 00000000000000000000000000000000 P 414a01f41ca84e6599d4f7b5448640d4: acquiring CA information for follower catalog manager: success
I20260608 09:56:30.615494 18575 catalog_manager.cc:1637] T 00000000000000000000000000000000 P 414a01f41ca84e6599d4f7b5448640d4: importing token verification keys for follower catalog manager: success; most recent TSK sequence number 0
I20260608 09:56:30.824180 18662 heartbeater.cc:499] Master 127.16.220.126:38449 was elected leader, sending a full tablet report...
I20260608 09:56:30.959300 18742 heartbeater.cc:499] Master 127.16.220.126:38449 was elected leader, sending a full tablet report...
I20260608 09:56:31.104888 18821 heartbeater.cc:499] Master 127.16.220.126:38449 was elected leader, sending a full tablet report...
I20260608 09:56:31.551378 18558 auto_leader_rebalancer.cc:451] All tables' leader rebalancing finished this round
I20260608 09:56:31.703763 18367 catalog_manager.cc:2282] Servicing CreateTable request from {username='slave'} at 127.0.0.1:33916:
name: "test-workload"
schema {
  columns {
    name: "key"
    type: INT32
    is_key: true
    is_nullable: false
    encoding: AUTO_ENCODING
    compression: DEFAULT_COMPRESSION
    cfile_block_size: 0
    immutable: false
  }
  columns {
    name: "int_val"
    type: INT32
    is_key: false
    is_nullable: false
    encoding: AUTO_ENCODING
    compression: DEFAULT_COMPRESSION
    cfile_block_size: 0
    immutable: false
  }
  columns {
    name: "string_val"
    type: STRING
    is_key: false
    is_nullable: true
    encoding: AUTO_ENCODING
    compression: DEFAULT_COMPRESSION
    cfile_block_size: 0
    immutable: false
  }
}
num_replicas: 1
split_rows_range_bounds {
  rows: "\004\001\000\252\252\252*\004\001\000TUUU""\004\001\000\252\252\252*\004\001\000TUUU"
  indirect_data: """"
}
partition_schema {
  range_schema {
    columns {
      name: "key"
    }
  }
}
I20260608 09:56:31.798102 18784 tablet_service.cc:1511] Processing CreateTablet for tablet 85a1b5568a9847899d816996b242343f (DEFAULT_TABLE table=test-workload [id=f4e5a0da17964567bacb552e49b5f4ca]), partition=RANGE (key) PARTITION VALUES < 715827882
I20260608 09:56:31.799959 18784 data_dirs.cc:400] Could only allocate 1 dirs of requested 3 for tablet 85a1b5568a9847899d816996b242343f. 1 dirs total, 0 dirs full, 0 dirs failed
I20260608 09:56:31.799993 18705 tablet_service.cc:1511] Processing CreateTablet for tablet 6f73f73f177547ecb7992c919abb7075 (DEFAULT_TABLE table=test-workload [id=f4e5a0da17964567bacb552e49b5f4ca]), partition=RANGE (key) PARTITION 715827882 <= VALUES < 1431655764
I20260608 09:56:31.801680 18705 data_dirs.cc:400] Could only allocate 1 dirs of requested 3 for tablet 6f73f73f177547ecb7992c919abb7075. 1 dirs total, 0 dirs full, 0 dirs failed
I20260608 09:56:31.808079 18624 tablet_service.cc:1511] Processing CreateTablet for tablet 09b785457ab745b4bbb80176597426a1 (DEFAULT_TABLE table=test-workload [id=f4e5a0da17964567bacb552e49b5f4ca]), partition=RANGE (key) PARTITION 1431655764 <= VALUES
I20260608 09:56:31.809675 18624 data_dirs.cc:400] Could only allocate 1 dirs of requested 3 for tablet 09b785457ab745b4bbb80176597426a1. 1 dirs total, 0 dirs full, 0 dirs failed
I20260608 09:56:31.818636 18854 tablet_bootstrap.cc:492] T 6f73f73f177547ecb7992c919abb7075 P d5c76a366b534fe9bce131736dfa413d: Bootstrap starting.
I20260608 09:56:31.820382 18856 tablet_bootstrap.cc:492] T 85a1b5568a9847899d816996b242343f P 4fc41bf46e5c451f8e7a103284902c42: Bootstrap starting.
I20260608 09:56:31.827627 18856 tablet_bootstrap.cc:654] T 85a1b5568a9847899d816996b242343f P 4fc41bf46e5c451f8e7a103284902c42: Neither blocks nor log segments found. Creating new log.
I20260608 09:56:31.827782 18854 tablet_bootstrap.cc:654] T 6f73f73f177547ecb7992c919abb7075 P d5c76a366b534fe9bce131736dfa413d: Neither blocks nor log segments found. Creating new log.
I20260608 09:56:31.835686 18857 tablet_bootstrap.cc:492] T 09b785457ab745b4bbb80176597426a1 P 79be51abeb864d7bb15806932be50204: Bootstrap starting.
I20260608 09:56:31.843994 18854 tablet_bootstrap.cc:492] T 6f73f73f177547ecb7992c919abb7075 P d5c76a366b534fe9bce131736dfa413d: No bootstrap required, opened a new log
I20260608 09:56:31.844110 18856 tablet_bootstrap.cc:492] T 85a1b5568a9847899d816996b242343f P 4fc41bf46e5c451f8e7a103284902c42: No bootstrap required, opened a new log
I20260608 09:56:31.844595 18857 tablet_bootstrap.cc:654] T 09b785457ab745b4bbb80176597426a1 P 79be51abeb864d7bb15806932be50204: Neither blocks nor log segments found. Creating new log.
I20260608 09:56:31.844607 18854 ts_tablet_manager.cc:1403] T 6f73f73f177547ecb7992c919abb7075 P d5c76a366b534fe9bce131736dfa413d: Time spent bootstrapping tablet: real 0.026s	user 0.013s	sys 0.007s
I20260608 09:56:31.844760 18856 ts_tablet_manager.cc:1403] T 85a1b5568a9847899d816996b242343f P 4fc41bf46e5c451f8e7a103284902c42: Time spent bootstrapping tablet: real 0.025s	user 0.013s	sys 0.009s
I20260608 09:56:31.848872 18854 raft_consensus.cc:359] T 6f73f73f177547ecb7992c919abb7075 P d5c76a366b534fe9bce131736dfa413d [term 0 FOLLOWER]: Replica starting. Triggering 0 pending ops. Active config: opid_index: -1 OBSOLETE_local: true peers { permanent_uuid: "d5c76a366b534fe9bce131736dfa413d" member_type: VOTER last_known_addr { host: "127.16.220.66" port: 43157 } }
I20260608 09:56:31.849200 18856 raft_consensus.cc:359] T 85a1b5568a9847899d816996b242343f P 4fc41bf46e5c451f8e7a103284902c42 [term 0 FOLLOWER]: Replica starting. Triggering 0 pending ops. Active config: opid_index: -1 OBSOLETE_local: true peers { permanent_uuid: "4fc41bf46e5c451f8e7a103284902c42" member_type: VOTER last_known_addr { host: "127.16.220.67" port: 41517 } }
I20260608 09:56:31.849609 18854 raft_consensus.cc:385] T 6f73f73f177547ecb7992c919abb7075 P d5c76a366b534fe9bce131736dfa413d [term 0 FOLLOWER]: Consensus starting up: Expiring failure detector timer to make a prompt election more likely
I20260608 09:56:31.849942 18856 raft_consensus.cc:385] T 85a1b5568a9847899d816996b242343f P 4fc41bf46e5c451f8e7a103284902c42 [term 0 FOLLOWER]: Consensus starting up: Expiring failure detector timer to make a prompt election more likely
I20260608 09:56:31.850088 18854 raft_consensus.cc:740] T 6f73f73f177547ecb7992c919abb7075 P d5c76a366b534fe9bce131736dfa413d [term 0 FOLLOWER]: Becoming Follower/Learner. State: Replica: d5c76a366b534fe9bce131736dfa413d, State: Initialized, Role: FOLLOWER
I20260608 09:56:31.850464 18856 raft_consensus.cc:740] T 85a1b5568a9847899d816996b242343f P 4fc41bf46e5c451f8e7a103284902c42 [term 0 FOLLOWER]: Becoming Follower/Learner. State: Replica: 4fc41bf46e5c451f8e7a103284902c42, State: Initialized, Role: FOLLOWER
I20260608 09:56:31.851038 18854 consensus_queue.cc:260] T 6f73f73f177547ecb7992c919abb7075 P d5c76a366b534fe9bce131736dfa413d [NON_LEADER]: Queue going to NON_LEADER mode. State: All replicated index: 0, Majority replicated index: 0, Committed index: 0, Last appended: 0.0, Last appended by leader: 0, Current term: 0, Majority size: -1, State: 0, Mode: NON_LEADER, active raft config: opid_index: -1 OBSOLETE_local: true peers { permanent_uuid: "d5c76a366b534fe9bce131736dfa413d" member_type: VOTER last_known_addr { host: "127.16.220.66" port: 43157 } }
I20260608 09:56:31.851723 18854 raft_consensus.cc:399] T 6f73f73f177547ecb7992c919abb7075 P d5c76a366b534fe9bce131736dfa413d [term 0 FOLLOWER]: Only one voter in the Raft config. Triggering election immediately
