I20260608 09:57:48.605317 10851 consensus_queue.cc:237] T 6b769158dba84cbb92d97e1a16debc71 P 26876f5376ae4e94ab4b22a8550747d2 [LEADER]: Queue going to LEADER mode. State: All replicated index: 0, Majority replicated index: 3, Committed index: 3, Last appended: 1.3, Last appended by leader: 0, Current term: 1, Majority size: 2, State: 0, Mode: LEADER, active raft config: opid_index: 4 OBSOLETE_local: false peers { permanent_uuid: "26876f5376ae4e94ab4b22a8550747d2" member_type: VOTER last_known_addr { host: "127.7.139.3" port: 45659 } } peers { permanent_uuid: "6024babaeae74ae1808ed93d52f31e8d" member_type: VOTER last_known_addr { host: "127.7.139.1" port: 33525 } } peers { permanent_uuid: "454eddede98d4d74a120a3d5a34a89dd" member_type: VOTER last_known_addr { host: "127.7.139.2" port: 41249 } attrs { promote: false } }
I20260608 09:57:48.612732 10776 raft_consensus.cc:1275] T 6b769158dba84cbb92d97e1a16debc71 P 454eddede98d4d74a120a3d5a34a89dd [term 1 FOLLOWER]: Refusing update from remote peer 26876f5376ae4e94ab4b22a8550747d2: Log matching property violated. Preceding OpId in replica: term: 1 index: 3. Preceding OpId from leader: term: 1 index: 4. (index mismatch)
I20260608 09:57:48.614701 11342 consensus_queue.cc:1048] T 6b769158dba84cbb92d97e1a16debc71 P 26876f5376ae4e94ab4b22a8550747d2 [LEADER]: Connected to new peer: Peer: permanent_uuid: "454eddede98d4d74a120a3d5a34a89dd" member_type: VOTER last_known_addr { host: "127.7.139.2" port: 41249 } attrs { promote: false }, Status: LMP_MISMATCH, Last received: 0.0, Next index: 4, Last known committed idx: 3, Time since last communication: 0.000s
I20260608 09:57:48.615306 10704 raft_consensus.cc:1275] T 6b769158dba84cbb92d97e1a16debc71 P 6024babaeae74ae1808ed93d52f31e8d [term 1 FOLLOWER]: Refusing update from remote peer 26876f5376ae4e94ab4b22a8550747d2: Log matching property violated. Preceding OpId in replica: term: 1 index: 3. Preceding OpId from leader: term: 1 index: 4. (index mismatch)
I20260608 09:57:48.617045 11342 consensus_queue.cc:1048] T 6b769158dba84cbb92d97e1a16debc71 P 26876f5376ae4e94ab4b22a8550747d2 [LEADER]: Connected to new peer: Peer: permanent_uuid: "6024babaeae74ae1808ed93d52f31e8d" member_type: VOTER last_known_addr { host: "127.7.139.1" port: 33525 }, Status: LMP_MISMATCH, Last received: 0.0, Next index: 4, Last known committed idx: 3, Time since last communication: 0.000s
I20260608 09:57:48.624111 11321 raft_consensus.cc:2955] T 6b769158dba84cbb92d97e1a16debc71 P 26876f5376ae4e94ab4b22a8550747d2 [term 1 LEADER]: Committing config change with OpId 1.4: config changed from index 3 to 4, VOTER c6068554ba8141b2b3a35caba32ed148 (127.7.139.4) evicted. New config: { opid_index: 4 OBSOLETE_local: false peers { permanent_uuid: "26876f5376ae4e94ab4b22a8550747d2" member_type: VOTER last_known_addr { host: "127.7.139.3" port: 45659 } } peers { permanent_uuid: "6024babaeae74ae1808ed93d52f31e8d" member_type: VOTER last_known_addr { host: "127.7.139.1" port: 33525 } } peers { permanent_uuid: "454eddede98d4d74a120a3d5a34a89dd" member_type: VOTER last_known_addr { host: "127.7.139.2" port: 41249 } attrs { promote: false } } }
I20260608 09:57:48.630262 10776 raft_consensus.cc:2955] T 6b769158dba84cbb92d97e1a16debc71 P 454eddede98d4d74a120a3d5a34a89dd [term 1 FOLLOWER]: Committing config change with OpId 1.4: config changed from index 3 to 4, VOTER c6068554ba8141b2b3a35caba32ed148 (127.7.139.4) evicted. New config: { opid_index: 4 OBSOLETE_local: false peers { permanent_uuid: "26876f5376ae4e94ab4b22a8550747d2" member_type: VOTER last_known_addr { host: "127.7.139.3" port: 45659 } } peers { permanent_uuid: "6024babaeae74ae1808ed93d52f31e8d" member_type: VOTER last_known_addr { host: "127.7.139.1" port: 33525 } } peers { permanent_uuid: "454eddede98d4d74a120a3d5a34a89dd" member_type: VOTER last_known_addr { host: "127.7.139.2" port: 41249 } attrs { promote: false } } }
I20260608 09:57:48.633769 10704 raft_consensus.cc:2955] T 6b769158dba84cbb92d97e1a16debc71 P 6024babaeae74ae1808ed93d52f31e8d [term 1 FOLLOWER]: Committing config change with OpId 1.4: config changed from index 3 to 4, VOTER c6068554ba8141b2b3a35caba32ed148 (127.7.139.4) evicted. New config: { opid_index: 4 OBSOLETE_local: false peers { permanent_uuid: "26876f5376ae4e94ab4b22a8550747d2" member_type: VOTER last_known_addr { host: "127.7.139.3" port: 45659 } } peers { permanent_uuid: "6024babaeae74ae1808ed93d52f31e8d" member_type: VOTER last_known_addr { host: "127.7.139.1" port: 33525 } } peers { permanent_uuid: "454eddede98d4d74a120a3d5a34a89dd" member_type: VOTER last_known_addr { host: "127.7.139.2" port: 41249 } attrs { promote: false } } }
I20260608 09:57:48.648090 10602 catalog_manager.cc:5696] T 6b769158dba84cbb92d97e1a16debc71 P 454eddede98d4d74a120a3d5a34a89dd reported cstate change: config changed from index 3 to 4, VOTER c6068554ba8141b2b3a35caba32ed148 (127.7.139.4) evicted. New cstate: current_term: 1 leader_uuid: "26876f5376ae4e94ab4b22a8550747d2" committed_config { opid_index: 4 OBSOLETE_local: false peers { permanent_uuid: "26876f5376ae4e94ab4b22a8550747d2" member_type: VOTER last_known_addr { host: "127.7.139.3" port: 45659 } } peers { permanent_uuid: "6024babaeae74ae1808ed93d52f31e8d" member_type: VOTER last_known_addr { host: "127.7.139.1" port: 33525 } } peers { permanent_uuid: "454eddede98d4d74a120a3d5a34a89dd" member_type: VOTER last_known_addr { host: "127.7.139.2" port: 41249 } attrs { promote: false } } }
I20260608 09:57:48.652616 10587 catalog_manager.cc:5209] ChangeConfig:REMOVE_PEER RPC for tablet 6b769158dba84cbb92d97e1a16debc71 with cas_config_opid_index 3: ChangeConfig:REMOVE_PEER succeeded (attempt 1)
I20260608 09:57:48.671685 11004 tablet_service.cc:1558] Processing DeleteTablet for tablet 6b769158dba84cbb92d97e1a16debc71 with delete_type TABLET_DATA_TOMBSTONED (TS c6068554ba8141b2b3a35caba32ed148 not found in new config with opid_index 4) from {username='slave'} at 127.0.0.1:54334
I20260608 09:57:48.684664 11347 tablet_replica.cc:333] T 6b769158dba84cbb92d97e1a16debc71 P c6068554ba8141b2b3a35caba32ed148: stopping tablet replica
I20260608 09:57:48.685902 11347 raft_consensus.cc:2243] T 6b769158dba84cbb92d97e1a16debc71 P c6068554ba8141b2b3a35caba32ed148 [term 1 FOLLOWER]: Raft consensus shutting down.
I20260608 09:57:48.686733 11347 raft_consensus.cc:2272] T 6b769158dba84cbb92d97e1a16debc71 P c6068554ba8141b2b3a35caba32ed148 [term 1 FOLLOWER]: Raft consensus is shut down!
I20260608 09:57:48.690109 11347 ts_tablet_manager.cc:1916] T 6b769158dba84cbb92d97e1a16debc71 P c6068554ba8141b2b3a35caba32ed148: Deleting tablet data with delete state TABLET_DATA_TOMBSTONED
I20260608 09:57:48.706938 11347 ts_tablet_manager.cc:1929] T 6b769158dba84cbb92d97e1a16debc71 P c6068554ba8141b2b3a35caba32ed148: tablet deleted with delete type TABLET_DATA_TOMBSTONED: last-logged OpId 1.3
I20260608 09:57:48.707475 11347 log.cc:1199] T 6b769158dba84cbb92d97e1a16debc71 P c6068554ba8141b2b3a35caba32ed148: Deleting WAL directory at /tmp/dist-test-taskg6L9Fk/test-tmp/auto_rebalancer-test.0.AutoRebalancerTest.RangeAwareRebalancesNewRangeReplicas.1780912573293085-7724-0/minicluster-data/ts-3-root/wals/6b769158dba84cbb92d97e1a16debc71
I20260608 09:57:48.709415 10589 catalog_manager.cc:5027] TS c6068554ba8141b2b3a35caba32ed148 (127.7.139.4:35341): tablet 6b769158dba84cbb92d97e1a16debc71 (table range_aware_rebalance_new_range [id=ddfba046a43241fa8945666d5721ea16]) successfully deleted
I20260608 09:57:48.713393  7724 tablet_server.cc:179] TabletServer@127.7.139.1:0 shutting down...
W20260608 09:57:48.721761 10816 proxy.cc:239] Call had error, refreshing address and retrying: Remote error: Service unavailable: service kudu.consensus.ConsensusService not registered on TabletServer [suppressed 2 similar messages]
W20260608 09:57:48.743942 10816 consensus_peers.cc:597] T 9c858160663a4b53880b84d65624bb1b P 26876f5376ae4e94ab4b22a8550747d2 -> Peer 6024babaeae74ae1808ed93d52f31e8d (127.7.139.1:33525): Couldn't send request to peer 6024babaeae74ae1808ed93d52f31e8d. Status: Remote error: Service unavailable: service kudu.consensus.ConsensusService not registered on TabletServer. This is attempt 1: this message will repeat every 5th retry.
I20260608 09:57:48.782689  7724 ts_tablet_manager.cc:1507] Shutting down tablet manager...
I20260608 09:57:48.783860  7724 tablet_replica.cc:333] T 68228cf5a21b4d8286c9ee74d8416430 P 6024babaeae74ae1808ed93d52f31e8d: stopping tablet replica
I20260608 09:57:48.784864  7724 raft_consensus.cc:2243] T 68228cf5a21b4d8286c9ee74d8416430 P 6024babaeae74ae1808ed93d52f31e8d [term 1 FOLLOWER]: Raft consensus shutting down.
I20260608 09:57:48.786412  7724 raft_consensus.cc:2272] T 68228cf5a21b4d8286c9ee74d8416430 P 6024babaeae74ae1808ed93d52f31e8d [term 1 FOLLOWER]: Raft consensus is shut down!
I20260608 09:57:48.792022  7724 tablet_replica.cc:333] T 6b769158dba84cbb92d97e1a16debc71 P 6024babaeae74ae1808ed93d52f31e8d: stopping tablet replica
I20260608 09:57:48.792770  7724 raft_consensus.cc:2243] T 6b769158dba84cbb92d97e1a16debc71 P 6024babaeae74ae1808ed93d52f31e8d [term 1 FOLLOWER]: Raft consensus shutting down.
I20260608 09:57:48.793414  7724 raft_consensus.cc:2272] T 6b769158dba84cbb92d97e1a16debc71 P 6024babaeae74ae1808ed93d52f31e8d [term 1 FOLLOWER]: Raft consensus is shut down!
I20260608 09:57:48.797917  7724 tablet_replica.cc:333] T 77e42afc6e864358b351729e49b3bc2f P 6024babaeae74ae1808ed93d52f31e8d: stopping tablet replica
I20260608 09:57:48.800256  7724 raft_consensus.cc:2243] T 77e42afc6e864358b351729e49b3bc2f P 6024babaeae74ae1808ed93d52f31e8d [term 2 FOLLOWER]: Raft consensus shutting down.
W20260608 09:57:48.801846 10742 consensus_peers.cc:597] T 68228cf5a21b4d8286c9ee74d8416430 P 454eddede98d4d74a120a3d5a34a89dd -> Peer 6024babaeae74ae1808ed93d52f31e8d (127.7.139.1:33525): Couldn't send request to peer 6024babaeae74ae1808ed93d52f31e8d. Status: Remote error: Service unavailable: service kudu.consensus.ConsensusService not registered on TabletServer. This is attempt 1: this message will repeat every 5th retry.
I20260608 09:57:48.801388  7724 raft_consensus.cc:2272] T 77e42afc6e864358b351729e49b3bc2f P 6024babaeae74ae1808ed93d52f31e8d [term 2 FOLLOWER]: Raft consensus is shut down!
I20260608 09:57:48.805069  7724 tablet_replica.cc:333] T 6e39a24c16134aa491d55ef0b3c307b2 P 6024babaeae74ae1808ed93d52f31e8d: stopping tablet replica
I20260608 09:57:48.807166  7724 raft_consensus.cc:2243] T 6e39a24c16134aa491d55ef0b3c307b2 P 6024babaeae74ae1808ed93d52f31e8d [term 2 FOLLOWER]: Raft consensus shutting down.
I20260608 09:57:48.807878  7724 raft_consensus.cc:2272] T 6e39a24c16134aa491d55ef0b3c307b2 P 6024babaeae74ae1808ed93d52f31e8d [term 2 FOLLOWER]: Raft consensus is shut down!
I20260608 09:57:48.811753  7724 tablet_replica.cc:333] T 02a35ed3be2c44a6a2de4bd3dbf56b27 P 6024babaeae74ae1808ed93d52f31e8d: stopping tablet replica
I20260608 09:57:48.812659  7724 raft_consensus.cc:2243] T 02a35ed3be2c44a6a2de4bd3dbf56b27 P 6024babaeae74ae1808ed93d52f31e8d [term 4 LEADER]: Raft consensus shutting down.
I20260608 09:57:48.813788  7724 raft_consensus.cc:2272] T 02a35ed3be2c44a6a2de4bd3dbf56b27 P 6024babaeae74ae1808ed93d52f31e8d [term 4 FOLLOWER]: Raft consensus is shut down!
I20260608 09:57:48.816743  7724 tablet_replica.cc:333] T aff37cb0f13f41b8b66b750ee8d71faf P 6024babaeae74ae1808ed93d52f31e8d: stopping tablet replica
I20260608 09:57:48.817555  7724 raft_consensus.cc:2243] T aff37cb0f13f41b8b66b750ee8d71faf P 6024babaeae74ae1808ed93d52f31e8d [term 1 LEADER]: Raft consensus shutting down.
I20260608 09:57:48.818648  7724 raft_consensus.cc:2272] T aff37cb0f13f41b8b66b750ee8d71faf P 6024babaeae74ae1808ed93d52f31e8d [term 1 FOLLOWER]: Raft consensus is shut down!
I20260608 09:57:48.821525  7724 tablet_replica.cc:333] T 7019015e184c4c938dc7406083769efb P 6024babaeae74ae1808ed93d52f31e8d: stopping tablet replica
I20260608 09:57:48.822315  7724 raft_consensus.cc:2243] T 7019015e184c4c938dc7406083769efb P 6024babaeae74ae1808ed93d52f31e8d [term 1 LEADER]: Raft consensus shutting down.
I20260608 09:57:48.823307  7724 raft_consensus.cc:2272] T 7019015e184c4c938dc7406083769efb P 6024babaeae74ae1808ed93d52f31e8d [term 1 FOLLOWER]: Raft consensus is shut down!
I20260608 09:57:48.826187  7724 tablet_replica.cc:333] T 1523c58273b44645b1380d80869502cf P 6024babaeae74ae1808ed93d52f31e8d: stopping tablet replica
I20260608 09:57:48.826885  7724 raft_consensus.cc:2243] T 1523c58273b44645b1380d80869502cf P 6024babaeae74ae1808ed93d52f31e8d [term 2 FOLLOWER]: Raft consensus shutting down.
I20260608 09:57:48.827430  7724 raft_consensus.cc:2272] T 1523c58273b44645b1380d80869502cf P 6024babaeae74ae1808ed93d52f31e8d [term 2 FOLLOWER]: Raft consensus is shut down!
I20260608 09:57:48.830101  7724 tablet_replica.cc:333] T 9c858160663a4b53880b84d65624bb1b P 6024babaeae74ae1808ed93d52f31e8d: stopping tablet replica
I20260608 09:57:48.830942  7724 raft_consensus.cc:2243] T 9c858160663a4b53880b84d65624bb1b P 6024babaeae74ae1808ed93d52f31e8d [term 2 FOLLOWER]: Raft consensus shutting down.
I20260608 09:57:48.831550  7724 raft_consensus.cc:2272] T 9c858160663a4b53880b84d65624bb1b P 6024babaeae74ae1808ed93d52f31e8d [term 2 FOLLOWER]: Raft consensus is shut down!
I20260608 09:57:48.834406  7724 tablet_replica.cc:333] T 4e8d2bba6c514973a418966ab5e64715 P 6024babaeae74ae1808ed93d52f31e8d: stopping tablet replica
I20260608 09:57:48.835134  7724 raft_consensus.cc:2243] T 4e8d2bba6c514973a418966ab5e64715 P 6024babaeae74ae1808ed93d52f31e8d [term 2 FOLLOWER]: Raft consensus shutting down.
I20260608 09:57:48.835927  7724 raft_consensus.cc:2272] T 4e8d2bba6c514973a418966ab5e64715 P 6024babaeae74ae1808ed93d52f31e8d [term 2 FOLLOWER]: Raft consensus is shut down!
I20260608 09:57:48.838536  7724 tablet_replica.cc:333] T a683fe094855409a847fe3c7d29281a0 P 6024babaeae74ae1808ed93d52f31e8d: stopping tablet replica
I20260608 09:57:48.839226  7724 raft_consensus.cc:2243] T a683fe094855409a847fe3c7d29281a0 P 6024babaeae74ae1808ed93d52f31e8d [term 2 FOLLOWER]: Raft consensus shutting down.
I20260608 09:57:48.839776  7724 raft_consensus.cc:2272] T a683fe094855409a847fe3c7d29281a0 P 6024babaeae74ae1808ed93d52f31e8d [term 2 FOLLOWER]: Raft consensus is shut down!
I20260608 09:57:48.842176  7724 tablet_replica.cc:333] T fa49a70c78c14aa8a243edc9bf03f422 P 6024babaeae74ae1808ed93d52f31e8d: stopping tablet replica
I20260608 09:57:48.842854  7724 raft_consensus.cc:2243] T fa49a70c78c14aa8a243edc9bf03f422 P 6024babaeae74ae1808ed93d52f31e8d [term 1 LEADER]: Raft consensus shutting down.
I20260608 09:57:48.843954  7724 raft_consensus.cc:2272] T fa49a70c78c14aa8a243edc9bf03f422 P 6024babaeae74ae1808ed93d52f31e8d [term 1 FOLLOWER]: Raft consensus is shut down!
I20260608 09:57:48.941270  7724 tablet_server.cc:196] TabletServer@127.7.139.1:0 shutdown complete.
I20260608 09:57:48.985106  7724 tablet_server.cc:179] TabletServer@127.7.139.2:0 shutting down...
I20260608 09:57:49.029874  7724 ts_tablet_manager.cc:1507] Shutting down tablet manager...
I20260608 09:57:49.030884  7724 tablet_replica.cc:333] T 6b769158dba84cbb92d97e1a16debc71 P 454eddede98d4d74a120a3d5a34a89dd: stopping tablet replica
I20260608 09:57:49.031868  7724 raft_consensus.cc:2243] T 6b769158dba84cbb92d97e1a16debc71 P 454eddede98d4d74a120a3d5a34a89dd [term 1 FOLLOWER]: Raft consensus shutting down.
I20260608 09:57:49.032737  7724 raft_consensus.cc:2272] T 6b769158dba84cbb92d97e1a16debc71 P 454eddede98d4d74a120a3d5a34a89dd [term 1 FOLLOWER]: Raft consensus is shut down!
I20260608 09:57:49.035784  7724 tablet_replica.cc:333] T 68228cf5a21b4d8286c9ee74d8416430 P 454eddede98d4d74a120a3d5a34a89dd: stopping tablet replica
I20260608 09:57:49.036823  7724 raft_consensus.cc:2243] T 68228cf5a21b4d8286c9ee74d8416430 P 454eddede98d4d74a120a3d5a34a89dd [term 1 LEADER]: Raft consensus shutting down.
I20260608 09:57:49.037985  7724 raft_consensus.cc:2272] T 68228cf5a21b4d8286c9ee74d8416430 P 454eddede98d4d74a120a3d5a34a89dd [term 1 FOLLOWER]: Raft consensus is shut down!
I20260608 09:57:49.041002  7724 tablet_replica.cc:333] T 77e42afc6e864358b351729e49b3bc2f P 454eddede98d4d74a120a3d5a34a89dd: stopping tablet replica
I20260608 09:57:49.041997  7724 raft_consensus.cc:2243] T 77e42afc6e864358b351729e49b3bc2f P 454eddede98d4d74a120a3d5a34a89dd [term 2 FOLLOWER]: Raft consensus shutting down.
I20260608 09:57:49.042644  7724 raft_consensus.cc:2272] T 77e42afc6e864358b351729e49b3bc2f P 454eddede98d4d74a120a3d5a34a89dd [term 2 FOLLOWER]: Raft consensus is shut down!
I20260608 09:57:49.045419  7724 tablet_replica.cc:333] T da216cf89fbe44f08ae47eb24b54f2c4 P 454eddede98d4d74a120a3d5a34a89dd: stopping tablet replica
I20260608 09:57:49.046314  7724 raft_consensus.cc:2243] T da216cf89fbe44f08ae47eb24b54f2c4 P 454eddede98d4d74a120a3d5a34a89dd [term 1 FOLLOWER]: Raft consensus shutting down.
I20260608 09:57:49.047307  7724 raft_consensus.cc:2272] T da216cf89fbe44f08ae47eb24b54f2c4 P 454eddede98d4d74a120a3d5a34a89dd [term 1 FOLLOWER]: Raft consensus is shut down!
I20260608 09:57:49.050657  7724 tablet_replica.cc:333] T b493b53d170d4ef3890a8d210c5f57a3 P 454eddede98d4d74a120a3d5a34a89dd: stopping tablet replica
W20260608 09:57:49.055282 10977 consensus_peers.cc:597] T 1523c58273b44645b1380d80869502cf P c6068554ba8141b2b3a35caba32ed148 -> Peer 6024babaeae74ae1808ed93d52f31e8d (127.7.139.1:33525): Couldn't send request to peer 6024babaeae74ae1808ed93d52f31e8d. Status: Network error: Client connection negotiation failed: client connection to 127.7.139.1:33525: connect: Connection refused (error 111). This is attempt 1: this message will repeat every 5th retry.
I20260608 09:57:49.057523  7724 raft_consensus.cc:2243] T b493b53d170d4ef3890a8d210c5f57a3 P 454eddede98d4d74a120a3d5a34a89dd [term 1 LEADER]: Raft consensus shutting down.
I20260608 09:57:49.058624  7724 raft_consensus.cc:2272] T b493b53d170d4ef3890a8d210c5f57a3 P 454eddede98d4d74a120a3d5a34a89dd [term 1 FOLLOWER]: Raft consensus is shut down!
I20260608 09:57:49.063371  7724 tablet_replica.cc:333] T 6e39a24c16134aa491d55ef0b3c307b2 P 454eddede98d4d74a120a3d5a34a89dd: stopping tablet replica
I20260608 09:57:49.064219  7724 raft_consensus.cc:2243] T 6e39a24c16134aa491d55ef0b3c307b2 P 454eddede98d4d74a120a3d5a34a89dd [term 2 FOLLOWER]: Raft consensus shutting down.
I20260608 09:57:49.064857  7724 raft_consensus.cc:2272] T 6e39a24c16134aa491d55ef0b3c307b2 P 454eddede98d4d74a120a3d5a34a89dd [term 2 FOLLOWER]: Raft consensus is shut down!
W20260608 09:57:49.065443 10977 consensus_peers.cc:597] T 6e39a24c16134aa491d55ef0b3c307b2 P c6068554ba8141b2b3a35caba32ed148 -> Peer 6024babaeae74ae1808ed93d52f31e8d (127.7.139.1:33525): Couldn't send request to peer 6024babaeae74ae1808ed93d52f31e8d. Status: Network error: Client connection negotiation failed: client connection to 127.7.139.1:33525: connect: Connection refused (error 111). This is attempt 1: this message will repeat every 5th retry.
I20260608 09:57:49.067705  7724 tablet_replica.cc:333] T 02a35ed3be2c44a6a2de4bd3dbf56b27 P 454eddede98d4d74a120a3d5a34a89dd: stopping tablet replica
I20260608 09:57:49.068620  7724 raft_consensus.cc:2243] T 02a35ed3be2c44a6a2de4bd3dbf56b27 P 454eddede98d4d74a120a3d5a34a89dd [term 4 FOLLOWER]: Raft consensus shutting down.
I20260608 09:57:49.069262  7724 raft_consensus.cc:2272] T 02a35ed3be2c44a6a2de4bd3dbf56b27 P 454eddede98d4d74a120a3d5a34a89dd [term 4 FOLLOWER]: Raft consensus is shut down!
I20260608 09:57:49.072460  7724 tablet_replica.cc:333] T 77a3281fde74401bab6363af416daf78 P 454eddede98d4d74a120a3d5a34a89dd: stopping tablet replica
I20260608 09:57:49.073300  7724 raft_consensus.cc:2243] T 77a3281fde74401bab6363af416daf78 P 454eddede98d4d74a120a3d5a34a89dd [term 1 LEADER]: Raft consensus shutting down.
I20260608 09:57:49.074421  7724 raft_consensus.cc:2272] T 77a3281fde74401bab6363af416daf78 P 454eddede98d4d74a120a3d5a34a89dd [term 1 FOLLOWER]: Raft consensus is shut down!
I20260608 09:57:49.077221  7724 tablet_replica.cc:333] T da4c8fd3e9d04a37bcbe8c719d1b90fb P 454eddede98d4d74a120a3d5a34a89dd: stopping tablet replica
I20260608 09:57:49.077965  7724 raft_consensus.cc:2243] T da4c8fd3e9d04a37bcbe8c719d1b90fb P 454eddede98d4d74a120a3d5a34a89dd [term 1 LEADER]: Raft consensus shutting down.
I20260608 09:57:49.079116  7724 raft_consensus.cc:2272] T da4c8fd3e9d04a37bcbe8c719d1b90fb P 454eddede98d4d74a120a3d5a34a89dd [term 1 FOLLOWER]: Raft consensus is shut down!
W20260608 09:57:49.080034 10816 consensus_peers.cc:597] T 4e8d2bba6c514973a418966ab5e64715 P 26876f5376ae4e94ab4b22a8550747d2 -> Peer 6024babaeae74ae1808ed93d52f31e8d (127.7.139.1:33525): Couldn't send request to peer 6024babaeae74ae1808ed93d52f31e8d. Status: Network error: Client connection negotiation failed: client connection to 127.7.139.1:33525: connect: Connection refused (error 111). This is attempt 1: this message will repeat every 5th retry.
I20260608 09:57:49.081904  7724 tablet_replica.cc:333] T 7019015e184c4c938dc7406083769efb P 454eddede98d4d74a120a3d5a34a89dd: stopping tablet replica
I20260608 09:57:49.082782  7724 raft_consensus.cc:2243] T 7019015e184c4c938dc7406083769efb P 454eddede98d4d74a120a3d5a34a89dd [term 1 FOLLOWER]: Raft consensus shutting down.
I20260608 09:57:49.083477  7724 raft_consensus.cc:2272] T 7019015e184c4c938dc7406083769efb P 454eddede98d4d74a120a3d5a34a89dd [term 1 FOLLOWER]: Raft consensus is shut down!
I20260608 09:57:49.086301  7724 tablet_replica.cc:333] T aff37cb0f13f41b8b66b750ee8d71faf P 454eddede98d4d74a120a3d5a34a89dd: stopping tablet replica
I20260608 09:57:49.087260  7724 raft_consensus.cc:2243] T aff37cb0f13f41b8b66b750ee8d71faf P 454eddede98d4d74a120a3d5a34a89dd [term 1 FOLLOWER]: Raft consensus shutting down.
I20260608 09:57:49.088279  7724 raft_consensus.cc:2272] T aff37cb0f13f41b8b66b750ee8d71faf P 454eddede98d4d74a120a3d5a34a89dd [term 1 FOLLOWER]: Raft consensus is shut down!
I20260608 09:57:49.091230  7724 tablet_replica.cc:333] T 9c858160663a4b53880b84d65624bb1b P 454eddede98d4d74a120a3d5a34a89dd: stopping tablet replica
I20260608 09:57:49.091950  7724 raft_consensus.cc:2243] T 9c858160663a4b53880b84d65624bb1b P 454eddede98d4d74a120a3d5a34a89dd [term 2 FOLLOWER]: Raft consensus shutting down.
I20260608 09:57:49.092607  7724 raft_consensus.cc:2272] T 9c858160663a4b53880b84d65624bb1b P 454eddede98d4d74a120a3d5a34a89dd [term 2 FOLLOWER]: Raft consensus is shut down!
W20260608 09:57:49.110234 10979 consensus_peers.cc:597] T 77e42afc6e864358b351729e49b3bc2f P c6068554ba8141b2b3a35caba32ed148 -> Peer 454eddede98d4d74a120a3d5a34a89dd (127.7.139.2:41249): Couldn't send request to peer 454eddede98d4d74a120a3d5a34a89dd. Status: Remote error: Service unavailable: service kudu.consensus.ConsensusService not registered on TabletServer. This is attempt 1: this message will repeat every 5th retry.
W20260608 09:57:49.110846 10977 consensus_peers.cc:597] T a683fe094855409a847fe3c7d29281a0 P c6068554ba8141b2b3a35caba32ed148 -> Peer 6024babaeae74ae1808ed93d52f31e8d (127.7.139.1:33525): Couldn't send request to peer 6024babaeae74ae1808ed93d52f31e8d. Status: Network error: Client connection negotiation failed: client connection to 127.7.139.1:33525: connect: Connection refused (error 111). This is attempt 1: this message will repeat every 5th retry.
I20260608 09:57:49.138815  7724 tablet_server.cc:196] TabletServer@127.7.139.2:0 shutdown complete.
W20260608 09:57:49.170598 10979 consensus_peers.cc:597] T 6e39a24c16134aa491d55ef0b3c307b2 P c6068554ba8141b2b3a35caba32ed148 -> Peer 454eddede98d4d74a120a3d5a34a89dd (127.7.139.2:41249): Couldn't send request to peer 454eddede98d4d74a120a3d5a34a89dd. Status: Network error: Client connection negotiation failed: client connection to 127.7.139.2:41249: connect: Connection refused (error 111). This is attempt 1: this message will repeat every 5th retry.
W20260608 09:57:49.172294 10818 consensus_peers.cc:597] T 6b769158dba84cbb92d97e1a16debc71 P 26876f5376ae4e94ab4b22a8550747d2 -> Peer 454eddede98d4d74a120a3d5a34a89dd (127.7.139.2:41249): Couldn't send request to peer 454eddede98d4d74a120a3d5a34a89dd. Status: Network error: Client connection negotiation failed: client connection to 127.7.139.2:41249: connect: Connection refused (error 111). This is attempt 1: this message will repeat every 5th retry.
W20260608 09:57:49.192538 10816 consensus_peers.cc:597] T 6b769158dba84cbb92d97e1a16debc71 P 26876f5376ae4e94ab4b22a8550747d2 -> Peer 6024babaeae74ae1808ed93d52f31e8d (127.7.139.1:33525): Couldn't send request to peer 6024babaeae74ae1808ed93d52f31e8d. Status: Network error: Client connection negotiation failed: client connection to 127.7.139.1:33525: connect: Connection refused (error 111). This is attempt 1: this message will repeat every 5th retry.
W20260608 09:57:49.195580 10977 consensus_peers.cc:597] T 77e42afc6e864358b351729e49b3bc2f P c6068554ba8141b2b3a35caba32ed148 -> Peer 6024babaeae74ae1808ed93d52f31e8d (127.7.139.1:33525): Couldn't send request to peer 6024babaeae74ae1808ed93d52f31e8d. Status: Network error: Client connection negotiation failed: client connection to 127.7.139.1:33525: connect: Connection refused (error 111). This is attempt 1: this message will repeat every 5th retry.
I20260608 09:57:49.196798  7724 tablet_server.cc:179] TabletServer@127.7.139.3:0 shutting down...
W20260608 09:57:49.225299 10818 consensus_peers.cc:597] T 9c858160663a4b53880b84d65624bb1b P 26876f5376ae4e94ab4b22a8550747d2 -> Peer 454eddede98d4d74a120a3d5a34a89dd (127.7.139.2:41249): Couldn't send request to peer 454eddede98d4d74a120a3d5a34a89dd. Status: Network error: Client connection negotiation failed: client connection to 127.7.139.2:41249: connect: Connection refused (error 111). This is attempt 1: this message will repeat every 5th retry.
I20260608 09:57:49.237658  7724 ts_tablet_manager.cc:1507] Shutting down tablet manager...
I20260608 09:57:49.238559  7724 tablet_replica.cc:333] T 68228cf5a21b4d8286c9ee74d8416430 P 26876f5376ae4e94ab4b22a8550747d2: stopping tablet replica
I20260608 09:57:49.239508  7724 raft_consensus.cc:2243] T 68228cf5a21b4d8286c9ee74d8416430 P 26876f5376ae4e94ab4b22a8550747d2 [term 1 FOLLOWER]: Raft consensus shutting down.
I20260608 09:57:49.240351  7724 raft_consensus.cc:2272] T 68228cf5a21b4d8286c9ee74d8416430 P 26876f5376ae4e94ab4b22a8550747d2 [term 1 FOLLOWER]: Raft consensus is shut down!
I20260608 09:57:49.242512  7724 tablet_replica.cc:333] T da216cf89fbe44f08ae47eb24b54f2c4 P 26876f5376ae4e94ab4b22a8550747d2: stopping tablet replica
I20260608 09:57:49.243088  7724 raft_consensus.cc:2243] T da216cf89fbe44f08ae47eb24b54f2c4 P 26876f5376ae4e94ab4b22a8550747d2 [term 1 LEADER]: Raft consensus shutting down.
I20260608 09:57:49.244019  7724 raft_consensus.cc:2272] T da216cf89fbe44f08ae47eb24b54f2c4 P 26876f5376ae4e94ab4b22a8550747d2 [term 1 FOLLOWER]: Raft consensus is shut down!
I20260608 09:57:49.246049  7724 tablet_replica.cc:333] T 1523c58273b44645b1380d80869502cf P 26876f5376ae4e94ab4b22a8550747d2: stopping tablet replica
I20260608 09:57:49.246616  7724 raft_consensus.cc:2243] T 1523c58273b44645b1380d80869502cf P 26876f5376ae4e94ab4b22a8550747d2 [term 2 FOLLOWER]: Raft consensus shutting down.
I20260608 09:57:49.247030  7724 raft_consensus.cc:2272] T 1523c58273b44645b1380d80869502cf P 26876f5376ae4e94ab4b22a8550747d2 [term 2 FOLLOWER]: Raft consensus is shut down!
I20260608 09:57:49.249107  7724 tablet_replica.cc:333] T b493b53d170d4ef3890a8d210c5f57a3 P 26876f5376ae4e94ab4b22a8550747d2: stopping tablet replica
I20260608 09:57:49.249656  7724 raft_consensus.cc:2243] T b493b53d170d4ef3890a8d210c5f57a3 P 26876f5376ae4e94ab4b22a8550747d2 [term 1 FOLLOWER]: Raft consensus shutting down.
I20260608 09:57:49.250118  7724 raft_consensus.cc:2272] T b493b53d170d4ef3890a8d210c5f57a3 P 26876f5376ae4e94ab4b22a8550747d2 [term 1 FOLLOWER]: Raft consensus is shut down!
I20260608 09:57:49.252146  7724 tablet_replica.cc:333] T 6b769158dba84cbb92d97e1a16debc71 P 26876f5376ae4e94ab4b22a8550747d2: stopping tablet replica
I20260608 09:57:49.252645  7724 raft_consensus.cc:2243] T 6b769158dba84cbb92d97e1a16debc71 P 26876f5376ae4e94ab4b22a8550747d2 [term 1 LEADER]: Raft consensus shutting down.
I20260608 09:57:49.253350  7724 raft_consensus.cc:2272] T 6b769158dba84cbb92d97e1a16debc71 P 26876f5376ae4e94ab4b22a8550747d2 [term 1 FOLLOWER]: Raft consensus is shut down!
I20260608 09:57:49.256008  7724 tablet_replica.cc:333] T da4c8fd3e9d04a37bcbe8c719d1b90fb P 26876f5376ae4e94ab4b22a8550747d2: stopping tablet replica
I20260608 09:57:49.256726  7724 raft_consensus.cc:2243] T da4c8fd3e9d04a37bcbe8c719d1b90fb P 26876f5376ae4e94ab4b22a8550747d2 [term 1 FOLLOWER]: Raft consensus shutting down.
I20260608 09:57:49.257203  7724 raft_consensus.cc:2272] T da4c8fd3e9d04a37bcbe8c719d1b90fb P 26876f5376ae4e94ab4b22a8550747d2 [term 1 FOLLOWER]: Raft consensus is shut down!
I20260608 09:57:49.259603  7724 tablet_replica.cc:333] T 4e8d2bba6c514973a418966ab5e64715 P 26876f5376ae4e94ab4b22a8550747d2: stopping tablet replica
I20260608 09:57:49.260344  7724 raft_consensus.cc:2243] T 4e8d2bba6c514973a418966ab5e64715 P 26876f5376ae4e94ab4b22a8550747d2 [term 2 LEADER]: Raft consensus shutting down.
I20260608 09:57:49.261278  7724 raft_consensus.cc:2272] T 4e8d2bba6c514973a418966ab5e64715 P 26876f5376ae4e94ab4b22a8550747d2 [term 2 FOLLOWER]: Raft consensus is shut down!
I20260608 09:57:49.264132  7724 tablet_replica.cc:333] T 77a3281fde74401bab6363af416daf78 P 26876f5376ae4e94ab4b22a8550747d2: stopping tablet replica
I20260608 09:57:49.264882  7724 raft_consensus.cc:2243] T 77a3281fde74401bab6363af416daf78 P 26876f5376ae4e94ab4b22a8550747d2 [term 1 FOLLOWER]: Raft consensus shutting down.
I20260608 09:57:49.265501  7724 raft_consensus.cc:2272] T 77a3281fde74401bab6363af416daf78 P 26876f5376ae4e94ab4b22a8550747d2 [term 1 FOLLOWER]: Raft consensus is shut down!
I20260608 09:57:49.268313  7724 tablet_replica.cc:333] T a683fe094855409a847fe3c7d29281a0 P 26876f5376ae4e94ab4b22a8550747d2: stopping tablet replica
I20260608 09:57:49.269021  7724 raft_consensus.cc:2243] T a683fe094855409a847fe3c7d29281a0 P 26876f5376ae4e94ab4b22a8550747d2 [term 2 FOLLOWER]: Raft consensus shutting down.
I20260608 09:57:49.269531  7724 raft_consensus.cc:2272] T a683fe094855409a847fe3c7d29281a0 P 26876f5376ae4e94ab4b22a8550747d2 [term 2 FOLLOWER]: Raft consensus is shut down!
I20260608 09:57:49.271872  7724 tablet_replica.cc:333] T fa49a70c78c14aa8a243edc9bf03f422 P 26876f5376ae4e94ab4b22a8550747d2: stopping tablet replica
I20260608 09:57:49.272601  7724 raft_consensus.cc:2243] T fa49a70c78c14aa8a243edc9bf03f422 P 26876f5376ae4e94ab4b22a8550747d2 [term 1 FOLLOWER]: Raft consensus shutting down.
I20260608 09:57:49.273548  7724 raft_consensus.cc:2272] T fa49a70c78c14aa8a243edc9bf03f422 P 26876f5376ae4e94ab4b22a8550747d2 [term 1 FOLLOWER]: Raft consensus is shut down!
I20260608 09:57:49.276142  7724 tablet_replica.cc:333] T 9c858160663a4b53880b84d65624bb1b P 26876f5376ae4e94ab4b22a8550747d2: stopping tablet replica
I20260608 09:57:49.276839  7724 raft_consensus.cc:2243] T 9c858160663a4b53880b84d65624bb1b P 26876f5376ae4e94ab4b22a8550747d2 [term 2 LEADER]: Raft consensus shutting down.
I20260608 09:57:49.277876  7724 raft_consensus.cc:2272] T 9c858160663a4b53880b84d65624bb1b P 26876f5376ae4e94ab4b22a8550747d2 [term 2 FOLLOWER]: Raft consensus is shut down!
I20260608 09:57:49.280810  7724 tablet_replica.cc:333] T 02a35ed3be2c44a6a2de4bd3dbf56b27 P 26876f5376ae4e94ab4b22a8550747d2: stopping tablet replica
I20260608 09:57:49.281514  7724 raft_consensus.cc:2243] T 02a35ed3be2c44a6a2de4bd3dbf56b27 P 26876f5376ae4e94ab4b22a8550747d2 [term 4 FOLLOWER]: Raft consensus shutting down.
I20260608 09:57:49.282101  7724 raft_consensus.cc:2272] T 02a35ed3be2c44a6a2de4bd3dbf56b27 P 26876f5376ae4e94ab4b22a8550747d2 [term 4 FOLLOWER]: Raft consensus is shut down!
W20260608 09:57:49.320986 10978 consensus_peers.cc:597] T a683fe094855409a847fe3c7d29281a0 P c6068554ba8141b2b3a35caba32ed148 -> Peer 26876f5376ae4e94ab4b22a8550747d2 (127.7.139.3:45659): Couldn't send request to peer 26876f5376ae4e94ab4b22a8550747d2. Status: Network error: Client connection negotiation failed: client connection to 127.7.139.3:45659: connect: Connection refused (error 111). This is attempt 1: this message will repeat every 5th retry.
W20260608 09:57:49.576172 10978 consensus_peers.cc:597] T 1523c58273b44645b1380d80869502cf P c6068554ba8141b2b3a35caba32ed148 -> Peer 26876f5376ae4e94ab4b22a8550747d2 (127.7.139.3:45659): Couldn't send request to peer 26876f5376ae4e94ab4b22a8550747d2. Status: Network error: Client connection negotiation failed: client connection to 127.7.139.3:45659: connect: Connection refused (error 111). This is attempt 1: this message will repeat every 5th retry.
I20260608 09:57:49.946123 11350 raft_consensus.cc:493] T 7019015e184c4c938dc7406083769efb P c6068554ba8141b2b3a35caba32ed148 [term 1 FOLLOWER]: Starting pre-election (detected failure of leader 6024babaeae74ae1808ed93d52f31e8d)
I20260608 09:57:49.946808 11350 raft_consensus.cc:515] T 7019015e184c4c938dc7406083769efb P c6068554ba8141b2b3a35caba32ed148 [term 1 FOLLOWER]: Starting pre-election with config: opid_index: 4 OBSOLETE_local: false peers { permanent_uuid: "6024babaeae74ae1808ed93d52f31e8d" member_type: VOTER last_known_addr { host: "127.7.139.1" port: 33525 } } peers { permanent_uuid: "454eddede98d4d74a120a3d5a34a89dd" member_type: VOTER last_known_addr { host: "127.7.139.2" port: 41249 } } peers { permanent_uuid: "c6068554ba8141b2b3a35caba32ed148" member_type: VOTER last_known_addr { host: "127.7.139.4" port: 35341 } attrs { promote: false } }
I20260608 09:57:49.949342 11350 leader_election.cc:290] T 7019015e184c4c938dc7406083769efb P c6068554ba8141b2b3a35caba32ed148 [CANDIDATE]: Term 2 pre-election: Requested pre-vote from peers 6024babaeae74ae1808ed93d52f31e8d (127.7.139.1:33525), 454eddede98d4d74a120a3d5a34a89dd (127.7.139.2:41249)
W20260608 09:57:49.954566 10979 leader_election.cc:336] T 7019015e184c4c938dc7406083769efb P c6068554ba8141b2b3a35caba32ed148 [CANDIDATE]: Term 2 pre-election: RPC error from VoteRequest() call to peer 454eddede98d4d74a120a3d5a34a89dd (127.7.139.2:41249): Network error: Client connection negotiation failed: client connection to 127.7.139.2:41249: connect: Connection refused (error 111)
W20260608 09:57:49.955788 10977 leader_election.cc:336] T 7019015e184c4c938dc7406083769efb P c6068554ba8141b2b3a35caba32ed148 [CANDIDATE]: Term 2 pre-election: RPC error from VoteRequest() call to peer 6024babaeae74ae1808ed93d52f31e8d (127.7.139.1:33525): Network error: Client connection negotiation failed: client connection to 127.7.139.1:33525: connect: Connection refused (error 111)
I20260608 09:57:49.956247 10977 leader_election.cc:304] T 7019015e184c4c938dc7406083769efb P c6068554ba8141b2b3a35caba32ed148 [CANDIDATE]: Term 2 pre-election: Election decided. Result: candidate lost. Election summary: received 3 responses out of 3 voters: 1 yes votes; 2 no votes. yes voters: c6068554ba8141b2b3a35caba32ed148; no voters: 454eddede98d4d74a120a3d5a34a89dd, 6024babaeae74ae1808ed93d52f31e8d
I20260608 09:57:49.957012 11350 raft_consensus.cc:2749] T 7019015e184c4c938dc7406083769efb P c6068554ba8141b2b3a35caba32ed148 [term 1 FOLLOWER]: Leader pre-election lost for term 2. Reason: could not achieve majority
I20260608 09:57:50.008771 11350 raft_consensus.cc:493] T 77a3281fde74401bab6363af416daf78 P c6068554ba8141b2b3a35caba32ed148 [term 1 FOLLOWER]: Starting pre-election (detected failure of leader 454eddede98d4d74a120a3d5a34a89dd)
I20260608 09:57:50.009397 11350 raft_consensus.cc:515] T 77a3281fde74401bab6363af416daf78 P c6068554ba8141b2b3a35caba32ed148 [term 1 FOLLOWER]: Starting pre-election with config: opid_index: 4 OBSOLETE_local: false peers { permanent_uuid: "454eddede98d4d74a120a3d5a34a89dd" member_type: VOTER last_known_addr { host: "127.7.139.2" port: 41249 } } peers { permanent_uuid: "26876f5376ae4e94ab4b22a8550747d2" member_type: VOTER last_known_addr { host: "127.7.139.3" port: 45659 } } peers { permanent_uuid: "c6068554ba8141b2b3a35caba32ed148" member_type: VOTER last_known_addr { host: "127.7.139.4" port: 35341 } attrs { promote: false } }
I20260608 09:57:50.012996 11350 leader_election.cc:290] T 77a3281fde74401bab6363af416daf78 P c6068554ba8141b2b3a35caba32ed148 [CANDIDATE]: Term 2 pre-election: Requested pre-vote from peers 454eddede98d4d74a120a3d5a34a89dd (127.7.139.2:41249), 26876f5376ae4e94ab4b22a8550747d2 (127.7.139.3:45659)
W20260608 09:57:50.017666 10978 leader_election.cc:336] T 77a3281fde74401bab6363af416daf78 P c6068554ba8141b2b3a35caba32ed148 [CANDIDATE]: Term 2 pre-election: RPC error from VoteRequest() call to peer 26876f5376ae4e94ab4b22a8550747d2 (127.7.139.3:45659): Network error: Client connection negotiation failed: client connection to 127.7.139.3:45659: connect: Connection refused (error 111)
W20260608 09:57:50.018283 10979 leader_election.cc:336] T 77a3281fde74401bab6363af416daf78 P c6068554ba8141b2b3a35caba32ed148 [CANDIDATE]: Term 2 pre-election: RPC error from VoteRequest() call to peer 454eddede98d4d74a120a3d5a34a89dd (127.7.139.2:41249): Network error: Client connection negotiation failed: client connection to 127.7.139.2:41249: connect: Connection refused (error 111)
I20260608 09:57:50.018800 10979 leader_election.cc:304] T 77a3281fde74401bab6363af416daf78 P c6068554ba8141b2b3a35caba32ed148 [CANDIDATE]: Term 2 pre-election: Election decided. Result: candidate lost. Election summary: received 3 responses out of 3 voters: 1 yes votes; 2 no votes. yes voters: c6068554ba8141b2b3a35caba32ed148; no voters: 26876f5376ae4e94ab4b22a8550747d2, 454eddede98d4d74a120a3d5a34a89dd
I20260608 09:57:50.019665 11350 raft_consensus.cc:2749] T 77a3281fde74401bab6363af416daf78 P c6068554ba8141b2b3a35caba32ed148 [term 1 FOLLOWER]: Leader pre-election lost for term 2. Reason: could not achieve majority
I20260608 09:57:50.208961 10655 auto_leader_rebalancer.cc:140] leader rebalance for table range_aware_rebalance_new_range
I20260608 09:57:50.224659 10655 auto_leader_rebalancer.cc:388] table: range_aware_rebalance_new_range, leader rebalance finish, leader transfer count: 0
I20260608 09:57:50.225322 10655 auto_leader_rebalancer.cc:451] All tables' leader rebalancing finished this round
I20260608 09:57:50.248461 11350 raft_consensus.cc:493] T 4e8d2bba6c514973a418966ab5e64715 P c6068554ba8141b2b3a35caba32ed148 [term 2 FOLLOWER]: Starting pre-election (detected failure of leader 26876f5376ae4e94ab4b22a8550747d2)
I20260608 09:57:50.249132 11350 raft_consensus.cc:515] T 4e8d2bba6c514973a418966ab5e64715 P c6068554ba8141b2b3a35caba32ed148 [term 2 FOLLOWER]: Starting pre-election with config: opid_index: 5 OBSOLETE_local: false peers { permanent_uuid: "6024babaeae74ae1808ed93d52f31e8d" member_type: VOTER last_known_addr { host: "127.7.139.1" port: 33525 } } peers { permanent_uuid: "26876f5376ae4e94ab4b22a8550747d2" member_type: VOTER last_known_addr { host: "127.7.139.3" port: 45659 } } peers { permanent_uuid: "c6068554ba8141b2b3a35caba32ed148" member_type: VOTER last_known_addr { host: "127.7.139.4" port: 35341 } attrs { promote: false } }
I20260608 09:57:50.251688 11350 leader_election.cc:290] T 4e8d2bba6c514973a418966ab5e64715 P c6068554ba8141b2b3a35caba32ed148 [CANDIDATE]: Term 3 pre-election: Requested pre-vote from peers 6024babaeae74ae1808ed93d52f31e8d (127.7.139.1:33525), 26876f5376ae4e94ab4b22a8550747d2 (127.7.139.3:45659)
W20260608 09:57:50.255823 10977 leader_election.cc:336] T 4e8d2bba6c514973a418966ab5e64715 P c6068554ba8141b2b3a35caba32ed148 [CANDIDATE]: Term 3 pre-election: RPC error from VoteRequest() call to peer 6024babaeae74ae1808ed93d52f31e8d (127.7.139.1:33525): Network error: Client connection negotiation failed: client connection to 127.7.139.1:33525: connect: Connection refused (error 111)
W20260608 09:57:50.256306 10978 leader_election.cc:336] T 4e8d2bba6c514973a418966ab5e64715 P c6068554ba8141b2b3a35caba32ed148 [CANDIDATE]: Term 3 pre-election: RPC error from VoteRequest() call to peer 26876f5376ae4e94ab4b22a8550747d2 (127.7.139.3:45659): Network error: Client connection negotiation failed: client connection to 127.7.139.3:45659: connect: Connection refused (error 111)
I20260608 09:57:50.256696 10978 leader_election.cc:304] T 4e8d2bba6c514973a418966ab5e64715 P c6068554ba8141b2b3a35caba32ed148 [CANDIDATE]: Term 3 pre-election: Election decided. Result: candidate lost. Election summary: received 3 responses out of 3 voters: 1 yes votes; 2 no votes. yes voters: c6068554ba8141b2b3a35caba32ed148; no voters: 26876f5376ae4e94ab4b22a8550747d2, 6024babaeae74ae1808ed93d52f31e8d
I20260608 09:57:50.257097 11350 raft_consensus.cc:493] T aff37cb0f13f41b8b66b750ee8d71faf P c6068554ba8141b2b3a35caba32ed148 [term 1 FOLLOWER]: Starting pre-election (detected failure of leader 6024babaeae74ae1808ed93d52f31e8d)
I20260608 09:57:50.257498 11307 raft_consensus.cc:2749] T 4e8d2bba6c514973a418966ab5e64715 P c6068554ba8141b2b3a35caba32ed148 [term 2 FOLLOWER]: Leader pre-election lost for term 3. Reason: could not achieve majority
I20260608 09:57:50.257656 11350 raft_consensus.cc:515] T aff37cb0f13f41b8b66b750ee8d71faf P c6068554ba8141b2b3a35caba32ed148 [term 1 FOLLOWER]: Starting pre-election with config: opid_index: 4 OBSOLETE_local: false peers { permanent_uuid: "454eddede98d4d74a120a3d5a34a89dd" member_type: VOTER last_known_addr { host: "127.7.139.2" port: 41249 } } peers { permanent_uuid: "6024babaeae74ae1808ed93d52f31e8d" member_type: VOTER last_known_addr { host: "127.7.139.1" port: 33525 } } peers { permanent_uuid: "c6068554ba8141b2b3a35caba32ed148" member_type: VOTER last_known_addr { host: "127.7.139.4" port: 35341 } attrs { promote: false } }
I20260608 09:57:50.260073 11350 leader_election.cc:290] T aff37cb0f13f41b8b66b750ee8d71faf P c6068554ba8141b2b3a35caba32ed148 [CANDIDATE]: Term 2 pre-election: Requested pre-vote from peers 454eddede98d4d74a120a3d5a34a89dd (127.7.139.2:41249), 6024babaeae74ae1808ed93d52f31e8d (127.7.139.1:33525)
W20260608 09:57:50.264205 10979 leader_election.cc:336] T aff37cb0f13f41b8b66b750ee8d71faf P c6068554ba8141b2b3a35caba32ed148 [CANDIDATE]: Term 2 pre-election: RPC error from VoteRequest() call to peer 454eddede98d4d74a120a3d5a34a89dd (127.7.139.2:41249): Network error: Client connection negotiation failed: client connection to 127.7.139.2:41249: connect: Connection refused (error 111)
W20260608 09:57:50.264812 10977 leader_election.cc:336] T aff37cb0f13f41b8b66b750ee8d71faf P c6068554ba8141b2b3a35caba32ed148 [CANDIDATE]: Term 2 pre-election: RPC error from VoteRequest() call to peer 6024babaeae74ae1808ed93d52f31e8d (127.7.139.1:33525): Network error: Client connection negotiation failed: client connection to 127.7.139.1:33525: connect: Connection refused (error 111)
I20260608 09:57:50.265173 10977 leader_election.cc:304] T aff37cb0f13f41b8b66b750ee8d71faf P c6068554ba8141b2b3a35caba32ed148 [CANDIDATE]: Term 2 pre-election: Election decided. Result: candidate lost. Election summary: received 3 responses out of 3 voters: 1 yes votes; 2 no votes. yes voters: c6068554ba8141b2b3a35caba32ed148; no voters: 454eddede98d4d74a120a3d5a34a89dd, 6024babaeae74ae1808ed93d52f31e8d
I20260608 09:57:50.265846 11307 raft_consensus.cc:2749] T aff37cb0f13f41b8b66b750ee8d71faf P c6068554ba8141b2b3a35caba32ed148 [term 1 FOLLOWER]: Leader pre-election lost for term 2. Reason: could not achieve majority
I20260608 09:57:50.270323 11307 raft_consensus.cc:493] T da4c8fd3e9d04a37bcbe8c719d1b90fb P c6068554ba8141b2b3a35caba32ed148 [term 1 FOLLOWER]: Starting pre-election (detected failure of leader 454eddede98d4d74a120a3d5a34a89dd)
I20260608 09:57:50.270735 11307 raft_consensus.cc:515] T da4c8fd3e9d04a37bcbe8c719d1b90fb P c6068554ba8141b2b3a35caba32ed148 [term 1 FOLLOWER]: Starting pre-election with config: opid_index: -1 OBSOLETE_local: false peers { permanent_uuid: "c6068554ba8141b2b3a35caba32ed148" member_type: VOTER last_known_addr { host: "127.7.139.4" port: 35341 } } peers { permanent_uuid: "454eddede98d4d74a120a3d5a34a89dd" member_type: VOTER last_known_addr { host: "127.7.139.2" port: 41249 } } peers { permanent_uuid: "26876f5376ae4e94ab4b22a8550747d2" member_type: VOTER last_known_addr { host: "127.7.139.3" port: 45659 } }
I20260608 09:57:50.272545 11307 leader_election.cc:290] T da4c8fd3e9d04a37bcbe8c719d1b90fb P c6068554ba8141b2b3a35caba32ed148 [CANDIDATE]: Term 2 pre-election: Requested pre-vote from peers 454eddede98d4d74a120a3d5a34a89dd (127.7.139.2:41249), 26876f5376ae4e94ab4b22a8550747d2 (127.7.139.3:45659)
W20260608 09:57:50.276849 10978 leader_election.cc:336] T da4c8fd3e9d04a37bcbe8c719d1b90fb P c6068554ba8141b2b3a35caba32ed148 [CANDIDATE]: Term 2 pre-election: RPC error from VoteRequest() call to peer 26876f5376ae4e94ab4b22a8550747d2 (127.7.139.3:45659): Network error: Client connection negotiation failed: client connection to 127.7.139.3:45659: connect: Connection refused (error 111)
W20260608 09:57:50.277381 10979 leader_election.cc:336] T da4c8fd3e9d04a37bcbe8c719d1b90fb P c6068554ba8141b2b3a35caba32ed148 [CANDIDATE]: Term 2 pre-election: RPC error from VoteRequest() call to peer 454eddede98d4d74a120a3d5a34a89dd (127.7.139.2:41249): Network error: Client connection negotiation failed: client connection to 127.7.139.2:41249: connect: Connection refused (error 111)
I20260608 09:57:50.277740 10979 leader_election.cc:304] T da4c8fd3e9d04a37bcbe8c719d1b90fb P c6068554ba8141b2b3a35caba32ed148 [CANDIDATE]: Term 2 pre-election: Election decided. Result: candidate lost. Election summary: received 3 responses out of 3 voters: 1 yes votes; 2 no votes. yes voters: c6068554ba8141b2b3a35caba32ed148; no voters: 26876f5376ae4e94ab4b22a8550747d2, 454eddede98d4d74a120a3d5a34a89dd
I20260608 09:57:50.278292 11307 raft_consensus.cc:2749] T da4c8fd3e9d04a37bcbe8c719d1b90fb P c6068554ba8141b2b3a35caba32ed148 [term 1 FOLLOWER]: Leader pre-election lost for term 2. Reason: could not achieve majority
I20260608 09:57:50.304873 11307 raft_consensus.cc:493] T fa49a70c78c14aa8a243edc9bf03f422 P c6068554ba8141b2b3a35caba32ed148 [term 1 FOLLOWER]: Starting pre-election (detected failure of leader 6024babaeae74ae1808ed93d52f31e8d)
I20260608 09:57:50.305497 11307 raft_consensus.cc:515] T fa49a70c78c14aa8a243edc9bf03f422 P c6068554ba8141b2b3a35caba32ed148 [term 1 FOLLOWER]: Starting pre-election with config: opid_index: 4 OBSOLETE_local: false peers { permanent_uuid: "6024babaeae74ae1808ed93d52f31e8d" member_type: VOTER last_known_addr { host: "127.7.139.1" port: 33525 } } peers { permanent_uuid: "26876f5376ae4e94ab4b22a8550747d2" member_type: VOTER last_known_addr { host: "127.7.139.3" port: 45659 } } peers { permanent_uuid: "c6068554ba8141b2b3a35caba32ed148" member_type: VOTER last_known_addr { host: "127.7.139.4" port: 35341 } attrs { promote: false } }
I20260608 09:57:50.307888 11307 leader_election.cc:290] T fa49a70c78c14aa8a243edc9bf03f422 P c6068554ba8141b2b3a35caba32ed148 [CANDIDATE]: Term 2 pre-election: Requested pre-vote from peers 6024babaeae74ae1808ed93d52f31e8d (127.7.139.1:33525), 26876f5376ae4e94ab4b22a8550747d2 (127.7.139.3:45659)
I20260608 09:57:50.310016 11307 raft_consensus.cc:493] T b493b53d170d4ef3890a8d210c5f57a3 P c6068554ba8141b2b3a35caba32ed148 [term 1 FOLLOWER]: Starting pre-election (detected failure of leader 454eddede98d4d74a120a3d5a34a89dd)
I20260608 09:57:50.310590 11307 raft_consensus.cc:515] T b493b53d170d4ef3890a8d210c5f57a3 P c6068554ba8141b2b3a35caba32ed148 [term 1 FOLLOWER]: Starting pre-election with config: opid_index: -1 OBSOLETE_local: false peers { permanent_uuid: "454eddede98d4d74a120a3d5a34a89dd" member_type: VOTER last_known_addr { host: "127.7.139.2" port: 41249 } } peers { permanent_uuid: "c6068554ba8141b2b3a35caba32ed148" member_type: VOTER last_known_addr { host: "127.7.139.4" port: 35341 } } peers { permanent_uuid: "26876f5376ae4e94ab4b22a8550747d2" member_type: VOTER last_known_addr { host: "127.7.139.3" port: 45659 } }
W20260608 09:57:50.312608 10977 leader_election.cc:336] T fa49a70c78c14aa8a243edc9bf03f422 P c6068554ba8141b2b3a35caba32ed148 [CANDIDATE]: Term 2 pre-election: RPC error from VoteRequest() call to peer 6024babaeae74ae1808ed93d52f31e8d (127.7.139.1:33525): Network error: Client connection negotiation failed: client connection to 127.7.139.1:33525: connect: Connection refused (error 111)
I20260608 09:57:50.312955 11307 leader_election.cc:290] T b493b53d170d4ef3890a8d210c5f57a3 P c6068554ba8141b2b3a35caba32ed148 [CANDIDATE]: Term 2 pre-election: Requested pre-vote from peers 454eddede98d4d74a120a3d5a34a89dd (127.7.139.2:41249), 26876f5376ae4e94ab4b22a8550747d2 (127.7.139.3:45659)
W20260608 09:57:50.313175 10978 leader_election.cc:336] T fa49a70c78c14aa8a243edc9bf03f422 P c6068554ba8141b2b3a35caba32ed148 [CANDIDATE]: Term 2 pre-election: RPC error from VoteRequest() call to peer 26876f5376ae4e94ab4b22a8550747d2 (127.7.139.3:45659): Network error: Client connection negotiation failed: client connection to 127.7.139.3:45659: connect: Connection refused (error 111)
I20260608 09:57:50.314375 10978 leader_election.cc:304] T fa49a70c78c14aa8a243edc9bf03f422 P c6068554ba8141b2b3a35caba32ed148 [CANDIDATE]: Term 2 pre-election: Election decided. Result: candidate lost. Election summary: received 3 responses out of 3 voters: 1 yes votes; 2 no votes. yes voters: c6068554ba8141b2b3a35caba32ed148; no voters: 26876f5376ae4e94ab4b22a8550747d2, 6024babaeae74ae1808ed93d52f31e8d
I20260608 09:57:50.315071 11307 raft_consensus.cc:2749] T fa49a70c78c14aa8a243edc9bf03f422 P c6068554ba8141b2b3a35caba32ed148 [term 1 FOLLOWER]: Leader pre-election lost for term 2. Reason: could not achieve majority
W20260608 09:57:50.317320 10979 leader_election.cc:336] T b493b53d170d4ef3890a8d210c5f57a3 P c6068554ba8141b2b3a35caba32ed148 [CANDIDATE]: Term 2 pre-election: RPC error from VoteRequest() call to peer 454eddede98d4d74a120a3d5a34a89dd (127.7.139.2:41249): Network error: Client connection negotiation failed: client connection to 127.7.139.2:41249: connect: Connection refused (error 111)
