I20260608 09:57:36.605886 18532 raft_consensus.cc:385] T 0e4498054c844774b3dca5d65bf4c3df P c443370e27d44b90adaab2176435e077 [term 0 FOLLOWER]: Consensus starting up: Expiring failure detector timer to make a prompt election more likely
I20260608 09:57:36.606200 18532 raft_consensus.cc:740] T 0e4498054c844774b3dca5d65bf4c3df P c443370e27d44b90adaab2176435e077 [term 0 FOLLOWER]: Becoming Follower/Learner. State: Replica: c443370e27d44b90adaab2176435e077, State: Initialized, Role: FOLLOWER
I20260608 09:57:36.606634 18541 leader_election.cc:290] T a56dbf8cdad0415ea0471309e088e3dc P c443370e27d44b90adaab2176435e077 [CANDIDATE]: Term 1 election: Requested vote from peers bf31da8669574aeda352e51b09950aae (127.14.217.66:43919), 0d0ee44f932b48ff9a4e7db4a3393e5e (127.14.217.67:38337)
I20260608 09:57:36.606998 18532 consensus_queue.cc:260] T 0e4498054c844774b3dca5d65bf4c3df P c443370e27d44b90adaab2176435e077 [NON_LEADER]: Queue going to NON_LEADER mode. State: All replicated index: 0, Majority replicated index: 0, Committed index: 0, Last appended: 0.0, Last appended by leader: 0, Current term: 0, Majority size: -1, State: 0, Mode: NON_LEADER, active raft config: opid_index: -1 OBSOLETE_local: false peers { permanent_uuid: "c443370e27d44b90adaab2176435e077" member_type: VOTER last_known_addr { host: "127.14.217.68" port: 45145 } } peers { permanent_uuid: "0d0ee44f932b48ff9a4e7db4a3393e5e" member_type: VOTER last_known_addr { host: "127.14.217.67" port: 38337 } } peers { permanent_uuid: "bf31da8669574aeda352e51b09950aae" member_type: VOTER last_known_addr { host: "127.14.217.66" port: 43919 } }
I20260608 09:57:36.608074 18531 tablet_bootstrap.cc:492] T b1c49e21b6fd4b23b8aae8b037661803 P 2b39222b5daa4830b8f80cff906d3356: No bootstrap required, opened a new log
I20260608 09:57:36.609654 18531 ts_tablet_manager.cc:1403] T b1c49e21b6fd4b23b8aae8b037661803 P 2b39222b5daa4830b8f80cff906d3356: Time spent bootstrapping tablet: real 0.047s	user 0.013s	sys 0.004s
I20260608 09:57:36.609615 18541 raft_consensus.cc:2804] T 2b13d79fa8e3427a84c15217b4a17779 P c443370e27d44b90adaab2176435e077 [term 0 FOLLOWER]: Leader pre-election won for term 1
I20260608 09:57:36.610198 18541 raft_consensus.cc:493] T 2b13d79fa8e3427a84c15217b4a17779 P c443370e27d44b90adaab2176435e077 [term 0 FOLLOWER]: Starting leader election (no leader contacted us within the election timeout)
I20260608 09:57:36.610651 18541 raft_consensus.cc:3060] T 2b13d79fa8e3427a84c15217b4a17779 P c443370e27d44b90adaab2176435e077 [term 0 FOLLOWER]: Advancing to term 1
I20260608 09:57:36.608767 18391 raft_consensus.cc:515] T c05e1b8481dc4c32a7a806defc41bde2 P 2b39222b5daa4830b8f80cff906d3356 [term 1 FOLLOWER]: Starting leader election with config: opid_index: -1 OBSOLETE_local: false peers { permanent_uuid: "c443370e27d44b90adaab2176435e077" member_type: VOTER last_known_addr { host: "127.14.217.68" port: 45145 } } peers { permanent_uuid: "2b39222b5daa4830b8f80cff906d3356" member_type: VOTER last_known_addr { host: "127.14.217.65" port: 44883 } } peers { permanent_uuid: "bf31da8669574aeda352e51b09950aae" member_type: VOTER last_known_addr { host: "127.14.217.66" port: 43919 } }
I20260608 09:57:36.618310 18391 leader_election.cc:290] T c05e1b8481dc4c32a7a806defc41bde2 P 2b39222b5daa4830b8f80cff906d3356 [CANDIDATE]: Term 1 election: Requested vote from peers c443370e27d44b90adaab2176435e077 (127.14.217.68:45145), bf31da8669574aeda352e51b09950aae (127.14.217.66:43919)
I20260608 09:57:36.619179 18531 raft_consensus.cc:359] T b1c49e21b6fd4b23b8aae8b037661803 P 2b39222b5daa4830b8f80cff906d3356 [term 0 FOLLOWER]: Replica starting. Triggering 0 pending ops. Active config: opid_index: -1 OBSOLETE_local: false peers { permanent_uuid: "2b39222b5daa4830b8f80cff906d3356" member_type: VOTER last_known_addr { host: "127.14.217.65" port: 44883 } } peers { permanent_uuid: "0d0ee44f932b48ff9a4e7db4a3393e5e" member_type: VOTER last_known_addr { host: "127.14.217.67" port: 38337 } } peers { permanent_uuid: "c443370e27d44b90adaab2176435e077" member_type: VOTER last_known_addr { host: "127.14.217.68" port: 45145 } }
I20260608 09:57:36.619971 18531 raft_consensus.cc:385] T b1c49e21b6fd4b23b8aae8b037661803 P 2b39222b5daa4830b8f80cff906d3356 [term 0 FOLLOWER]: Consensus starting up: Expiring failure detector timer to make a prompt election more likely
I20260608 09:57:36.620287 18531 raft_consensus.cc:740] T b1c49e21b6fd4b23b8aae8b037661803 P 2b39222b5daa4830b8f80cff906d3356 [term 0 FOLLOWER]: Becoming Follower/Learner. State: Replica: 2b39222b5daa4830b8f80cff906d3356, State: Initialized, Role: FOLLOWER
I20260608 09:57:36.621090 18531 consensus_queue.cc:260] T b1c49e21b6fd4b23b8aae8b037661803 P 2b39222b5daa4830b8f80cff906d3356 [NON_LEADER]: Queue going to NON_LEADER mode. State: All replicated index: 0, Majority replicated index: 0, Committed index: 0, Last appended: 0.0, Last appended by leader: 0, Current term: 0, Majority size: -1, State: 0, Mode: NON_LEADER, active raft config: opid_index: -1 OBSOLETE_local: false peers { permanent_uuid: "2b39222b5daa4830b8f80cff906d3356" member_type: VOTER last_known_addr { host: "127.14.217.65" port: 44883 } } peers { permanent_uuid: "0d0ee44f932b48ff9a4e7db4a3393e5e" member_type: VOTER last_known_addr { host: "127.14.217.67" port: 38337 } } peers { permanent_uuid: "c443370e27d44b90adaab2176435e077" member_type: VOTER last_known_addr { host: "127.14.217.68" port: 45145 } }
I20260608 09:57:36.621090 18532 ts_tablet_manager.cc:1434] T 0e4498054c844774b3dca5d65bf4c3df P c443370e27d44b90adaab2176435e077: Time spent starting tablet: real 0.019s	user 0.009s	sys 0.000s
I20260608 09:57:36.625283 18262 tablet_service.cc:1917] Received RequestConsensusVote() RPC: tablet_id: "c05e1b8481dc4c32a7a806defc41bde2" candidate_uuid: "2b39222b5daa4830b8f80cff906d3356" candidate_term: 1 candidate_status { last_received { term: 0 index: 0 } } ignore_live_leader: false dest_uuid: "bf31da8669574aeda352e51b09950aae"
I20260608 09:57:36.625998 18262 raft_consensus.cc:3060] T c05e1b8481dc4c32a7a806defc41bde2 P bf31da8669574aeda352e51b09950aae [term 0 FOLLOWER]: Advancing to term 1
I20260608 09:57:36.627635 18486 tablet_service.cc:1917] Received RequestConsensusVote() RPC: tablet_id: "c05e1b8481dc4c32a7a806defc41bde2" candidate_uuid: "2b39222b5daa4830b8f80cff906d3356" candidate_term: 1 candidate_status { last_received { term: 0 index: 0 } } ignore_live_leader: false dest_uuid: "c443370e27d44b90adaab2176435e077"
I20260608 09:57:36.629650 18531 ts_tablet_manager.cc:1434] T b1c49e21b6fd4b23b8aae8b037661803 P 2b39222b5daa4830b8f80cff906d3356: Time spent starting tablet: real 0.020s	user 0.006s	sys 0.002s
I20260608 09:57:36.631572 18532 tablet_bootstrap.cc:492] T c05e1b8481dc4c32a7a806defc41bde2 P c443370e27d44b90adaab2176435e077: Bootstrap starting.
I20260608 09:57:36.631963 18541 raft_consensus.cc:515] T 2b13d79fa8e3427a84c15217b4a17779 P c443370e27d44b90adaab2176435e077 [term 1 FOLLOWER]: Starting leader election with config: opid_index: -1 OBSOLETE_local: false peers { permanent_uuid: "c443370e27d44b90adaab2176435e077" member_type: VOTER last_known_addr { host: "127.14.217.68" port: 45145 } } peers { permanent_uuid: "bf31da8669574aeda352e51b09950aae" member_type: VOTER last_known_addr { host: "127.14.217.66" port: 43919 } } peers { permanent_uuid: "2b39222b5daa4830b8f80cff906d3356" member_type: VOTER last_known_addr { host: "127.14.217.65" port: 44883 } }
I20260608 09:57:36.632777 18577 raft_consensus.cc:2804] T a56dbf8cdad0415ea0471309e088e3dc P c443370e27d44b90adaab2176435e077 [term 1 FOLLOWER]: Leader election won for term 1
I20260608 09:57:36.633739 18261 raft_consensus.cc:2468] T a56dbf8cdad0415ea0471309e088e3dc P bf31da8669574aeda352e51b09950aae [term 1 FOLLOWER]: Leader election vote request: Granting yes vote for candidate c443370e27d44b90adaab2176435e077 in term 1.
I20260608 09:57:36.624142 18576 leader_election.cc:290] T 2b13d79fa8e3427a84c15217b4a17779 P c443370e27d44b90adaab2176435e077 [CANDIDATE]: Term 1 pre-election: Requested pre-vote from peers bf31da8669574aeda352e51b09950aae (127.14.217.66:43919), 2b39222b5daa4830b8f80cff906d3356 (127.14.217.65:44883)
I20260608 09:57:36.636917 18261 tablet_service.cc:1917] Received RequestConsensusVote() RPC: tablet_id: "2b13d79fa8e3427a84c15217b4a17779" candidate_uuid: "c443370e27d44b90adaab2176435e077" candidate_term: 1 candidate_status { last_received { term: 0 index: 0 } } ignore_live_leader: false dest_uuid: "bf31da8669574aeda352e51b09950aae"
I20260608 09:57:36.637511 18261 raft_consensus.cc:3060] T 2b13d79fa8e3427a84c15217b4a17779 P bf31da8669574aeda352e51b09950aae [term 0 FOLLOWER]: Advancing to term 1
I20260608 09:57:36.638013 18541 leader_election.cc:290] T 2b13d79fa8e3427a84c15217b4a17779 P c443370e27d44b90adaab2176435e077 [CANDIDATE]: Term 1 election: Requested vote from peers bf31da8669574aeda352e51b09950aae (127.14.217.66:43919), 2b39222b5daa4830b8f80cff906d3356 (127.14.217.65:44883)
I20260608 09:57:36.639324 18577 raft_consensus.cc:697] T a56dbf8cdad0415ea0471309e088e3dc P c443370e27d44b90adaab2176435e077 [term 1 LEADER]: Becoming Leader. State: Replica: c443370e27d44b90adaab2176435e077, State: Running, Role: LEADER
I20260608 09:57:36.640250 18577 consensus_queue.cc:237] T a56dbf8cdad0415ea0471309e088e3dc P c443370e27d44b90adaab2176435e077 [LEADER]: Queue going to LEADER mode. State: All replicated index: 0, Majority replicated index: 0, Committed index: 0, Last appended: 0.0, Last appended by leader: 0, Current term: 1, Majority size: 2, State: 0, Mode: LEADER, active raft config: opid_index: -1 OBSOLETE_local: false peers { permanent_uuid: "c443370e27d44b90adaab2176435e077" member_type: VOTER last_known_addr { host: "127.14.217.68" port: 45145 } } peers { permanent_uuid: "bf31da8669574aeda352e51b09950aae" member_type: VOTER last_known_addr { host: "127.14.217.66" port: 43919 } } peers { permanent_uuid: "0d0ee44f932b48ff9a4e7db4a3393e5e" member_type: VOTER last_known_addr { host: "127.14.217.67" port: 38337 } }
I20260608 09:57:36.646543 18532 tablet_bootstrap.cc:654] T c05e1b8481dc4c32a7a806defc41bde2 P c443370e27d44b90adaab2176435e077: Neither blocks nor log segments found. Creating new log.
I20260608 09:57:36.642256 18262 raft_consensus.cc:2468] T c05e1b8481dc4c32a7a806defc41bde2 P bf31da8669574aeda352e51b09950aae [term 1 FOLLOWER]: Leader election vote request: Granting yes vote for candidate 2b39222b5daa4830b8f80cff906d3356 in term 1.
I20260608 09:57:36.650628 18151 leader_election.cc:304] T c05e1b8481dc4c32a7a806defc41bde2 P 2b39222b5daa4830b8f80cff906d3356 [CANDIDATE]: Term 1 election: Election decided. Result: candidate won. Election summary: received 2 responses out of 3 voters: 2 yes votes; 0 no votes. yes voters: 2b39222b5daa4830b8f80cff906d3356, bf31da8669574aeda352e51b09950aae; no voters: 
I20260608 09:57:36.651208 18261 raft_consensus.cc:2468] T 2b13d79fa8e3427a84c15217b4a17779 P bf31da8669574aeda352e51b09950aae [term 1 FOLLOWER]: Leader election vote request: Granting yes vote for candidate c443370e27d44b90adaab2176435e077 in term 1.
I20260608 09:57:36.651873 18391 raft_consensus.cc:2804] T c05e1b8481dc4c32a7a806defc41bde2 P 2b39222b5daa4830b8f80cff906d3356 [term 1 FOLLOWER]: Leader election won for term 1
I20260608 09:57:36.652608 18391 raft_consensus.cc:697] T c05e1b8481dc4c32a7a806defc41bde2 P 2b39222b5daa4830b8f80cff906d3356 [term 1 LEADER]: Becoming Leader. State: Replica: 2b39222b5daa4830b8f80cff906d3356, State: Running, Role: LEADER
I20260608 09:57:36.653718 18391 consensus_queue.cc:237] T c05e1b8481dc4c32a7a806defc41bde2 P 2b39222b5daa4830b8f80cff906d3356 [LEADER]: Queue going to LEADER mode. State: All replicated index: 0, Majority replicated index: 0, Committed index: 0, Last appended: 0.0, Last appended by leader: 0, Current term: 1, Majority size: 2, State: 0, Mode: LEADER, active raft config: opid_index: -1 OBSOLETE_local: false peers { permanent_uuid: "c443370e27d44b90adaab2176435e077" member_type: VOTER last_known_addr { host: "127.14.217.68" port: 45145 } } peers { permanent_uuid: "2b39222b5daa4830b8f80cff906d3356" member_type: VOTER last_known_addr { host: "127.14.217.65" port: 44883 } } peers { permanent_uuid: "bf31da8669574aeda352e51b09950aae" member_type: VOTER last_known_addr { host: "127.14.217.66" port: 43919 } }
I20260608 09:57:36.656456 18451 leader_election.cc:304] T 2b13d79fa8e3427a84c15217b4a17779 P c443370e27d44b90adaab2176435e077 [CANDIDATE]: Term 1 election: Election decided. Result: candidate won. Election summary: received 2 responses out of 3 voters: 2 yes votes; 0 no votes. yes voters: bf31da8669574aeda352e51b09950aae, c443370e27d44b90adaab2176435e077; no voters: 
I20260608 09:57:36.657868 18580 raft_consensus.cc:2804] T 2b13d79fa8e3427a84c15217b4a17779 P c443370e27d44b90adaab2176435e077 [term 1 FOLLOWER]: Leader election won for term 1
I20260608 09:57:36.658488 18580 raft_consensus.cc:697] T 2b13d79fa8e3427a84c15217b4a17779 P c443370e27d44b90adaab2176435e077 [term 1 LEADER]: Becoming Leader. State: Replica: c443370e27d44b90adaab2176435e077, State: Running, Role: LEADER
I20260608 09:57:36.659659 18580 consensus_queue.cc:237] T 2b13d79fa8e3427a84c15217b4a17779 P c443370e27d44b90adaab2176435e077 [LEADER]: Queue going to LEADER mode. State: All replicated index: 0, Majority replicated index: 0, Committed index: 0, Last appended: 0.0, Last appended by leader: 0, Current term: 1, Majority size: 2, State: 0, Mode: LEADER, active raft config: opid_index: -1 OBSOLETE_local: false peers { permanent_uuid: "c443370e27d44b90adaab2176435e077" member_type: VOTER last_known_addr { host: "127.14.217.68" port: 45145 } } peers { permanent_uuid: "bf31da8669574aeda352e51b09950aae" member_type: VOTER last_known_addr { host: "127.14.217.66" port: 43919 } } peers { permanent_uuid: "2b39222b5daa4830b8f80cff906d3356" member_type: VOTER last_known_addr { host: "127.14.217.65" port: 44883 } }
I20260608 09:57:36.663373 18533 raft_consensus.cc:493] T 2b13d79fa8e3427a84c15217b4a17779 P 2b39222b5daa4830b8f80cff906d3356 [term 0 FOLLOWER]: Starting pre-election (no leader contacted us within the election timeout)
I20260608 09:57:36.663915 18533 raft_consensus.cc:515] T 2b13d79fa8e3427a84c15217b4a17779 P 2b39222b5daa4830b8f80cff906d3356 [term 0 FOLLOWER]: Starting pre-election with config: opid_index: -1 OBSOLETE_local: false peers { permanent_uuid: "c443370e27d44b90adaab2176435e077" member_type: VOTER last_known_addr { host: "127.14.217.68" port: 45145 } } peers { permanent_uuid: "bf31da8669574aeda352e51b09950aae" member_type: VOTER last_known_addr { host: "127.14.217.66" port: 43919 } } peers { permanent_uuid: "2b39222b5daa4830b8f80cff906d3356" member_type: VOTER last_known_addr { host: "127.14.217.65" port: 44883 } }
I20260608 09:57:36.666193 18533 leader_election.cc:290] T 2b13d79fa8e3427a84c15217b4a17779 P 2b39222b5daa4830b8f80cff906d3356 [CANDIDATE]: Term 1 pre-election: Requested pre-vote from peers c443370e27d44b90adaab2176435e077 (127.14.217.68:45145), bf31da8669574aeda352e51b09950aae (127.14.217.66:43919)
I20260608 09:57:36.666347 18532 tablet_bootstrap.cc:492] T c05e1b8481dc4c32a7a806defc41bde2 P c443370e27d44b90adaab2176435e077: No bootstrap required, opened a new log
I20260608 09:57:36.667026 18532 ts_tablet_manager.cc:1403] T c05e1b8481dc4c32a7a806defc41bde2 P c443370e27d44b90adaab2176435e077: Time spent bootstrapping tablet: real 0.036s	user 0.009s	sys 0.018s
I20260608 09:57:36.667572 18262 tablet_service.cc:1917] Received RequestConsensusVote() RPC: tablet_id: "2b13d79fa8e3427a84c15217b4a17779" candidate_uuid: "2b39222b5daa4830b8f80cff906d3356" candidate_term: 1 candidate_status { last_received { term: 0 index: 0 } } ignore_live_leader: false dest_uuid: "bf31da8669574aeda352e51b09950aae" is_pre_election: true
I20260608 09:57:36.668458 18262 raft_consensus.cc:2393] T 2b13d79fa8e3427a84c15217b4a17779 P bf31da8669574aeda352e51b09950aae [term 1 FOLLOWER]: Leader pre-election vote request: Denying vote to candidate 2b39222b5daa4830b8f80cff906d3356 in current term 1: Already voted for candidate c443370e27d44b90adaab2176435e077 in this term.
I20260608 09:57:36.670853 18532 raft_consensus.cc:359] T c05e1b8481dc4c32a7a806defc41bde2 P c443370e27d44b90adaab2176435e077 [term 0 FOLLOWER]: Replica starting. Triggering 0 pending ops. Active config: opid_index: -1 OBSOLETE_local: false peers { permanent_uuid: "c443370e27d44b90adaab2176435e077" member_type: VOTER last_known_addr { host: "127.14.217.68" port: 45145 } } peers { permanent_uuid: "2b39222b5daa4830b8f80cff906d3356" member_type: VOTER last_known_addr { host: "127.14.217.65" port: 44883 } } peers { permanent_uuid: "bf31da8669574aeda352e51b09950aae" member_type: VOTER last_known_addr { host: "127.14.217.66" port: 43919 } }
I20260608 09:57:36.671553 18532 raft_consensus.cc:385] T c05e1b8481dc4c32a7a806defc41bde2 P c443370e27d44b90adaab2176435e077 [term 0 FOLLOWER]: Consensus starting up: Expiring failure detector timer to make a prompt election more likely
I20260608 09:57:36.671926 18532 raft_consensus.cc:740] T c05e1b8481dc4c32a7a806defc41bde2 P c443370e27d44b90adaab2176435e077 [term 0 FOLLOWER]: Becoming Follower/Learner. State: Replica: c443370e27d44b90adaab2176435e077, State: Initialized, Role: FOLLOWER
I20260608 09:57:36.672796 18532 consensus_queue.cc:260] T c05e1b8481dc4c32a7a806defc41bde2 P c443370e27d44b90adaab2176435e077 [NON_LEADER]: Queue going to NON_LEADER mode. State: All replicated index: 0, Majority replicated index: 0, Committed index: 0, Last appended: 0.0, Last appended by leader: 0, Current term: 0, Majority size: -1, State: 0, Mode: NON_LEADER, active raft config: opid_index: -1 OBSOLETE_local: false peers { permanent_uuid: "c443370e27d44b90adaab2176435e077" member_type: VOTER last_known_addr { host: "127.14.217.68" port: 45145 } } peers { permanent_uuid: "2b39222b5daa4830b8f80cff906d3356" member_type: VOTER last_known_addr { host: "127.14.217.65" port: 44883 } } peers { permanent_uuid: "bf31da8669574aeda352e51b09950aae" member_type: VOTER last_known_addr { host: "127.14.217.66" port: 43919 } }
I20260608 09:57:36.672523 18082 catalog_manager.cc:5696] T c05e1b8481dc4c32a7a806defc41bde2 P 2b39222b5daa4830b8f80cff906d3356 reported cstate change: term changed from 0 to 1, leader changed from <none> to 2b39222b5daa4830b8f80cff906d3356 (127.14.217.65). New cstate: current_term: 1 leader_uuid: "2b39222b5daa4830b8f80cff906d3356" committed_config { opid_index: -1 OBSOLETE_local: false peers { permanent_uuid: "c443370e27d44b90adaab2176435e077" member_type: VOTER last_known_addr { host: "127.14.217.68" port: 45145 } health_report { overall_health: UNKNOWN } } peers { permanent_uuid: "2b39222b5daa4830b8f80cff906d3356" member_type: VOTER last_known_addr { host: "127.14.217.65" port: 44883 } health_report { overall_health: HEALTHY } } peers { permanent_uuid: "bf31da8669574aeda352e51b09950aae" member_type: VOTER last_known_addr { host: "127.14.217.66" port: 43919 } health_report { overall_health: UNKNOWN } } }
I20260608 09:57:36.675437 18532 ts_tablet_manager.cc:1434] T c05e1b8481dc4c32a7a806defc41bde2 P c443370e27d44b90adaab2176435e077: Time spent starting tablet: real 0.008s	user 0.007s	sys 0.001s
I20260608 09:57:36.675259 18080 catalog_manager.cc:5696] T a56dbf8cdad0415ea0471309e088e3dc P c443370e27d44b90adaab2176435e077 reported cstate change: term changed from 0 to 1, leader changed from <none> to c443370e27d44b90adaab2176435e077 (127.14.217.68). New cstate: current_term: 1 leader_uuid: "c443370e27d44b90adaab2176435e077" committed_config { opid_index: -1 OBSOLETE_local: false peers { permanent_uuid: "c443370e27d44b90adaab2176435e077" member_type: VOTER last_known_addr { host: "127.14.217.68" port: 45145 } health_report { overall_health: HEALTHY } } peers { permanent_uuid: "bf31da8669574aeda352e51b09950aae" member_type: VOTER last_known_addr { host: "127.14.217.66" port: 43919 } health_report { overall_health: UNKNOWN } } peers { permanent_uuid: "0d0ee44f932b48ff9a4e7db4a3393e5e" member_type: VOTER last_known_addr { host: "127.14.217.67" port: 38337 } health_report { overall_health: UNKNOWN } } }
I20260608 09:57:36.676776 18532 tablet_bootstrap.cc:492] T b1c49e21b6fd4b23b8aae8b037661803 P c443370e27d44b90adaab2176435e077: Bootstrap starting.
I20260608 09:57:36.683410 18532 tablet_bootstrap.cc:654] T b1c49e21b6fd4b23b8aae8b037661803 P c443370e27d44b90adaab2176435e077: Neither blocks nor log segments found. Creating new log.
I20260608 09:57:36.686010 18487 tablet_service.cc:1917] Received RequestConsensusVote() RPC: tablet_id: "2b13d79fa8e3427a84c15217b4a17779" candidate_uuid: "2b39222b5daa4830b8f80cff906d3356" candidate_term: 1 candidate_status { last_received { term: 0 index: 0 } } ignore_live_leader: false dest_uuid: "c443370e27d44b90adaab2176435e077" is_pre_election: true
W20260608 09:57:36.687831 18150 leader_election.cc:343] T c05e1b8481dc4c32a7a806defc41bde2 P 2b39222b5daa4830b8f80cff906d3356 [CANDIDATE]: Term 1 election: Tablet error from VoteRequest() call to peer c443370e27d44b90adaab2176435e077 (127.14.217.68:45145): Illegal state: must be running to vote when last-logged opid is not known
I20260608 09:57:36.689092 18533 consensus_queue.cc:1048] T c9f189bd41e04892b0e35dea33c04c2b P 2b39222b5daa4830b8f80cff906d3356 [LEADER]: Connected to new peer: Peer: permanent_uuid: "c443370e27d44b90adaab2176435e077" member_type: VOTER last_known_addr { host: "127.14.217.68" port: 45145 }, Status: LMP_MISMATCH, Last received: 0.0, Next index: 1, Last known committed idx: 0, Time since last communication: 0.000s
I20260608 09:57:36.690821 18150 leader_election.cc:304] T 2b13d79fa8e3427a84c15217b4a17779 P 2b39222b5daa4830b8f80cff906d3356 [CANDIDATE]: Term 1 pre-election: Election decided. Result: candidate lost. Election summary: received 3 responses out of 3 voters: 1 yes votes; 2 no votes. yes voters: 2b39222b5daa4830b8f80cff906d3356; no voters: bf31da8669574aeda352e51b09950aae, c443370e27d44b90adaab2176435e077
I20260608 09:57:36.694880 18533 raft_consensus.cc:3060] T 2b13d79fa8e3427a84c15217b4a17779 P 2b39222b5daa4830b8f80cff906d3356 [term 0 FOLLOWER]: Advancing to term 1
I20260608 09:57:36.695750 18405 consensus_queue.cc:1048] T c9f189bd41e04892b0e35dea33c04c2b P 2b39222b5daa4830b8f80cff906d3356 [LEADER]: Connected to new peer: Peer: permanent_uuid: "bf31da8669574aeda352e51b09950aae" member_type: VOTER last_known_addr { host: "127.14.217.66" port: 43919 }, Status: LMP_MISMATCH, Last received: 0.0, Next index: 1, Last known committed idx: 0, Time since last communication: 0.001s
I20260608 09:57:36.699435 18080 catalog_manager.cc:5696] T 2b13d79fa8e3427a84c15217b4a17779 P c443370e27d44b90adaab2176435e077 reported cstate change: term changed from 0 to 1, leader changed from <none> to c443370e27d44b90adaab2176435e077 (127.14.217.68). New cstate: current_term: 1 leader_uuid: "c443370e27d44b90adaab2176435e077" committed_config { opid_index: -1 OBSOLETE_local: false peers { permanent_uuid: "c443370e27d44b90adaab2176435e077" member_type: VOTER last_known_addr { host: "127.14.217.68" port: 45145 } health_report { overall_health: HEALTHY } } peers { permanent_uuid: "bf31da8669574aeda352e51b09950aae" member_type: VOTER last_known_addr { host: "127.14.217.66" port: 43919 } health_report { overall_health: UNKNOWN } } peers { permanent_uuid: "2b39222b5daa4830b8f80cff906d3356" member_type: VOTER last_known_addr { host: "127.14.217.65" port: 44883 } health_report { overall_health: UNKNOWN } } }
I20260608 09:57:36.712823 18533 raft_consensus.cc:2749] T 2b13d79fa8e3427a84c15217b4a17779 P 2b39222b5daa4830b8f80cff906d3356 [term 1 FOLLOWER]: Leader pre-election lost for term 1. Reason: could not achieve majority
I20260608 09:57:36.723541 18532 tablet_bootstrap.cc:492] T b1c49e21b6fd4b23b8aae8b037661803 P c443370e27d44b90adaab2176435e077: No bootstrap required, opened a new log
I20260608 09:57:36.726019 18184 tablet_service.cc:1917] Received RequestConsensusVote() RPC: tablet_id: "2b13d79fa8e3427a84c15217b4a17779" candidate_uuid: "c443370e27d44b90adaab2176435e077" candidate_term: 1 candidate_status { last_received { term: 0 index: 0 } } ignore_live_leader: false dest_uuid: "2b39222b5daa4830b8f80cff906d3356" is_pre_election: true
I20260608 09:57:36.726768 18184 raft_consensus.cc:2468] T 2b13d79fa8e3427a84c15217b4a17779 P 2b39222b5daa4830b8f80cff906d3356 [term 1 FOLLOWER]: Leader pre-election vote request: Granting yes vote for candidate c443370e27d44b90adaab2176435e077 in term 1.
I20260608 09:57:36.727684 18186 tablet_service.cc:1917] Received RequestConsensusVote() RPC: tablet_id: "2b13d79fa8e3427a84c15217b4a17779" candidate_uuid: "c443370e27d44b90adaab2176435e077" candidate_term: 1 candidate_status { last_received { term: 0 index: 0 } } ignore_live_leader: false dest_uuid: "2b39222b5daa4830b8f80cff906d3356"
I20260608 09:57:36.735728 18394 raft_consensus.cc:493] T b1c49e21b6fd4b23b8aae8b037661803 P 0d0ee44f932b48ff9a4e7db4a3393e5e [term 0 FOLLOWER]: Starting pre-election (no leader contacted us within the election timeout)
I20260608 09:57:36.726254 18532 ts_tablet_manager.cc:1403] T b1c49e21b6fd4b23b8aae8b037661803 P c443370e27d44b90adaab2176435e077: Time spent bootstrapping tablet: real 0.050s	user 0.011s	sys 0.014s
I20260608 09:57:36.736274 18394 raft_consensus.cc:515] T b1c49e21b6fd4b23b8aae8b037661803 P 0d0ee44f932b48ff9a4e7db4a3393e5e [term 0 FOLLOWER]: Starting pre-election with config: opid_index: -1 OBSOLETE_local: false peers { permanent_uuid: "2b39222b5daa4830b8f80cff906d3356" member_type: VOTER last_known_addr { host: "127.14.217.65" port: 44883 } } peers { permanent_uuid: "0d0ee44f932b48ff9a4e7db4a3393e5e" member_type: VOTER last_known_addr { host: "127.14.217.67" port: 38337 } } peers { permanent_uuid: "c443370e27d44b90adaab2176435e077" member_type: VOTER last_known_addr { host: "127.14.217.68" port: 45145 } }
I20260608 09:57:36.737095 18186 raft_consensus.cc:2468] T 2b13d79fa8e3427a84c15217b4a17779 P 2b39222b5daa4830b8f80cff906d3356 [term 1 FOLLOWER]: Leader election vote request: Granting yes vote for candidate c443370e27d44b90adaab2176435e077 in term 1.
I20260608 09:57:36.738653 18394 leader_election.cc:290] T b1c49e21b6fd4b23b8aae8b037661803 P 0d0ee44f932b48ff9a4e7db4a3393e5e [CANDIDATE]: Term 1 pre-election: Requested pre-vote from peers 2b39222b5daa4830b8f80cff906d3356 (127.14.217.65:44883), c443370e27d44b90adaab2176435e077 (127.14.217.68:45145)
I20260608 09:57:36.740520 18532 raft_consensus.cc:359] T b1c49e21b6fd4b23b8aae8b037661803 P c443370e27d44b90adaab2176435e077 [term 0 FOLLOWER]: Replica starting. Triggering 0 pending ops. Active config: opid_index: -1 OBSOLETE_local: false peers { permanent_uuid: "2b39222b5daa4830b8f80cff906d3356" member_type: VOTER last_known_addr { host: "127.14.217.65" port: 44883 } } peers { permanent_uuid: "0d0ee44f932b48ff9a4e7db4a3393e5e" member_type: VOTER last_known_addr { host: "127.14.217.67" port: 38337 } } peers { permanent_uuid: "c443370e27d44b90adaab2176435e077" member_type: VOTER last_known_addr { host: "127.14.217.68" port: 45145 } }
I20260608 09:57:36.741323 18532 raft_consensus.cc:385] T b1c49e21b6fd4b23b8aae8b037661803 P c443370e27d44b90adaab2176435e077 [term 0 FOLLOWER]: Consensus starting up: Expiring failure detector timer to make a prompt election more likely
I20260608 09:57:36.741693 18532 raft_consensus.cc:740] T b1c49e21b6fd4b23b8aae8b037661803 P c443370e27d44b90adaab2176435e077 [term 0 FOLLOWER]: Becoming Follower/Learner. State: Replica: c443370e27d44b90adaab2176435e077, State: Initialized, Role: FOLLOWER
I20260608 09:57:36.742569 18532 consensus_queue.cc:260] T b1c49e21b6fd4b23b8aae8b037661803 P c443370e27d44b90adaab2176435e077 [NON_LEADER]: Queue going to NON_LEADER mode. State: All replicated index: 0, Majority replicated index: 0, Committed index: 0, Last appended: 0.0, Last appended by leader: 0, Current term: 0, Majority size: -1, State: 0, Mode: NON_LEADER, active raft config: opid_index: -1 OBSOLETE_local: false peers { permanent_uuid: "2b39222b5daa4830b8f80cff906d3356" member_type: VOTER last_known_addr { host: "127.14.217.65" port: 44883 } } peers { permanent_uuid: "0d0ee44f932b48ff9a4e7db4a3393e5e" member_type: VOTER last_known_addr { host: "127.14.217.67" port: 38337 } } peers { permanent_uuid: "c443370e27d44b90adaab2176435e077" member_type: VOTER last_known_addr { host: "127.14.217.68" port: 45145 } }
I20260608 09:57:36.744426 18487 tablet_service.cc:1917] Received RequestConsensusVote() RPC: tablet_id: "b1c49e21b6fd4b23b8aae8b037661803" candidate_uuid: "0d0ee44f932b48ff9a4e7db4a3393e5e" candidate_term: 1 candidate_status { last_received { term: 0 index: 0 } } ignore_live_leader: false dest_uuid: "c443370e27d44b90adaab2176435e077" is_pre_election: true
I20260608 09:57:36.745240 18532 ts_tablet_manager.cc:1434] T b1c49e21b6fd4b23b8aae8b037661803 P c443370e27d44b90adaab2176435e077: Time spent starting tablet: real 0.009s	user 0.006s	sys 0.001s
I20260608 09:57:36.745154 18487 raft_consensus.cc:2468] T b1c49e21b6fd4b23b8aae8b037661803 P c443370e27d44b90adaab2176435e077 [term 0 FOLLOWER]: Leader pre-election vote request: Granting yes vote for candidate 0d0ee44f932b48ff9a4e7db4a3393e5e in term 0.
I20260608 09:57:36.746466 18532 tablet_bootstrap.cc:492] T 54ff8ad75daa45f4ba0e144fd32edba6 P c443370e27d44b90adaab2176435e077: Bootstrap starting.
I20260608 09:57:36.746630 18300 leader_election.cc:304] T b1c49e21b6fd4b23b8aae8b037661803 P 0d0ee44f932b48ff9a4e7db4a3393e5e [CANDIDATE]: Term 1 pre-election: Election decided. Result: candidate won. Election summary: received 2 responses out of 3 voters: 2 yes votes; 0 no votes. yes voters: 0d0ee44f932b48ff9a4e7db4a3393e5e, c443370e27d44b90adaab2176435e077; no voters: 
I20260608 09:57:36.747696 18394 raft_consensus.cc:2804] T b1c49e21b6fd4b23b8aae8b037661803 P 0d0ee44f932b48ff9a4e7db4a3393e5e [term 0 FOLLOWER]: Leader pre-election won for term 1
I20260608 09:57:36.748104 18394 raft_consensus.cc:493] T b1c49e21b6fd4b23b8aae8b037661803 P 0d0ee44f932b48ff9a4e7db4a3393e5e [term 0 FOLLOWER]: Starting leader election (no leader contacted us within the election timeout)
I20260608 09:57:36.748451 18394 raft_consensus.cc:3060] T b1c49e21b6fd4b23b8aae8b037661803 P 0d0ee44f932b48ff9a4e7db4a3393e5e [term 0 FOLLOWER]: Advancing to term 1
I20260608 09:57:36.748467 18186 tablet_service.cc:1917] Received RequestConsensusVote() RPC: tablet_id: "b1c49e21b6fd4b23b8aae8b037661803" candidate_uuid: "0d0ee44f932b48ff9a4e7db4a3393e5e" candidate_term: 1 candidate_status { last_received { term: 0 index: 0 } } ignore_live_leader: false dest_uuid: "2b39222b5daa4830b8f80cff906d3356" is_pre_election: true
I20260608 09:57:36.753568 18532 tablet_bootstrap.cc:654] T 54ff8ad75daa45f4ba0e144fd32edba6 P c443370e27d44b90adaab2176435e077: Neither blocks nor log segments found. Creating new log.
I20260608 09:57:36.754346 18186 raft_consensus.cc:2468] T b1c49e21b6fd4b23b8aae8b037661803 P 2b39222b5daa4830b8f80cff906d3356 [term 0 FOLLOWER]: Leader pre-election vote request: Granting yes vote for candidate 0d0ee44f932b48ff9a4e7db4a3393e5e in term 0.
I20260608 09:57:36.756183 18394 raft_consensus.cc:515] T b1c49e21b6fd4b23b8aae8b037661803 P 0d0ee44f932b48ff9a4e7db4a3393e5e [term 1 FOLLOWER]: Starting leader election with config: opid_index: -1 OBSOLETE_local: false peers { permanent_uuid: "2b39222b5daa4830b8f80cff906d3356" member_type: VOTER last_known_addr { host: "127.14.217.65" port: 44883 } } peers { permanent_uuid: "0d0ee44f932b48ff9a4e7db4a3393e5e" member_type: VOTER last_known_addr { host: "127.14.217.67" port: 38337 } } peers { permanent_uuid: "c443370e27d44b90adaab2176435e077" member_type: VOTER last_known_addr { host: "127.14.217.68" port: 45145 } }
I20260608 09:57:36.759071 18394 leader_election.cc:290] T b1c49e21b6fd4b23b8aae8b037661803 P 0d0ee44f932b48ff9a4e7db4a3393e5e [CANDIDATE]: Term 1 election: Requested vote from peers 2b39222b5daa4830b8f80cff906d3356 (127.14.217.65:44883), c443370e27d44b90adaab2176435e077 (127.14.217.68:45145)
I20260608 09:57:36.759671 18186 tablet_service.cc:1917] Received RequestConsensusVote() RPC: tablet_id: "b1c49e21b6fd4b23b8aae8b037661803" candidate_uuid: "0d0ee44f932b48ff9a4e7db4a3393e5e" candidate_term: 1 candidate_status { last_received { term: 0 index: 0 } } ignore_live_leader: false dest_uuid: "2b39222b5daa4830b8f80cff906d3356"
I20260608 09:57:36.760033 18532 tablet_bootstrap.cc:492] T 54ff8ad75daa45f4ba0e144fd32edba6 P c443370e27d44b90adaab2176435e077: No bootstrap required, opened a new log
I20260608 09:57:36.760268 18186 raft_consensus.cc:3060] T b1c49e21b6fd4b23b8aae8b037661803 P 2b39222b5daa4830b8f80cff906d3356 [term 0 FOLLOWER]: Advancing to term 1
I20260608 09:57:36.760587 18532 ts_tablet_manager.cc:1403] T 54ff8ad75daa45f4ba0e144fd32edba6 P c443370e27d44b90adaab2176435e077: Time spent bootstrapping tablet: real 0.014s	user 0.009s	sys 0.003s
I20260608 09:57:36.763653 18532 raft_consensus.cc:359] T 54ff8ad75daa45f4ba0e144fd32edba6 P c443370e27d44b90adaab2176435e077 [term 0 FOLLOWER]: Replica starting. Triggering 0 pending ops. Active config: opid_index: -1 OBSOLETE_local: false peers { permanent_uuid: "c443370e27d44b90adaab2176435e077" member_type: VOTER last_known_addr { host: "127.14.217.68" port: 45145 } } peers { permanent_uuid: "0d0ee44f932b48ff9a4e7db4a3393e5e" member_type: VOTER last_known_addr { host: "127.14.217.67" port: 38337 } } peers { permanent_uuid: "2b39222b5daa4830b8f80cff906d3356" member_type: VOTER last_known_addr { host: "127.14.217.65" port: 44883 } }
I20260608 09:57:36.764338 18532 raft_consensus.cc:385] T 54ff8ad75daa45f4ba0e144fd32edba6 P c443370e27d44b90adaab2176435e077 [term 0 FOLLOWER]: Consensus starting up: Expiring failure detector timer to make a prompt election more likely
I20260608 09:57:36.764598 18532 raft_consensus.cc:740] T 54ff8ad75daa45f4ba0e144fd32edba6 P c443370e27d44b90adaab2176435e077 [term 0 FOLLOWER]: Becoming Follower/Learner. State: Replica: c443370e27d44b90adaab2176435e077, State: Initialized, Role: FOLLOWER
I20260608 09:57:36.765349 18532 consensus_queue.cc:260] T 54ff8ad75daa45f4ba0e144fd32edba6 P c443370e27d44b90adaab2176435e077 [NON_LEADER]: Queue going to NON_LEADER mode. State: All replicated index: 0, Majority replicated index: 0, Committed index: 0, Last appended: 0.0, Last appended by leader: 0, Current term: 0, Majority size: -1, State: 0, Mode: NON_LEADER, active raft config: opid_index: -1 OBSOLETE_local: false peers { permanent_uuid: "c443370e27d44b90adaab2176435e077" member_type: VOTER last_known_addr { host: "127.14.217.68" port: 45145 } } peers { permanent_uuid: "0d0ee44f932b48ff9a4e7db4a3393e5e" member_type: VOTER last_known_addr { host: "127.14.217.67" port: 38337 } } peers { permanent_uuid: "2b39222b5daa4830b8f80cff906d3356" member_type: VOTER last_known_addr { host: "127.14.217.65" port: 44883 } }
I20260608 09:57:36.767321 18186 raft_consensus.cc:2468] T b1c49e21b6fd4b23b8aae8b037661803 P 2b39222b5daa4830b8f80cff906d3356 [term 1 FOLLOWER]: Leader election vote request: Granting yes vote for candidate 0d0ee44f932b48ff9a4e7db4a3393e5e in term 1.
I20260608 09:57:36.767834 18532 ts_tablet_manager.cc:1434] T 54ff8ad75daa45f4ba0e144fd32edba6 P c443370e27d44b90adaab2176435e077: Time spent starting tablet: real 0.007s	user 0.007s	sys 0.000s
I20260608 09:57:36.767684 18487 tablet_service.cc:1917] Received RequestConsensusVote() RPC: tablet_id: "b1c49e21b6fd4b23b8aae8b037661803" candidate_uuid: "0d0ee44f932b48ff9a4e7db4a3393e5e" candidate_term: 1 candidate_status { last_received { term: 0 index: 0 } } ignore_live_leader: false dest_uuid: "c443370e27d44b90adaab2176435e077"
I20260608 09:57:36.768322 18487 raft_consensus.cc:3060] T b1c49e21b6fd4b23b8aae8b037661803 P c443370e27d44b90adaab2176435e077 [term 0 FOLLOWER]: Advancing to term 1
I20260608 09:57:36.774544 18487 raft_consensus.cc:2468] T b1c49e21b6fd4b23b8aae8b037661803 P c443370e27d44b90adaab2176435e077 [term 1 FOLLOWER]: Leader election vote request: Granting yes vote for candidate 0d0ee44f932b48ff9a4e7db4a3393e5e in term 1.
I20260608 09:57:36.775591 18302 leader_election.cc:304] T b1c49e21b6fd4b23b8aae8b037661803 P 0d0ee44f932b48ff9a4e7db4a3393e5e [CANDIDATE]: Term 1 election: Election decided. Result: candidate won. Election summary: received 2 responses out of 3 voters: 2 yes votes; 0 no votes. yes voters: 0d0ee44f932b48ff9a4e7db4a3393e5e, 2b39222b5daa4830b8f80cff906d3356; no voters: 
I20260608 09:57:36.776450 18394 raft_consensus.cc:2804] T b1c49e21b6fd4b23b8aae8b037661803 P 0d0ee44f932b48ff9a4e7db4a3393e5e [term 1 FOLLOWER]: Leader election won for term 1
I20260608 09:57:36.776897 18394 raft_consensus.cc:697] T b1c49e21b6fd4b23b8aae8b037661803 P 0d0ee44f932b48ff9a4e7db4a3393e5e [term 1 LEADER]: Becoming Leader. State: Replica: 0d0ee44f932b48ff9a4e7db4a3393e5e, State: Running, Role: LEADER
I20260608 09:57:36.778149 18394 consensus_queue.cc:237] T b1c49e21b6fd4b23b8aae8b037661803 P 0d0ee44f932b48ff9a4e7db4a3393e5e [LEADER]: Queue going to LEADER mode. State: All replicated index: 0, Majority replicated index: 0, Committed index: 0, Last appended: 0.0, Last appended by leader: 0, Current term: 1, Majority size: 2, State: 0, Mode: LEADER, active raft config: opid_index: -1 OBSOLETE_local: false peers { permanent_uuid: "2b39222b5daa4830b8f80cff906d3356" member_type: VOTER last_known_addr { host: "127.14.217.65" port: 44883 } } peers { permanent_uuid: "0d0ee44f932b48ff9a4e7db4a3393e5e" member_type: VOTER last_known_addr { host: "127.14.217.67" port: 38337 } } peers { permanent_uuid: "c443370e27d44b90adaab2176435e077" member_type: VOTER last_known_addr { host: "127.14.217.68" port: 45145 } }
I20260608 09:57:36.787230 18487 raft_consensus.cc:3060] T 54ff8ad75daa45f4ba0e144fd32edba6 P c443370e27d44b90adaab2176435e077 [term 0 FOLLOWER]: Advancing to term 1
I20260608 09:57:36.787614 18078 catalog_manager.cc:5696] T b1c49e21b6fd4b23b8aae8b037661803 P 0d0ee44f932b48ff9a4e7db4a3393e5e reported cstate change: term changed from 0 to 1, leader changed from <none> to 0d0ee44f932b48ff9a4e7db4a3393e5e (127.14.217.67). New cstate: current_term: 1 leader_uuid: "0d0ee44f932b48ff9a4e7db4a3393e5e" committed_config { opid_index: -1 OBSOLETE_local: false peers { permanent_uuid: "2b39222b5daa4830b8f80cff906d3356" member_type: VOTER last_known_addr { host: "127.14.217.65" port: 44883 } health_report { overall_health: UNKNOWN } } peers { permanent_uuid: "0d0ee44f932b48ff9a4e7db4a3393e5e" member_type: VOTER last_known_addr { host: "127.14.217.67" port: 38337 } health_report { overall_health: HEALTHY } } peers { permanent_uuid: "c443370e27d44b90adaab2176435e077" member_type: VOTER last_known_addr { host: "127.14.217.68" port: 45145 } health_report { overall_health: UNKNOWN } } }
I20260608 09:57:36.794162 18405 consensus_queue.cc:1048] T 54ff8ad75daa45f4ba0e144fd32edba6 P 2b39222b5daa4830b8f80cff906d3356 [LEADER]: Connected to new peer: Peer: permanent_uuid: "c443370e27d44b90adaab2176435e077" member_type: VOTER last_known_addr { host: "127.14.217.68" port: 45145 }, Status: LMP_MISMATCH, Last received: 0.0, Next index: 1, Last known committed idx: 0, Time since last communication: 0.000s
I20260608 09:57:36.799422 18137 auto_leader_rebalancer.cc:140] leader rebalance for table range_aware_rebalance_new_range
I20260608 09:57:36.812594 18563 consensus_queue.cc:1048] T 54ff8ad75daa45f4ba0e144fd32edba6 P 2b39222b5daa4830b8f80cff906d3356 [LEADER]: Connected to new peer: Peer: permanent_uuid: "0d0ee44f932b48ff9a4e7db4a3393e5e" member_type: VOTER last_known_addr { host: "127.14.217.67" port: 38337 }, Status: LMP_MISMATCH, Last received: 0.0, Next index: 1, Last known committed idx: 0, Time since last communication: 0.001s
I20260608 09:57:36.840473 18186 tablet_service.cc:2072] Received LeaderStepDown RPC: tablet_id: "3c708f78466d480a9b4c08ac27a13f45"
dest_uuid: "2b39222b5daa4830b8f80cff906d3356"
mode: GRACEFUL
new_leader_uuid: "0d0ee44f932b48ff9a4e7db4a3393e5e"
 from {username='slave'} at 127.0.0.1:47628
I20260608 09:57:36.841226 18186 raft_consensus.cc:606] T 3c708f78466d480a9b4c08ac27a13f45 P 2b39222b5daa4830b8f80cff906d3356 [term 1 LEADER]: Received request to transfer leadership to TS 0d0ee44f932b48ff9a4e7db4a3393e5e
I20260608 09:57:36.844060 18186 tablet_service.cc:2072] Received LeaderStepDown RPC: tablet_id: "b3ffd7fde3bf44f3be9758ba3dda2fd1"
dest_uuid: "2b39222b5daa4830b8f80cff906d3356"
mode: GRACEFUL
new_leader_uuid: "bf31da8669574aeda352e51b09950aae"
 from {username='slave'} at 127.0.0.1:47628
I20260608 09:57:36.844586 18186 raft_consensus.cc:606] T b3ffd7fde3bf44f3be9758ba3dda2fd1 P 2b39222b5daa4830b8f80cff906d3356 [term 1 LEADER]: Received request to transfer leadership to TS bf31da8669574aeda352e51b09950aae
I20260608 09:57:36.847213 18186 tablet_service.cc:2072] Received LeaderStepDown RPC: tablet_id: "c05e1b8481dc4c32a7a806defc41bde2"
dest_uuid: "2b39222b5daa4830b8f80cff906d3356"
mode: GRACEFUL
new_leader_uuid: "bf31da8669574aeda352e51b09950aae"
 from {username='slave'} at 127.0.0.1:47628
I20260608 09:57:36.847856 18186 raft_consensus.cc:606] T c05e1b8481dc4c32a7a806defc41bde2 P 2b39222b5daa4830b8f80cff906d3356 [term 1 LEADER]: Received request to transfer leadership to TS bf31da8669574aeda352e51b09950aae
I20260608 09:57:36.849128 18137 auto_leader_rebalancer.cc:388] table: range_aware_rebalance_new_range, leader rebalance finish, leader transfer count: 3
I20260608 09:57:36.849769 18137 auto_leader_rebalancer.cc:451] All tables' leader rebalancing finished this round
I20260608 09:57:36.869974 18487 raft_consensus.cc:3060] T 0e4498054c844774b3dca5d65bf4c3df P c443370e27d44b90adaab2176435e077 [term 0 FOLLOWER]: Advancing to term 1
I20260608 09:57:36.876431 18394 consensus_queue.cc:1048] T 0e4498054c844774b3dca5d65bf4c3df P 0d0ee44f932b48ff9a4e7db4a3393e5e [LEADER]: Connected to new peer: Peer: permanent_uuid: "c443370e27d44b90adaab2176435e077" member_type: VOTER last_known_addr { host: "127.14.217.68" port: 45145 }, Status: LMP_MISMATCH, Last received: 0.0, Next index: 1, Last known committed idx: 0, Time since last communication: 0.000s
I20260608 09:57:36.880050 18580 raft_consensus.cc:493] T c05e1b8481dc4c32a7a806defc41bde2 P c443370e27d44b90adaab2176435e077 [term 0 FOLLOWER]: Starting pre-election (no leader contacted us within the election timeout)
I20260608 09:57:36.880571 18580 raft_consensus.cc:515] T c05e1b8481dc4c32a7a806defc41bde2 P c443370e27d44b90adaab2176435e077 [term 0 FOLLOWER]: Starting pre-election with config: opid_index: -1 OBSOLETE_local: false peers { permanent_uuid: "c443370e27d44b90adaab2176435e077" member_type: VOTER last_known_addr { host: "127.14.217.68" port: 45145 } } peers { permanent_uuid: "2b39222b5daa4830b8f80cff906d3356" member_type: VOTER last_known_addr { host: "127.14.217.65" port: 44883 } } peers { permanent_uuid: "bf31da8669574aeda352e51b09950aae" member_type: VOTER last_known_addr { host: "127.14.217.66" port: 43919 } }
I20260608 09:57:36.887560 18580 leader_election.cc:290] T c05e1b8481dc4c32a7a806defc41bde2 P c443370e27d44b90adaab2176435e077 [CANDIDATE]: Term 1 pre-election: Requested pre-vote from peers 2b39222b5daa4830b8f80cff906d3356 (127.14.217.65:44883), bf31da8669574aeda352e51b09950aae (127.14.217.66:43919)
I20260608 09:57:36.892313 18394 consensus_queue.cc:1048] T 0e4498054c844774b3dca5d65bf4c3df P 0d0ee44f932b48ff9a4e7db4a3393e5e [LEADER]: Connected to new peer: Peer: permanent_uuid: "bf31da8669574aeda352e51b09950aae" member_type: VOTER last_known_addr { host: "127.14.217.66" port: 43919 }, Status: LMP_MISMATCH, Last received: 0.0, Next index: 1, Last known committed idx: 0, Time since last communication: 0.000s
I20260608 09:57:36.894917 18261 tablet_service.cc:1917] Received RequestConsensusVote() RPC: tablet_id: "c05e1b8481dc4c32a7a806defc41bde2" candidate_uuid: "c443370e27d44b90adaab2176435e077" candidate_term: 1 candidate_status { last_received { term: 0 index: 0 } } ignore_live_leader: false dest_uuid: "bf31da8669574aeda352e51b09950aae" is_pre_election: true
I20260608 09:57:36.895877 18261 raft_consensus.cc:2393] T c05e1b8481dc4c32a7a806defc41bde2 P bf31da8669574aeda352e51b09950aae [term 1 FOLLOWER]: Leader pre-election vote request: Denying vote to candidate c443370e27d44b90adaab2176435e077 in current term 1: Already voted for candidate 2b39222b5daa4830b8f80cff906d3356 in this term.
I20260608 09:57:36.896112 18186 tablet_service.cc:1917] Received RequestConsensusVote() RPC: tablet_id: "c05e1b8481dc4c32a7a806defc41bde2" candidate_uuid: "c443370e27d44b90adaab2176435e077" candidate_term: 1 candidate_status { last_received { term: 0 index: 0 } } ignore_live_leader: false dest_uuid: "2b39222b5daa4830b8f80cff906d3356" is_pre_election: true
I20260608 09:57:36.901208 18452 leader_election.cc:304] T c05e1b8481dc4c32a7a806defc41bde2 P c443370e27d44b90adaab2176435e077 [CANDIDATE]: Term 1 pre-election: Election decided. Result: candidate lost. Election summary: received 3 responses out of 3 voters: 1 yes votes; 2 no votes. yes voters: c443370e27d44b90adaab2176435e077; no voters: 2b39222b5daa4830b8f80cff906d3356, bf31da8669574aeda352e51b09950aae
I20260608 09:57:36.911666 18580 raft_consensus.cc:3060] T c05e1b8481dc4c32a7a806defc41bde2 P c443370e27d44b90adaab2176435e077 [term 0 FOLLOWER]: Advancing to term 1
I20260608 09:57:36.920044 18580 raft_consensus.cc:2749] T c05e1b8481dc4c32a7a806defc41bde2 P c443370e27d44b90adaab2176435e077 [term 1 FOLLOWER]: Leader pre-election lost for term 1. Reason: could not achieve majority
I20260608 09:57:36.958034 18262 consensus_queue.cc:237] T d3907916b13e4a4fa926c41801ecad64 P bf31da8669574aeda352e51b09950aae [LEADER]: Queue going to LEADER mode. State: All replicated index: 0, Majority replicated index: 1, Committed index: 1, Last appended: 1.1, Last appended by leader: 0, Current term: 1, Majority size: 2, State: 0, Mode: LEADER, active raft config: opid_index: 2 OBSOLETE_local: false peers { permanent_uuid: "2b39222b5daa4830b8f80cff906d3356" member_type: VOTER last_known_addr { host: "127.14.217.65" port: 44883 } attrs { replace: true } } peers { permanent_uuid: "bf31da8669574aeda352e51b09950aae" member_type: VOTER last_known_addr { host: "127.14.217.66" port: 43919 } } peers { permanent_uuid: "0d0ee44f932b48ff9a4e7db4a3393e5e" member_type: VOTER last_known_addr { host: "127.14.217.67" port: 38337 } } peers { permanent_uuid: "c443370e27d44b90adaab2176435e077" member_type: NON_VOTER last_known_addr { host: "127.14.217.68" port: 45145 } attrs { promote: true } }
I20260608 09:57:36.966100 18335 raft_consensus.cc:1275] T d3907916b13e4a4fa926c41801ecad64 P 0d0ee44f932b48ff9a4e7db4a3393e5e [term 1 FOLLOWER]: Refusing update from remote peer bf31da8669574aeda352e51b09950aae: Log matching property violated. Preceding OpId in replica: term: 1 index: 1. Preceding OpId from leader: term: 1 index: 2. (index mismatch)
W20260608 09:57:36.967669 18226 consensus_peers.cc:597] T d3907916b13e4a4fa926c41801ecad64 P bf31da8669574aeda352e51b09950aae -> Peer c443370e27d44b90adaab2176435e077 (127.14.217.68:45145): Couldn't send request to peer c443370e27d44b90adaab2176435e077. Error code: TABLET_NOT_FOUND (6). Status: Not found: Tablet not found: d3907916b13e4a4fa926c41801ecad64. This is attempt 1: this message will repeat every 5th retry.
I20260608 09:57:36.967862 18424 consensus_queue.cc:1048] T d3907916b13e4a4fa926c41801ecad64 P bf31da8669574aeda352e51b09950aae [LEADER]: Connected to new peer: Peer: permanent_uuid: "0d0ee44f932b48ff9a4e7db4a3393e5e" member_type: VOTER last_known_addr { host: "127.14.217.67" port: 38337 }, Status: LMP_MISMATCH, Last received: 0.0, Next index: 2, Last known committed idx: 1, Time since last communication: 0.000s
I20260608 09:57:36.969358 18186 raft_consensus.cc:1275] T d3907916b13e4a4fa926c41801ecad64 P 2b39222b5daa4830b8f80cff906d3356 [term 1 FOLLOWER]: Refusing update from remote peer bf31da8669574aeda352e51b09950aae: Log matching property violated. Preceding OpId in replica: term: 1 index: 1. Preceding OpId from leader: term: 1 index: 2. (index mismatch)
I20260608 09:57:36.971942 18602 consensus_queue.cc:1048] T d3907916b13e4a4fa926c41801ecad64 P bf31da8669574aeda352e51b09950aae [LEADER]: Connected to new peer: Peer: permanent_uuid: "2b39222b5daa4830b8f80cff906d3356" member_type: VOTER last_known_addr { host: "127.14.217.65" port: 44883 } attrs { replace: true }, Status: LMP_MISMATCH, Last received: 0.0, Next index: 2, Last known committed idx: 1, Time since last communication: 0.000s
I20260608 09:57:36.978205 18424 raft_consensus.cc:2955] T d3907916b13e4a4fa926c41801ecad64 P bf31da8669574aeda352e51b09950aae [term 1 LEADER]: Committing config change with OpId 1.2: config changed from index -1 to 2, NON_VOTER c443370e27d44b90adaab2176435e077 (127.14.217.68) added. New config: { opid_index: 2 OBSOLETE_local: false peers { permanent_uuid: "2b39222b5daa4830b8f80cff906d3356" member_type: VOTER last_known_addr { host: "127.14.217.65" port: 44883 } attrs { replace: true } } peers { permanent_uuid: "bf31da8669574aeda352e51b09950aae" member_type: VOTER last_known_addr { host: "127.14.217.66" port: 43919 } } peers { permanent_uuid: "0d0ee44f932b48ff9a4e7db4a3393e5e" member_type: VOTER last_known_addr { host: "127.14.217.67" port: 38337 } } peers { permanent_uuid: "c443370e27d44b90adaab2176435e077" member_type: NON_VOTER last_known_addr { host: "127.14.217.68" port: 45145 } attrs { promote: true } } }
