I20260608 09:57:44.427922 29539 consensus_queue.cc:237] T 96156ab5e6fd4db59bd8c57d7a98d6e7 P 1930fdcb025f496c979deffe29f5ae8b [LEADER]: Queue going to LEADER mode. State: All replicated index: 0, Majority replicated index: 1, Committed index: 1, Last appended: 1.1, Last appended by leader: 0, Current term: 1, Majority size: 2, State: 0, Mode: LEADER, active raft config: opid_index: 2 OBSOLETE_local: false peers { permanent_uuid: "75378e64c8ba4756830189b3ba01dbc1" member_type: VOTER last_known_addr { host: "127.25.187.196" port: 43867 } attrs { replace: true } } peers { permanent_uuid: "1930fdcb025f496c979deffe29f5ae8b" member_type: VOTER last_known_addr { host: "127.25.187.195" port: 35081 } } peers { permanent_uuid: "b258162d49a64880a13921fc823c359b" member_type: VOTER last_known_addr { host: "127.25.187.193" port: 35849 } } peers { permanent_uuid: "231cc813c56243749ef4d6d3695f20f1" member_type: NON_VOTER last_known_addr { host: "127.25.187.194" port: 37275 } attrs { promote: true } }
W20260608 09:57:44.434957 29505 consensus_peers.cc:597] T 96156ab5e6fd4db59bd8c57d7a98d6e7 P 1930fdcb025f496c979deffe29f5ae8b -> Peer 231cc813c56243749ef4d6d3695f20f1 (127.25.187.194:37275): Couldn't send request to peer 231cc813c56243749ef4d6d3695f20f1. Error code: TABLET_NOT_FOUND (6). Status: Not found: Tablet not found: 96156ab5e6fd4db59bd8c57d7a98d6e7. This is attempt 1: this message will repeat every 5th retry.
I20260608 09:57:44.435441 29692 raft_consensus.cc:1275] T 96156ab5e6fd4db59bd8c57d7a98d6e7 P 75378e64c8ba4756830189b3ba01dbc1 [term 1 FOLLOWER]: Refusing update from remote peer 1930fdcb025f496c979deffe29f5ae8b: Log matching property violated. Preceding OpId in replica: term: 1 index: 1. Preceding OpId from leader: term: 1 index: 2. (index mismatch)
I20260608 09:57:44.436193 29391 raft_consensus.cc:1275] T 96156ab5e6fd4db59bd8c57d7a98d6e7 P b258162d49a64880a13921fc823c359b [term 1 FOLLOWER]: Refusing update from remote peer 1930fdcb025f496c979deffe29f5ae8b: Log matching property violated. Preceding OpId in replica: term: 1 index: 1. Preceding OpId from leader: term: 1 index: 2. (index mismatch)
I20260608 09:57:44.437003 29919 consensus_queue.cc:1048] T 96156ab5e6fd4db59bd8c57d7a98d6e7 P 1930fdcb025f496c979deffe29f5ae8b [LEADER]: Connected to new peer: Peer: permanent_uuid: "75378e64c8ba4756830189b3ba01dbc1" member_type: VOTER last_known_addr { host: "127.25.187.196" port: 43867 } attrs { replace: true }, Status: LMP_MISMATCH, Last received: 0.0, Next index: 2, Last known committed idx: 1, Time since last communication: 0.000s
I20260608 09:57:44.438082 29895 consensus_queue.cc:1048] T 96156ab5e6fd4db59bd8c57d7a98d6e7 P 1930fdcb025f496c979deffe29f5ae8b [LEADER]: Connected to new peer: Peer: permanent_uuid: "b258162d49a64880a13921fc823c359b" member_type: VOTER last_known_addr { host: "127.25.187.193" port: 35849 }, Status: LMP_MISMATCH, Last received: 0.0, Next index: 2, Last known committed idx: 1, Time since last communication: 0.000s
I20260608 09:57:44.445948 29920 raft_consensus.cc:2955] T 96156ab5e6fd4db59bd8c57d7a98d6e7 P 1930fdcb025f496c979deffe29f5ae8b [term 1 LEADER]: Committing config change with OpId 1.2: config changed from index -1 to 2, NON_VOTER 231cc813c56243749ef4d6d3695f20f1 (127.25.187.194) added. New config: { opid_index: 2 OBSOLETE_local: false peers { permanent_uuid: "75378e64c8ba4756830189b3ba01dbc1" member_type: VOTER last_known_addr { host: "127.25.187.196" port: 43867 } attrs { replace: true } } peers { permanent_uuid: "1930fdcb025f496c979deffe29f5ae8b" member_type: VOTER last_known_addr { host: "127.25.187.195" port: 35081 } } peers { permanent_uuid: "b258162d49a64880a13921fc823c359b" member_type: VOTER last_known_addr { host: "127.25.187.193" port: 35849 } } peers { permanent_uuid: "231cc813c56243749ef4d6d3695f20f1" member_type: NON_VOTER last_known_addr { host: "127.25.187.194" port: 37275 } attrs { promote: true } } }
I20260608 09:57:44.447638 29692 raft_consensus.cc:2955] T 96156ab5e6fd4db59bd8c57d7a98d6e7 P 75378e64c8ba4756830189b3ba01dbc1 [term 1 FOLLOWER]: Committing config change with OpId 1.2: config changed from index -1 to 2, NON_VOTER 231cc813c56243749ef4d6d3695f20f1 (127.25.187.194) added. New config: { opid_index: 2 OBSOLETE_local: false peers { permanent_uuid: "75378e64c8ba4756830189b3ba01dbc1" member_type: VOTER last_known_addr { host: "127.25.187.196" port: 43867 } attrs { replace: true } } peers { permanent_uuid: "1930fdcb025f496c979deffe29f5ae8b" member_type: VOTER last_known_addr { host: "127.25.187.195" port: 35081 } } peers { permanent_uuid: "b258162d49a64880a13921fc823c359b" member_type: VOTER last_known_addr { host: "127.25.187.193" port: 35849 } } peers { permanent_uuid: "231cc813c56243749ef4d6d3695f20f1" member_type: NON_VOTER last_known_addr { host: "127.25.187.194" port: 37275 } attrs { promote: true } } }
I20260608 09:57:44.447638 29391 raft_consensus.cc:2955] T 96156ab5e6fd4db59bd8c57d7a98d6e7 P b258162d49a64880a13921fc823c359b [term 1 FOLLOWER]: Committing config change with OpId 1.2: config changed from index -1 to 2, NON_VOTER 231cc813c56243749ef4d6d3695f20f1 (127.25.187.194) added. New config: { opid_index: 2 OBSOLETE_local: false peers { permanent_uuid: "75378e64c8ba4756830189b3ba01dbc1" member_type: VOTER last_known_addr { host: "127.25.187.196" port: 43867 } attrs { replace: true } } peers { permanent_uuid: "1930fdcb025f496c979deffe29f5ae8b" member_type: VOTER last_known_addr { host: "127.25.187.195" port: 35081 } } peers { permanent_uuid: "b258162d49a64880a13921fc823c359b" member_type: VOTER last_known_addr { host: "127.25.187.193" port: 35849 } } peers { permanent_uuid: "231cc813c56243749ef4d6d3695f20f1" member_type: NON_VOTER last_known_addr { host: "127.25.187.194" port: 37275 } attrs { promote: true } } }
I20260608 09:57:44.458734 29290 catalog_manager.cc:5696] T 96156ab5e6fd4db59bd8c57d7a98d6e7 P 1930fdcb025f496c979deffe29f5ae8b reported cstate change: config changed from index -1 to 2, NON_VOTER 231cc813c56243749ef4d6d3695f20f1 (127.25.187.194) added. New cstate: current_term: 1 leader_uuid: "1930fdcb025f496c979deffe29f5ae8b" committed_config { opid_index: 2 OBSOLETE_local: false peers { permanent_uuid: "75378e64c8ba4756830189b3ba01dbc1" member_type: VOTER last_known_addr { host: "127.25.187.196" port: 43867 } attrs { replace: true } health_report { overall_health: HEALTHY } } peers { permanent_uuid: "1930fdcb025f496c979deffe29f5ae8b" member_type: VOTER last_known_addr { host: "127.25.187.195" port: 35081 } health_report { overall_health: HEALTHY } } peers { permanent_uuid: "b258162d49a64880a13921fc823c359b" member_type: VOTER last_known_addr { host: "127.25.187.193" port: 35849 } health_report { overall_health: HEALTHY } } peers { permanent_uuid: "231cc813c56243749ef4d6d3695f20f1" member_type: NON_VOTER last_known_addr { host: "127.25.187.194" port: 37275 } attrs { promote: true } health_report { overall_health: UNKNOWN } } }
I20260608 09:57:44.461292 29392 consensus_queue.cc:237] T fdd8e2e71d4d4a3dbd8e7050acf28045 P b258162d49a64880a13921fc823c359b [LEADER]: Queue going to LEADER mode. State: All replicated index: 0, Majority replicated index: 1, Committed index: 1, Last appended: 1.1, Last appended by leader: 0, Current term: 1, Majority size: 2, State: 0, Mode: LEADER, active raft config: opid_index: 2 OBSOLETE_local: false peers { permanent_uuid: "b258162d49a64880a13921fc823c359b" member_type: VOTER last_known_addr { host: "127.25.187.193" port: 35849 } } peers { permanent_uuid: "231cc813c56243749ef4d6d3695f20f1" member_type: VOTER last_known_addr { host: "127.25.187.194" port: 37275 } attrs { replace: true } } peers { permanent_uuid: "1930fdcb025f496c979deffe29f5ae8b" member_type: VOTER last_known_addr { host: "127.25.187.195" port: 35081 } } peers { permanent_uuid: "75378e64c8ba4756830189b3ba01dbc1" member_type: NON_VOTER last_known_addr { host: "127.25.187.196" port: 43867 } attrs { promote: true } }
W20260608 09:57:44.474191 29356 consensus_peers.cc:597] T fdd8e2e71d4d4a3dbd8e7050acf28045 P b258162d49a64880a13921fc823c359b -> Peer 75378e64c8ba4756830189b3ba01dbc1 (127.25.187.196:43867): Couldn't send request to peer 75378e64c8ba4756830189b3ba01dbc1. Error code: TABLET_NOT_FOUND (6). Status: Not found: Tablet not found: fdd8e2e71d4d4a3dbd8e7050acf28045. This is attempt 1: this message will repeat every 5th retry.
I20260608 09:57:44.474699 29539 raft_consensus.cc:1275] T fdd8e2e71d4d4a3dbd8e7050acf28045 P 1930fdcb025f496c979deffe29f5ae8b [term 1 FOLLOWER]: Refusing update from remote peer b258162d49a64880a13921fc823c359b: Log matching property violated. Preceding OpId in replica: term: 1 index: 1. Preceding OpId from leader: term: 1 index: 2. (index mismatch)
I20260608 09:57:44.476645 29748 consensus_queue.cc:1048] T fdd8e2e71d4d4a3dbd8e7050acf28045 P b258162d49a64880a13921fc823c359b [LEADER]: Connected to new peer: Peer: permanent_uuid: "1930fdcb025f496c979deffe29f5ae8b" member_type: VOTER last_known_addr { host: "127.25.187.195" port: 35081 }, Status: LMP_MISMATCH, Last received: 0.0, Next index: 2, Last known committed idx: 1, Time since last communication: 0.000s
I20260608 09:57:44.490089 29467 raft_consensus.cc:1275] T fdd8e2e71d4d4a3dbd8e7050acf28045 P 231cc813c56243749ef4d6d3695f20f1 [term 1 FOLLOWER]: Refusing update from remote peer b258162d49a64880a13921fc823c359b: Log matching property violated. Preceding OpId in replica: term: 1 index: 1. Preceding OpId from leader: term: 1 index: 2. (index mismatch)
I20260608 09:57:44.491556 29748 raft_consensus.cc:2955] T fdd8e2e71d4d4a3dbd8e7050acf28045 P b258162d49a64880a13921fc823c359b [term 1 LEADER]: Committing config change with OpId 1.2: config changed from index -1 to 2, NON_VOTER 75378e64c8ba4756830189b3ba01dbc1 (127.25.187.196) added. New config: { opid_index: 2 OBSOLETE_local: false peers { permanent_uuid: "b258162d49a64880a13921fc823c359b" member_type: VOTER last_known_addr { host: "127.25.187.193" port: 35849 } } peers { permanent_uuid: "231cc813c56243749ef4d6d3695f20f1" member_type: VOTER last_known_addr { host: "127.25.187.194" port: 37275 } attrs { replace: true } } peers { permanent_uuid: "1930fdcb025f496c979deffe29f5ae8b" member_type: VOTER last_known_addr { host: "127.25.187.195" port: 35081 } } peers { permanent_uuid: "75378e64c8ba4756830189b3ba01dbc1" member_type: NON_VOTER last_known_addr { host: "127.25.187.196" port: 43867 } attrs { promote: true } } }
I20260608 09:57:44.493973 29925 consensus_queue.cc:1048] T fdd8e2e71d4d4a3dbd8e7050acf28045 P b258162d49a64880a13921fc823c359b [LEADER]: Connected to new peer: Peer: permanent_uuid: "231cc813c56243749ef4d6d3695f20f1" member_type: VOTER last_known_addr { host: "127.25.187.194" port: 37275 } attrs { replace: true }, Status: LMP_MISMATCH, Last received: 0.0, Next index: 2, Last known committed idx: 1, Time since last communication: 0.000s
I20260608 09:57:44.494390 29539 raft_consensus.cc:2955] T fdd8e2e71d4d4a3dbd8e7050acf28045 P 1930fdcb025f496c979deffe29f5ae8b [term 1 FOLLOWER]: Committing config change with OpId 1.2: config changed from index -1 to 2, NON_VOTER 75378e64c8ba4756830189b3ba01dbc1 (127.25.187.196) added. New config: { opid_index: 2 OBSOLETE_local: false peers { permanent_uuid: "b258162d49a64880a13921fc823c359b" member_type: VOTER last_known_addr { host: "127.25.187.193" port: 35849 } } peers { permanent_uuid: "231cc813c56243749ef4d6d3695f20f1" member_type: VOTER last_known_addr { host: "127.25.187.194" port: 37275 } attrs { replace: true } } peers { permanent_uuid: "1930fdcb025f496c979deffe29f5ae8b" member_type: VOTER last_known_addr { host: "127.25.187.195" port: 35081 } } peers { permanent_uuid: "75378e64c8ba4756830189b3ba01dbc1" member_type: NON_VOTER last_known_addr { host: "127.25.187.196" port: 43867 } attrs { promote: true } } }
I20260608 09:57:44.506253 29287 catalog_manager.cc:5696] T fdd8e2e71d4d4a3dbd8e7050acf28045 P b258162d49a64880a13921fc823c359b reported cstate change: config changed from index -1 to 2, NON_VOTER 75378e64c8ba4756830189b3ba01dbc1 (127.25.187.196) added. New cstate: current_term: 1 leader_uuid: "b258162d49a64880a13921fc823c359b" committed_config { opid_index: 2 OBSOLETE_local: false peers { permanent_uuid: "b258162d49a64880a13921fc823c359b" member_type: VOTER last_known_addr { host: "127.25.187.193" port: 35849 } health_report { overall_health: HEALTHY } } peers { permanent_uuid: "231cc813c56243749ef4d6d3695f20f1" member_type: VOTER last_known_addr { host: "127.25.187.194" port: 37275 } attrs { replace: true } health_report { overall_health: UNKNOWN } } peers { permanent_uuid: "1930fdcb025f496c979deffe29f5ae8b" member_type: VOTER last_known_addr { host: "127.25.187.195" port: 35081 } health_report { overall_health: HEALTHY } } peers { permanent_uuid: "75378e64c8ba4756830189b3ba01dbc1" member_type: NON_VOTER last_known_addr { host: "127.25.187.196" port: 43867 } attrs { promote: true } health_report { overall_health: UNKNOWN } } }
I20260608 09:57:44.509085 29933 raft_consensus.cc:993] T efe9210ab9e64ba2b82f6c4a000610df P 231cc813c56243749ef4d6d3695f20f1: : Instructing follower 75378e64c8ba4756830189b3ba01dbc1 to start an election
W20260608 09:57:44.513235 29338 auto_rebalancer.cc:591] Failed to schedule move for tablet efe9210ab9e64ba2b82f6c4a000610df: Remote error: Service unavailable: leader transfer in progress
I20260608 09:57:44.514612 29915 raft_consensus.cc:1081] T efe9210ab9e64ba2b82f6c4a000610df P 231cc813c56243749ef4d6d3695f20f1 [term 1 LEADER]: Signalling peer 75378e64c8ba4756830189b3ba01dbc1 to start an election
I20260608 09:57:44.515321 29467 raft_consensus.cc:2955] T fdd8e2e71d4d4a3dbd8e7050acf28045 P 231cc813c56243749ef4d6d3695f20f1 [term 1 FOLLOWER]: Committing config change with OpId 1.2: config changed from index -1 to 2, NON_VOTER 75378e64c8ba4756830189b3ba01dbc1 (127.25.187.196) added. New config: { opid_index: 2 OBSOLETE_local: false peers { permanent_uuid: "b258162d49a64880a13921fc823c359b" member_type: VOTER last_known_addr { host: "127.25.187.193" port: 35849 } } peers { permanent_uuid: "231cc813c56243749ef4d6d3695f20f1" member_type: VOTER last_known_addr { host: "127.25.187.194" port: 37275 } attrs { replace: true } } peers { permanent_uuid: "1930fdcb025f496c979deffe29f5ae8b" member_type: VOTER last_known_addr { host: "127.25.187.195" port: 35081 } } peers { permanent_uuid: "75378e64c8ba4756830189b3ba01dbc1" member_type: NON_VOTER last_known_addr { host: "127.25.187.196" port: 43867 } attrs { promote: true } } }
I20260608 09:57:44.516672 29692 tablet_service.cc:2044] Received Run Leader Election RPC: tablet_id: "efe9210ab9e64ba2b82f6c4a000610df"
dest_uuid: "75378e64c8ba4756830189b3ba01dbc1"
 from {username='slave'} at 127.0.0.1:44990
I20260608 09:57:44.517259 29692 raft_consensus.cc:493] T efe9210ab9e64ba2b82f6c4a000610df P 75378e64c8ba4756830189b3ba01dbc1 [term 1 FOLLOWER]: Starting forced leader election (received explicit request)
I20260608 09:57:44.517652 29692 raft_consensus.cc:3060] T efe9210ab9e64ba2b82f6c4a000610df P 75378e64c8ba4756830189b3ba01dbc1 [term 1 FOLLOWER]: Advancing to term 2
I20260608 09:57:44.523934 29692 raft_consensus.cc:515] T efe9210ab9e64ba2b82f6c4a000610df P 75378e64c8ba4756830189b3ba01dbc1 [term 2 FOLLOWER]: Starting forced leader election with config: opid_index: -1 OBSOLETE_local: false peers { permanent_uuid: "231cc813c56243749ef4d6d3695f20f1" member_type: VOTER last_known_addr { host: "127.25.187.194" port: 37275 } } peers { permanent_uuid: "b258162d49a64880a13921fc823c359b" member_type: VOTER last_known_addr { host: "127.25.187.193" port: 35849 } } peers { permanent_uuid: "75378e64c8ba4756830189b3ba01dbc1" member_type: VOTER last_known_addr { host: "127.25.187.196" port: 43867 } }
I20260608 09:57:44.527273 29692 leader_election.cc:290] T efe9210ab9e64ba2b82f6c4a000610df P 75378e64c8ba4756830189b3ba01dbc1 [CANDIDATE]: Term 2 election: Requested vote from peers 231cc813c56243749ef4d6d3695f20f1 (127.25.187.194:37275), b258162d49a64880a13921fc823c359b (127.25.187.193:35849)
I20260608 09:57:44.528359 29392 tablet_service.cc:1917] Received RequestConsensusVote() RPC: tablet_id: "efe9210ab9e64ba2b82f6c4a000610df" candidate_uuid: "75378e64c8ba4756830189b3ba01dbc1" candidate_term: 2 candidate_status { last_received { term: 1 index: 1 } } ignore_live_leader: true dest_uuid: "b258162d49a64880a13921fc823c359b"
I20260608 09:57:44.529026 29392 raft_consensus.cc:3060] T efe9210ab9e64ba2b82f6c4a000610df P b258162d49a64880a13921fc823c359b [term 1 FOLLOWER]: Advancing to term 2
I20260608 09:57:44.528354 29467 tablet_service.cc:1917] Received RequestConsensusVote() RPC: tablet_id: "efe9210ab9e64ba2b82f6c4a000610df" candidate_uuid: "75378e64c8ba4756830189b3ba01dbc1" candidate_term: 2 candidate_status { last_received { term: 1 index: 1 } } ignore_live_leader: true dest_uuid: "231cc813c56243749ef4d6d3695f20f1"
I20260608 09:57:44.533807 29467 raft_consensus.cc:3055] T efe9210ab9e64ba2b82f6c4a000610df P 231cc813c56243749ef4d6d3695f20f1 [term 1 LEADER]: Stepping down as leader of term 1
I20260608 09:57:44.534092 29467 raft_consensus.cc:740] T efe9210ab9e64ba2b82f6c4a000610df P 231cc813c56243749ef4d6d3695f20f1 [term 1 LEADER]: Becoming Follower/Learner. State: Replica: 231cc813c56243749ef4d6d3695f20f1, State: Running, Role: LEADER
I20260608 09:57:44.534802 29467 consensus_queue.cc:260] T efe9210ab9e64ba2b82f6c4a000610df P 231cc813c56243749ef4d6d3695f20f1 [NON_LEADER]: Queue going to NON_LEADER mode. State: All replicated index: 0, Majority replicated index: 1, Committed index: 1, Last appended: 1.1, Last appended by leader: 1, Current term: 1, Majority size: -1, State: 0, Mode: NON_LEADER, active raft config: opid_index: -1 OBSOLETE_local: false peers { permanent_uuid: "231cc813c56243749ef4d6d3695f20f1" member_type: VOTER last_known_addr { host: "127.25.187.194" port: 37275 } } peers { permanent_uuid: "b258162d49a64880a13921fc823c359b" member_type: VOTER last_known_addr { host: "127.25.187.193" port: 35849 } } peers { permanent_uuid: "75378e64c8ba4756830189b3ba01dbc1" member_type: VOTER last_known_addr { host: "127.25.187.196" port: 43867 } }
I20260608 09:57:44.535449 29392 raft_consensus.cc:2468] T efe9210ab9e64ba2b82f6c4a000610df P b258162d49a64880a13921fc823c359b [term 2 FOLLOWER]: Leader election vote request: Granting yes vote for candidate 75378e64c8ba4756830189b3ba01dbc1 in term 2.
I20260608 09:57:44.535964 29467 raft_consensus.cc:3060] T efe9210ab9e64ba2b82f6c4a000610df P 231cc813c56243749ef4d6d3695f20f1 [term 1 FOLLOWER]: Advancing to term 2
I20260608 09:57:44.535390 29464 consensus_queue.cc:237] T 0274614cb4fb4e8695566e19893c266c P 231cc813c56243749ef4d6d3695f20f1 [LEADER]: Queue going to LEADER mode. State: All replicated index: 0, Majority replicated index: 2, Committed index: 2, Last appended: 2.2, Last appended by leader: 1, Current term: 2, Majority size: 2, State: 0, Mode: LEADER, active raft config: opid_index: 3 OBSOLETE_local: false peers { permanent_uuid: "b258162d49a64880a13921fc823c359b" member_type: VOTER last_known_addr { host: "127.25.187.193" port: 35849 } } peers { permanent_uuid: "231cc813c56243749ef4d6d3695f20f1" member_type: VOTER last_known_addr { host: "127.25.187.194" port: 37275 } } peers { permanent_uuid: "1930fdcb025f496c979deffe29f5ae8b" member_type: VOTER last_known_addr { host: "127.25.187.195" port: 35081 } attrs { replace: true } } peers { permanent_uuid: "75378e64c8ba4756830189b3ba01dbc1" member_type: NON_VOTER last_known_addr { host: "127.25.187.196" port: 43867 } attrs { promote: true } }
I20260608 09:57:44.536887 29660 leader_election.cc:304] T efe9210ab9e64ba2b82f6c4a000610df P 75378e64c8ba4756830189b3ba01dbc1 [CANDIDATE]: Term 2 election: Election decided. Result: candidate won. Election summary: received 2 responses out of 3 voters: 2 yes votes; 0 no votes. yes voters: 75378e64c8ba4756830189b3ba01dbc1, b258162d49a64880a13921fc823c359b; no voters: 
I20260608 09:57:44.537710 29863 raft_consensus.cc:2804] T efe9210ab9e64ba2b82f6c4a000610df P 75378e64c8ba4756830189b3ba01dbc1 [term 2 FOLLOWER]: Leader election won for term 2
I20260608 09:57:44.538992 29863 raft_consensus.cc:697] T efe9210ab9e64ba2b82f6c4a000610df P 75378e64c8ba4756830189b3ba01dbc1 [term 2 LEADER]: Becoming Leader. State: Replica: 75378e64c8ba4756830189b3ba01dbc1, State: Running, Role: LEADER
I20260608 09:57:44.540220 29863 consensus_queue.cc:237] T efe9210ab9e64ba2b82f6c4a000610df P 75378e64c8ba4756830189b3ba01dbc1 [LEADER]: Queue going to LEADER mode. State: All replicated index: 0, Majority replicated index: 1, Committed index: 1, Last appended: 1.1, Last appended by leader: 1, Current term: 2, Majority size: 2, State: 0, Mode: LEADER, active raft config: opid_index: -1 OBSOLETE_local: false peers { permanent_uuid: "231cc813c56243749ef4d6d3695f20f1" member_type: VOTER last_known_addr { host: "127.25.187.194" port: 37275 } } peers { permanent_uuid: "b258162d49a64880a13921fc823c359b" member_type: VOTER last_known_addr { host: "127.25.187.193" port: 35849 } } peers { permanent_uuid: "75378e64c8ba4756830189b3ba01dbc1" member_type: VOTER last_known_addr { host: "127.25.187.196" port: 43867 } }
I20260608 09:57:44.542371 29467 raft_consensus.cc:2468] T efe9210ab9e64ba2b82f6c4a000610df P 231cc813c56243749ef4d6d3695f20f1 [term 2 FOLLOWER]: Leader election vote request: Granting yes vote for candidate 75378e64c8ba4756830189b3ba01dbc1 in term 2.
I20260608 09:57:44.551119 29287 catalog_manager.cc:5696] T efe9210ab9e64ba2b82f6c4a000610df P 75378e64c8ba4756830189b3ba01dbc1 reported cstate change: term changed from 1 to 2, leader changed from 231cc813c56243749ef4d6d3695f20f1 (127.25.187.194) to 75378e64c8ba4756830189b3ba01dbc1 (127.25.187.196). New cstate: current_term: 2 leader_uuid: "75378e64c8ba4756830189b3ba01dbc1" committed_config { opid_index: -1 OBSOLETE_local: false peers { permanent_uuid: "231cc813c56243749ef4d6d3695f20f1" member_type: VOTER last_known_addr { host: "127.25.187.194" port: 37275 } health_report { overall_health: UNKNOWN } } peers { permanent_uuid: "b258162d49a64880a13921fc823c359b" member_type: VOTER last_known_addr { host: "127.25.187.193" port: 35849 } health_report { overall_health: UNKNOWN } } peers { permanent_uuid: "75378e64c8ba4756830189b3ba01dbc1" member_type: VOTER last_known_addr { host: "127.25.187.196" port: 43867 } health_report { overall_health: HEALTHY } } }
I20260608 09:57:44.554807 29392 raft_consensus.cc:1275] T 0274614cb4fb4e8695566e19893c266c P b258162d49a64880a13921fc823c359b [term 2 FOLLOWER]: Refusing update from remote peer 231cc813c56243749ef4d6d3695f20f1: Log matching property violated. Preceding OpId in replica: term: 2 index: 2. Preceding OpId from leader: term: 2 index: 3. (index mismatch)
W20260608 09:57:44.555228 29431 consensus_peers.cc:597] T 0274614cb4fb4e8695566e19893c266c P 231cc813c56243749ef4d6d3695f20f1 -> Peer 75378e64c8ba4756830189b3ba01dbc1 (127.25.187.196:43867): Couldn't send request to peer 75378e64c8ba4756830189b3ba01dbc1. Error code: TABLET_NOT_FOUND (6). Status: Not found: Tablet not found: 0274614cb4fb4e8695566e19893c266c. This is attempt 1: this message will repeat every 5th retry.
I20260608 09:57:44.556017 29539 raft_consensus.cc:1275] T 0274614cb4fb4e8695566e19893c266c P 1930fdcb025f496c979deffe29f5ae8b [term 2 FOLLOWER]: Refusing update from remote peer 231cc813c56243749ef4d6d3695f20f1: Log matching property violated. Preceding OpId in replica: term: 2 index: 2. Preceding OpId from leader: term: 2 index: 3. (index mismatch)
I20260608 09:57:44.556421 29933 consensus_queue.cc:1048] T 0274614cb4fb4e8695566e19893c266c P 231cc813c56243749ef4d6d3695f20f1 [LEADER]: Connected to new peer: Peer: permanent_uuid: "b258162d49a64880a13921fc823c359b" member_type: VOTER last_known_addr { host: "127.25.187.193" port: 35849 }, Status: LMP_MISMATCH, Last received: 0.0, Next index: 3, Last known committed idx: 2, Time since last communication: 0.000s
I20260608 09:57:44.557452 29915 consensus_queue.cc:1048] T 0274614cb4fb4e8695566e19893c266c P 231cc813c56243749ef4d6d3695f20f1 [LEADER]: Connected to new peer: Peer: permanent_uuid: "1930fdcb025f496c979deffe29f5ae8b" member_type: VOTER last_known_addr { host: "127.25.187.195" port: 35081 } attrs { replace: true }, Status: LMP_MISMATCH, Last received: 0.0, Next index: 3, Last known committed idx: 2, Time since last communication: 0.000s
I20260608 09:57:44.566720 29934 raft_consensus.cc:2955] T 0274614cb4fb4e8695566e19893c266c P 231cc813c56243749ef4d6d3695f20f1 [term 2 LEADER]: Committing config change with OpId 2.3: config changed from index -1 to 3, NON_VOTER 75378e64c8ba4756830189b3ba01dbc1 (127.25.187.196) added. New config: { opid_index: 3 OBSOLETE_local: false peers { permanent_uuid: "b258162d49a64880a13921fc823c359b" member_type: VOTER last_known_addr { host: "127.25.187.193" port: 35849 } } peers { permanent_uuid: "231cc813c56243749ef4d6d3695f20f1" member_type: VOTER last_known_addr { host: "127.25.187.194" port: 37275 } } peers { permanent_uuid: "1930fdcb025f496c979deffe29f5ae8b" member_type: VOTER last_known_addr { host: "127.25.187.195" port: 35081 } attrs { replace: true } } peers { permanent_uuid: "75378e64c8ba4756830189b3ba01dbc1" member_type: NON_VOTER last_known_addr { host: "127.25.187.196" port: 43867 } attrs { promote: true } } }
I20260608 09:57:44.568502 29392 raft_consensus.cc:2955] T 0274614cb4fb4e8695566e19893c266c P b258162d49a64880a13921fc823c359b [term 2 FOLLOWER]: Committing config change with OpId 2.3: config changed from index -1 to 3, NON_VOTER 75378e64c8ba4756830189b3ba01dbc1 (127.25.187.196) added. New config: { opid_index: 3 OBSOLETE_local: false peers { permanent_uuid: "b258162d49a64880a13921fc823c359b" member_type: VOTER last_known_addr { host: "127.25.187.193" port: 35849 } } peers { permanent_uuid: "231cc813c56243749ef4d6d3695f20f1" member_type: VOTER last_known_addr { host: "127.25.187.194" port: 37275 } } peers { permanent_uuid: "1930fdcb025f496c979deffe29f5ae8b" member_type: VOTER last_known_addr { host: "127.25.187.195" port: 35081 } attrs { replace: true } } peers { permanent_uuid: "75378e64c8ba4756830189b3ba01dbc1" member_type: NON_VOTER last_known_addr { host: "127.25.187.196" port: 43867 } attrs { promote: true } } }
I20260608 09:57:44.572832 29539 raft_consensus.cc:2955] T 0274614cb4fb4e8695566e19893c266c P 1930fdcb025f496c979deffe29f5ae8b [term 2 FOLLOWER]: Committing config change with OpId 2.3: config changed from index -1 to 3, NON_VOTER 75378e64c8ba4756830189b3ba01dbc1 (127.25.187.196) added. New config: { opid_index: 3 OBSOLETE_local: false peers { permanent_uuid: "b258162d49a64880a13921fc823c359b" member_type: VOTER last_known_addr { host: "127.25.187.193" port: 35849 } } peers { permanent_uuid: "231cc813c56243749ef4d6d3695f20f1" member_type: VOTER last_known_addr { host: "127.25.187.194" port: 37275 } } peers { permanent_uuid: "1930fdcb025f496c979deffe29f5ae8b" member_type: VOTER last_known_addr { host: "127.25.187.195" port: 35081 } attrs { replace: true } } peers { permanent_uuid: "75378e64c8ba4756830189b3ba01dbc1" member_type: NON_VOTER last_known_addr { host: "127.25.187.196" port: 43867 } attrs { promote: true } } }
I20260608 09:57:44.582252 29287 catalog_manager.cc:5696] T 0274614cb4fb4e8695566e19893c266c P b258162d49a64880a13921fc823c359b reported cstate change: config changed from index -1 to 3, NON_VOTER 75378e64c8ba4756830189b3ba01dbc1 (127.25.187.196) added. New cstate: current_term: 2 leader_uuid: "231cc813c56243749ef4d6d3695f20f1" committed_config { opid_index: 3 OBSOLETE_local: false peers { permanent_uuid: "b258162d49a64880a13921fc823c359b" member_type: VOTER last_known_addr { host: "127.25.187.193" port: 35849 } } peers { permanent_uuid: "231cc813c56243749ef4d6d3695f20f1" member_type: VOTER last_known_addr { host: "127.25.187.194" port: 37275 } } peers { permanent_uuid: "1930fdcb025f496c979deffe29f5ae8b" member_type: VOTER last_known_addr { host: "127.25.187.195" port: 35081 } attrs { replace: true } } peers { permanent_uuid: "75378e64c8ba4756830189b3ba01dbc1" member_type: NON_VOTER last_known_addr { host: "127.25.187.196" port: 43867 } attrs { promote: true } } }
I20260608 09:57:44.828518 29940 ts_tablet_manager.cc:933] T 96156ab5e6fd4db59bd8c57d7a98d6e7 P 231cc813c56243749ef4d6d3695f20f1: Initiating tablet copy from peer 1930fdcb025f496c979deffe29f5ae8b (127.25.187.195:35081)
I20260608 09:57:44.830367 29940 tablet_copy_client.cc:323] T 96156ab5e6fd4db59bd8c57d7a98d6e7 P 231cc813c56243749ef4d6d3695f20f1: tablet copy: Beginning tablet copy session from remote peer at address 127.25.187.195:35081
I20260608 09:57:44.832059 29551 tablet_copy_service.cc:140] P 1930fdcb025f496c979deffe29f5ae8b: Received BeginTabletCopySession request for tablet 96156ab5e6fd4db59bd8c57d7a98d6e7 from peer 231cc813c56243749ef4d6d3695f20f1 ({username='slave'} at 127.0.0.1:35490)
I20260608 09:57:44.832530 29551 tablet_copy_service.cc:161] P 1930fdcb025f496c979deffe29f5ae8b: Beginning new tablet copy session on tablet 96156ab5e6fd4db59bd8c57d7a98d6e7 from peer 231cc813c56243749ef4d6d3695f20f1 at {username='slave'} at 127.0.0.1:35490: session id = 231cc813c56243749ef4d6d3695f20f1-96156ab5e6fd4db59bd8c57d7a98d6e7
I20260608 09:57:44.837344 29551 tablet_copy_source_session.cc:215] T 96156ab5e6fd4db59bd8c57d7a98d6e7 P 1930fdcb025f496c979deffe29f5ae8b: Tablet Copy: opened 0 blocks and 1 log segments
I20260608 09:57:44.840740 29940 data_dirs.cc:400] Could only allocate 1 dirs of requested 3 for tablet 96156ab5e6fd4db59bd8c57d7a98d6e7. 1 dirs total, 0 dirs full, 0 dirs failed
I20260608 09:57:44.856509 29940 tablet_copy_client.cc:806] T 96156ab5e6fd4db59bd8c57d7a98d6e7 P 231cc813c56243749ef4d6d3695f20f1: tablet copy: Starting download of 0 data blocks...
I20260608 09:57:44.857137 29940 tablet_copy_client.cc:670] T 96156ab5e6fd4db59bd8c57d7a98d6e7 P 231cc813c56243749ef4d6d3695f20f1: tablet copy: Starting download of 1 WAL segments...
I20260608 09:57:44.861011 29940 tablet_copy_client.cc:538] T 96156ab5e6fd4db59bd8c57d7a98d6e7 P 231cc813c56243749ef4d6d3695f20f1: tablet copy: Tablet Copy complete. Replacing tablet superblock.
I20260608 09:57:44.867911 29940 tablet_bootstrap.cc:492] T 96156ab5e6fd4db59bd8c57d7a98d6e7 P 231cc813c56243749ef4d6d3695f20f1: Bootstrap starting.
I20260608 09:57:44.885382 29940 tablet_bootstrap.cc:492] T 96156ab5e6fd4db59bd8c57d7a98d6e7 P 231cc813c56243749ef4d6d3695f20f1: Bootstrap replayed 1/1 log segments. Stats: ops{read=2 overwritten=0 applied=2 ignored=0} inserts{seen=0 ignored=0} mutations{seen=0 ignored=0} orphaned_commits=0. Pending: 0 replicates
I20260608 09:57:44.886183 29940 tablet_bootstrap.cc:492] T 96156ab5e6fd4db59bd8c57d7a98d6e7 P 231cc813c56243749ef4d6d3695f20f1: Bootstrap complete.
I20260608 09:57:44.886773 29940 ts_tablet_manager.cc:1403] T 96156ab5e6fd4db59bd8c57d7a98d6e7 P 231cc813c56243749ef4d6d3695f20f1: Time spent bootstrapping tablet: real 0.019s	user 0.019s	sys 0.000s
I20260608 09:57:44.889444 29940 raft_consensus.cc:359] T 96156ab5e6fd4db59bd8c57d7a98d6e7 P 231cc813c56243749ef4d6d3695f20f1 [term 1 LEARNER]: Replica starting. Triggering 0 pending ops. Active config: opid_index: 2 OBSOLETE_local: false peers { permanent_uuid: "75378e64c8ba4756830189b3ba01dbc1" member_type: VOTER last_known_addr { host: "127.25.187.196" port: 43867 } attrs { replace: true } } peers { permanent_uuid: "1930fdcb025f496c979deffe29f5ae8b" member_type: VOTER last_known_addr { host: "127.25.187.195" port: 35081 } } peers { permanent_uuid: "b258162d49a64880a13921fc823c359b" member_type: VOTER last_known_addr { host: "127.25.187.193" port: 35849 } } peers { permanent_uuid: "231cc813c56243749ef4d6d3695f20f1" member_type: NON_VOTER last_known_addr { host: "127.25.187.194" port: 37275 } attrs { promote: true } }
I20260608 09:57:44.890115 29940 raft_consensus.cc:740] T 96156ab5e6fd4db59bd8c57d7a98d6e7 P 231cc813c56243749ef4d6d3695f20f1 [term 1 LEARNER]: Becoming Follower/Learner. State: Replica: 231cc813c56243749ef4d6d3695f20f1, State: Initialized, Role: LEARNER
I20260608 09:57:44.890681 29940 consensus_queue.cc:260] T 96156ab5e6fd4db59bd8c57d7a98d6e7 P 231cc813c56243749ef4d6d3695f20f1 [NON_LEADER]: Queue going to NON_LEADER mode. State: All replicated index: 0, Majority replicated index: 0, Committed index: 2, Last appended: 1.2, Last appended by leader: 2, Current term: 0, Majority size: -1, State: 0, Mode: NON_LEADER, active raft config: opid_index: 2 OBSOLETE_local: false peers { permanent_uuid: "75378e64c8ba4756830189b3ba01dbc1" member_type: VOTER last_known_addr { host: "127.25.187.196" port: 43867 } attrs { replace: true } } peers { permanent_uuid: "1930fdcb025f496c979deffe29f5ae8b" member_type: VOTER last_known_addr { host: "127.25.187.195" port: 35081 } } peers { permanent_uuid: "b258162d49a64880a13921fc823c359b" member_type: VOTER last_known_addr { host: "127.25.187.193" port: 35849 } } peers { permanent_uuid: "231cc813c56243749ef4d6d3695f20f1" member_type: NON_VOTER last_known_addr { host: "127.25.187.194" port: 37275 } attrs { promote: true } }
I20260608 09:57:44.892804 29940 ts_tablet_manager.cc:1434] T 96156ab5e6fd4db59bd8c57d7a98d6e7 P 231cc813c56243749ef4d6d3695f20f1: Time spent starting tablet: real 0.006s	user 0.004s	sys 0.000s
I20260608 09:57:44.895093 29551 tablet_copy_service.cc:342] P 1930fdcb025f496c979deffe29f5ae8b: Request end of tablet copy session 231cc813c56243749ef4d6d3695f20f1-96156ab5e6fd4db59bd8c57d7a98d6e7 received from {username='slave'} at 127.0.0.1:35490
I20260608 09:57:44.895541 29551 tablet_copy_service.cc:434] P 1930fdcb025f496c979deffe29f5ae8b: ending tablet copy session 231cc813c56243749ef4d6d3695f20f1-96156ab5e6fd4db59bd8c57d7a98d6e7 on tablet 96156ab5e6fd4db59bd8c57d7a98d6e7 with peer 231cc813c56243749ef4d6d3695f20f1
I20260608 09:57:44.987072 29943 ts_tablet_manager.cc:933] T fdd8e2e71d4d4a3dbd8e7050acf28045 P 75378e64c8ba4756830189b3ba01dbc1: Initiating tablet copy from peer b258162d49a64880a13921fc823c359b (127.25.187.193:35849)
I20260608 09:57:44.990839 29943 tablet_copy_client.cc:323] T fdd8e2e71d4d4a3dbd8e7050acf28045 P 75378e64c8ba4756830189b3ba01dbc1: tablet copy: Beginning tablet copy session from remote peer at address 127.25.187.193:35849
I20260608 09:57:44.992745 29402 tablet_copy_service.cc:140] P b258162d49a64880a13921fc823c359b: Received BeginTabletCopySession request for tablet fdd8e2e71d4d4a3dbd8e7050acf28045 from peer 75378e64c8ba4756830189b3ba01dbc1 ({username='slave'} at 127.0.0.1:33736)
I20260608 09:57:44.993350 29402 tablet_copy_service.cc:161] P b258162d49a64880a13921fc823c359b: Beginning new tablet copy session on tablet fdd8e2e71d4d4a3dbd8e7050acf28045 from peer 75378e64c8ba4756830189b3ba01dbc1 at {username='slave'} at 127.0.0.1:33736: session id = 75378e64c8ba4756830189b3ba01dbc1-fdd8e2e71d4d4a3dbd8e7050acf28045
I20260608 09:57:44.997362 29945 ts_tablet_manager.cc:933] T 0274614cb4fb4e8695566e19893c266c P 75378e64c8ba4756830189b3ba01dbc1: Initiating tablet copy from peer 231cc813c56243749ef4d6d3695f20f1 (127.25.187.194:37275)
I20260608 09:57:44.999533 29945 tablet_copy_client.cc:323] T 0274614cb4fb4e8695566e19893c266c P 75378e64c8ba4756830189b3ba01dbc1: tablet copy: Beginning tablet copy session from remote peer at address 127.25.187.194:37275
I20260608 09:57:45.000464 29402 tablet_copy_source_session.cc:215] T fdd8e2e71d4d4a3dbd8e7050acf28045 P b258162d49a64880a13921fc823c359b: Tablet Copy: opened 0 blocks and 1 log segments
I20260608 09:57:45.001698 29477 tablet_copy_service.cc:140] P 231cc813c56243749ef4d6d3695f20f1: Received BeginTabletCopySession request for tablet 0274614cb4fb4e8695566e19893c266c from peer 75378e64c8ba4756830189b3ba01dbc1 ({username='slave'} at 127.0.0.1:39862)
I20260608 09:57:45.002314 29477 tablet_copy_service.cc:161] P 231cc813c56243749ef4d6d3695f20f1: Beginning new tablet copy session on tablet 0274614cb4fb4e8695566e19893c266c from peer 75378e64c8ba4756830189b3ba01dbc1 at {username='slave'} at 127.0.0.1:39862: session id = 75378e64c8ba4756830189b3ba01dbc1-0274614cb4fb4e8695566e19893c266c
I20260608 09:57:45.003165 29464 raft_consensus.cc:1275] T efe9210ab9e64ba2b82f6c4a000610df P 231cc813c56243749ef4d6d3695f20f1 [term 2 FOLLOWER]: Refusing update from remote peer 75378e64c8ba4756830189b3ba01dbc1: Log matching property violated. Preceding OpId in replica: term: 1 index: 1. Preceding OpId from leader: term: 2 index: 2. (index mismatch)
I20260608 09:57:45.004738 29943 data_dirs.cc:400] Could only allocate 1 dirs of requested 3 for tablet fdd8e2e71d4d4a3dbd8e7050acf28045. 1 dirs total, 0 dirs full, 0 dirs failed
I20260608 09:57:45.004911 29863 consensus_queue.cc:1048] T efe9210ab9e64ba2b82f6c4a000610df P 75378e64c8ba4756830189b3ba01dbc1 [LEADER]: Connected to new peer: Peer: permanent_uuid: "231cc813c56243749ef4d6d3695f20f1" member_type: VOTER last_known_addr { host: "127.25.187.194" port: 37275 }, Status: LMP_MISMATCH, Last received: 0.0, Next index: 2, Last known committed idx: 1, Time since last communication: 0.000s
I20260608 09:57:45.011417 29477 tablet_copy_source_session.cc:215] T 0274614cb4fb4e8695566e19893c266c P 231cc813c56243749ef4d6d3695f20f1: Tablet Copy: opened 0 blocks and 1 log segments
I20260608 09:57:45.015277 29945 data_dirs.cc:400] Could only allocate 1 dirs of requested 3 for tablet 0274614cb4fb4e8695566e19893c266c. 1 dirs total, 0 dirs full, 0 dirs failed
I20260608 09:57:45.034690 29943 tablet_copy_client.cc:806] T fdd8e2e71d4d4a3dbd8e7050acf28045 P 75378e64c8ba4756830189b3ba01dbc1: tablet copy: Starting download of 0 data blocks...
I20260608 09:57:45.035398 29943 tablet_copy_client.cc:670] T fdd8e2e71d4d4a3dbd8e7050acf28045 P 75378e64c8ba4756830189b3ba01dbc1: tablet copy: Starting download of 1 WAL segments...
I20260608 09:57:45.040336 29943 tablet_copy_client.cc:538] T fdd8e2e71d4d4a3dbd8e7050acf28045 P 75378e64c8ba4756830189b3ba01dbc1: tablet copy: Tablet Copy complete. Replacing tablet superblock.
I20260608 09:57:45.040967 29945 tablet_copy_client.cc:806] T 0274614cb4fb4e8695566e19893c266c P 75378e64c8ba4756830189b3ba01dbc1: tablet copy: Starting download of 0 data blocks...
I20260608 09:57:45.041595 29945 tablet_copy_client.cc:670] T 0274614cb4fb4e8695566e19893c266c P 75378e64c8ba4756830189b3ba01dbc1: tablet copy: Starting download of 1 WAL segments...
I20260608 09:57:45.046833 29945 tablet_copy_client.cc:538] T 0274614cb4fb4e8695566e19893c266c P 75378e64c8ba4756830189b3ba01dbc1: tablet copy: Tablet Copy complete. Replacing tablet superblock.
I20260608 09:57:45.056177 29943 tablet_bootstrap.cc:492] T fdd8e2e71d4d4a3dbd8e7050acf28045 P 75378e64c8ba4756830189b3ba01dbc1: Bootstrap starting.
I20260608 09:57:45.056736 29945 tablet_bootstrap.cc:492] T 0274614cb4fb4e8695566e19893c266c P 75378e64c8ba4756830189b3ba01dbc1: Bootstrap starting.
I20260608 09:57:45.058162 29392 raft_consensus.cc:1275] T efe9210ab9e64ba2b82f6c4a000610df P b258162d49a64880a13921fc823c359b [term 2 FOLLOWER]: Refusing update from remote peer 75378e64c8ba4756830189b3ba01dbc1: Log matching property violated. Preceding OpId in replica: term: 1 index: 1. Preceding OpId from leader: term: 2 index: 2. (index mismatch)
I20260608 09:57:45.059847 29935 consensus_queue.cc:1048] T efe9210ab9e64ba2b82f6c4a000610df P 75378e64c8ba4756830189b3ba01dbc1 [LEADER]: Connected to new peer: Peer: permanent_uuid: "b258162d49a64880a13921fc823c359b" member_type: VOTER last_known_addr { host: "127.25.187.193" port: 35849 }, Status: LMP_MISMATCH, Last received: 0.0, Next index: 2, Last known committed idx: 1, Time since last communication: 0.000s
I20260608 09:57:45.106086 29945 tablet_bootstrap.cc:492] T 0274614cb4fb4e8695566e19893c266c P 75378e64c8ba4756830189b3ba01dbc1: Bootstrap replayed 1/1 log segments. Stats: ops{read=3 overwritten=0 applied=3 ignored=0} inserts{seen=0 ignored=0} mutations{seen=0 ignored=0} orphaned_commits=0. Pending: 0 replicates
I20260608 09:57:45.107271 29945 tablet_bootstrap.cc:492] T 0274614cb4fb4e8695566e19893c266c P 75378e64c8ba4756830189b3ba01dbc1: Bootstrap complete.
I20260608 09:57:45.108196 29945 ts_tablet_manager.cc:1403] T 0274614cb4fb4e8695566e19893c266c P 75378e64c8ba4756830189b3ba01dbc1: Time spent bootstrapping tablet: real 0.052s	user 0.020s	sys 0.019s
I20260608 09:57:45.112437 29945 raft_consensus.cc:359] T 0274614cb4fb4e8695566e19893c266c P 75378e64c8ba4756830189b3ba01dbc1 [term 2 LEARNER]: Replica starting. Triggering 0 pending ops. Active config: opid_index: 3 OBSOLETE_local: false peers { permanent_uuid: "b258162d49a64880a13921fc823c359b" member_type: VOTER last_known_addr { host: "127.25.187.193" port: 35849 } } peers { permanent_uuid: "231cc813c56243749ef4d6d3695f20f1" member_type: VOTER last_known_addr { host: "127.25.187.194" port: 37275 } } peers { permanent_uuid: "1930fdcb025f496c979deffe29f5ae8b" member_type: VOTER last_known_addr { host: "127.25.187.195" port: 35081 } attrs { replace: true } } peers { permanent_uuid: "75378e64c8ba4756830189b3ba01dbc1" member_type: NON_VOTER last_known_addr { host: "127.25.187.196" port: 43867 } attrs { promote: true } }
I20260608 09:57:45.113554 29945 raft_consensus.cc:740] T 0274614cb4fb4e8695566e19893c266c P 75378e64c8ba4756830189b3ba01dbc1 [term 2 LEARNER]: Becoming Follower/Learner. State: Replica: 75378e64c8ba4756830189b3ba01dbc1, State: Initialized, Role: LEARNER
I20260608 09:57:45.115530 29945 consensus_queue.cc:260] T 0274614cb4fb4e8695566e19893c266c P 75378e64c8ba4756830189b3ba01dbc1 [NON_LEADER]: Queue going to NON_LEADER mode. State: All replicated index: 0, Majority replicated index: 0, Committed index: 3, Last appended: 2.3, Last appended by leader: 3, Current term: 0, Majority size: -1, State: 0, Mode: NON_LEADER, active raft config: opid_index: 3 OBSOLETE_local: false peers { permanent_uuid: "b258162d49a64880a13921fc823c359b" member_type: VOTER last_known_addr { host: "127.25.187.193" port: 35849 } } peers { permanent_uuid: "231cc813c56243749ef4d6d3695f20f1" member_type: VOTER last_known_addr { host: "127.25.187.194" port: 37275 } } peers { permanent_uuid: "1930fdcb025f496c979deffe29f5ae8b" member_type: VOTER last_known_addr { host: "127.25.187.195" port: 35081 } attrs { replace: true } } peers { permanent_uuid: "75378e64c8ba4756830189b3ba01dbc1" member_type: NON_VOTER last_known_addr { host: "127.25.187.196" port: 43867 } attrs { promote: true } }
I20260608 09:57:45.118366 29945 ts_tablet_manager.cc:1434] T 0274614cb4fb4e8695566e19893c266c P 75378e64c8ba4756830189b3ba01dbc1: Time spent starting tablet: real 0.010s	user 0.010s	sys 0.001s
I20260608 09:57:45.120906 29477 tablet_copy_service.cc:342] P 231cc813c56243749ef4d6d3695f20f1: Request end of tablet copy session 75378e64c8ba4756830189b3ba01dbc1-0274614cb4fb4e8695566e19893c266c received from {username='slave'} at 127.0.0.1:39862
I20260608 09:57:45.121368 29477 tablet_copy_service.cc:434] P 231cc813c56243749ef4d6d3695f20f1: ending tablet copy session 75378e64c8ba4756830189b3ba01dbc1-0274614cb4fb4e8695566e19893c266c on tablet 0274614cb4fb4e8695566e19893c266c with peer 75378e64c8ba4756830189b3ba01dbc1
I20260608 09:57:45.133086 29943 tablet_bootstrap.cc:492] T fdd8e2e71d4d4a3dbd8e7050acf28045 P 75378e64c8ba4756830189b3ba01dbc1: Bootstrap replayed 1/1 log segments. Stats: ops{read=2 overwritten=0 applied=2 ignored=0} inserts{seen=0 ignored=0} mutations{seen=0 ignored=0} orphaned_commits=0. Pending: 0 replicates
I20260608 09:57:45.134104 29943 tablet_bootstrap.cc:492] T fdd8e2e71d4d4a3dbd8e7050acf28045 P 75378e64c8ba4756830189b3ba01dbc1: Bootstrap complete.
I20260608 09:57:45.134859 29943 ts_tablet_manager.cc:1403] T fdd8e2e71d4d4a3dbd8e7050acf28045 P 75378e64c8ba4756830189b3ba01dbc1: Time spent bootstrapping tablet: real 0.079s	user 0.038s	sys 0.030s
I20260608 09:57:45.137966 29943 raft_consensus.cc:359] T fdd8e2e71d4d4a3dbd8e7050acf28045 P 75378e64c8ba4756830189b3ba01dbc1 [term 1 LEARNER]: Replica starting. Triggering 0 pending ops. Active config: opid_index: 2 OBSOLETE_local: false peers { permanent_uuid: "b258162d49a64880a13921fc823c359b" member_type: VOTER last_known_addr { host: "127.25.187.193" port: 35849 } } peers { permanent_uuid: "231cc813c56243749ef4d6d3695f20f1" member_type: VOTER last_known_addr { host: "127.25.187.194" port: 37275 } attrs { replace: true } } peers { permanent_uuid: "1930fdcb025f496c979deffe29f5ae8b" member_type: VOTER last_known_addr { host: "127.25.187.195" port: 35081 } } peers { permanent_uuid: "75378e64c8ba4756830189b3ba01dbc1" member_type: NON_VOTER last_known_addr { host: "127.25.187.196" port: 43867 } attrs { promote: true } }
I20260608 09:57:45.138799 29943 raft_consensus.cc:740] T fdd8e2e71d4d4a3dbd8e7050acf28045 P 75378e64c8ba4756830189b3ba01dbc1 [term 1 LEARNER]: Becoming Follower/Learner. State: Replica: 75378e64c8ba4756830189b3ba01dbc1, State: Initialized, Role: LEARNER
I20260608 09:57:45.139494 29943 consensus_queue.cc:260] T fdd8e2e71d4d4a3dbd8e7050acf28045 P 75378e64c8ba4756830189b3ba01dbc1 [NON_LEADER]: Queue going to NON_LEADER mode. State: All replicated index: 0, Majority replicated index: 0, Committed index: 2, Last appended: 1.2, Last appended by leader: 2, Current term: 0, Majority size: -1, State: 0, Mode: NON_LEADER, active raft config: opid_index: 2 OBSOLETE_local: false peers { permanent_uuid: "b258162d49a64880a13921fc823c359b" member_type: VOTER last_known_addr { host: "127.25.187.193" port: 35849 } } peers { permanent_uuid: "231cc813c56243749ef4d6d3695f20f1" member_type: VOTER last_known_addr { host: "127.25.187.194" port: 37275 } attrs { replace: true } } peers { permanent_uuid: "1930fdcb025f496c979deffe29f5ae8b" member_type: VOTER last_known_addr { host: "127.25.187.195" port: 35081 } } peers { permanent_uuid: "75378e64c8ba4756830189b3ba01dbc1" member_type: NON_VOTER last_known_addr { host: "127.25.187.196" port: 43867 } attrs { promote: true } }
I20260608 09:57:45.142760 29943 ts_tablet_manager.cc:1434] T fdd8e2e71d4d4a3dbd8e7050acf28045 P 75378e64c8ba4756830189b3ba01dbc1: Time spent starting tablet: real 0.008s	user 0.007s	sys 0.001s
I20260608 09:57:45.144565 29402 tablet_copy_service.cc:342] P b258162d49a64880a13921fc823c359b: Request end of tablet copy session 75378e64c8ba4756830189b3ba01dbc1-fdd8e2e71d4d4a3dbd8e7050acf28045 received from {username='slave'} at 127.0.0.1:33736
I20260608 09:57:45.144999 29402 tablet_copy_service.cc:434] P b258162d49a64880a13921fc823c359b: ending tablet copy session 75378e64c8ba4756830189b3ba01dbc1-fdd8e2e71d4d4a3dbd8e7050acf28045 on tablet fdd8e2e71d4d4a3dbd8e7050acf28045 with peer 75378e64c8ba4756830189b3ba01dbc1
I20260608 09:57:45.365036 29465 raft_consensus.cc:1217] T 96156ab5e6fd4db59bd8c57d7a98d6e7 P 231cc813c56243749ef4d6d3695f20f1 [term 1 LEARNER]: Deduplicated request from leader. Original: 1.1->[1.2-1.2]   Dedup: 1.2->[]
I20260608 09:57:45.550432 29692 raft_consensus.cc:1217] T fdd8e2e71d4d4a3dbd8e7050acf28045 P 75378e64c8ba4756830189b3ba01dbc1 [term 1 LEARNER]: Deduplicated request from leader. Original: 1.1->[1.2-1.2]   Dedup: 1.2->[]
I20260608 09:57:45.597872 29692 raft_consensus.cc:1217] T 0274614cb4fb4e8695566e19893c266c P 75378e64c8ba4756830189b3ba01dbc1 [term 2 LEARNER]: Deduplicated request from leader. Original: 2.2->[2.3-2.3]   Dedup: 2.3->[]
I20260608 09:57:45.960600 29960 raft_consensus.cc:1064] T 96156ab5e6fd4db59bd8c57d7a98d6e7 P 1930fdcb025f496c979deffe29f5ae8b: attempting to promote NON_VOTER 231cc813c56243749ef4d6d3695f20f1 to VOTER
I20260608 09:57:45.963027 29960 consensus_queue.cc:237] T 96156ab5e6fd4db59bd8c57d7a98d6e7 P 1930fdcb025f496c979deffe29f5ae8b [LEADER]: Queue going to LEADER mode. State: All replicated index: 0, Majority replicated index: 2, Committed index: 2, Last appended: 1.2, Last appended by leader: 0, Current term: 1, Majority size: 3, State: 0, Mode: LEADER, active raft config: opid_index: 3 OBSOLETE_local: false peers { permanent_uuid: "75378e64c8ba4756830189b3ba01dbc1" member_type: VOTER last_known_addr { host: "127.25.187.196" port: 43867 } attrs { replace: true } } peers { permanent_uuid: "1930fdcb025f496c979deffe29f5ae8b" member_type: VOTER last_known_addr { host: "127.25.187.195" port: 35081 } } peers { permanent_uuid: "b258162d49a64880a13921fc823c359b" member_type: VOTER last_known_addr { host: "127.25.187.193" port: 35849 } } peers { permanent_uuid: "231cc813c56243749ef4d6d3695f20f1" member_type: VOTER last_known_addr { host: "127.25.187.194" port: 37275 } attrs { promote: false } }
I20260608 09:57:45.971201 29465 raft_consensus.cc:1275] T 96156ab5e6fd4db59bd8c57d7a98d6e7 P 231cc813c56243749ef4d6d3695f20f1 [term 1 LEARNER]: Refusing update from remote peer 1930fdcb025f496c979deffe29f5ae8b: Log matching property violated. Preceding OpId in replica: term: 1 index: 2. Preceding OpId from leader: term: 1 index: 3. (index mismatch)
I20260608 09:57:45.973193 29392 raft_consensus.cc:1275] T 96156ab5e6fd4db59bd8c57d7a98d6e7 P b258162d49a64880a13921fc823c359b [term 1 FOLLOWER]: Refusing update from remote peer 1930fdcb025f496c979deffe29f5ae8b: Log matching property violated. Preceding OpId in replica: term: 1 index: 2. Preceding OpId from leader: term: 1 index: 3. (index mismatch)
I20260608 09:57:45.973420 29960 consensus_queue.cc:1048] T 96156ab5e6fd4db59bd8c57d7a98d6e7 P 1930fdcb025f496c979deffe29f5ae8b [LEADER]: Connected to new peer: Peer: permanent_uuid: "231cc813c56243749ef4d6d3695f20f1" member_type: VOTER last_known_addr { host: "127.25.187.194" port: 37275 } attrs { promote: false }, Status: LMP_MISMATCH, Last received: 0.0, Next index: 3, Last known committed idx: 2, Time since last communication: 0.000s
I20260608 09:57:45.973817 29692 raft_consensus.cc:1275] T 96156ab5e6fd4db59bd8c57d7a98d6e7 P 75378e64c8ba4756830189b3ba01dbc1 [term 1 FOLLOWER]: Refusing update from remote peer 1930fdcb025f496c979deffe29f5ae8b: Log matching property violated. Preceding OpId in replica: term: 1 index: 2. Preceding OpId from leader: term: 1 index: 3. (index mismatch)
