I20260608 09:58:14.774082  8889 leader_election.cc:290] T 59411fc5fe0344b086b7c5770f9c6528 P 10fee0438b8245babff8f0e1110b1f2f [CANDIDATE]: Term 1 pre-election: Requested pre-vote from peers 0d9993c8e94649e5a871f99f94f8fc7a (127.4.6.66:46163), 90545d0186674457b06a7f7c44630c66 (127.4.6.67:43811)
I20260608 09:58:14.776328  8839 tablet_service.cc:1917] Received RequestConsensusVote() RPC: tablet_id: "59411fc5fe0344b086b7c5770f9c6528" candidate_uuid: "10fee0438b8245babff8f0e1110b1f2f" candidate_term: 1 candidate_status { last_received { term: 0 index: 0 } } ignore_live_leader: false dest_uuid: "90545d0186674457b06a7f7c44630c66" is_pre_election: true
I20260608 09:58:14.777102  8928 raft_consensus.cc:515] T 83ab031fa78b4cdd9d21d0191b3ac72b P 90545d0186674457b06a7f7c44630c66 [term 0 FOLLOWER]: Starting pre-election with config: opid_index: -1 OBSOLETE_local: false peers { permanent_uuid: "10fee0438b8245babff8f0e1110b1f2f" member_type: VOTER last_known_addr { host: "127.4.6.65" port: 45365 } } peers { permanent_uuid: "0d9993c8e94649e5a871f99f94f8fc7a" member_type: VOTER last_known_addr { host: "127.4.6.66" port: 46163 } } peers { permanent_uuid: "90545d0186674457b06a7f7c44630c66" member_type: VOTER last_known_addr { host: "127.4.6.67" port: 43811 } }
W20260608 09:58:14.778723  8654 leader_election.cc:343] T 59411fc5fe0344b086b7c5770f9c6528 P 10fee0438b8245babff8f0e1110b1f2f [CANDIDATE]: Term 1 pre-election: Tablet error from VoteRequest() call to peer 90545d0186674457b06a7f7c44630c66 (127.4.6.67:43811): Illegal state: must be running to vote when last-logged opid is not known
I20260608 09:58:14.780391  8691 tablet_service.cc:1917] Received RequestConsensusVote() RPC: tablet_id: "83ab031fa78b4cdd9d21d0191b3ac72b" candidate_uuid: "90545d0186674457b06a7f7c44630c66" candidate_term: 1 candidate_status { last_received { term: 0 index: 0 } } ignore_live_leader: false dest_uuid: "10fee0438b8245babff8f0e1110b1f2f" is_pre_election: true
I20260608 09:58:14.776412  8766 tablet_service.cc:1917] Received RequestConsensusVote() RPC: tablet_id: "59411fc5fe0344b086b7c5770f9c6528" candidate_uuid: "10fee0438b8245babff8f0e1110b1f2f" candidate_term: 1 candidate_status { last_received { term: 0 index: 0 } } ignore_live_leader: false dest_uuid: "0d9993c8e94649e5a871f99f94f8fc7a" is_pre_election: true
I20260608 09:58:14.781100  8691 raft_consensus.cc:2468] T 83ab031fa78b4cdd9d21d0191b3ac72b P 10fee0438b8245babff8f0e1110b1f2f [term 0 FOLLOWER]: Leader pre-election vote request: Granting yes vote for candidate 90545d0186674457b06a7f7c44630c66 in term 0.
I20260608 09:58:14.781773  8766 raft_consensus.cc:2468] T 59411fc5fe0344b086b7c5770f9c6528 P 0d9993c8e94649e5a871f99f94f8fc7a [term 0 FOLLOWER]: Leader pre-election vote request: Granting yes vote for candidate 10fee0438b8245babff8f0e1110b1f2f in term 0.
I20260608 09:58:14.781034  8586 catalog_manager.cc:5696] T 79dab9b6b5124e49a64a71cd98968f14 P 90545d0186674457b06a7f7c44630c66 reported cstate change: term changed from 0 to 1, leader changed from <none> to 90545d0186674457b06a7f7c44630c66 (127.4.6.67). New cstate: current_term: 1 leader_uuid: "90545d0186674457b06a7f7c44630c66" committed_config { opid_index: -1 OBSOLETE_local: false peers { permanent_uuid: "10fee0438b8245babff8f0e1110b1f2f" member_type: VOTER last_known_addr { host: "127.4.6.65" port: 45365 } health_report { overall_health: UNKNOWN } } peers { permanent_uuid: "0d9993c8e94649e5a871f99f94f8fc7a" member_type: VOTER last_known_addr { host: "127.4.6.66" port: 46163 } health_report { overall_health: UNKNOWN } } peers { permanent_uuid: "90545d0186674457b06a7f7c44630c66" member_type: VOTER last_known_addr { host: "127.4.6.67" port: 43811 } health_report { overall_health: HEALTHY } } }
I20260608 09:58:14.782624  8806 leader_election.cc:304] T 83ab031fa78b4cdd9d21d0191b3ac72b P 90545d0186674457b06a7f7c44630c66 [CANDIDATE]: Term 1 pre-election: Election decided. Result: candidate won. Election summary: received 2 responses out of 3 voters: 2 yes votes; 0 no votes. yes voters: 10fee0438b8245babff8f0e1110b1f2f, 90545d0186674457b06a7f7c44630c66; no voters: 
I20260608 09:58:14.784437  8654 leader_election.cc:304] T 59411fc5fe0344b086b7c5770f9c6528 P 10fee0438b8245babff8f0e1110b1f2f [CANDIDATE]: Term 1 pre-election: Election decided. Result: candidate won. Election summary: received 3 responses out of 3 voters: 2 yes votes; 1 no votes. yes voters: 0d9993c8e94649e5a871f99f94f8fc7a, 10fee0438b8245babff8f0e1110b1f2f; no voters: 90545d0186674457b06a7f7c44630c66
I20260608 09:58:14.777132  8884 raft_consensus.cc:359] T a98cb5c36ab0418b94a9210463c1bb96 P 10fee0438b8245babff8f0e1110b1f2f [term 0 FOLLOWER]: Replica starting. Triggering 0 pending ops. Active config: opid_index: -1 OBSOLETE_local: false peers { permanent_uuid: "10fee0438b8245babff8f0e1110b1f2f" member_type: VOTER last_known_addr { host: "127.4.6.65" port: 45365 } } peers { permanent_uuid: "0d9993c8e94649e5a871f99f94f8fc7a" member_type: VOTER last_known_addr { host: "127.4.6.66" port: 46163 } } peers { permanent_uuid: "90545d0186674457b06a7f7c44630c66" member_type: VOTER last_known_addr { host: "127.4.6.67" port: 43811 } }
I20260608 09:58:14.786231  8884 raft_consensus.cc:385] T a98cb5c36ab0418b94a9210463c1bb96 P 10fee0438b8245babff8f0e1110b1f2f [term 0 FOLLOWER]: Consensus starting up: Expiring failure detector timer to make a prompt election more likely
I20260608 09:58:14.786536  8884 raft_consensus.cc:740] T a98cb5c36ab0418b94a9210463c1bb96 P 10fee0438b8245babff8f0e1110b1f2f [term 0 FOLLOWER]: Becoming Follower/Learner. State: Replica: 10fee0438b8245babff8f0e1110b1f2f, State: Initialized, Role: FOLLOWER
I20260608 09:58:14.787335  8884 consensus_queue.cc:260] T a98cb5c36ab0418b94a9210463c1bb96 P 10fee0438b8245babff8f0e1110b1f2f [NON_LEADER]: Queue going to NON_LEADER mode. State: All replicated index: 0, Majority replicated index: 0, Committed index: 0, Last appended: 0.0, Last appended by leader: 0, Current term: 0, Majority size: -1, State: 0, Mode: NON_LEADER, active raft config: opid_index: -1 OBSOLETE_local: false peers { permanent_uuid: "10fee0438b8245babff8f0e1110b1f2f" member_type: VOTER last_known_addr { host: "127.4.6.65" port: 45365 } } peers { permanent_uuid: "0d9993c8e94649e5a871f99f94f8fc7a" member_type: VOTER last_known_addr { host: "127.4.6.66" port: 46163 } } peers { permanent_uuid: "90545d0186674457b06a7f7c44630c66" member_type: VOTER last_known_addr { host: "127.4.6.67" port: 43811 } }
I20260608 09:58:14.789846  8885 ts_tablet_manager.cc:1403] T a98cb5c36ab0418b94a9210463c1bb96 P 0d9993c8e94649e5a871f99f94f8fc7a: Time spent bootstrapping tablet: real 0.100s	user 0.028s	sys 0.039s
I20260608 09:58:14.790001  8884 ts_tablet_manager.cc:1434] T a98cb5c36ab0418b94a9210463c1bb96 P 10fee0438b8245babff8f0e1110b1f2f: Time spent starting tablet: real 0.016s	user 0.008s	sys 0.000s
I20260608 09:58:14.792016  8884 tablet_bootstrap.cc:492] T 4bccc769162b4453ae9971e69fb367f3 P 10fee0438b8245babff8f0e1110b1f2f: Bootstrap starting.
I20260608 09:58:14.795084  8885 raft_consensus.cc:359] T a98cb5c36ab0418b94a9210463c1bb96 P 0d9993c8e94649e5a871f99f94f8fc7a [term 0 FOLLOWER]: Replica starting. Triggering 0 pending ops. Active config: opid_index: -1 OBSOLETE_local: false peers { permanent_uuid: "10fee0438b8245babff8f0e1110b1f2f" member_type: VOTER last_known_addr { host: "127.4.6.65" port: 45365 } } peers { permanent_uuid: "0d9993c8e94649e5a871f99f94f8fc7a" member_type: VOTER last_known_addr { host: "127.4.6.66" port: 46163 } } peers { permanent_uuid: "90545d0186674457b06a7f7c44630c66" member_type: VOTER last_known_addr { host: "127.4.6.67" port: 43811 } }
I20260608 09:58:14.781136  8886 tablet_bootstrap.cc:654] T 59411fc5fe0344b086b7c5770f9c6528 P 90545d0186674457b06a7f7c44630c66: Neither blocks nor log segments found. Creating new log.
I20260608 09:58:14.798055  8884 tablet_bootstrap.cc:654] T 4bccc769162b4453ae9971e69fb367f3 P 10fee0438b8245babff8f0e1110b1f2f: Neither blocks nor log segments found. Creating new log.
I20260608 09:58:14.785837  8889 raft_consensus.cc:2804] T 59411fc5fe0344b086b7c5770f9c6528 P 10fee0438b8245babff8f0e1110b1f2f [term 0 FOLLOWER]: Leader pre-election won for term 1
I20260608 09:58:14.801079  8889 raft_consensus.cc:493] T 59411fc5fe0344b086b7c5770f9c6528 P 10fee0438b8245babff8f0e1110b1f2f [term 0 FOLLOWER]: Starting leader election (no leader contacted us within the election timeout)
I20260608 09:58:14.801549  8889 raft_consensus.cc:3060] T 59411fc5fe0344b086b7c5770f9c6528 P 10fee0438b8245babff8f0e1110b1f2f [term 0 FOLLOWER]: Advancing to term 1
I20260608 09:58:14.798514  8885 raft_consensus.cc:385] T a98cb5c36ab0418b94a9210463c1bb96 P 0d9993c8e94649e5a871f99f94f8fc7a [term 0 FOLLOWER]: Consensus starting up: Expiring failure detector timer to make a prompt election more likely
I20260608 09:58:14.804755  8885 raft_consensus.cc:740] T a98cb5c36ab0418b94a9210463c1bb96 P 0d9993c8e94649e5a871f99f94f8fc7a [term 0 FOLLOWER]: Becoming Follower/Learner. State: Replica: 0d9993c8e94649e5a871f99f94f8fc7a, State: Initialized, Role: FOLLOWER
I20260608 09:58:14.805893  8925 raft_consensus.cc:2804] T 83ab031fa78b4cdd9d21d0191b3ac72b P 90545d0186674457b06a7f7c44630c66 [term 0 FOLLOWER]: Leader pre-election won for term 1
I20260608 09:58:14.806192  8885 consensus_queue.cc:260] T a98cb5c36ab0418b94a9210463c1bb96 P 0d9993c8e94649e5a871f99f94f8fc7a [NON_LEADER]: Queue going to NON_LEADER mode. State: All replicated index: 0, Majority replicated index: 0, Committed index: 0, Last appended: 0.0, Last appended by leader: 0, Current term: 0, Majority size: -1, State: 0, Mode: NON_LEADER, active raft config: opid_index: -1 OBSOLETE_local: false peers { permanent_uuid: "10fee0438b8245babff8f0e1110b1f2f" member_type: VOTER last_known_addr { host: "127.4.6.65" port: 45365 } } peers { permanent_uuid: "0d9993c8e94649e5a871f99f94f8fc7a" member_type: VOTER last_known_addr { host: "127.4.6.66" port: 46163 } } peers { permanent_uuid: "90545d0186674457b06a7f7c44630c66" member_type: VOTER last_known_addr { host: "127.4.6.67" port: 43811 } }
I20260608 09:58:14.806306  8925 raft_consensus.cc:493] T 83ab031fa78b4cdd9d21d0191b3ac72b P 90545d0186674457b06a7f7c44630c66 [term 0 FOLLOWER]: Starting leader election (no leader contacted us within the election timeout)
I20260608 09:58:14.807943  8910 consensus_queue.cc:1048] T d98cb32bfb6b4c429d50c37d54663491 P 0d9993c8e94649e5a871f99f94f8fc7a [LEADER]: Connected to new peer: Peer: permanent_uuid: "90545d0186674457b06a7f7c44630c66" member_type: VOTER last_known_addr { host: "127.4.6.67" port: 43811 }, Status: LMP_MISMATCH, Last received: 0.0, Next index: 1, Last known committed idx: 0, Time since last communication: 0.000s
I20260608 09:58:14.808518  8925 raft_consensus.cc:3060] T 83ab031fa78b4cdd9d21d0191b3ac72b P 90545d0186674457b06a7f7c44630c66 [term 0 FOLLOWER]: Advancing to term 1
I20260608 09:58:14.809172  8885 ts_tablet_manager.cc:1434] T a98cb5c36ab0418b94a9210463c1bb96 P 0d9993c8e94649e5a871f99f94f8fc7a: Time spent starting tablet: real 0.018s	user 0.005s	sys 0.002s
I20260608 09:58:14.807996  8912 raft_consensus.cc:493] T 65cda8c925bd4e30a01c202d25bf9f52 P 10fee0438b8245babff8f0e1110b1f2f [term 0 FOLLOWER]: Starting pre-election (no leader contacted us within the election timeout)
I20260608 09:58:14.815246  8912 raft_consensus.cc:515] T 65cda8c925bd4e30a01c202d25bf9f52 P 10fee0438b8245babff8f0e1110b1f2f [term 0 FOLLOWER]: Starting pre-election with config: opid_index: -1 OBSOLETE_local: false peers { permanent_uuid: "10fee0438b8245babff8f0e1110b1f2f" member_type: VOTER last_known_addr { host: "127.4.6.65" port: 45365 } } peers { permanent_uuid: "0d9993c8e94649e5a871f99f94f8fc7a" member_type: VOTER last_known_addr { host: "127.4.6.66" port: 46163 } } peers { permanent_uuid: "90545d0186674457b06a7f7c44630c66" member_type: VOTER last_known_addr { host: "127.4.6.67" port: 43811 } }
I20260608 09:58:14.827905  8912 leader_election.cc:290] T 65cda8c925bd4e30a01c202d25bf9f52 P 10fee0438b8245babff8f0e1110b1f2f [CANDIDATE]: Term 1 pre-election: Requested pre-vote from peers 0d9993c8e94649e5a871f99f94f8fc7a (127.4.6.66:46163), 90545d0186674457b06a7f7c44630c66 (127.4.6.67:43811)
I20260608 09:58:14.828028  8925 raft_consensus.cc:515] T 83ab031fa78b4cdd9d21d0191b3ac72b P 90545d0186674457b06a7f7c44630c66 [term 1 FOLLOWER]: Starting leader election with config: opid_index: -1 OBSOLETE_local: false peers { permanent_uuid: "10fee0438b8245babff8f0e1110b1f2f" member_type: VOTER last_known_addr { host: "127.4.6.65" port: 45365 } } peers { permanent_uuid: "0d9993c8e94649e5a871f99f94f8fc7a" member_type: VOTER last_known_addr { host: "127.4.6.66" port: 46163 } } peers { permanent_uuid: "90545d0186674457b06a7f7c44630c66" member_type: VOTER last_known_addr { host: "127.4.6.67" port: 43811 } }
I20260608 09:58:14.831517  8691 tablet_service.cc:1917] Received RequestConsensusVote() RPC: tablet_id: "83ab031fa78b4cdd9d21d0191b3ac72b" candidate_uuid: "90545d0186674457b06a7f7c44630c66" candidate_term: 1 candidate_status { last_received { term: 0 index: 0 } } ignore_live_leader: false dest_uuid: "10fee0438b8245babff8f0e1110b1f2f"
I20260608 09:58:14.832223  8691 raft_consensus.cc:3060] T 83ab031fa78b4cdd9d21d0191b3ac72b P 10fee0438b8245babff8f0e1110b1f2f [term 0 FOLLOWER]: Advancing to term 1
I20260608 09:58:14.831985  8889 raft_consensus.cc:515] T 59411fc5fe0344b086b7c5770f9c6528 P 10fee0438b8245babff8f0e1110b1f2f [term 1 FOLLOWER]: Starting leader election with config: opid_index: -1 OBSOLETE_local: false peers { permanent_uuid: "10fee0438b8245babff8f0e1110b1f2f" member_type: VOTER last_known_addr { host: "127.4.6.65" port: 45365 } } peers { permanent_uuid: "0d9993c8e94649e5a871f99f94f8fc7a" member_type: VOTER last_known_addr { host: "127.4.6.66" port: 46163 } } peers { permanent_uuid: "90545d0186674457b06a7f7c44630c66" member_type: VOTER last_known_addr { host: "127.4.6.67" port: 43811 } }
I20260608 09:58:14.834472  8889 leader_election.cc:290] T 59411fc5fe0344b086b7c5770f9c6528 P 10fee0438b8245babff8f0e1110b1f2f [CANDIDATE]: Term 1 election: Requested vote from peers 0d9993c8e94649e5a871f99f94f8fc7a (127.4.6.66:46163), 90545d0186674457b06a7f7c44630c66 (127.4.6.67:43811)
I20260608 09:58:14.837144  8928 leader_election.cc:290] T 83ab031fa78b4cdd9d21d0191b3ac72b P 90545d0186674457b06a7f7c44630c66 [CANDIDATE]: Term 1 pre-election: Requested pre-vote from peers 10fee0438b8245babff8f0e1110b1f2f (127.4.6.65:45365), 0d9993c8e94649e5a871f99f94f8fc7a (127.4.6.66:46163)
I20260608 09:58:14.837585  8886 tablet_bootstrap.cc:492] T 59411fc5fe0344b086b7c5770f9c6528 P 90545d0186674457b06a7f7c44630c66: No bootstrap required, opened a new log
I20260608 09:58:14.837218  8884 tablet_bootstrap.cc:492] T 4bccc769162b4453ae9971e69fb367f3 P 10fee0438b8245babff8f0e1110b1f2f: No bootstrap required, opened a new log
I20260608 09:58:14.838201  8886 ts_tablet_manager.cc:1403] T 59411fc5fe0344b086b7c5770f9c6528 P 90545d0186674457b06a7f7c44630c66: Time spent bootstrapping tablet: real 0.084s	user 0.007s	sys 0.006s
I20260608 09:58:14.838279  8884 ts_tablet_manager.cc:1403] T 4bccc769162b4453ae9971e69fb367f3 P 10fee0438b8245babff8f0e1110b1f2f: Time spent bootstrapping tablet: real 0.047s	user 0.011s	sys 0.005s
I20260608 09:58:14.838253  8766 tablet_service.cc:1917] Received RequestConsensusVote() RPC: tablet_id: "83ab031fa78b4cdd9d21d0191b3ac72b" candidate_uuid: "90545d0186674457b06a7f7c44630c66" candidate_term: 1 candidate_status { last_received { term: 0 index: 0 } } ignore_live_leader: false dest_uuid: "0d9993c8e94649e5a871f99f94f8fc7a" is_pre_election: true
I20260608 09:58:14.839975  8766 raft_consensus.cc:2468] T 83ab031fa78b4cdd9d21d0191b3ac72b P 0d9993c8e94649e5a871f99f94f8fc7a [term 0 FOLLOWER]: Leader pre-election vote request: Granting yes vote for candidate 90545d0186674457b06a7f7c44630c66 in term 0.
I20260608 09:58:14.842998  8886 raft_consensus.cc:359] T 59411fc5fe0344b086b7c5770f9c6528 P 90545d0186674457b06a7f7c44630c66 [term 0 FOLLOWER]: Replica starting. Triggering 0 pending ops. Active config: opid_index: -1 OBSOLETE_local: false peers { permanent_uuid: "10fee0438b8245babff8f0e1110b1f2f" member_type: VOTER last_known_addr { host: "127.4.6.65" port: 45365 } } peers { permanent_uuid: "0d9993c8e94649e5a871f99f94f8fc7a" member_type: VOTER last_known_addr { host: "127.4.6.66" port: 46163 } } peers { permanent_uuid: "90545d0186674457b06a7f7c44630c66" member_type: VOTER last_known_addr { host: "127.4.6.67" port: 43811 } }
I20260608 09:58:14.844273  8886 raft_consensus.cc:385] T 59411fc5fe0344b086b7c5770f9c6528 P 90545d0186674457b06a7f7c44630c66 [term 0 FOLLOWER]: Consensus starting up: Expiring failure detector timer to make a prompt election more likely
I20260608 09:58:14.844656  8886 raft_consensus.cc:740] T 59411fc5fe0344b086b7c5770f9c6528 P 90545d0186674457b06a7f7c44630c66 [term 0 FOLLOWER]: Becoming Follower/Learner. State: Replica: 90545d0186674457b06a7f7c44630c66, State: Initialized, Role: FOLLOWER
I20260608 09:58:14.845690  8884 raft_consensus.cc:359] T 4bccc769162b4453ae9971e69fb367f3 P 10fee0438b8245babff8f0e1110b1f2f [term 0 FOLLOWER]: Replica starting. Triggering 0 pending ops. Active config: opid_index: -1 OBSOLETE_local: false peers { permanent_uuid: "10fee0438b8245babff8f0e1110b1f2f" member_type: VOTER last_known_addr { host: "127.4.6.65" port: 45365 } } peers { permanent_uuid: "0d9993c8e94649e5a871f99f94f8fc7a" member_type: VOTER last_known_addr { host: "127.4.6.66" port: 46163 } } peers { permanent_uuid: "90545d0186674457b06a7f7c44630c66" member_type: VOTER last_known_addr { host: "127.4.6.67" port: 43811 } }
I20260608 09:58:14.846772  8884 raft_consensus.cc:385] T 4bccc769162b4453ae9971e69fb367f3 P 10fee0438b8245babff8f0e1110b1f2f [term 0 FOLLOWER]: Consensus starting up: Expiring failure detector timer to make a prompt election more likely
I20260608 09:58:14.847146  8884 raft_consensus.cc:740] T 4bccc769162b4453ae9971e69fb367f3 P 10fee0438b8245babff8f0e1110b1f2f [term 0 FOLLOWER]: Becoming Follower/Learner. State: Replica: 10fee0438b8245babff8f0e1110b1f2f, State: Initialized, Role: FOLLOWER
I20260608 09:58:14.848400  8766 tablet_service.cc:1917] Received RequestConsensusVote() RPC: tablet_id: "83ab031fa78b4cdd9d21d0191b3ac72b" candidate_uuid: "90545d0186674457b06a7f7c44630c66" candidate_term: 1 candidate_status { last_received { term: 0 index: 0 } } ignore_live_leader: false dest_uuid: "0d9993c8e94649e5a871f99f94f8fc7a"
I20260608 09:58:14.848140  8884 consensus_queue.cc:260] T 4bccc769162b4453ae9971e69fb367f3 P 10fee0438b8245babff8f0e1110b1f2f [NON_LEADER]: Queue going to NON_LEADER mode. State: All replicated index: 0, Majority replicated index: 0, Committed index: 0, Last appended: 0.0, Last appended by leader: 0, Current term: 0, Majority size: -1, State: 0, Mode: NON_LEADER, active raft config: opid_index: -1 OBSOLETE_local: false peers { permanent_uuid: "10fee0438b8245babff8f0e1110b1f2f" member_type: VOTER last_known_addr { host: "127.4.6.65" port: 45365 } } peers { permanent_uuid: "0d9993c8e94649e5a871f99f94f8fc7a" member_type: VOTER last_known_addr { host: "127.4.6.66" port: 46163 } } peers { permanent_uuid: "90545d0186674457b06a7f7c44630c66" member_type: VOTER last_known_addr { host: "127.4.6.67" port: 43811 } }
I20260608 09:58:14.849030  8766 raft_consensus.cc:3060] T 83ab031fa78b4cdd9d21d0191b3ac72b P 0d9993c8e94649e5a871f99f94f8fc7a [term 0 FOLLOWER]: Advancing to term 1
I20260608 09:58:14.851107  8884 ts_tablet_manager.cc:1434] T 4bccc769162b4453ae9971e69fb367f3 P 10fee0438b8245babff8f0e1110b1f2f: Time spent starting tablet: real 0.012s	user 0.007s	sys 0.000s
I20260608 09:58:14.845813  8886 consensus_queue.cc:260] T 59411fc5fe0344b086b7c5770f9c6528 P 90545d0186674457b06a7f7c44630c66 [NON_LEADER]: Queue going to NON_LEADER mode. State: All replicated index: 0, Majority replicated index: 0, Committed index: 0, Last appended: 0.0, Last appended by leader: 0, Current term: 0, Majority size: -1, State: 0, Mode: NON_LEADER, active raft config: opid_index: -1 OBSOLETE_local: false peers { permanent_uuid: "10fee0438b8245babff8f0e1110b1f2f" member_type: VOTER last_known_addr { host: "127.4.6.65" port: 45365 } } peers { permanent_uuid: "0d9993c8e94649e5a871f99f94f8fc7a" member_type: VOTER last_known_addr { host: "127.4.6.66" port: 46163 } } peers { permanent_uuid: "90545d0186674457b06a7f7c44630c66" member_type: VOTER last_known_addr { host: "127.4.6.67" port: 43811 } }
I20260608 09:58:14.853663  8886 ts_tablet_manager.cc:1434] T 59411fc5fe0344b086b7c5770f9c6528 P 90545d0186674457b06a7f7c44630c66: Time spent starting tablet: real 0.015s	user 0.007s	sys 0.000s
I20260608 09:58:14.854831  8691 raft_consensus.cc:2468] T 83ab031fa78b4cdd9d21d0191b3ac72b P 10fee0438b8245babff8f0e1110b1f2f [term 1 FOLLOWER]: Leader election vote request: Granting yes vote for candidate 90545d0186674457b06a7f7c44630c66 in term 1.
I20260608 09:58:14.857044  8840 tablet_service.cc:1917] Received RequestConsensusVote() RPC: tablet_id: "65cda8c925bd4e30a01c202d25bf9f52" candidate_uuid: "10fee0438b8245babff8f0e1110b1f2f" candidate_term: 1 candidate_status { last_received { term: 0 index: 0 } } ignore_live_leader: false dest_uuid: "90545d0186674457b06a7f7c44630c66" is_pre_election: true
I20260608 09:58:14.857129  8765 tablet_service.cc:1917] Received RequestConsensusVote() RPC: tablet_id: "65cda8c925bd4e30a01c202d25bf9f52" candidate_uuid: "10fee0438b8245babff8f0e1110b1f2f" candidate_term: 1 candidate_status { last_received { term: 0 index: 0 } } ignore_live_leader: false dest_uuid: "0d9993c8e94649e5a871f99f94f8fc7a" is_pre_election: true
I20260608 09:58:14.857725  8840 raft_consensus.cc:2468] T 65cda8c925bd4e30a01c202d25bf9f52 P 90545d0186674457b06a7f7c44630c66 [term 0 FOLLOWER]: Leader pre-election vote request: Granting yes vote for candidate 10fee0438b8245babff8f0e1110b1f2f in term 0.
I20260608 09:58:14.858019  8765 raft_consensus.cc:2468] T 65cda8c925bd4e30a01c202d25bf9f52 P 0d9993c8e94649e5a871f99f94f8fc7a [term 0 FOLLOWER]: Leader pre-election vote request: Granting yes vote for candidate 10fee0438b8245babff8f0e1110b1f2f in term 0.
I20260608 09:58:14.860523  8806 leader_election.cc:304] T 83ab031fa78b4cdd9d21d0191b3ac72b P 90545d0186674457b06a7f7c44630c66 [CANDIDATE]: Term 1 election: Election decided. Result: candidate won. Election summary: received 2 responses out of 3 voters: 2 yes votes; 0 no votes. yes voters: 10fee0438b8245babff8f0e1110b1f2f, 90545d0186674457b06a7f7c44630c66; no voters: 
I20260608 09:58:14.861224  8766 raft_consensus.cc:2468] T 83ab031fa78b4cdd9d21d0191b3ac72b P 0d9993c8e94649e5a871f99f94f8fc7a [term 1 FOLLOWER]: Leader election vote request: Granting yes vote for candidate 90545d0186674457b06a7f7c44630c66 in term 1.
I20260608 09:58:14.861693  8928 raft_consensus.cc:2804] T 83ab031fa78b4cdd9d21d0191b3ac72b P 90545d0186674457b06a7f7c44630c66 [term 1 FOLLOWER]: Leader election won for term 1
I20260608 09:58:14.862080  8925 leader_election.cc:290] T 83ab031fa78b4cdd9d21d0191b3ac72b P 90545d0186674457b06a7f7c44630c66 [CANDIDATE]: Term 1 election: Requested vote from peers 10fee0438b8245babff8f0e1110b1f2f (127.4.6.65:45365), 0d9993c8e94649e5a871f99f94f8fc7a (127.4.6.66:46163)
I20260608 09:58:14.862114  8765 tablet_service.cc:1917] Received RequestConsensusVote() RPC: tablet_id: "59411fc5fe0344b086b7c5770f9c6528" candidate_uuid: "10fee0438b8245babff8f0e1110b1f2f" candidate_term: 1 candidate_status { last_received { term: 0 index: 0 } } ignore_live_leader: false dest_uuid: "0d9993c8e94649e5a871f99f94f8fc7a"
I20260608 09:58:14.863046  8765 raft_consensus.cc:3060] T 59411fc5fe0344b086b7c5770f9c6528 P 0d9993c8e94649e5a871f99f94f8fc7a [term 0 FOLLOWER]: Advancing to term 1
I20260608 09:58:14.862223  8928 raft_consensus.cc:697] T 83ab031fa78b4cdd9d21d0191b3ac72b P 90545d0186674457b06a7f7c44630c66 [term 1 LEADER]: Becoming Leader. State: Replica: 90545d0186674457b06a7f7c44630c66, State: Running, Role: LEADER
I20260608 09:58:14.864523  8928 consensus_queue.cc:237] T 83ab031fa78b4cdd9d21d0191b3ac72b P 90545d0186674457b06a7f7c44630c66 [LEADER]: Queue going to LEADER mode. State: All replicated index: 0, Majority replicated index: 0, Committed index: 0, Last appended: 0.0, Last appended by leader: 0, Current term: 1, Majority size: 2, State: 0, Mode: LEADER, active raft config: opid_index: -1 OBSOLETE_local: false peers { permanent_uuid: "10fee0438b8245babff8f0e1110b1f2f" member_type: VOTER last_known_addr { host: "127.4.6.65" port: 45365 } } peers { permanent_uuid: "0d9993c8e94649e5a871f99f94f8fc7a" member_type: VOTER last_known_addr { host: "127.4.6.66" port: 46163 } } peers { permanent_uuid: "90545d0186674457b06a7f7c44630c66" member_type: VOTER last_known_addr { host: "127.4.6.67" port: 43811 } }
I20260608 09:58:14.867619  8840 tablet_service.cc:1917] Received RequestConsensusVote() RPC: tablet_id: "59411fc5fe0344b086b7c5770f9c6528" candidate_uuid: "10fee0438b8245babff8f0e1110b1f2f" candidate_term: 1 candidate_status { last_received { term: 0 index: 0 } } ignore_live_leader: false dest_uuid: "90545d0186674457b06a7f7c44630c66"
I20260608 09:58:14.868305  8840 raft_consensus.cc:3060] T 59411fc5fe0344b086b7c5770f9c6528 P 90545d0186674457b06a7f7c44630c66 [term 0 FOLLOWER]: Advancing to term 1
I20260608 09:58:14.873000  8765 raft_consensus.cc:2468] T 59411fc5fe0344b086b7c5770f9c6528 P 0d9993c8e94649e5a871f99f94f8fc7a [term 1 FOLLOWER]: Leader election vote request: Granting yes vote for candidate 10fee0438b8245babff8f0e1110b1f2f in term 1.
I20260608 09:58:14.873538  8654 leader_election.cc:304] T 65cda8c925bd4e30a01c202d25bf9f52 P 10fee0438b8245babff8f0e1110b1f2f [CANDIDATE]: Term 1 pre-election: Election decided. Result: candidate won. Election summary: received 2 responses out of 3 voters: 2 yes votes; 0 no votes. yes voters: 0d9993c8e94649e5a871f99f94f8fc7a, 10fee0438b8245babff8f0e1110b1f2f; no voters: 
I20260608 09:58:14.874651  8889 raft_consensus.cc:2804] T 65cda8c925bd4e30a01c202d25bf9f52 P 10fee0438b8245babff8f0e1110b1f2f [term 0 FOLLOWER]: Leader pre-election won for term 1
I20260608 09:58:14.875089  8889 raft_consensus.cc:493] T 65cda8c925bd4e30a01c202d25bf9f52 P 10fee0438b8245babff8f0e1110b1f2f [term 0 FOLLOWER]: Starting leader election (no leader contacted us within the election timeout)
I20260608 09:58:14.875450  8889 raft_consensus.cc:3060] T 65cda8c925bd4e30a01c202d25bf9f52 P 10fee0438b8245babff8f0e1110b1f2f [term 0 FOLLOWER]: Advancing to term 1
I20260608 09:58:14.875757  8955 consensus_queue.cc:1048] T cc5905c57b9e4e73a60b2bd0ee3f2d1e P 10fee0438b8245babff8f0e1110b1f2f [LEADER]: Connected to new peer: Peer: permanent_uuid: "90545d0186674457b06a7f7c44630c66" member_type: VOTER last_known_addr { host: "127.4.6.67" port: 43811 }, Status: LMP_MISMATCH, Last received: 0.0, Next index: 1, Last known committed idx: 0, Time since last communication: 0.001s
I20260608 09:58:14.876034  8840 raft_consensus.cc:2468] T 59411fc5fe0344b086b7c5770f9c6528 P 90545d0186674457b06a7f7c44630c66 [term 1 FOLLOWER]: Leader election vote request: Granting yes vote for candidate 10fee0438b8245babff8f0e1110b1f2f in term 1.
I20260608 09:58:14.877938  8654 leader_election.cc:304] T 59411fc5fe0344b086b7c5770f9c6528 P 10fee0438b8245babff8f0e1110b1f2f [CANDIDATE]: Term 1 election: Election decided. Result: candidate won. Election summary: received 2 responses out of 3 voters: 2 yes votes; 0 no votes. yes voters: 0d9993c8e94649e5a871f99f94f8fc7a, 10fee0438b8245babff8f0e1110b1f2f; no voters: 
I20260608 09:58:14.880283  8955 raft_consensus.cc:2804] T 59411fc5fe0344b086b7c5770f9c6528 P 10fee0438b8245babff8f0e1110b1f2f [term 1 FOLLOWER]: Leader election won for term 1
I20260608 09:58:14.880987  8955 raft_consensus.cc:697] T 59411fc5fe0344b086b7c5770f9c6528 P 10fee0438b8245babff8f0e1110b1f2f [term 1 LEADER]: Becoming Leader. State: Replica: 10fee0438b8245babff8f0e1110b1f2f, State: Running, Role: LEADER
I20260608 09:58:14.881580  8912 consensus_queue.cc:1048] T cc5905c57b9e4e73a60b2bd0ee3f2d1e P 10fee0438b8245babff8f0e1110b1f2f [LEADER]: Connected to new peer: Peer: permanent_uuid: "0d9993c8e94649e5a871f99f94f8fc7a" member_type: VOTER last_known_addr { host: "127.4.6.66" port: 46163 }, Status: LMP_MISMATCH, Last received: 0.0, Next index: 1, Last known committed idx: 0, Time since last communication: 0.000s
I20260608 09:58:14.881809  8955 consensus_queue.cc:237] T 59411fc5fe0344b086b7c5770f9c6528 P 10fee0438b8245babff8f0e1110b1f2f [LEADER]: Queue going to LEADER mode. State: All replicated index: 0, Majority replicated index: 0, Committed index: 0, Last appended: 0.0, Last appended by leader: 0, Current term: 1, Majority size: 2, State: 0, Mode: LEADER, active raft config: opid_index: -1 OBSOLETE_local: false peers { permanent_uuid: "10fee0438b8245babff8f0e1110b1f2f" member_type: VOTER last_known_addr { host: "127.4.6.65" port: 45365 } } peers { permanent_uuid: "0d9993c8e94649e5a871f99f94f8fc7a" member_type: VOTER last_known_addr { host: "127.4.6.66" port: 46163 } } peers { permanent_uuid: "90545d0186674457b06a7f7c44630c66" member_type: VOTER last_known_addr { host: "127.4.6.67" port: 43811 } }
I20260608 09:58:14.884840  8889 raft_consensus.cc:515] T 65cda8c925bd4e30a01c202d25bf9f52 P 10fee0438b8245babff8f0e1110b1f2f [term 1 FOLLOWER]: Starting leader election with config: opid_index: -1 OBSOLETE_local: false peers { permanent_uuid: "10fee0438b8245babff8f0e1110b1f2f" member_type: VOTER last_known_addr { host: "127.4.6.65" port: 45365 } } peers { permanent_uuid: "0d9993c8e94649e5a871f99f94f8fc7a" member_type: VOTER last_known_addr { host: "127.4.6.66" port: 46163 } } peers { permanent_uuid: "90545d0186674457b06a7f7c44630c66" member_type: VOTER last_known_addr { host: "127.4.6.67" port: 43811 } }
I20260608 09:58:14.887072  8889 leader_election.cc:290] T 65cda8c925bd4e30a01c202d25bf9f52 P 10fee0438b8245babff8f0e1110b1f2f [CANDIDATE]: Term 1 election: Requested vote from peers 0d9993c8e94649e5a871f99f94f8fc7a (127.4.6.66:46163), 90545d0186674457b06a7f7c44630c66 (127.4.6.67:43811)
I20260608 09:58:14.891491  8766 tablet_service.cc:1917] Received RequestConsensusVote() RPC: tablet_id: "65cda8c925bd4e30a01c202d25bf9f52" candidate_uuid: "10fee0438b8245babff8f0e1110b1f2f" candidate_term: 1 candidate_status { last_received { term: 0 index: 0 } } ignore_live_leader: false dest_uuid: "0d9993c8e94649e5a871f99f94f8fc7a"
I20260608 09:58:14.892280  8766 raft_consensus.cc:3060] T 65cda8c925bd4e30a01c202d25bf9f52 P 0d9993c8e94649e5a871f99f94f8fc7a [term 0 FOLLOWER]: Advancing to term 1
I20260608 09:58:14.894934  8588 catalog_manager.cc:5696] T 83ab031fa78b4cdd9d21d0191b3ac72b P 90545d0186674457b06a7f7c44630c66 reported cstate change: term changed from 0 to 1, leader changed from <none> to 90545d0186674457b06a7f7c44630c66 (127.4.6.67). New cstate: current_term: 1 leader_uuid: "90545d0186674457b06a7f7c44630c66" committed_config { opid_index: -1 OBSOLETE_local: false peers { permanent_uuid: "10fee0438b8245babff8f0e1110b1f2f" member_type: VOTER last_known_addr { host: "127.4.6.65" port: 45365 } health_report { overall_health: UNKNOWN } } peers { permanent_uuid: "0d9993c8e94649e5a871f99f94f8fc7a" member_type: VOTER last_known_addr { host: "127.4.6.66" port: 46163 } health_report { overall_health: UNKNOWN } } peers { permanent_uuid: "90545d0186674457b06a7f7c44630c66" member_type: VOTER last_known_addr { host: "127.4.6.67" port: 43811 } health_report { overall_health: HEALTHY } } }
I20260608 09:58:14.897058  8839 tablet_service.cc:1917] Received RequestConsensusVote() RPC: tablet_id: "65cda8c925bd4e30a01c202d25bf9f52" candidate_uuid: "10fee0438b8245babff8f0e1110b1f2f" candidate_term: 1 candidate_status { last_received { term: 0 index: 0 } } ignore_live_leader: false dest_uuid: "90545d0186674457b06a7f7c44630c66"
I20260608 09:58:14.898191  8912 raft_consensus.cc:493] T a98cb5c36ab0418b94a9210463c1bb96 P 10fee0438b8245babff8f0e1110b1f2f [term 0 FOLLOWER]: Starting pre-election (no leader contacted us within the election timeout)
I20260608 09:58:14.898721  8912 raft_consensus.cc:515] T a98cb5c36ab0418b94a9210463c1bb96 P 10fee0438b8245babff8f0e1110b1f2f [term 0 FOLLOWER]: Starting pre-election with config: opid_index: -1 OBSOLETE_local: false peers { permanent_uuid: "10fee0438b8245babff8f0e1110b1f2f" member_type: VOTER last_known_addr { host: "127.4.6.65" port: 45365 } } peers { permanent_uuid: "0d9993c8e94649e5a871f99f94f8fc7a" member_type: VOTER last_known_addr { host: "127.4.6.66" port: 46163 } } peers { permanent_uuid: "90545d0186674457b06a7f7c44630c66" member_type: VOTER last_known_addr { host: "127.4.6.67" port: 43811 } }
I20260608 09:58:14.899783  8766 raft_consensus.cc:2468] T 65cda8c925bd4e30a01c202d25bf9f52 P 0d9993c8e94649e5a871f99f94f8fc7a [term 1 FOLLOWER]: Leader election vote request: Granting yes vote for candidate 10fee0438b8245babff8f0e1110b1f2f in term 1.
I20260608 09:58:14.901041  8912 leader_election.cc:290] T a98cb5c36ab0418b94a9210463c1bb96 P 10fee0438b8245babff8f0e1110b1f2f [CANDIDATE]: Term 1 pre-election: Requested pre-vote from peers 0d9993c8e94649e5a871f99f94f8fc7a (127.4.6.66:46163), 90545d0186674457b06a7f7c44630c66 (127.4.6.67:43811)
I20260608 09:58:14.903889  8766 tablet_service.cc:1917] Received RequestConsensusVote() RPC: tablet_id: "a98cb5c36ab0418b94a9210463c1bb96" candidate_uuid: "10fee0438b8245babff8f0e1110b1f2f" candidate_term: 1 candidate_status { last_received { term: 0 index: 0 } } ignore_live_leader: false dest_uuid: "0d9993c8e94649e5a871f99f94f8fc7a" is_pre_election: true
I20260608 09:58:14.904590  8766 raft_consensus.cc:2468] T a98cb5c36ab0418b94a9210463c1bb96 P 0d9993c8e94649e5a871f99f94f8fc7a [term 0 FOLLOWER]: Leader pre-election vote request: Granting yes vote for candidate 10fee0438b8245babff8f0e1110b1f2f in term 0.
I20260608 09:58:14.906881  8654 leader_election.cc:304] T 65cda8c925bd4e30a01c202d25bf9f52 P 10fee0438b8245babff8f0e1110b1f2f [CANDIDATE]: Term 1 election: Election decided. Result: candidate won. Election summary: received 2 responses out of 3 voters: 2 yes votes; 0 no votes. yes voters: 0d9993c8e94649e5a871f99f94f8fc7a, 10fee0438b8245babff8f0e1110b1f2f; no voters: 
I20260608 09:58:14.906939  8840 tablet_service.cc:1917] Received RequestConsensusVote() RPC: tablet_id: "a98cb5c36ab0418b94a9210463c1bb96" candidate_uuid: "10fee0438b8245babff8f0e1110b1f2f" candidate_term: 1 candidate_status { last_received { term: 0 index: 0 } } ignore_live_leader: false dest_uuid: "90545d0186674457b06a7f7c44630c66" is_pre_election: true
I20260608 09:58:14.907963  8840 raft_consensus.cc:2468] T a98cb5c36ab0418b94a9210463c1bb96 P 90545d0186674457b06a7f7c44630c66 [term 0 FOLLOWER]: Leader pre-election vote request: Granting yes vote for candidate 10fee0438b8245babff8f0e1110b1f2f in term 0.
I20260608 09:58:14.908164  8955 raft_consensus.cc:2804] T 65cda8c925bd4e30a01c202d25bf9f52 P 10fee0438b8245babff8f0e1110b1f2f [term 1 FOLLOWER]: Leader election won for term 1
I20260608 09:58:14.909205  8839 raft_consensus.cc:3060] T 65cda8c925bd4e30a01c202d25bf9f52 P 90545d0186674457b06a7f7c44630c66 [term 0 FOLLOWER]: Advancing to term 1
I20260608 09:58:14.909663  8955 raft_consensus.cc:697] T 65cda8c925bd4e30a01c202d25bf9f52 P 10fee0438b8245babff8f0e1110b1f2f [term 1 LEADER]: Becoming Leader. State: Replica: 10fee0438b8245babff8f0e1110b1f2f, State: Running, Role: LEADER
I20260608 09:58:14.911036  8955 consensus_queue.cc:237] T 65cda8c925bd4e30a01c202d25bf9f52 P 10fee0438b8245babff8f0e1110b1f2f [LEADER]: Queue going to LEADER mode. State: All replicated index: 0, Majority replicated index: 0, Committed index: 0, Last appended: 0.0, Last appended by leader: 0, Current term: 1, Majority size: 2, State: 0, Mode: LEADER, active raft config: opid_index: -1 OBSOLETE_local: false peers { permanent_uuid: "10fee0438b8245babff8f0e1110b1f2f" member_type: VOTER last_known_addr { host: "127.4.6.65" port: 45365 } } peers { permanent_uuid: "0d9993c8e94649e5a871f99f94f8fc7a" member_type: VOTER last_known_addr { host: "127.4.6.66" port: 46163 } } peers { permanent_uuid: "90545d0186674457b06a7f7c44630c66" member_type: VOTER last_known_addr { host: "127.4.6.67" port: 43811 } }
I20260608 09:58:14.915679  8839 raft_consensus.cc:2468] T 65cda8c925bd4e30a01c202d25bf9f52 P 90545d0186674457b06a7f7c44630c66 [term 1 FOLLOWER]: Leader election vote request: Granting yes vote for candidate 10fee0438b8245babff8f0e1110b1f2f in term 1.
I20260608 09:58:14.907995  8654 leader_election.cc:304] T a98cb5c36ab0418b94a9210463c1bb96 P 10fee0438b8245babff8f0e1110b1f2f [CANDIDATE]: Term 1 pre-election: Election decided. Result: candidate won. Election summary: received 2 responses out of 3 voters: 2 yes votes; 0 no votes. yes voters: 0d9993c8e94649e5a871f99f94f8fc7a, 10fee0438b8245babff8f0e1110b1f2f; no voters: 
I20260608 09:58:14.916851  8912 raft_consensus.cc:2804] T a98cb5c36ab0418b94a9210463c1bb96 P 10fee0438b8245babff8f0e1110b1f2f [term 0 FOLLOWER]: Leader pre-election won for term 1
I20260608 09:58:14.917410  8912 raft_consensus.cc:493] T a98cb5c36ab0418b94a9210463c1bb96 P 10fee0438b8245babff8f0e1110b1f2f [term 0 FOLLOWER]: Starting leader election (no leader contacted us within the election timeout)
I20260608 09:58:14.917954  8912 raft_consensus.cc:3060] T a98cb5c36ab0418b94a9210463c1bb96 P 10fee0438b8245babff8f0e1110b1f2f [term 0 FOLLOWER]: Advancing to term 1
I20260608 09:58:14.924803  8922 consensus_queue.cc:1048] T b9af283570d442ee844fdf0152322f90 P 0d9993c8e94649e5a871f99f94f8fc7a [LEADER]: Connected to new peer: Peer: permanent_uuid: "10fee0438b8245babff8f0e1110b1f2f" member_type: VOTER last_known_addr { host: "127.4.6.65" port: 45365 }, Status: LMP_MISMATCH, Last received: 0.0, Next index: 1, Last known committed idx: 0, Time since last communication: 0.001s
I20260608 09:58:14.929329  8586 catalog_manager.cc:5696] T 59411fc5fe0344b086b7c5770f9c6528 P 10fee0438b8245babff8f0e1110b1f2f reported cstate change: term changed from 0 to 1, leader changed from <none> to 10fee0438b8245babff8f0e1110b1f2f (127.4.6.65). New cstate: current_term: 1 leader_uuid: "10fee0438b8245babff8f0e1110b1f2f" committed_config { opid_index: -1 OBSOLETE_local: false peers { permanent_uuid: "10fee0438b8245babff8f0e1110b1f2f" member_type: VOTER last_known_addr { host: "127.4.6.65" port: 45365 } health_report { overall_health: HEALTHY } } peers { permanent_uuid: "0d9993c8e94649e5a871f99f94f8fc7a" member_type: VOTER last_known_addr { host: "127.4.6.66" port: 46163 } health_report { overall_health: UNKNOWN } } peers { permanent_uuid: "90545d0186674457b06a7f7c44630c66" member_type: VOTER last_known_addr { host: "127.4.6.67" port: 43811 } health_report { overall_health: UNKNOWN } } }
I20260608 09:58:14.944334  8910 consensus_queue.cc:1048] T 2e661f7e862c4f6aaabce7c252a09820 P 0d9993c8e94649e5a871f99f94f8fc7a [LEADER]: Connected to new peer: Peer: permanent_uuid: "10fee0438b8245babff8f0e1110b1f2f" member_type: VOTER last_known_addr { host: "127.4.6.65" port: 45365 }, Status: LMP_MISMATCH, Last received: 0.0, Next index: 1, Last known committed idx: 0, Time since last communication: 0.001s
I20260608 09:58:14.948808  8922 consensus_queue.cc:1048] T 2e661f7e862c4f6aaabce7c252a09820 P 0d9993c8e94649e5a871f99f94f8fc7a [LEADER]: Connected to new peer: Peer: permanent_uuid: "90545d0186674457b06a7f7c44630c66" member_type: VOTER last_known_addr { host: "127.4.6.67" port: 43811 }, Status: LMP_MISMATCH, Last received: 0.0, Next index: 1, Last known committed idx: 0, Time since last communication: 0.001s
I20260608 09:58:14.956176  8910 consensus_queue.cc:1048] T dba9c39caed24d4b9468d4ce4c8cd19c P 0d9993c8e94649e5a871f99f94f8fc7a [LEADER]: Connected to new peer: Peer: permanent_uuid: "90545d0186674457b06a7f7c44630c66" member_type: VOTER last_known_addr { host: "127.4.6.67" port: 43811 }, Status: LMP_MISMATCH, Last received: 0.0, Next index: 1, Last known committed idx: 0, Time since last communication: 0.001s
I20260608 09:58:14.968883  8922 consensus_queue.cc:1048] T b9af283570d442ee844fdf0152322f90 P 0d9993c8e94649e5a871f99f94f8fc7a [LEADER]: Connected to new peer: Peer: permanent_uuid: "90545d0186674457b06a7f7c44630c66" member_type: VOTER last_known_addr { host: "127.4.6.67" port: 43811 }, Status: LMP_MISMATCH, Last received: 0.0, Next index: 1, Last known committed idx: 0, Time since last communication: 0.001s
I20260608 09:58:14.983022  8925 consensus_queue.cc:1048] T 50076c3934df4114b573e2b4005af26f P 90545d0186674457b06a7f7c44630c66 [LEADER]: Connected to new peer: Peer: permanent_uuid: "10fee0438b8245babff8f0e1110b1f2f" member_type: VOTER last_known_addr { host: "127.4.6.65" port: 45365 }, Status: LMP_MISMATCH, Last received: 0.0, Next index: 1, Last known committed idx: 0, Time since last communication: 0.001s
I20260608 09:58:14.993063  8912 raft_consensus.cc:515] T a98cb5c36ab0418b94a9210463c1bb96 P 10fee0438b8245babff8f0e1110b1f2f [term 1 FOLLOWER]: Starting leader election with config: opid_index: -1 OBSOLETE_local: false peers { permanent_uuid: "10fee0438b8245babff8f0e1110b1f2f" member_type: VOTER last_known_addr { host: "127.4.6.65" port: 45365 } } peers { permanent_uuid: "0d9993c8e94649e5a871f99f94f8fc7a" member_type: VOTER last_known_addr { host: "127.4.6.66" port: 46163 } } peers { permanent_uuid: "90545d0186674457b06a7f7c44630c66" member_type: VOTER last_known_addr { host: "127.4.6.67" port: 43811 } }
I20260608 09:58:15.001071  8912 leader_election.cc:290] T a98cb5c36ab0418b94a9210463c1bb96 P 10fee0438b8245babff8f0e1110b1f2f [CANDIDATE]: Term 1 election: Requested vote from peers 0d9993c8e94649e5a871f99f94f8fc7a (127.4.6.66:46163), 90545d0186674457b06a7f7c44630c66 (127.4.6.67:43811)
I20260608 09:58:15.001799  8765 tablet_service.cc:1917] Received RequestConsensusVote() RPC: tablet_id: "a98cb5c36ab0418b94a9210463c1bb96" candidate_uuid: "10fee0438b8245babff8f0e1110b1f2f" candidate_term: 1 candidate_status { last_received { term: 0 index: 0 } } ignore_live_leader: false dest_uuid: "0d9993c8e94649e5a871f99f94f8fc7a"
I20260608 09:58:15.008692  8765 raft_consensus.cc:3060] T a98cb5c36ab0418b94a9210463c1bb96 P 0d9993c8e94649e5a871f99f94f8fc7a [term 0 FOLLOWER]: Advancing to term 1
I20260608 09:58:15.022881  8586 catalog_manager.cc:5696] T 65cda8c925bd4e30a01c202d25bf9f52 P 10fee0438b8245babff8f0e1110b1f2f reported cstate change: term changed from 0 to 1, leader changed from <none> to 10fee0438b8245babff8f0e1110b1f2f (127.4.6.65). New cstate: current_term: 1 leader_uuid: "10fee0438b8245babff8f0e1110b1f2f" committed_config { opid_index: -1 OBSOLETE_local: false peers { permanent_uuid: "10fee0438b8245babff8f0e1110b1f2f" member_type: VOTER last_known_addr { host: "127.4.6.65" port: 45365 } health_report { overall_health: HEALTHY } } peers { permanent_uuid: "0d9993c8e94649e5a871f99f94f8fc7a" member_type: VOTER last_known_addr { host: "127.4.6.66" port: 46163 } health_report { overall_health: UNKNOWN } } peers { permanent_uuid: "90545d0186674457b06a7f7c44630c66" member_type: VOTER last_known_addr { host: "127.4.6.67" port: 43811 } health_report { overall_health: UNKNOWN } } }
I20260608 09:58:15.024645  8972 consensus_queue.cc:1048] T dba9c39caed24d4b9468d4ce4c8cd19c P 0d9993c8e94649e5a871f99f94f8fc7a [LEADER]: Connected to new peer: Peer: permanent_uuid: "10fee0438b8245babff8f0e1110b1f2f" member_type: VOTER last_known_addr { host: "127.4.6.65" port: 45365 }, Status: LMP_MISMATCH, Last received: 0.0, Next index: 1, Last known committed idx: 0, Time since last communication: 0.006s
I20260608 09:58:15.015892  8838 tablet_service.cc:1917] Received RequestConsensusVote() RPC: tablet_id: "a98cb5c36ab0418b94a9210463c1bb96" candidate_uuid: "10fee0438b8245babff8f0e1110b1f2f" candidate_term: 1 candidate_status { last_received { term: 0 index: 0 } } ignore_live_leader: false dest_uuid: "90545d0186674457b06a7f7c44630c66"
I20260608 09:58:15.029999  8838 raft_consensus.cc:3060] T a98cb5c36ab0418b94a9210463c1bb96 P 90545d0186674457b06a7f7c44630c66 [term 0 FOLLOWER]: Advancing to term 1
W20260608 09:58:15.046753  8732 outbound_call.cc:321] RPC callback for RPC call kudu.consensus.ConsensusService.UpdateConsensus -> {remote=127.4.6.65:45365, user_credentials={real_user=slave}} blocked reactor thread for 53066.2us
I20260608 09:58:15.051272  8688 raft_consensus.cc:3060] T 4bccc769162b4453ae9971e69fb367f3 P 10fee0438b8245babff8f0e1110b1f2f [term 0 FOLLOWER]: Advancing to term 1
I20260608 09:58:15.054761  8972 consensus_queue.cc:1048] T 4bccc769162b4453ae9971e69fb367f3 P 0d9993c8e94649e5a871f99f94f8fc7a [LEADER]: Connected to new peer: Peer: permanent_uuid: "90545d0186674457b06a7f7c44630c66" member_type: VOTER last_known_addr { host: "127.4.6.67" port: 43811 }, Status: LMP_MISMATCH, Last received: 0.0, Next index: 1, Last known committed idx: 0, Time since last communication: 0.000s
I20260608 09:58:15.063110  8925 consensus_queue.cc:1048] T 50076c3934df4114b573e2b4005af26f P 90545d0186674457b06a7f7c44630c66 [LEADER]: Connected to new peer: Peer: permanent_uuid: "0d9993c8e94649e5a871f99f94f8fc7a" member_type: VOTER last_known_addr { host: "127.4.6.66" port: 46163 }, Status: LMP_MISMATCH, Last received: 0.0, Next index: 1, Last known committed idx: 0, Time since last communication: 0.004s
I20260608 09:58:15.084228  8972 consensus_queue.cc:1048] T 4bccc769162b4453ae9971e69fb367f3 P 0d9993c8e94649e5a871f99f94f8fc7a [LEADER]: Connected to new peer: Peer: permanent_uuid: "10fee0438b8245babff8f0e1110b1f2f" member_type: VOTER last_known_addr { host: "127.4.6.65" port: 45365 }, Status: LMP_MISMATCH, Last received: 0.0, Next index: 1, Last known committed idx: 0, Time since last communication: 0.008s
I20260608 09:58:15.090744  8765 raft_consensus.cc:2468] T a98cb5c36ab0418b94a9210463c1bb96 P 0d9993c8e94649e5a871f99f94f8fc7a [term 1 FOLLOWER]: Leader election vote request: Granting yes vote for candidate 10fee0438b8245babff8f0e1110b1f2f in term 1.
I20260608 09:58:15.101294  8654 leader_election.cc:304] T a98cb5c36ab0418b94a9210463c1bb96 P 10fee0438b8245babff8f0e1110b1f2f [CANDIDATE]: Term 1 election: Election decided. Result: candidate won. Election summary: received 2 responses out of 3 voters: 2 yes votes; 0 no votes. yes voters: 0d9993c8e94649e5a871f99f94f8fc7a, 10fee0438b8245babff8f0e1110b1f2f; no voters: 
I20260608 09:58:15.102775  8970 raft_consensus.cc:2804] T a98cb5c36ab0418b94a9210463c1bb96 P 10fee0438b8245babff8f0e1110b1f2f [term 1 FOLLOWER]: Leader election won for term 1
I20260608 09:58:15.103410  8970 raft_consensus.cc:697] T a98cb5c36ab0418b94a9210463c1bb96 P 10fee0438b8245babff8f0e1110b1f2f [term 1 LEADER]: Becoming Leader. State: Replica: 10fee0438b8245babff8f0e1110b1f2f, State: Running, Role: LEADER
I20260608 09:58:15.104638  8970 consensus_queue.cc:237] T a98cb5c36ab0418b94a9210463c1bb96 P 10fee0438b8245babff8f0e1110b1f2f [LEADER]: Queue going to LEADER mode. State: All replicated index: 0, Majority replicated index: 0, Committed index: 0, Last appended: 0.0, Last appended by leader: 0, Current term: 1, Majority size: 2, State: 0, Mode: LEADER, active raft config: opid_index: -1 OBSOLETE_local: false peers { permanent_uuid: "10fee0438b8245babff8f0e1110b1f2f" member_type: VOTER last_known_addr { host: "127.4.6.65" port: 45365 } } peers { permanent_uuid: "0d9993c8e94649e5a871f99f94f8fc7a" member_type: VOTER last_known_addr { host: "127.4.6.66" port: 46163 } } peers { permanent_uuid: "90545d0186674457b06a7f7c44630c66" member_type: VOTER last_known_addr { host: "127.4.6.67" port: 43811 } }
I20260608 09:58:15.171177  8838 raft_consensus.cc:2468] T a98cb5c36ab0418b94a9210463c1bb96 P 90545d0186674457b06a7f7c44630c66 [term 1 FOLLOWER]: Leader election vote request: Granting yes vote for candidate 10fee0438b8245babff8f0e1110b1f2f in term 1.
I20260608 09:58:15.190485  8588 catalog_manager.cc:5696] T a98cb5c36ab0418b94a9210463c1bb96 P 10fee0438b8245babff8f0e1110b1f2f reported cstate change: term changed from 0 to 1, leader changed from <none> to 10fee0438b8245babff8f0e1110b1f2f (127.4.6.65). New cstate: current_term: 1 leader_uuid: "10fee0438b8245babff8f0e1110b1f2f" committed_config { opid_index: -1 OBSOLETE_local: false peers { permanent_uuid: "10fee0438b8245babff8f0e1110b1f2f" member_type: VOTER last_known_addr { host: "127.4.6.65" port: 45365 } health_report { overall_health: HEALTHY } } peers { permanent_uuid: "0d9993c8e94649e5a871f99f94f8fc7a" member_type: VOTER last_known_addr { host: "127.4.6.66" port: 46163 } health_report { overall_health: UNKNOWN } } peers { permanent_uuid: "90545d0186674457b06a7f7c44630c66" member_type: VOTER last_known_addr { host: "127.4.6.67" port: 43811 } health_report { overall_health: UNKNOWN } } }
I20260608 09:58:15.233489  8892 consensus_queue.cc:1048] T 79dab9b6b5124e49a64a71cd98968f14 P 90545d0186674457b06a7f7c44630c66 [LEADER]: Connected to new peer: Peer: permanent_uuid: "0d9993c8e94649e5a871f99f94f8fc7a" member_type: VOTER last_known_addr { host: "127.4.6.66" port: 46163 }, Status: LMP_MISMATCH, Last received: 0.0, Next index: 1, Last known committed idx: 0, Time since last communication: 0.000s
I20260608 09:58:15.245021  8892 consensus_queue.cc:1048] T 79dab9b6b5124e49a64a71cd98968f14 P 90545d0186674457b06a7f7c44630c66 [LEADER]: Connected to new peer: Peer: permanent_uuid: "10fee0438b8245babff8f0e1110b1f2f" member_type: VOTER last_known_addr { host: "127.4.6.65" port: 45365 }, Status: LMP_MISMATCH, Last received: 0.0, Next index: 1, Last known committed idx: 0, Time since last communication: 0.001s
I20260608 09:58:15.264528  8970 consensus_queue.cc:1048] T 59411fc5fe0344b086b7c5770f9c6528 P 10fee0438b8245babff8f0e1110b1f2f [LEADER]: Connected to new peer: Peer: permanent_uuid: "90545d0186674457b06a7f7c44630c66" member_type: VOTER last_known_addr { host: "127.4.6.67" port: 43811 }, Status: LMP_MISMATCH, Last received: 0.0, Next index: 1, Last known committed idx: 0, Time since last communication: 0.000s
