I20260608 09:57:28.921471 22976 raft_consensus.cc:740] T 6ebbcd55d8b14c139248fbae0cb7acec P 3d018a415f084b578d0177cbfd1fc380 [term 0 FOLLOWER]: Becoming Follower/Learner. State: Replica: 3d018a415f084b578d0177cbfd1fc380, State: Initialized, Role: FOLLOWER
I20260608 09:57:28.921712 22851 raft_consensus.cc:493] T 2512e3880c774127888c3488606d74e2 P 81a8ac298e9245bdb954e4819777e656 [term 0 FOLLOWER]: Starting pre-election (no leader contacted us within the election timeout)
I20260608 09:57:28.922230 22851 raft_consensus.cc:515] T 2512e3880c774127888c3488606d74e2 P 81a8ac298e9245bdb954e4819777e656 [term 0 FOLLOWER]: Starting pre-election with config: opid_index: -1 OBSOLETE_local: false peers { permanent_uuid: "f036d9fa5f5143f8aca48b85a2f339e4" member_type: VOTER last_known_addr { host: "127.19.41.130" port: 33523 } } peers { permanent_uuid: "b43f23ebdddd406ba8a71ad4825c93ce" member_type: VOTER last_known_addr { host: "127.19.41.132" port: 46587 } } peers { permanent_uuid: "81a8ac298e9245bdb954e4819777e656" member_type: VOTER last_known_addr { host: "127.19.41.131" port: 34525 } }
I20260608 09:57:28.923969 22976 consensus_queue.cc:260] T 6ebbcd55d8b14c139248fbae0cb7acec P 3d018a415f084b578d0177cbfd1fc380 [NON_LEADER]: Queue going to NON_LEADER mode. State: All replicated index: 0, Majority replicated index: 0, Committed index: 0, Last appended: 0.0, Last appended by leader: 0, Current term: 0, Majority size: -1, State: 0, Mode: NON_LEADER, active raft config: opid_index: -1 OBSOLETE_local: false peers { permanent_uuid: "3d018a415f084b578d0177cbfd1fc380" member_type: VOTER last_known_addr { host: "127.19.41.129" port: 33031 } } peers { permanent_uuid: "b43f23ebdddd406ba8a71ad4825c93ce" member_type: VOTER last_known_addr { host: "127.19.41.132" port: 46587 } } peers { permanent_uuid: "81a8ac298e9245bdb954e4819777e656" member_type: VOTER last_known_addr { host: "127.19.41.131" port: 34525 } }
I20260608 09:57:28.924431 22851 leader_election.cc:290] T 2512e3880c774127888c3488606d74e2 P 81a8ac298e9245bdb954e4819777e656 [CANDIDATE]: Term 1 pre-election: Requested pre-vote from peers f036d9fa5f5143f8aca48b85a2f339e4 (127.19.41.130:33523), b43f23ebdddd406ba8a71ad4825c93ce (127.19.41.132:46587)
I20260608 09:57:28.926347 22976 ts_tablet_manager.cc:1434] T 6ebbcd55d8b14c139248fbae0cb7acec P 3d018a415f084b578d0177cbfd1fc380: Time spent starting tablet: real 0.008s	user 0.006s	sys 0.000s
I20260608 09:57:28.927361 22976 tablet_bootstrap.cc:492] T b9efb8b508424f6aaf0fdcb4286b24e0 P 3d018a415f084b578d0177cbfd1fc380: Bootstrap starting.
I20260608 09:57:28.928220 22937 tablet_service.cc:1917] Received RequestConsensusVote() RPC: tablet_id: "2512e3880c774127888c3488606d74e2" candidate_uuid: "81a8ac298e9245bdb954e4819777e656" candidate_term: 1 candidate_status { last_received { term: 0 index: 0 } } ignore_live_leader: false dest_uuid: "b43f23ebdddd406ba8a71ad4825c93ce" is_pre_election: true
I20260608 09:57:28.926178 22701 tablet_service.cc:1917] Received RequestConsensusVote() RPC: tablet_id: "2512e3880c774127888c3488606d74e2" candidate_uuid: "81a8ac298e9245bdb954e4819777e656" candidate_term: 1 candidate_status { last_received { term: 0 index: 0 } } ignore_live_leader: false dest_uuid: "f036d9fa5f5143f8aca48b85a2f339e4" is_pre_election: true
I20260608 09:57:28.929903 22701 raft_consensus.cc:2468] T 2512e3880c774127888c3488606d74e2 P f036d9fa5f5143f8aca48b85a2f339e4 [term 0 FOLLOWER]: Leader pre-election vote request: Granting yes vote for candidate 81a8ac298e9245bdb954e4819777e656 in term 0.
I20260608 09:57:28.930876 22977 ts_tablet_manager.cc:1434] T 2512e3880c774127888c3488606d74e2 P 81a8ac298e9245bdb954e4819777e656: Time spent starting tablet: real 0.019s	user 0.007s	sys 0.000s
I20260608 09:57:28.931419 22738 leader_election.cc:304] T 2512e3880c774127888c3488606d74e2 P 81a8ac298e9245bdb954e4819777e656 [CANDIDATE]: Term 1 pre-election: Election decided. Result: candidate won. Election summary: received 2 responses out of 3 voters: 2 yes votes; 0 no votes. yes voters: 81a8ac298e9245bdb954e4819777e656, f036d9fa5f5143f8aca48b85a2f339e4; no voters: 
I20260608 09:57:28.931912 22977 tablet_bootstrap.cc:492] T 6ebbcd55d8b14c139248fbae0cb7acec P 81a8ac298e9245bdb954e4819777e656: Bootstrap starting.
I20260608 09:57:28.938427 22847 raft_consensus.cc:2804] T 2512e3880c774127888c3488606d74e2 P 81a8ac298e9245bdb954e4819777e656 [term 0 FOLLOWER]: Leader pre-election won for term 1
I20260608 09:57:28.938849 22847 raft_consensus.cc:493] T 2512e3880c774127888c3488606d74e2 P 81a8ac298e9245bdb954e4819777e656 [term 0 FOLLOWER]: Starting leader election (no leader contacted us within the election timeout)
I20260608 09:57:28.939169 22847 raft_consensus.cc:3060] T 2512e3880c774127888c3488606d74e2 P 81a8ac298e9245bdb954e4819777e656 [term 0 FOLLOWER]: Advancing to term 1
W20260608 09:57:28.944428 22739 leader_election.cc:343] T 2512e3880c774127888c3488606d74e2 P 81a8ac298e9245bdb954e4819777e656 [CANDIDATE]: Term 1 pre-election: Tablet error from VoteRequest() call to peer b43f23ebdddd406ba8a71ad4825c93ce (127.19.41.132:46587): Illegal state: must be running to vote when last-logged opid is not known
I20260608 09:57:28.953478 22979 tablet_bootstrap.cc:654] T 2512e3880c774127888c3488606d74e2 P b43f23ebdddd406ba8a71ad4825c93ce: Neither blocks nor log segments found. Creating new log.
I20260608 09:57:28.958405 22977 tablet_bootstrap.cc:654] T 6ebbcd55d8b14c139248fbae0cb7acec P 81a8ac298e9245bdb954e4819777e656: Neither blocks nor log segments found. Creating new log.
I20260608 09:57:28.963794 22847 raft_consensus.cc:515] T 2512e3880c774127888c3488606d74e2 P 81a8ac298e9245bdb954e4819777e656 [term 1 FOLLOWER]: Starting leader election with config: opid_index: -1 OBSOLETE_local: false peers { permanent_uuid: "f036d9fa5f5143f8aca48b85a2f339e4" member_type: VOTER last_known_addr { host: "127.19.41.130" port: 33523 } } peers { permanent_uuid: "b43f23ebdddd406ba8a71ad4825c93ce" member_type: VOTER last_known_addr { host: "127.19.41.132" port: 46587 } } peers { permanent_uuid: "81a8ac298e9245bdb954e4819777e656" member_type: VOTER last_known_addr { host: "127.19.41.131" port: 34525 } }
I20260608 09:57:28.964602 22976 tablet_bootstrap.cc:654] T b9efb8b508424f6aaf0fdcb4286b24e0 P 3d018a415f084b578d0177cbfd1fc380: Neither blocks nor log segments found. Creating new log.
I20260608 09:57:28.965281 22978 tablet_bootstrap.cc:492] T b9efb8b508424f6aaf0fdcb4286b24e0 P f036d9fa5f5143f8aca48b85a2f339e4: No bootstrap required, opened a new log
I20260608 09:57:28.965816 22978 ts_tablet_manager.cc:1403] T b9efb8b508424f6aaf0fdcb4286b24e0 P f036d9fa5f5143f8aca48b85a2f339e4: Time spent bootstrapping tablet: real 0.085s	user 0.030s	sys 0.043s
I20260608 09:57:28.968950 22978 raft_consensus.cc:359] T b9efb8b508424f6aaf0fdcb4286b24e0 P f036d9fa5f5143f8aca48b85a2f339e4 [term 0 FOLLOWER]: Replica starting. Triggering 0 pending ops. Active config: opid_index: -1 OBSOLETE_local: false peers { permanent_uuid: "f036d9fa5f5143f8aca48b85a2f339e4" member_type: VOTER last_known_addr { host: "127.19.41.130" port: 33523 } } peers { permanent_uuid: "3d018a415f084b578d0177cbfd1fc380" member_type: VOTER last_known_addr { host: "127.19.41.129" port: 33031 } } peers { permanent_uuid: "b43f23ebdddd406ba8a71ad4825c93ce" member_type: VOTER last_known_addr { host: "127.19.41.132" port: 46587 } }
I20260608 09:57:28.969641 22978 raft_consensus.cc:385] T b9efb8b508424f6aaf0fdcb4286b24e0 P f036d9fa5f5143f8aca48b85a2f339e4 [term 0 FOLLOWER]: Consensus starting up: Expiring failure detector timer to make a prompt election more likely
I20260608 09:57:28.972817 22979 tablet_bootstrap.cc:492] T 2512e3880c774127888c3488606d74e2 P b43f23ebdddd406ba8a71ad4825c93ce: No bootstrap required, opened a new log
I20260608 09:57:28.972743 22978 raft_consensus.cc:740] T b9efb8b508424f6aaf0fdcb4286b24e0 P f036d9fa5f5143f8aca48b85a2f339e4 [term 0 FOLLOWER]: Becoming Follower/Learner. State: Replica: f036d9fa5f5143f8aca48b85a2f339e4, State: Initialized, Role: FOLLOWER
I20260608 09:57:28.973496 22979 ts_tablet_manager.cc:1403] T 2512e3880c774127888c3488606d74e2 P b43f23ebdddd406ba8a71ad4825c93ce: Time spent bootstrapping tablet: real 0.081s	user 0.005s	sys 0.010s
I20260608 09:57:28.973819 22978 consensus_queue.cc:260] T b9efb8b508424f6aaf0fdcb4286b24e0 P f036d9fa5f5143f8aca48b85a2f339e4 [NON_LEADER]: Queue going to NON_LEADER mode. State: All replicated index: 0, Majority replicated index: 0, Committed index: 0, Last appended: 0.0, Last appended by leader: 0, Current term: 0, Majority size: -1, State: 0, Mode: NON_LEADER, active raft config: opid_index: -1 OBSOLETE_local: false peers { permanent_uuid: "f036d9fa5f5143f8aca48b85a2f339e4" member_type: VOTER last_known_addr { host: "127.19.41.130" port: 33523 } } peers { permanent_uuid: "3d018a415f084b578d0177cbfd1fc380" member_type: VOTER last_known_addr { host: "127.19.41.129" port: 33031 } } peers { permanent_uuid: "b43f23ebdddd406ba8a71ad4825c93ce" member_type: VOTER last_known_addr { host: "127.19.41.132" port: 46587 } }
I20260608 09:57:28.974824 22701 tablet_service.cc:1917] Received RequestConsensusVote() RPC: tablet_id: "2512e3880c774127888c3488606d74e2" candidate_uuid: "81a8ac298e9245bdb954e4819777e656" candidate_term: 1 candidate_status { last_received { term: 0 index: 0 } } ignore_live_leader: false dest_uuid: "f036d9fa5f5143f8aca48b85a2f339e4"
I20260608 09:57:28.975394 22701 raft_consensus.cc:3060] T 2512e3880c774127888c3488606d74e2 P f036d9fa5f5143f8aca48b85a2f339e4 [term 0 FOLLOWER]: Advancing to term 1
I20260608 09:57:28.976199 22978 ts_tablet_manager.cc:1434] T b9efb8b508424f6aaf0fdcb4286b24e0 P f036d9fa5f5143f8aca48b85a2f339e4: Time spent starting tablet: real 0.010s	user 0.006s	sys 0.000s
I20260608 09:57:28.977252 22847 leader_election.cc:290] T 2512e3880c774127888c3488606d74e2 P 81a8ac298e9245bdb954e4819777e656 [CANDIDATE]: Term 1 election: Requested vote from peers f036d9fa5f5143f8aca48b85a2f339e4 (127.19.41.130:33523), b43f23ebdddd406ba8a71ad4825c93ce (127.19.41.132:46587)
I20260608 09:57:28.978714 22937 tablet_service.cc:1917] Received RequestConsensusVote() RPC: tablet_id: "2512e3880c774127888c3488606d74e2" candidate_uuid: "81a8ac298e9245bdb954e4819777e656" candidate_term: 1 candidate_status { last_received { term: 0 index: 0 } } ignore_live_leader: false dest_uuid: "b43f23ebdddd406ba8a71ad4825c93ce"
I20260608 09:57:28.982053 22978 tablet_bootstrap.cc:492] T f8af525d52ab44d3bd822b1087cbf39e P f036d9fa5f5143f8aca48b85a2f339e4: Bootstrap starting.
W20260608 09:57:28.982586 22739 leader_election.cc:343] T 2512e3880c774127888c3488606d74e2 P 81a8ac298e9245bdb954e4819777e656 [CANDIDATE]: Term 1 election: Tablet error from VoteRequest() call to peer b43f23ebdddd406ba8a71ad4825c93ce (127.19.41.132:46587): Illegal state: must be running to vote when last-logged opid is not known
I20260608 09:57:28.985944 22976 tablet_bootstrap.cc:492] T b9efb8b508424f6aaf0fdcb4286b24e0 P 3d018a415f084b578d0177cbfd1fc380: No bootstrap required, opened a new log
I20260608 09:57:28.986521 22976 ts_tablet_manager.cc:1403] T b9efb8b508424f6aaf0fdcb4286b24e0 P 3d018a415f084b578d0177cbfd1fc380: Time spent bootstrapping tablet: real 0.059s	user 0.005s	sys 0.009s
I20260608 09:57:28.990658 22979 raft_consensus.cc:359] T 2512e3880c774127888c3488606d74e2 P b43f23ebdddd406ba8a71ad4825c93ce [term 0 FOLLOWER]: Replica starting. Triggering 0 pending ops. Active config: opid_index: -1 OBSOLETE_local: false peers { permanent_uuid: "f036d9fa5f5143f8aca48b85a2f339e4" member_type: VOTER last_known_addr { host: "127.19.41.130" port: 33523 } } peers { permanent_uuid: "b43f23ebdddd406ba8a71ad4825c93ce" member_type: VOTER last_known_addr { host: "127.19.41.132" port: 46587 } } peers { permanent_uuid: "81a8ac298e9245bdb954e4819777e656" member_type: VOTER last_known_addr { host: "127.19.41.131" port: 34525 } }
I20260608 09:57:28.991394 22979 raft_consensus.cc:385] T 2512e3880c774127888c3488606d74e2 P b43f23ebdddd406ba8a71ad4825c93ce [term 0 FOLLOWER]: Consensus starting up: Expiring failure detector timer to make a prompt election more likely
I20260608 09:57:28.991837 22979 raft_consensus.cc:740] T 2512e3880c774127888c3488606d74e2 P b43f23ebdddd406ba8a71ad4825c93ce [term 0 FOLLOWER]: Becoming Follower/Learner. State: Replica: b43f23ebdddd406ba8a71ad4825c93ce, State: Initialized, Role: FOLLOWER
I20260608 09:57:28.992825 22701 raft_consensus.cc:2468] T 2512e3880c774127888c3488606d74e2 P f036d9fa5f5143f8aca48b85a2f339e4 [term 1 FOLLOWER]: Leader election vote request: Granting yes vote for candidate 81a8ac298e9245bdb954e4819777e656 in term 1.
I20260608 09:57:28.990474 22976 raft_consensus.cc:359] T b9efb8b508424f6aaf0fdcb4286b24e0 P 3d018a415f084b578d0177cbfd1fc380 [term 0 FOLLOWER]: Replica starting. Triggering 0 pending ops. Active config: opid_index: -1 OBSOLETE_local: false peers { permanent_uuid: "f036d9fa5f5143f8aca48b85a2f339e4" member_type: VOTER last_known_addr { host: "127.19.41.130" port: 33523 } } peers { permanent_uuid: "3d018a415f084b578d0177cbfd1fc380" member_type: VOTER last_known_addr { host: "127.19.41.129" port: 33031 } } peers { permanent_uuid: "b43f23ebdddd406ba8a71ad4825c93ce" member_type: VOTER last_known_addr { host: "127.19.41.132" port: 46587 } }
I20260608 09:57:28.993367 22978 tablet_bootstrap.cc:654] T f8af525d52ab44d3bd822b1087cbf39e P f036d9fa5f5143f8aca48b85a2f339e4: Neither blocks nor log segments found. Creating new log.
I20260608 09:57:28.993592 22976 raft_consensus.cc:385] T b9efb8b508424f6aaf0fdcb4286b24e0 P 3d018a415f084b578d0177cbfd1fc380 [term 0 FOLLOWER]: Consensus starting up: Expiring failure detector timer to make a prompt election more likely
I20260608 09:57:28.994006 22976 raft_consensus.cc:740] T b9efb8b508424f6aaf0fdcb4286b24e0 P 3d018a415f084b578d0177cbfd1fc380 [term 0 FOLLOWER]: Becoming Follower/Learner. State: Replica: 3d018a415f084b578d0177cbfd1fc380, State: Initialized, Role: FOLLOWER
I20260608 09:57:28.994415 22738 leader_election.cc:304] T 2512e3880c774127888c3488606d74e2 P 81a8ac298e9245bdb954e4819777e656 [CANDIDATE]: Term 1 election: Election decided. Result: candidate won. Election summary: received 3 responses out of 3 voters: 2 yes votes; 1 no votes. yes voters: 81a8ac298e9245bdb954e4819777e656, f036d9fa5f5143f8aca48b85a2f339e4; no voters: b43f23ebdddd406ba8a71ad4825c93ce
I20260608 09:57:28.994874 22976 consensus_queue.cc:260] T b9efb8b508424f6aaf0fdcb4286b24e0 P 3d018a415f084b578d0177cbfd1fc380 [NON_LEADER]: Queue going to NON_LEADER mode. State: All replicated index: 0, Majority replicated index: 0, Committed index: 0, Last appended: 0.0, Last appended by leader: 0, Current term: 0, Majority size: -1, State: 0, Mode: NON_LEADER, active raft config: opid_index: -1 OBSOLETE_local: false peers { permanent_uuid: "f036d9fa5f5143f8aca48b85a2f339e4" member_type: VOTER last_known_addr { host: "127.19.41.130" port: 33523 } } peers { permanent_uuid: "3d018a415f084b578d0177cbfd1fc380" member_type: VOTER last_known_addr { host: "127.19.41.129" port: 33031 } } peers { permanent_uuid: "b43f23ebdddd406ba8a71ad4825c93ce" member_type: VOTER last_known_addr { host: "127.19.41.132" port: 46587 } }
I20260608 09:57:28.995623 22847 raft_consensus.cc:2804] T 2512e3880c774127888c3488606d74e2 P 81a8ac298e9245bdb954e4819777e656 [term 1 FOLLOWER]: Leader election won for term 1
I20260608 09:57:28.996162 22847 raft_consensus.cc:697] T 2512e3880c774127888c3488606d74e2 P 81a8ac298e9245bdb954e4819777e656 [term 1 LEADER]: Becoming Leader. State: Replica: 81a8ac298e9245bdb954e4819777e656, State: Running, Role: LEADER
I20260608 09:57:28.997421 22976 ts_tablet_manager.cc:1434] T b9efb8b508424f6aaf0fdcb4286b24e0 P 3d018a415f084b578d0177cbfd1fc380: Time spent starting tablet: real 0.010s	user 0.005s	sys 0.000s
I20260608 09:57:28.998528 22976 tablet_bootstrap.cc:492] T 6fb88490d42f418e9fb78a9d95381c4d P 3d018a415f084b578d0177cbfd1fc380: Bootstrap starting.
I20260608 09:57:28.992901 22977 tablet_bootstrap.cc:492] T 6ebbcd55d8b14c139248fbae0cb7acec P 81a8ac298e9245bdb954e4819777e656: No bootstrap required, opened a new log
I20260608 09:57:28.999603 22977 ts_tablet_manager.cc:1403] T 6ebbcd55d8b14c139248fbae0cb7acec P 81a8ac298e9245bdb954e4819777e656: Time spent bootstrapping tablet: real 0.068s	user 0.013s	sys 0.004s
I20260608 09:57:29.002803 22977 raft_consensus.cc:359] T 6ebbcd55d8b14c139248fbae0cb7acec P 81a8ac298e9245bdb954e4819777e656 [term 0 FOLLOWER]: Replica starting. Triggering 0 pending ops. Active config: opid_index: -1 OBSOLETE_local: false peers { permanent_uuid: "3d018a415f084b578d0177cbfd1fc380" member_type: VOTER last_known_addr { host: "127.19.41.129" port: 33031 } } peers { permanent_uuid: "b43f23ebdddd406ba8a71ad4825c93ce" member_type: VOTER last_known_addr { host: "127.19.41.132" port: 46587 } } peers { permanent_uuid: "81a8ac298e9245bdb954e4819777e656" member_type: VOTER last_known_addr { host: "127.19.41.131" port: 34525 } }
I20260608 09:57:29.003547 22977 raft_consensus.cc:385] T 6ebbcd55d8b14c139248fbae0cb7acec P 81a8ac298e9245bdb954e4819777e656 [term 0 FOLLOWER]: Consensus starting up: Expiring failure detector timer to make a prompt election more likely
I20260608 09:57:29.003890 22977 raft_consensus.cc:740] T 6ebbcd55d8b14c139248fbae0cb7acec P 81a8ac298e9245bdb954e4819777e656 [term 0 FOLLOWER]: Becoming Follower/Learner. State: Replica: 81a8ac298e9245bdb954e4819777e656, State: Initialized, Role: FOLLOWER
I20260608 09:57:29.004750 22977 consensus_queue.cc:260] T 6ebbcd55d8b14c139248fbae0cb7acec P 81a8ac298e9245bdb954e4819777e656 [NON_LEADER]: Queue going to NON_LEADER mode. State: All replicated index: 0, Majority replicated index: 0, Committed index: 0, Last appended: 0.0, Last appended by leader: 0, Current term: 0, Majority size: -1, State: 0, Mode: NON_LEADER, active raft config: opid_index: -1 OBSOLETE_local: false peers { permanent_uuid: "3d018a415f084b578d0177cbfd1fc380" member_type: VOTER last_known_addr { host: "127.19.41.129" port: 33031 } } peers { permanent_uuid: "b43f23ebdddd406ba8a71ad4825c93ce" member_type: VOTER last_known_addr { host: "127.19.41.132" port: 46587 } } peers { permanent_uuid: "81a8ac298e9245bdb954e4819777e656" member_type: VOTER last_known_addr { host: "127.19.41.131" port: 34525 } }
I20260608 09:57:28.997026 22847 consensus_queue.cc:237] T 2512e3880c774127888c3488606d74e2 P 81a8ac298e9245bdb954e4819777e656 [LEADER]: Queue going to LEADER mode. State: All replicated index: 0, Majority replicated index: 0, Committed index: 0, Last appended: 0.0, Last appended by leader: 0, Current term: 1, Majority size: 2, State: 0, Mode: LEADER, active raft config: opid_index: -1 OBSOLETE_local: false peers { permanent_uuid: "f036d9fa5f5143f8aca48b85a2f339e4" member_type: VOTER last_known_addr { host: "127.19.41.130" port: 33523 } } peers { permanent_uuid: "b43f23ebdddd406ba8a71ad4825c93ce" member_type: VOTER last_known_addr { host: "127.19.41.132" port: 46587 } } peers { permanent_uuid: "81a8ac298e9245bdb954e4819777e656" member_type: VOTER last_known_addr { host: "127.19.41.131" port: 34525 } }
I20260608 09:57:28.998057 22979 consensus_queue.cc:260] T 2512e3880c774127888c3488606d74e2 P b43f23ebdddd406ba8a71ad4825c93ce [NON_LEADER]: Queue going to NON_LEADER mode. State: All replicated index: 0, Majority replicated index: 0, Committed index: 0, Last appended: 0.0, Last appended by leader: 0, Current term: 0, Majority size: -1, State: 0, Mode: NON_LEADER, active raft config: opid_index: -1 OBSOLETE_local: false peers { permanent_uuid: "f036d9fa5f5143f8aca48b85a2f339e4" member_type: VOTER last_known_addr { host: "127.19.41.130" port: 33523 } } peers { permanent_uuid: "b43f23ebdddd406ba8a71ad4825c93ce" member_type: VOTER last_known_addr { host: "127.19.41.132" port: 46587 } } peers { permanent_uuid: "81a8ac298e9245bdb954e4819777e656" member_type: VOTER last_known_addr { host: "127.19.41.131" port: 34525 } }
I20260608 09:57:29.010037 22977 ts_tablet_manager.cc:1434] T 6ebbcd55d8b14c139248fbae0cb7acec P 81a8ac298e9245bdb954e4819777e656: Time spent starting tablet: real 0.010s	user 0.007s	sys 0.000s
I20260608 09:57:29.011061 22977 tablet_bootstrap.cc:492] T 6fb88490d42f418e9fb78a9d95381c4d P 81a8ac298e9245bdb954e4819777e656: Bootstrap starting.
I20260608 09:57:29.015231 22979 ts_tablet_manager.cc:1434] T 2512e3880c774127888c3488606d74e2 P b43f23ebdddd406ba8a71ad4825c93ce: Time spent starting tablet: real 0.028s	user 0.006s	sys 0.000s
I20260608 09:57:29.005359 22976 tablet_bootstrap.cc:654] T 6fb88490d42f418e9fb78a9d95381c4d P 3d018a415f084b578d0177cbfd1fc380: Neither blocks nor log segments found. Creating new log.
I20260608 09:57:29.024341 22977 tablet_bootstrap.cc:654] T 6fb88490d42f418e9fb78a9d95381c4d P 81a8ac298e9245bdb954e4819777e656: Neither blocks nor log segments found. Creating new log.
I20260608 09:57:29.027371 22979 tablet_bootstrap.cc:492] T eefb498545494cf5b39e99687d8076e3 P b43f23ebdddd406ba8a71ad4825c93ce: Bootstrap starting.
I20260608 09:57:29.034514 22978 tablet_bootstrap.cc:492] T f8af525d52ab44d3bd822b1087cbf39e P f036d9fa5f5143f8aca48b85a2f339e4: No bootstrap required, opened a new log
I20260608 09:57:29.035128 22978 ts_tablet_manager.cc:1403] T f8af525d52ab44d3bd822b1087cbf39e P f036d9fa5f5143f8aca48b85a2f339e4: Time spent bootstrapping tablet: real 0.053s	user 0.022s	sys 0.016s
I20260608 09:57:29.038846 22979 tablet_bootstrap.cc:654] T eefb498545494cf5b39e99687d8076e3 P b43f23ebdddd406ba8a71ad4825c93ce: Neither blocks nor log segments found. Creating new log.
I20260608 09:57:29.041676 22978 raft_consensus.cc:359] T f8af525d52ab44d3bd822b1087cbf39e P f036d9fa5f5143f8aca48b85a2f339e4 [term 0 FOLLOWER]: Replica starting. Triggering 0 pending ops. Active config: opid_index: -1 OBSOLETE_local: false peers { permanent_uuid: "b43f23ebdddd406ba8a71ad4825c93ce" member_type: VOTER last_known_addr { host: "127.19.41.132" port: 46587 } } peers { permanent_uuid: "f036d9fa5f5143f8aca48b85a2f339e4" member_type: VOTER last_known_addr { host: "127.19.41.130" port: 33523 } } peers { permanent_uuid: "3d018a415f084b578d0177cbfd1fc380" member_type: VOTER last_known_addr { host: "127.19.41.129" port: 33031 } }
I20260608 09:57:29.042135 22976 tablet_bootstrap.cc:492] T 6fb88490d42f418e9fb78a9d95381c4d P 3d018a415f084b578d0177cbfd1fc380: No bootstrap required, opened a new log
I20260608 09:57:29.042450 22978 raft_consensus.cc:385] T f8af525d52ab44d3bd822b1087cbf39e P f036d9fa5f5143f8aca48b85a2f339e4 [term 0 FOLLOWER]: Consensus starting up: Expiring failure detector timer to make a prompt election more likely
I20260608 09:57:29.042490 22977 tablet_bootstrap.cc:492] T 6fb88490d42f418e9fb78a9d95381c4d P 81a8ac298e9245bdb954e4819777e656: No bootstrap required, opened a new log
I20260608 09:57:29.042824 22976 ts_tablet_manager.cc:1403] T 6fb88490d42f418e9fb78a9d95381c4d P 3d018a415f084b578d0177cbfd1fc380: Time spent bootstrapping tablet: real 0.045s	user 0.011s	sys 0.005s
I20260608 09:57:29.043191 22978 raft_consensus.cc:740] T f8af525d52ab44d3bd822b1087cbf39e P f036d9fa5f5143f8aca48b85a2f339e4 [term 0 FOLLOWER]: Becoming Follower/Learner. State: Replica: f036d9fa5f5143f8aca48b85a2f339e4, State: Initialized, Role: FOLLOWER
I20260608 09:57:29.043557 22977 ts_tablet_manager.cc:1403] T 6fb88490d42f418e9fb78a9d95381c4d P 81a8ac298e9245bdb954e4819777e656: Time spent bootstrapping tablet: real 0.033s	user 0.012s	sys 0.000s
I20260608 09:57:29.042922 22521 catalog_manager.cc:5696] T 2512e3880c774127888c3488606d74e2 P 81a8ac298e9245bdb954e4819777e656 reported cstate change: term changed from 0 to 1, leader changed from <none> to 81a8ac298e9245bdb954e4819777e656 (127.19.41.131). New cstate: current_term: 1 leader_uuid: "81a8ac298e9245bdb954e4819777e656" committed_config { opid_index: -1 OBSOLETE_local: false peers { permanent_uuid: "f036d9fa5f5143f8aca48b85a2f339e4" member_type: VOTER last_known_addr { host: "127.19.41.130" port: 33523 } health_report { overall_health: UNKNOWN } } peers { permanent_uuid: "b43f23ebdddd406ba8a71ad4825c93ce" member_type: VOTER last_known_addr { host: "127.19.41.132" port: 46587 } health_report { overall_health: UNKNOWN } } peers { permanent_uuid: "81a8ac298e9245bdb954e4819777e656" member_type: VOTER last_known_addr { host: "127.19.41.131" port: 34525 } health_report { overall_health: HEALTHY } } }
I20260608 09:57:29.044126 22978 consensus_queue.cc:260] T f8af525d52ab44d3bd822b1087cbf39e P f036d9fa5f5143f8aca48b85a2f339e4 [NON_LEADER]: Queue going to NON_LEADER mode. State: All replicated index: 0, Majority replicated index: 0, Committed index: 0, Last appended: 0.0, Last appended by leader: 0, Current term: 0, Majority size: -1, State: 0, Mode: NON_LEADER, active raft config: opid_index: -1 OBSOLETE_local: false peers { permanent_uuid: "b43f23ebdddd406ba8a71ad4825c93ce" member_type: VOTER last_known_addr { host: "127.19.41.132" port: 46587 } } peers { permanent_uuid: "f036d9fa5f5143f8aca48b85a2f339e4" member_type: VOTER last_known_addr { host: "127.19.41.130" port: 33523 } } peers { permanent_uuid: "3d018a415f084b578d0177cbfd1fc380" member_type: VOTER last_known_addr { host: "127.19.41.129" port: 33031 } }
I20260608 09:57:29.048435 22976 raft_consensus.cc:359] T 6fb88490d42f418e9fb78a9d95381c4d P 3d018a415f084b578d0177cbfd1fc380 [term 0 FOLLOWER]: Replica starting. Triggering 0 pending ops. Active config: opid_index: -1 OBSOLETE_local: false peers { permanent_uuid: "3d018a415f084b578d0177cbfd1fc380" member_type: VOTER last_known_addr { host: "127.19.41.129" port: 33031 } } peers { permanent_uuid: "81a8ac298e9245bdb954e4819777e656" member_type: VOTER last_known_addr { host: "127.19.41.131" port: 34525 } } peers { permanent_uuid: "b43f23ebdddd406ba8a71ad4825c93ce" member_type: VOTER last_known_addr { host: "127.19.41.132" port: 46587 } }
I20260608 09:57:29.048849 22978 ts_tablet_manager.cc:1434] T f8af525d52ab44d3bd822b1087cbf39e P f036d9fa5f5143f8aca48b85a2f339e4: Time spent starting tablet: real 0.013s	user 0.006s	sys 0.002s
I20260608 09:57:29.049291 22976 raft_consensus.cc:385] T 6fb88490d42f418e9fb78a9d95381c4d P 3d018a415f084b578d0177cbfd1fc380 [term 0 FOLLOWER]: Consensus starting up: Expiring failure detector timer to make a prompt election more likely
I20260608 09:57:29.049729 22976 raft_consensus.cc:740] T 6fb88490d42f418e9fb78a9d95381c4d P 3d018a415f084b578d0177cbfd1fc380 [term 0 FOLLOWER]: Becoming Follower/Learner. State: Replica: 3d018a415f084b578d0177cbfd1fc380, State: Initialized, Role: FOLLOWER
I20260608 09:57:29.050082 22978 tablet_bootstrap.cc:492] T b41d017762a54768b27a79d84ff387c2 P f036d9fa5f5143f8aca48b85a2f339e4: Bootstrap starting.
I20260608 09:57:29.050585 22976 consensus_queue.cc:260] T 6fb88490d42f418e9fb78a9d95381c4d P 3d018a415f084b578d0177cbfd1fc380 [NON_LEADER]: Queue going to NON_LEADER mode. State: All replicated index: 0, Majority replicated index: 0, Committed index: 0, Last appended: 0.0, Last appended by leader: 0, Current term: 0, Majority size: -1, State: 0, Mode: NON_LEADER, active raft config: opid_index: -1 OBSOLETE_local: false peers { permanent_uuid: "3d018a415f084b578d0177cbfd1fc380" member_type: VOTER last_known_addr { host: "127.19.41.129" port: 33031 } } peers { permanent_uuid: "81a8ac298e9245bdb954e4819777e656" member_type: VOTER last_known_addr { host: "127.19.41.131" port: 34525 } } peers { permanent_uuid: "b43f23ebdddd406ba8a71ad4825c93ce" member_type: VOTER last_known_addr { host: "127.19.41.132" port: 46587 } }
I20260608 09:57:29.052984 22828 raft_consensus.cc:493] T f8af525d52ab44d3bd822b1087cbf39e P 3d018a415f084b578d0177cbfd1fc380 [term 0 FOLLOWER]: Starting pre-election (no leader contacted us within the election timeout)
I20260608 09:57:29.053471 22828 raft_consensus.cc:515] T f8af525d52ab44d3bd822b1087cbf39e P 3d018a415f084b578d0177cbfd1fc380 [term 0 FOLLOWER]: Starting pre-election with config: opid_index: -1 OBSOLETE_local: false peers { permanent_uuid: "b43f23ebdddd406ba8a71ad4825c93ce" member_type: VOTER last_known_addr { host: "127.19.41.132" port: 46587 } } peers { permanent_uuid: "f036d9fa5f5143f8aca48b85a2f339e4" member_type: VOTER last_known_addr { host: "127.19.41.130" port: 33523 } } peers { permanent_uuid: "3d018a415f084b578d0177cbfd1fc380" member_type: VOTER last_known_addr { host: "127.19.41.129" port: 33031 } }
I20260608 09:57:29.055670 22828 leader_election.cc:290] T f8af525d52ab44d3bd822b1087cbf39e P 3d018a415f084b578d0177cbfd1fc380 [CANDIDATE]: Term 1 pre-election: Requested pre-vote from peers b43f23ebdddd406ba8a71ad4825c93ce (127.19.41.132:46587), f036d9fa5f5143f8aca48b85a2f339e4 (127.19.41.130:33523)
I20260608 09:57:29.056726 22937 tablet_service.cc:1917] Received RequestConsensusVote() RPC: tablet_id: "f8af525d52ab44d3bd822b1087cbf39e" candidate_uuid: "3d018a415f084b578d0177cbfd1fc380" candidate_term: 1 candidate_status { last_received { term: 0 index: 0 } } ignore_live_leader: false dest_uuid: "b43f23ebdddd406ba8a71ad4825c93ce" is_pre_election: true
I20260608 09:57:29.057374 22937 raft_consensus.cc:2468] T f8af525d52ab44d3bd822b1087cbf39e P b43f23ebdddd406ba8a71ad4825c93ce [term 0 FOLLOWER]: Leader pre-election vote request: Granting yes vote for candidate 3d018a415f084b578d0177cbfd1fc380 in term 0.
I20260608 09:57:29.058684 22590 leader_election.cc:304] T f8af525d52ab44d3bd822b1087cbf39e P 3d018a415f084b578d0177cbfd1fc380 [CANDIDATE]: Term 1 pre-election: Election decided. Result: candidate won. Election summary: received 2 responses out of 3 voters: 2 yes votes; 0 no votes. yes voters: 3d018a415f084b578d0177cbfd1fc380, b43f23ebdddd406ba8a71ad4825c93ce; no voters: 
I20260608 09:57:29.060143 22701 tablet_service.cc:1917] Received RequestConsensusVote() RPC: tablet_id: "f8af525d52ab44d3bd822b1087cbf39e" candidate_uuid: "3d018a415f084b578d0177cbfd1fc380" candidate_term: 1 candidate_status { last_received { term: 0 index: 0 } } ignore_live_leader: false dest_uuid: "f036d9fa5f5143f8aca48b85a2f339e4" is_pre_election: true
I20260608 09:57:29.060742 22701 raft_consensus.cc:2468] T f8af525d52ab44d3bd822b1087cbf39e P f036d9fa5f5143f8aca48b85a2f339e4 [term 0 FOLLOWER]: Leader pre-election vote request: Granting yes vote for candidate 3d018a415f084b578d0177cbfd1fc380 in term 0.
I20260608 09:57:29.060981 22828 raft_consensus.cc:2804] T f8af525d52ab44d3bd822b1087cbf39e P 3d018a415f084b578d0177cbfd1fc380 [term 0 FOLLOWER]: Leader pre-election won for term 1
I20260608 09:57:29.062952 22828 raft_consensus.cc:493] T f8af525d52ab44d3bd822b1087cbf39e P 3d018a415f084b578d0177cbfd1fc380 [term 0 FOLLOWER]: Starting leader election (no leader contacted us within the election timeout)
I20260608 09:57:29.063144 22978 tablet_bootstrap.cc:654] T b41d017762a54768b27a79d84ff387c2 P f036d9fa5f5143f8aca48b85a2f339e4: Neither blocks nor log segments found. Creating new log.
I20260608 09:57:29.063408 22828 raft_consensus.cc:3060] T f8af525d52ab44d3bd822b1087cbf39e P 3d018a415f084b578d0177cbfd1fc380 [term 0 FOLLOWER]: Advancing to term 1
I20260608 09:57:29.069077 22976 ts_tablet_manager.cc:1434] T 6fb88490d42f418e9fb78a9d95381c4d P 3d018a415f084b578d0177cbfd1fc380: Time spent starting tablet: real 0.026s	user 0.007s	sys 0.001s
I20260608 09:57:29.070959 22976 tablet_bootstrap.cc:492] T eefb498545494cf5b39e99687d8076e3 P 3d018a415f084b578d0177cbfd1fc380: Bootstrap starting.
I20260608 09:57:29.073554 22977 raft_consensus.cc:359] T 6fb88490d42f418e9fb78a9d95381c4d P 81a8ac298e9245bdb954e4819777e656 [term 0 FOLLOWER]: Replica starting. Triggering 0 pending ops. Active config: opid_index: -1 OBSOLETE_local: false peers { permanent_uuid: "3d018a415f084b578d0177cbfd1fc380" member_type: VOTER last_known_addr { host: "127.19.41.129" port: 33031 } } peers { permanent_uuid: "81a8ac298e9245bdb954e4819777e656" member_type: VOTER last_known_addr { host: "127.19.41.131" port: 34525 } } peers { permanent_uuid: "b43f23ebdddd406ba8a71ad4825c93ce" member_type: VOTER last_known_addr { host: "127.19.41.132" port: 46587 } }
I20260608 09:57:29.075105 22977 raft_consensus.cc:385] T 6fb88490d42f418e9fb78a9d95381c4d P 81a8ac298e9245bdb954e4819777e656 [term 0 FOLLOWER]: Consensus starting up: Expiring failure detector timer to make a prompt election more likely
I20260608 09:57:29.075661 22977 raft_consensus.cc:740] T 6fb88490d42f418e9fb78a9d95381c4d P 81a8ac298e9245bdb954e4819777e656 [term 0 FOLLOWER]: Becoming Follower/Learner. State: Replica: 81a8ac298e9245bdb954e4819777e656, State: Initialized, Role: FOLLOWER
I20260608 09:57:29.076514 22977 consensus_queue.cc:260] T 6fb88490d42f418e9fb78a9d95381c4d P 81a8ac298e9245bdb954e4819777e656 [NON_LEADER]: Queue going to NON_LEADER mode. State: All replicated index: 0, Majority replicated index: 0, Committed index: 0, Last appended: 0.0, Last appended by leader: 0, Current term: 0, Majority size: -1, State: 0, Mode: NON_LEADER, active raft config: opid_index: -1 OBSOLETE_local: false peers { permanent_uuid: "3d018a415f084b578d0177cbfd1fc380" member_type: VOTER last_known_addr { host: "127.19.41.129" port: 33031 } } peers { permanent_uuid: "81a8ac298e9245bdb954e4819777e656" member_type: VOTER last_known_addr { host: "127.19.41.131" port: 34525 } } peers { permanent_uuid: "b43f23ebdddd406ba8a71ad4825c93ce" member_type: VOTER last_known_addr { host: "127.19.41.132" port: 46587 } }
I20260608 09:57:29.088275 22828 raft_consensus.cc:515] T f8af525d52ab44d3bd822b1087cbf39e P 3d018a415f084b578d0177cbfd1fc380 [term 1 FOLLOWER]: Starting leader election with config: opid_index: -1 OBSOLETE_local: false peers { permanent_uuid: "b43f23ebdddd406ba8a71ad4825c93ce" member_type: VOTER last_known_addr { host: "127.19.41.132" port: 46587 } } peers { permanent_uuid: "f036d9fa5f5143f8aca48b85a2f339e4" member_type: VOTER last_known_addr { host: "127.19.41.130" port: 33523 } } peers { permanent_uuid: "3d018a415f084b578d0177cbfd1fc380" member_type: VOTER last_known_addr { host: "127.19.41.129" port: 33031 } }
I20260608 09:57:29.093302 22988 raft_consensus.cc:493] T 2512e3880c774127888c3488606d74e2 P b43f23ebdddd406ba8a71ad4825c93ce [term 0 FOLLOWER]: Starting pre-election (no leader contacted us within the election timeout)
I20260608 09:57:29.093892 22988 raft_consensus.cc:515] T 2512e3880c774127888c3488606d74e2 P b43f23ebdddd406ba8a71ad4825c93ce [term 0 FOLLOWER]: Starting pre-election with config: opid_index: -1 OBSOLETE_local: false peers { permanent_uuid: "f036d9fa5f5143f8aca48b85a2f339e4" member_type: VOTER last_known_addr { host: "127.19.41.130" port: 33523 } } peers { permanent_uuid: "b43f23ebdddd406ba8a71ad4825c93ce" member_type: VOTER last_known_addr { host: "127.19.41.132" port: 46587 } } peers { permanent_uuid: "81a8ac298e9245bdb954e4819777e656" member_type: VOTER last_known_addr { host: "127.19.41.131" port: 34525 } }
I20260608 09:57:29.096066 22847 raft_consensus.cc:493] T f7af5598e5094ed993ae19afba28ef04 P 81a8ac298e9245bdb954e4819777e656 [term 0 FOLLOWER]: Starting pre-election (no leader contacted us within the election timeout)
I20260608 09:57:29.096884 22847 raft_consensus.cc:515] T f7af5598e5094ed993ae19afba28ef04 P 81a8ac298e9245bdb954e4819777e656 [term 0 FOLLOWER]: Starting pre-election with config: opid_index: -1 OBSOLETE_local: false peers { permanent_uuid: "b43f23ebdddd406ba8a71ad4825c93ce" member_type: VOTER last_known_addr { host: "127.19.41.132" port: 46587 } } peers { permanent_uuid: "f036d9fa5f5143f8aca48b85a2f339e4" member_type: VOTER last_known_addr { host: "127.19.41.130" port: 33523 } } peers { permanent_uuid: "81a8ac298e9245bdb954e4819777e656" member_type: VOTER last_known_addr { host: "127.19.41.131" port: 34525 } }
I20260608 09:57:29.097926 22851 raft_consensus.cc:493] T 6fb88490d42f418e9fb78a9d95381c4d P 81a8ac298e9245bdb954e4819777e656 [term 0 FOLLOWER]: Starting pre-election (no leader contacted us within the election timeout)
I20260608 09:57:29.092913 23003 raft_consensus.cc:493] T 6ebbcd55d8b14c139248fbae0cb7acec P 3d018a415f084b578d0177cbfd1fc380 [term 0 FOLLOWER]: Starting pre-election (no leader contacted us within the election timeout)
I20260608 09:57:29.110412 22977 ts_tablet_manager.cc:1434] T 6fb88490d42f418e9fb78a9d95381c4d P 81a8ac298e9245bdb954e4819777e656: Time spent starting tablet: real 0.066s	user 0.008s	sys 0.000s
I20260608 09:57:29.106336 22988 leader_election.cc:290] T 2512e3880c774127888c3488606d74e2 P b43f23ebdddd406ba8a71ad4825c93ce [CANDIDATE]: Term 1 pre-election: Requested pre-vote from peers f036d9fa5f5143f8aca48b85a2f339e4 (127.19.41.130:33523), 81a8ac298e9245bdb954e4819777e656 (127.19.41.131:34525)
I20260608 09:57:29.103428 22851 raft_consensus.cc:515] T 6fb88490d42f418e9fb78a9d95381c4d P 81a8ac298e9245bdb954e4819777e656 [term 0 FOLLOWER]: Starting pre-election with config: opid_index: -1 OBSOLETE_local: false peers { permanent_uuid: "3d018a415f084b578d0177cbfd1fc380" member_type: VOTER last_known_addr { host: "127.19.41.129" port: 33031 } } peers { permanent_uuid: "81a8ac298e9245bdb954e4819777e656" member_type: VOTER last_known_addr { host: "127.19.41.131" port: 34525 } } peers { permanent_uuid: "b43f23ebdddd406ba8a71ad4825c93ce" member_type: VOTER last_known_addr { host: "127.19.41.132" port: 46587 } }
I20260608 09:57:29.122879 22828 leader_election.cc:290] T f8af525d52ab44d3bd822b1087cbf39e P 3d018a415f084b578d0177cbfd1fc380 [CANDIDATE]: Term 1 election: Requested vote from peers b43f23ebdddd406ba8a71ad4825c93ce (127.19.41.132:46587), f036d9fa5f5143f8aca48b85a2f339e4 (127.19.41.130:33523)
I20260608 09:57:29.129125 22701 tablet_service.cc:1917] Received RequestConsensusVote() RPC: tablet_id: "f8af525d52ab44d3bd822b1087cbf39e" candidate_uuid: "3d018a415f084b578d0177cbfd1fc380" candidate_term: 1 candidate_status { last_received { term: 0 index: 0 } } ignore_live_leader: false dest_uuid: "f036d9fa5f5143f8aca48b85a2f339e4"
I20260608 09:57:29.129786 22701 raft_consensus.cc:3060] T f8af525d52ab44d3bd822b1087cbf39e P f036d9fa5f5143f8aca48b85a2f339e4 [term 0 FOLLOWER]: Advancing to term 1
I20260608 09:57:29.132210 22700 tablet_service.cc:1917] Received RequestConsensusVote() RPC: tablet_id: "f7af5598e5094ed993ae19afba28ef04" candidate_uuid: "81a8ac298e9245bdb954e4819777e656" candidate_term: 1 candidate_status { last_received { term: 0 index: 0 } } ignore_live_leader: false dest_uuid: "f036d9fa5f5143f8aca48b85a2f339e4" is_pre_election: true
I20260608 09:57:29.132543 22840 raft_consensus.cc:493] T 6ebbcd55d8b14c139248fbae0cb7acec P 81a8ac298e9245bdb954e4819777e656 [term 0 FOLLOWER]: Starting pre-election (no leader contacted us within the election timeout)
I20260608 09:57:29.135597 22700 raft_consensus.cc:2468] T f7af5598e5094ed993ae19afba28ef04 P f036d9fa5f5143f8aca48b85a2f339e4 [term 0 FOLLOWER]: Leader pre-election vote request: Granting yes vote for candidate 81a8ac298e9245bdb954e4819777e656 in term 0.
I20260608 09:57:29.135735 22851 leader_election.cc:290] T 6fb88490d42f418e9fb78a9d95381c4d P 81a8ac298e9245bdb954e4819777e656 [CANDIDATE]: Term 1 pre-election: Requested pre-vote from peers 3d018a415f084b578d0177cbfd1fc380 (127.19.41.129:33031), b43f23ebdddd406ba8a71ad4825c93ce (127.19.41.132:46587)
I20260608 09:57:29.136667 22979 tablet_bootstrap.cc:492] T eefb498545494cf5b39e99687d8076e3 P b43f23ebdddd406ba8a71ad4825c93ce: No bootstrap required, opened a new log
I20260608 09:57:29.135419 22840 raft_consensus.cc:515] T 6ebbcd55d8b14c139248fbae0cb7acec P 81a8ac298e9245bdb954e4819777e656 [term 0 FOLLOWER]: Starting pre-election with config: opid_index: -1 OBSOLETE_local: false peers { permanent_uuid: "3d018a415f084b578d0177cbfd1fc380" member_type: VOTER last_known_addr { host: "127.19.41.129" port: 33031 } } peers { permanent_uuid: "b43f23ebdddd406ba8a71ad4825c93ce" member_type: VOTER last_known_addr { host: "127.19.41.132" port: 46587 } } peers { permanent_uuid: "81a8ac298e9245bdb954e4819777e656" member_type: VOTER last_known_addr { host: "127.19.41.131" port: 34525 } }
I20260608 09:57:29.136536 22625 tablet_service.cc:1917] Received RequestConsensusVote() RPC: tablet_id: "6fb88490d42f418e9fb78a9d95381c4d" candidate_uuid: "81a8ac298e9245bdb954e4819777e656" candidate_term: 1 candidate_status { last_received { term: 0 index: 0 } } ignore_live_leader: false dest_uuid: "3d018a415f084b578d0177cbfd1fc380" is_pre_election: true
I20260608 09:57:29.137161 22979 ts_tablet_manager.cc:1403] T eefb498545494cf5b39e99687d8076e3 P b43f23ebdddd406ba8a71ad4825c93ce: Time spent bootstrapping tablet: real 0.110s	user 0.035s	sys 0.003s
I20260608 09:57:29.137454 22625 raft_consensus.cc:2468] T 6fb88490d42f418e9fb78a9d95381c4d P 3d018a415f084b578d0177cbfd1fc380 [term 0 FOLLOWER]: Leader pre-election vote request: Granting yes vote for candidate 81a8ac298e9245bdb954e4819777e656 in term 0.
I20260608 09:57:29.138561 22840 leader_election.cc:290] T 6ebbcd55d8b14c139248fbae0cb7acec P 81a8ac298e9245bdb954e4819777e656 [CANDIDATE]: Term 1 pre-election: Requested pre-vote from peers 3d018a415f084b578d0177cbfd1fc380 (127.19.41.129:33031), b43f23ebdddd406ba8a71ad4825c93ce (127.19.41.132:46587)
I20260608 09:57:29.137179 22738 leader_election.cc:304] T f7af5598e5094ed993ae19afba28ef04 P 81a8ac298e9245bdb954e4819777e656 [CANDIDATE]: Term 1 pre-election: Election decided. Result: candidate won. Election summary: received 2 responses out of 3 voters: 2 yes votes; 0 no votes. yes voters: 81a8ac298e9245bdb954e4819777e656, f036d9fa5f5143f8aca48b85a2f339e4; no voters: 
I20260608 09:57:29.139405 22840 raft_consensus.cc:2804] T f7af5598e5094ed993ae19afba28ef04 P 81a8ac298e9245bdb954e4819777e656 [term 0 FOLLOWER]: Leader pre-election won for term 1
I20260608 09:57:29.139789 22840 raft_consensus.cc:493] T f7af5598e5094ed993ae19afba28ef04 P 81a8ac298e9245bdb954e4819777e656 [term 0 FOLLOWER]: Starting leader election (no leader contacted us within the election timeout)
I20260608 09:57:29.140130 22840 raft_consensus.cc:3060] T f7af5598e5094ed993ae19afba28ef04 P 81a8ac298e9245bdb954e4819777e656 [term 0 FOLLOWER]: Advancing to term 1
I20260608 09:57:29.140565 22625 tablet_service.cc:1917] Received RequestConsensusVote() RPC: tablet_id: "6ebbcd55d8b14c139248fbae0cb7acec" candidate_uuid: "81a8ac298e9245bdb954e4819777e656" candidate_term: 1 candidate_status { last_received { term: 0 index: 0 } } ignore_live_leader: false dest_uuid: "3d018a415f084b578d0177cbfd1fc380" is_pre_election: true
I20260608 09:57:29.139660 22741 leader_election.cc:304] T 6fb88490d42f418e9fb78a9d95381c4d P 81a8ac298e9245bdb954e4819777e656 [CANDIDATE]: Term 1 pre-election: Election decided. Result: candidate won. Election summary: received 2 responses out of 3 voters: 2 yes votes; 0 no votes. yes voters: 3d018a415f084b578d0177cbfd1fc380, 81a8ac298e9245bdb954e4819777e656; no voters: 
I20260608 09:57:29.131018 22847 leader_election.cc:290] T f7af5598e5094ed993ae19afba28ef04 P 81a8ac298e9245bdb954e4819777e656 [CANDIDATE]: Term 1 pre-election: Requested pre-vote from peers b43f23ebdddd406ba8a71ad4825c93ce (127.19.41.132:46587), f036d9fa5f5143f8aca48b85a2f339e4 (127.19.41.130:33523)
I20260608 09:57:29.141927 22851 raft_consensus.cc:2804] T 6fb88490d42f418e9fb78a9d95381c4d P 81a8ac298e9245bdb954e4819777e656 [term 0 FOLLOWER]: Leader pre-election won for term 1
I20260608 09:57:29.142284 22851 raft_consensus.cc:493] T 6fb88490d42f418e9fb78a9d95381c4d P 81a8ac298e9245bdb954e4819777e656 [term 0 FOLLOWER]: Starting leader election (no leader contacted us within the election timeout)
I20260608 09:57:29.142526 22978 tablet_bootstrap.cc:492] T b41d017762a54768b27a79d84ff387c2 P f036d9fa5f5143f8aca48b85a2f339e4: No bootstrap required, opened a new log
I20260608 09:57:29.142621 22851 raft_consensus.cc:3060] T 6fb88490d42f418e9fb78a9d95381c4d P 81a8ac298e9245bdb954e4819777e656 [term 0 FOLLOWER]: Advancing to term 1
I20260608 09:57:29.143025 22978 ts_tablet_manager.cc:1403] T b41d017762a54768b27a79d84ff387c2 P f036d9fa5f5143f8aca48b85a2f339e4: Time spent bootstrapping tablet: real 0.093s	user 0.019s	sys 0.021s
I20260608 09:57:29.140295 22979 raft_consensus.cc:359] T eefb498545494cf5b39e99687d8076e3 P b43f23ebdddd406ba8a71ad4825c93ce [term 0 FOLLOWER]: Replica starting. Triggering 0 pending ops. Active config: opid_index: -1 OBSOLETE_local: false peers { permanent_uuid: "b43f23ebdddd406ba8a71ad4825c93ce" member_type: VOTER last_known_addr { host: "127.19.41.132" port: 46587 } } peers { permanent_uuid: "81a8ac298e9245bdb954e4819777e656" member_type: VOTER last_known_addr { host: "127.19.41.131" port: 34525 } } peers { permanent_uuid: "3d018a415f084b578d0177cbfd1fc380" member_type: VOTER last_known_addr { host: "127.19.41.129" port: 33031 } }
I20260608 09:57:29.131820 22828 raft_consensus.cc:493] T b9efb8b508424f6aaf0fdcb4286b24e0 P 3d018a415f084b578d0177cbfd1fc380 [term 0 FOLLOWER]: Starting pre-election (no leader contacted us within the election timeout)
I20260608 09:57:29.145139 22701 raft_consensus.cc:2468] T f8af525d52ab44d3bd822b1087cbf39e P f036d9fa5f5143f8aca48b85a2f339e4 [term 1 FOLLOWER]: Leader election vote request: Granting yes vote for candidate 3d018a415f084b578d0177cbfd1fc380 in term 1.
I20260608 09:57:29.116591 23003 raft_consensus.cc:515] T 6ebbcd55d8b14c139248fbae0cb7acec P 3d018a415f084b578d0177cbfd1fc380 [term 0 FOLLOWER]: Starting pre-election with config: opid_index: -1 OBSOLETE_local: false peers { permanent_uuid: "3d018a415f084b578d0177cbfd1fc380" member_type: VOTER last_known_addr { host: "127.19.41.129" port: 33031 } } peers { permanent_uuid: "b43f23ebdddd406ba8a71ad4825c93ce" member_type: VOTER last_known_addr { host: "127.19.41.132" port: 46587 } } peers { permanent_uuid: "81a8ac298e9245bdb954e4819777e656" member_type: VOTER last_known_addr { host: "127.19.41.131" port: 34525 } }
I20260608 09:57:29.147603 22589 leader_election.cc:304] T f8af525d52ab44d3bd822b1087cbf39e P 3d018a415f084b578d0177cbfd1fc380 [CANDIDATE]: Term 1 election: Election decided. Result: candidate won. Election summary: received 2 responses out of 3 voters: 2 yes votes; 0 no votes. yes voters: 3d018a415f084b578d0177cbfd1fc380, f036d9fa5f5143f8aca48b85a2f339e4; no voters: 
I20260608 09:57:29.148166 22840 raft_consensus.cc:515] T f7af5598e5094ed993ae19afba28ef04 P 81a8ac298e9245bdb954e4819777e656 [term 1 FOLLOWER]: Starting leader election with config: opid_index: -1 OBSOLETE_local: false peers { permanent_uuid: "b43f23ebdddd406ba8a71ad4825c93ce" member_type: VOTER last_known_addr { host: "127.19.41.132" port: 46587 } } peers { permanent_uuid: "f036d9fa5f5143f8aca48b85a2f339e4" member_type: VOTER last_known_addr { host: "127.19.41.130" port: 33523 } } peers { permanent_uuid: "81a8ac298e9245bdb954e4819777e656" member_type: VOTER last_known_addr { host: "127.19.41.131" port: 34525 } }
I20260608 09:57:29.149135 22937 tablet_service.cc:1917] Received RequestConsensusVote() RPC: tablet_id: "f8af525d52ab44d3bd822b1087cbf39e" candidate_uuid: "3d018a415f084b578d0177cbfd1fc380" candidate_term: 1 candidate_status { last_received { term: 0 index: 0 } } ignore_live_leader: false dest_uuid: "b43f23ebdddd406ba8a71ad4825c93ce"
I20260608 09:57:29.149660 22937 raft_consensus.cc:3060] T f8af525d52ab44d3bd822b1087cbf39e P b43f23ebdddd406ba8a71ad4825c93ce [term 0 FOLLOWER]: Advancing to term 1
I20260608 09:57:29.143839 22979 raft_consensus.cc:385] T eefb498545494cf5b39e99687d8076e3 P b43f23ebdddd406ba8a71ad4825c93ce [term 0 FOLLOWER]: Consensus starting up: Expiring failure detector timer to make a prompt election more likely
I20260608 09:57:29.153960 22978 raft_consensus.cc:359] T b41d017762a54768b27a79d84ff387c2 P f036d9fa5f5143f8aca48b85a2f339e4 [term 0 FOLLOWER]: Replica starting. Triggering 0 pending ops. Active config: opid_index: -1 OBSOLETE_local: false peers { permanent_uuid: "3d018a415f084b578d0177cbfd1fc380" member_type: VOTER last_known_addr { host: "127.19.41.129" port: 33031 } } peers { permanent_uuid: "f036d9fa5f5143f8aca48b85a2f339e4" member_type: VOTER last_known_addr { host: "127.19.41.130" port: 33523 } } peers { permanent_uuid: "b43f23ebdddd406ba8a71ad4825c93ce" member_type: VOTER last_known_addr { host: "127.19.41.132" port: 46587 } }
I20260608 09:57:29.156986 22976 tablet_bootstrap.cc:654] T eefb498545494cf5b39e99687d8076e3 P 3d018a415f084b578d0177cbfd1fc380: Neither blocks nor log segments found. Creating new log.
I20260608 09:57:29.156998 22979 raft_consensus.cc:740] T eefb498545494cf5b39e99687d8076e3 P b43f23ebdddd406ba8a71ad4825c93ce [term 0 FOLLOWER]: Becoming Follower/Learner. State: Replica: b43f23ebdddd406ba8a71ad4825c93ce, State: Initialized, Role: FOLLOWER
I20260608 09:57:29.154107 22840 leader_election.cc:290] T f7af5598e5094ed993ae19afba28ef04 P 81a8ac298e9245bdb954e4819777e656 [CANDIDATE]: Term 1 election: Requested vote from peers b43f23ebdddd406ba8a71ad4825c93ce (127.19.41.132:46587), f036d9fa5f5143f8aca48b85a2f339e4 (127.19.41.130:33523)
I20260608 09:57:29.156467 22701 tablet_service.cc:1917] Received RequestConsensusVote() RPC: tablet_id: "f7af5598e5094ed993ae19afba28ef04" candidate_uuid: "81a8ac298e9245bdb954e4819777e656" candidate_term: 1 candidate_status { last_received { term: 0 index: 0 } } ignore_live_leader: false dest_uuid: "f036d9fa5f5143f8aca48b85a2f339e4"
I20260608 09:57:29.159595 22701 raft_consensus.cc:3060] T f7af5598e5094ed993ae19afba28ef04 P f036d9fa5f5143f8aca48b85a2f339e4 [term 0 FOLLOWER]: Advancing to term 1
I20260608 09:57:29.157521 22978 raft_consensus.cc:385] T b41d017762a54768b27a79d84ff387c2 P f036d9fa5f5143f8aca48b85a2f339e4 [term 0 FOLLOWER]: Consensus starting up: Expiring failure detector timer to make a prompt election more likely
I20260608 09:57:29.160173 22978 raft_consensus.cc:740] T b41d017762a54768b27a79d84ff387c2 P f036d9fa5f5143f8aca48b85a2f339e4 [term 0 FOLLOWER]: Becoming Follower/Learner. State: Replica: f036d9fa5f5143f8aca48b85a2f339e4, State: Initialized, Role: FOLLOWER
