I20260608 09:57:23.759362  2361 raft_consensus.cc:740] T 3c96e974ea8b4ef8a84730397eb9cfa7 P 8569d79d7ca14fcab2081c4ef4fbdc2b [term 0 FOLLOWER]: Becoming Follower/Learner. State: Replica: 8569d79d7ca14fcab2081c4ef4fbdc2b, State: Initialized, Role: FOLLOWER
I20260608 09:57:23.749524  2383 raft_consensus.cc:3060] T 527def13cc734335a5357239780d7af8 P a75c679859a04ba0adc4c2feae34099e [term 0 FOLLOWER]: Advancing to term 1
I20260608 09:57:23.760481  2361 consensus_queue.cc:260] T 3c96e974ea8b4ef8a84730397eb9cfa7 P 8569d79d7ca14fcab2081c4ef4fbdc2b [NON_LEADER]: Queue going to NON_LEADER mode. State: All replicated index: 0, Majority replicated index: 0, Committed index: 0, Last appended: 0.0, Last appended by leader: 0, Current term: 0, Majority size: -1, State: 0, Mode: NON_LEADER, active raft config: opid_index: -1 OBSOLETE_local: false peers { permanent_uuid: "8569d79d7ca14fcab2081c4ef4fbdc2b" member_type: VOTER last_known_addr { host: "127.30.226.129" port: 35061 } } peers { permanent_uuid: "a75c679859a04ba0adc4c2feae34099e" member_type: VOTER last_known_addr { host: "127.30.226.130" port: 42201 } } peers { permanent_uuid: "ecfe8c0d7c8e4266aaab1e3725e16ada" member_type: VOTER last_known_addr { host: "127.30.226.131" port: 37981 } }
I20260608 09:57:23.763149  2360 tablet_bootstrap.cc:492] T 3c96e974ea8b4ef8a84730397eb9cfa7 P a75c679859a04ba0adc4c2feae34099e: No bootstrap required, opened a new log
I20260608 09:57:23.763170  2361 ts_tablet_manager.cc:1434] T 3c96e974ea8b4ef8a84730397eb9cfa7 P 8569d79d7ca14fcab2081c4ef4fbdc2b: Time spent starting tablet: real 0.009s	user 0.008s	sys 0.000s
I20260608 09:57:23.764330  2360 ts_tablet_manager.cc:1403] T 3c96e974ea8b4ef8a84730397eb9cfa7 P a75c679859a04ba0adc4c2feae34099e: Time spent bootstrapping tablet: real 0.208s	user 0.081s	sys 0.051s
I20260608 09:57:23.766690  2361 tablet_bootstrap.cc:492] T 514c556f8e244807b9606657c4980654 P 8569d79d7ca14fcab2081c4ef4fbdc2b: Bootstrap starting.
I20260608 09:57:23.769502  2360 raft_consensus.cc:359] T 3c96e974ea8b4ef8a84730397eb9cfa7 P a75c679859a04ba0adc4c2feae34099e [term 0 FOLLOWER]: Replica starting. Triggering 0 pending ops. Active config: opid_index: -1 OBSOLETE_local: false peers { permanent_uuid: "8569d79d7ca14fcab2081c4ef4fbdc2b" member_type: VOTER last_known_addr { host: "127.30.226.129" port: 35061 } } peers { permanent_uuid: "a75c679859a04ba0adc4c2feae34099e" member_type: VOTER last_known_addr { host: "127.30.226.130" port: 42201 } } peers { permanent_uuid: "ecfe8c0d7c8e4266aaab1e3725e16ada" member_type: VOTER last_known_addr { host: "127.30.226.131" port: 37981 } }
I20260608 09:57:23.770675  2360 raft_consensus.cc:385] T 3c96e974ea8b4ef8a84730397eb9cfa7 P a75c679859a04ba0adc4c2feae34099e [term 0 FOLLOWER]: Consensus starting up: Expiring failure detector timer to make a prompt election more likely
I20260608 09:57:23.771735  2360 raft_consensus.cc:740] T 3c96e974ea8b4ef8a84730397eb9cfa7 P a75c679859a04ba0adc4c2feae34099e [term 0 FOLLOWER]: Becoming Follower/Learner. State: Replica: a75c679859a04ba0adc4c2feae34099e, State: Initialized, Role: FOLLOWER
I20260608 09:57:23.773502  2360 consensus_queue.cc:260] T 3c96e974ea8b4ef8a84730397eb9cfa7 P a75c679859a04ba0adc4c2feae34099e [NON_LEADER]: Queue going to NON_LEADER mode. State: All replicated index: 0, Majority replicated index: 0, Committed index: 0, Last appended: 0.0, Last appended by leader: 0, Current term: 0, Majority size: -1, State: 0, Mode: NON_LEADER, active raft config: opid_index: -1 OBSOLETE_local: false peers { permanent_uuid: "8569d79d7ca14fcab2081c4ef4fbdc2b" member_type: VOTER last_known_addr { host: "127.30.226.129" port: 35061 } } peers { permanent_uuid: "a75c679859a04ba0adc4c2feae34099e" member_type: VOTER last_known_addr { host: "127.30.226.130" port: 42201 } } peers { permanent_uuid: "ecfe8c0d7c8e4266aaab1e3725e16ada" member_type: VOTER last_known_addr { host: "127.30.226.131" port: 37981 } }
I20260608 09:57:23.775168  2361 tablet_bootstrap.cc:654] T 514c556f8e244807b9606657c4980654 P 8569d79d7ca14fcab2081c4ef4fbdc2b: Neither blocks nor log segments found. Creating new log.
I20260608 09:57:23.777691  2360 ts_tablet_manager.cc:1434] T 3c96e974ea8b4ef8a84730397eb9cfa7 P a75c679859a04ba0adc4c2feae34099e: Time spent starting tablet: real 0.013s	user 0.010s	sys 0.000s
I20260608 09:57:23.778822  2360 tablet_bootstrap.cc:492] T b2b24f6449894421b009038031cd6c0a P a75c679859a04ba0adc4c2feae34099e: Bootstrap starting.
I20260608 09:57:23.781440  2363 tablet_bootstrap.cc:492] T 514c556f8e244807b9606657c4980654 P ecfe8c0d7c8e4266aaab1e3725e16ada: No bootstrap required, opened a new log
I20260608 09:57:23.782119  2363 ts_tablet_manager.cc:1403] T 514c556f8e244807b9606657c4980654 P ecfe8c0d7c8e4266aaab1e3725e16ada: Time spent bootstrapping tablet: real 0.039s	user 0.014s	sys 0.015s
I20260608 09:57:23.786046  2360 tablet_bootstrap.cc:654] T b2b24f6449894421b009038031cd6c0a P a75c679859a04ba0adc4c2feae34099e: Neither blocks nor log segments found. Creating new log.
I20260608 09:57:23.785658  2241 tablet_service.cc:1917] Received RequestConsensusVote() RPC: tablet_id: "a2e35d15cef44013b3d8098ddb0c8893" candidate_uuid: "ecfe8c0d7c8e4266aaab1e3725e16ada" candidate_term: 1 candidate_status { last_received { term: 0 index: 0 } } ignore_live_leader: false dest_uuid: "a75c679859a04ba0adc4c2feae34099e" is_pre_election: true
I20260608 09:57:23.786769  2241 raft_consensus.cc:2468] T a2e35d15cef44013b3d8098ddb0c8893 P a75c679859a04ba0adc4c2feae34099e [term 0 FOLLOWER]: Leader pre-election vote request: Granting yes vote for candidate ecfe8c0d7c8e4266aaab1e3725e16ada in term 0.
I20260608 09:57:23.789136  2281 leader_election.cc:304] T a2e35d15cef44013b3d8098ddb0c8893 P ecfe8c0d7c8e4266aaab1e3725e16ada [CANDIDATE]: Term 1 pre-election: Election decided. Result: candidate won. Election summary: received 2 responses out of 3 voters: 2 yes votes; 0 no votes. yes voters: a75c679859a04ba0adc4c2feae34099e, ecfe8c0d7c8e4266aaab1e3725e16ada; no voters: 
I20260608 09:57:23.790500  2369 raft_consensus.cc:493] T 6cc366cbe8554232b28a512fe40df3b0 P ecfe8c0d7c8e4266aaab1e3725e16ada [term 0 FOLLOWER]: Starting pre-election (no leader contacted us within the election timeout)
I20260608 09:57:23.791155  2369 raft_consensus.cc:515] T 6cc366cbe8554232b28a512fe40df3b0 P ecfe8c0d7c8e4266aaab1e3725e16ada [term 0 FOLLOWER]: Starting pre-election with config: opid_index: -1 OBSOLETE_local: false peers { permanent_uuid: "a75c679859a04ba0adc4c2feae34099e" member_type: VOTER last_known_addr { host: "127.30.226.130" port: 42201 } } peers { permanent_uuid: "ecfe8c0d7c8e4266aaab1e3725e16ada" member_type: VOTER last_known_addr { host: "127.30.226.131" port: 37981 } } peers { permanent_uuid: "8569d79d7ca14fcab2081c4ef4fbdc2b" member_type: VOTER last_known_addr { host: "127.30.226.129" port: 35061 } }
I20260608 09:57:23.799731  2369 leader_election.cc:290] T 6cc366cbe8554232b28a512fe40df3b0 P ecfe8c0d7c8e4266aaab1e3725e16ada [CANDIDATE]: Term 1 pre-election: Requested pre-vote from peers a75c679859a04ba0adc4c2feae34099e (127.30.226.130:42201), 8569d79d7ca14fcab2081c4ef4fbdc2b (127.30.226.129:35061)
I20260608 09:57:23.803064  2369 raft_consensus.cc:2804] T a2e35d15cef44013b3d8098ddb0c8893 P ecfe8c0d7c8e4266aaab1e3725e16ada [term 0 FOLLOWER]: Leader pre-election won for term 1
I20260608 09:57:23.803694  2369 raft_consensus.cc:493] T a2e35d15cef44013b3d8098ddb0c8893 P ecfe8c0d7c8e4266aaab1e3725e16ada [term 0 FOLLOWER]: Starting leader election (no leader contacted us within the election timeout)
I20260608 09:57:23.804253  2369 raft_consensus.cc:3060] T a2e35d15cef44013b3d8098ddb0c8893 P ecfe8c0d7c8e4266aaab1e3725e16ada [term 0 FOLLOWER]: Advancing to term 1
I20260608 09:57:23.814496  2241 tablet_service.cc:1917] Received RequestConsensusVote() RPC: tablet_id: "6cc366cbe8554232b28a512fe40df3b0" candidate_uuid: "ecfe8c0d7c8e4266aaab1e3725e16ada" candidate_term: 1 candidate_status { last_received { term: 0 index: 0 } } ignore_live_leader: false dest_uuid: "a75c679859a04ba0adc4c2feae34099e" is_pre_election: true
W20260608 09:57:23.817291  2281 leader_election.cc:343] T 6cc366cbe8554232b28a512fe40df3b0 P ecfe8c0d7c8e4266aaab1e3725e16ada [CANDIDATE]: Term 1 pre-election: Tablet error from VoteRequest() call to peer a75c679859a04ba0adc4c2feae34099e (127.30.226.130:42201): Illegal state: must be running to vote when last-logged opid is not known
I20260608 09:57:23.825459  2240 tablet_service.cc:1917] Received RequestConsensusVote() RPC: tablet_id: "527def13cc734335a5357239780d7af8" candidate_uuid: "8569d79d7ca14fcab2081c4ef4fbdc2b" candidate_term: 1 candidate_status { last_received { term: 0 index: 0 } } ignore_live_leader: false dest_uuid: "a75c679859a04ba0adc4c2feae34099e" is_pre_election: true
I20260608 09:57:23.825716  2241 tablet_service.cc:1917] Received RequestConsensusVote() RPC: tablet_id: "6cc366cbe8554232b28a512fe40df3b0" candidate_uuid: "8569d79d7ca14fcab2081c4ef4fbdc2b" candidate_term: 1 candidate_status { last_received { term: 0 index: 0 } } ignore_live_leader: false dest_uuid: "a75c679859a04ba0adc4c2feae34099e" is_pre_election: true
I20260608 09:57:23.826781  2239 tablet_service.cc:1917] Received RequestConsensusVote() RPC: tablet_id: "b2b24f6449894421b009038031cd6c0a" candidate_uuid: "8569d79d7ca14fcab2081c4ef4fbdc2b" candidate_term: 1 candidate_status { last_received { term: 0 index: 0 } } ignore_live_leader: false dest_uuid: "a75c679859a04ba0adc4c2feae34099e" is_pre_election: true
W20260608 09:57:23.827306  2132 leader_election.cc:343] T 6cc366cbe8554232b28a512fe40df3b0 P 8569d79d7ca14fcab2081c4ef4fbdc2b [CANDIDATE]: Term 1 pre-election: Tablet error from VoteRequest() call to peer a75c679859a04ba0adc4c2feae34099e (127.30.226.130:42201): Illegal state: must be running to vote when last-logged opid is not known
I20260608 09:57:23.828776  2360 tablet_bootstrap.cc:492] T b2b24f6449894421b009038031cd6c0a P a75c679859a04ba0adc4c2feae34099e: No bootstrap required, opened a new log
I20260608 09:57:23.829460  2360 ts_tablet_manager.cc:1403] T b2b24f6449894421b009038031cd6c0a P a75c679859a04ba0adc4c2feae34099e: Time spent bootstrapping tablet: real 0.051s	user 0.030s	sys 0.019s
W20260608 09:57:23.830464  2132 leader_election.cc:343] T b2b24f6449894421b009038031cd6c0a P 8569d79d7ca14fcab2081c4ef4fbdc2b [CANDIDATE]: Term 1 pre-election: Tablet error from VoteRequest() call to peer a75c679859a04ba0adc4c2feae34099e (127.30.226.130:42201): Illegal state: must be running to vote when last-logged opid is not known
I20260608 09:57:23.832453  2315 tablet_service.cc:1917] Received RequestConsensusVote() RPC: tablet_id: "6cc366cbe8554232b28a512fe40df3b0" candidate_uuid: "8569d79d7ca14fcab2081c4ef4fbdc2b" candidate_term: 1 candidate_status { last_received { term: 0 index: 0 } } ignore_live_leader: false dest_uuid: "ecfe8c0d7c8e4266aaab1e3725e16ada" is_pre_election: true
I20260608 09:57:23.833372  2315 raft_consensus.cc:2468] T 6cc366cbe8554232b28a512fe40df3b0 P ecfe8c0d7c8e4266aaab1e3725e16ada [term 0 FOLLOWER]: Leader pre-election vote request: Granting yes vote for candidate 8569d79d7ca14fcab2081c4ef4fbdc2b in term 0.
I20260608 09:57:23.832975  2360 raft_consensus.cc:359] T b2b24f6449894421b009038031cd6c0a P a75c679859a04ba0adc4c2feae34099e [term 0 FOLLOWER]: Replica starting. Triggering 0 pending ops. Active config: opid_index: -1 OBSOLETE_local: false peers { permanent_uuid: "8569d79d7ca14fcab2081c4ef4fbdc2b" member_type: VOTER last_known_addr { host: "127.30.226.129" port: 35061 } } peers { permanent_uuid: "a75c679859a04ba0adc4c2feae34099e" member_type: VOTER last_known_addr { host: "127.30.226.130" port: 42201 } } peers { permanent_uuid: "ecfe8c0d7c8e4266aaab1e3725e16ada" member_type: VOTER last_known_addr { host: "127.30.226.131" port: 37981 } }
I20260608 09:57:23.834028  2360 raft_consensus.cc:385] T b2b24f6449894421b009038031cd6c0a P a75c679859a04ba0adc4c2feae34099e [term 0 FOLLOWER]: Consensus starting up: Expiring failure detector timer to make a prompt election more likely
I20260608 09:57:23.834439  2360 raft_consensus.cc:740] T b2b24f6449894421b009038031cd6c0a P a75c679859a04ba0adc4c2feae34099e [term 0 FOLLOWER]: Becoming Follower/Learner. State: Replica: a75c679859a04ba0adc4c2feae34099e, State: Initialized, Role: FOLLOWER
I20260608 09:57:23.834755  2314 tablet_service.cc:1917] Received RequestConsensusVote() RPC: tablet_id: "527def13cc734335a5357239780d7af8" candidate_uuid: "8569d79d7ca14fcab2081c4ef4fbdc2b" candidate_term: 1 candidate_status { last_received { term: 0 index: 0 } } ignore_live_leader: false dest_uuid: "ecfe8c0d7c8e4266aaab1e3725e16ada" is_pre_election: true
I20260608 09:57:23.785650  2363 raft_consensus.cc:359] T 514c556f8e244807b9606657c4980654 P ecfe8c0d7c8e4266aaab1e3725e16ada [term 0 FOLLOWER]: Replica starting. Triggering 0 pending ops. Active config: opid_index: -1 OBSOLETE_local: false peers { permanent_uuid: "8569d79d7ca14fcab2081c4ef4fbdc2b" member_type: VOTER last_known_addr { host: "127.30.226.129" port: 35061 } } peers { permanent_uuid: "a75c679859a04ba0adc4c2feae34099e" member_type: VOTER last_known_addr { host: "127.30.226.130" port: 42201 } } peers { permanent_uuid: "ecfe8c0d7c8e4266aaab1e3725e16ada" member_type: VOTER last_known_addr { host: "127.30.226.131" port: 37981 } }
I20260608 09:57:23.836112  2363 raft_consensus.cc:385] T 514c556f8e244807b9606657c4980654 P ecfe8c0d7c8e4266aaab1e3725e16ada [term 0 FOLLOWER]: Consensus starting up: Expiring failure detector timer to make a prompt election more likely
I20260608 09:57:23.836452  2363 raft_consensus.cc:740] T 514c556f8e244807b9606657c4980654 P ecfe8c0d7c8e4266aaab1e3725e16ada [term 0 FOLLOWER]: Becoming Follower/Learner. State: Replica: ecfe8c0d7c8e4266aaab1e3725e16ada, State: Initialized, Role: FOLLOWER
I20260608 09:57:23.836310  2360 consensus_queue.cc:260] T b2b24f6449894421b009038031cd6c0a P a75c679859a04ba0adc4c2feae34099e [NON_LEADER]: Queue going to NON_LEADER mode. State: All replicated index: 0, Majority replicated index: 0, Committed index: 0, Last appended: 0.0, Last appended by leader: 0, Current term: 0, Majority size: -1, State: 0, Mode: NON_LEADER, active raft config: opid_index: -1 OBSOLETE_local: false peers { permanent_uuid: "8569d79d7ca14fcab2081c4ef4fbdc2b" member_type: VOTER last_known_addr { host: "127.30.226.129" port: 35061 } } peers { permanent_uuid: "a75c679859a04ba0adc4c2feae34099e" member_type: VOTER last_known_addr { host: "127.30.226.130" port: 42201 } } peers { permanent_uuid: "ecfe8c0d7c8e4266aaab1e3725e16ada" member_type: VOTER last_known_addr { host: "127.30.226.131" port: 37981 } }
I20260608 09:57:23.837311  2314 tablet_service.cc:1917] Received RequestConsensusVote() RPC: tablet_id: "b2b24f6449894421b009038031cd6c0a" candidate_uuid: "8569d79d7ca14fcab2081c4ef4fbdc2b" candidate_term: 1 candidate_status { last_received { term: 0 index: 0 } } ignore_live_leader: false dest_uuid: "ecfe8c0d7c8e4266aaab1e3725e16ada" is_pre_election: true
I20260608 09:57:23.837627  2363 consensus_queue.cc:260] T 514c556f8e244807b9606657c4980654 P ecfe8c0d7c8e4266aaab1e3725e16ada [NON_LEADER]: Queue going to NON_LEADER mode. State: All replicated index: 0, Majority replicated index: 0, Committed index: 0, Last appended: 0.0, Last appended by leader: 0, Current term: 0, Majority size: -1, State: 0, Mode: NON_LEADER, active raft config: opid_index: -1 OBSOLETE_local: false peers { permanent_uuid: "8569d79d7ca14fcab2081c4ef4fbdc2b" member_type: VOTER last_known_addr { host: "127.30.226.129" port: 35061 } } peers { permanent_uuid: "a75c679859a04ba0adc4c2feae34099e" member_type: VOTER last_known_addr { host: "127.30.226.130" port: 42201 } } peers { permanent_uuid: "ecfe8c0d7c8e4266aaab1e3725e16ada" member_type: VOTER last_known_addr { host: "127.30.226.131" port: 37981 } }
I20260608 09:57:23.839214  2132 leader_election.cc:304] T 6cc366cbe8554232b28a512fe40df3b0 P 8569d79d7ca14fcab2081c4ef4fbdc2b [CANDIDATE]: Term 1 pre-election: Election decided. Result: candidate won. Election summary: received 3 responses out of 3 voters: 2 yes votes; 1 no votes. yes voters: 8569d79d7ca14fcab2081c4ef4fbdc2b, ecfe8c0d7c8e4266aaab1e3725e16ada; no voters: a75c679859a04ba0adc4c2feae34099e
I20260608 09:57:23.839641  2360 ts_tablet_manager.cc:1434] T b2b24f6449894421b009038031cd6c0a P a75c679859a04ba0adc4c2feae34099e: Time spent starting tablet: real 0.010s	user 0.007s	sys 0.000s
W20260608 09:57:23.840540  2132 leader_election.cc:343] T 527def13cc734335a5357239780d7af8 P 8569d79d7ca14fcab2081c4ef4fbdc2b [CANDIDATE]: Term 1 pre-election: Tablet error from VoteRequest() call to peer ecfe8c0d7c8e4266aaab1e3725e16ada (127.30.226.131:37981): Illegal state: must be running to vote when last-logged opid is not known
I20260608 09:57:23.840642  2376 raft_consensus.cc:2804] T 6cc366cbe8554232b28a512fe40df3b0 P 8569d79d7ca14fcab2081c4ef4fbdc2b [term 0 FOLLOWER]: Leader pre-election won for term 1
W20260608 09:57:23.841569  2132 leader_election.cc:343] T b2b24f6449894421b009038031cd6c0a P 8569d79d7ca14fcab2081c4ef4fbdc2b [CANDIDATE]: Term 1 pre-election: Tablet error from VoteRequest() call to peer ecfe8c0d7c8e4266aaab1e3725e16ada (127.30.226.131:37981): Illegal state: must be running to vote when last-logged opid is not known
I20260608 09:57:23.841675  2360 tablet_bootstrap.cc:492] T 8983f221cfc84f9782944b8830c80456 P a75c679859a04ba0adc4c2feae34099e: Bootstrap starting.
I20260608 09:57:23.841883  2376 raft_consensus.cc:493] T 6cc366cbe8554232b28a512fe40df3b0 P 8569d79d7ca14fcab2081c4ef4fbdc2b [term 0 FOLLOWER]: Starting leader election (no leader contacted us within the election timeout)
I20260608 09:57:23.842113  2132 leader_election.cc:304] T b2b24f6449894421b009038031cd6c0a P 8569d79d7ca14fcab2081c4ef4fbdc2b [CANDIDATE]: Term 1 pre-election: Election decided. Result: candidate lost. Election summary: received 3 responses out of 3 voters: 1 yes votes; 2 no votes. yes voters: 8569d79d7ca14fcab2081c4ef4fbdc2b; no voters: a75c679859a04ba0adc4c2feae34099e, ecfe8c0d7c8e4266aaab1e3725e16ada
I20260608 09:57:23.842383  2376 raft_consensus.cc:3060] T 6cc366cbe8554232b28a512fe40df3b0 P 8569d79d7ca14fcab2081c4ef4fbdc2b [term 0 FOLLOWER]: Advancing to term 1
I20260608 09:57:23.845186  2315 tablet_service.cc:1917] Received RequestConsensusVote() RPC: tablet_id: "a2e35d15cef44013b3d8098ddb0c8893" candidate_uuid: "a75c679859a04ba0adc4c2feae34099e" candidate_term: 1 candidate_status { last_received { term: 0 index: 0 } } ignore_live_leader: false dest_uuid: "ecfe8c0d7c8e4266aaab1e3725e16ada" is_pre_election: true
I20260608 09:57:23.846360  2314 tablet_service.cc:1917] Received RequestConsensusVote() RPC: tablet_id: "527def13cc734335a5357239780d7af8" candidate_uuid: "a75c679859a04ba0adc4c2feae34099e" candidate_term: 1 candidate_status { last_received { term: 0 index: 0 } } ignore_live_leader: false dest_uuid: "ecfe8c0d7c8e4266aaab1e3725e16ada" is_pre_election: true
W20260608 09:57:23.848150  2207 leader_election.cc:343] T 527def13cc734335a5357239780d7af8 P a75c679859a04ba0adc4c2feae34099e [CANDIDATE]: Term 1 pre-election: Tablet error from VoteRequest() call to peer ecfe8c0d7c8e4266aaab1e3725e16ada (127.30.226.131:37981): Illegal state: must be running to vote when last-logged opid is not known
I20260608 09:57:23.849953  2360 tablet_bootstrap.cc:654] T 8983f221cfc84f9782944b8830c80456 P a75c679859a04ba0adc4c2feae34099e: Neither blocks nor log segments found. Creating new log.
I20260608 09:57:23.851400  2166 tablet_service.cc:1917] Received RequestConsensusVote() RPC: tablet_id: "a2e35d15cef44013b3d8098ddb0c8893" candidate_uuid: "ecfe8c0d7c8e4266aaab1e3725e16ada" candidate_term: 1 candidate_status { last_received { term: 0 index: 0 } } ignore_live_leader: false dest_uuid: "8569d79d7ca14fcab2081c4ef4fbdc2b" is_pre_election: true
I20260608 09:57:23.850643  2376 raft_consensus.cc:515] T 6cc366cbe8554232b28a512fe40df3b0 P 8569d79d7ca14fcab2081c4ef4fbdc2b [term 1 FOLLOWER]: Starting leader election with config: opid_index: -1 OBSOLETE_local: false peers { permanent_uuid: "a75c679859a04ba0adc4c2feae34099e" member_type: VOTER last_known_addr { host: "127.30.226.130" port: 42201 } } peers { permanent_uuid: "ecfe8c0d7c8e4266aaab1e3725e16ada" member_type: VOTER last_known_addr { host: "127.30.226.131" port: 37981 } } peers { permanent_uuid: "8569d79d7ca14fcab2081c4ef4fbdc2b" member_type: VOTER last_known_addr { host: "127.30.226.129" port: 35061 } }
I20260608 09:57:23.851822  2165 tablet_service.cc:1917] Received RequestConsensusVote() RPC: tablet_id: "6cc366cbe8554232b28a512fe40df3b0" candidate_uuid: "ecfe8c0d7c8e4266aaab1e3725e16ada" candidate_term: 1 candidate_status { last_received { term: 0 index: 0 } } ignore_live_leader: false dest_uuid: "8569d79d7ca14fcab2081c4ef4fbdc2b" is_pre_election: true
I20260608 09:57:23.855355  2165 raft_consensus.cc:2393] T 6cc366cbe8554232b28a512fe40df3b0 P 8569d79d7ca14fcab2081c4ef4fbdc2b [term 1 FOLLOWER]: Leader pre-election vote request: Denying vote to candidate ecfe8c0d7c8e4266aaab1e3725e16ada in current term 1: Already voted for candidate 8569d79d7ca14fcab2081c4ef4fbdc2b in this term.
I20260608 09:57:23.832509  2383 raft_consensus.cc:515] T 527def13cc734335a5357239780d7af8 P a75c679859a04ba0adc4c2feae34099e [term 1 FOLLOWER]: Starting leader election with config: opid_index: -1 OBSOLETE_local: false peers { permanent_uuid: "8569d79d7ca14fcab2081c4ef4fbdc2b" member_type: VOTER last_known_addr { host: "127.30.226.129" port: 35061 } } peers { permanent_uuid: "a75c679859a04ba0adc4c2feae34099e" member_type: VOTER last_known_addr { host: "127.30.226.130" port: 42201 } } peers { permanent_uuid: "ecfe8c0d7c8e4266aaab1e3725e16ada" member_type: VOTER last_known_addr { host: "127.30.226.131" port: 37981 } }
I20260608 09:57:23.856122  2364 raft_consensus.cc:2749] T b2b24f6449894421b009038031cd6c0a P 8569d79d7ca14fcab2081c4ef4fbdc2b [term 0 FOLLOWER]: Leader pre-election lost for term 1. Reason: could not achieve majority
I20260608 09:57:23.857024  2240 raft_consensus.cc:2393] T 527def13cc734335a5357239780d7af8 P a75c679859a04ba0adc4c2feae34099e [term 1 FOLLOWER]: Leader pre-election vote request: Denying vote to candidate 8569d79d7ca14fcab2081c4ef4fbdc2b in current term 1: Already voted for candidate a75c679859a04ba0adc4c2feae34099e in this term.
W20260608 09:57:23.857582  2279 leader_election.cc:343] T a2e35d15cef44013b3d8098ddb0c8893 P ecfe8c0d7c8e4266aaab1e3725e16ada [CANDIDATE]: Term 1 pre-election: Tablet error from VoteRequest() call to peer 8569d79d7ca14fcab2081c4ef4fbdc2b (127.30.226.129:35061): Illegal state: must be running to vote when last-logged opid is not known
I20260608 09:57:23.859124  2279 leader_election.cc:304] T 6cc366cbe8554232b28a512fe40df3b0 P ecfe8c0d7c8e4266aaab1e3725e16ada [CANDIDATE]: Term 1 pre-election: Election decided. Result: candidate lost. Election summary: received 3 responses out of 3 voters: 1 yes votes; 2 no votes. yes voters: ecfe8c0d7c8e4266aaab1e3725e16ada; no voters: 8569d79d7ca14fcab2081c4ef4fbdc2b, a75c679859a04ba0adc4c2feae34099e
I20260608 09:57:23.852439  2363 ts_tablet_manager.cc:1434] T 514c556f8e244807b9606657c4980654 P ecfe8c0d7c8e4266aaab1e3725e16ada: Time spent starting tablet: real 0.070s	user 0.006s	sys 0.001s
I20260608 09:57:23.862280  2376 leader_election.cc:290] T 6cc366cbe8554232b28a512fe40df3b0 P 8569d79d7ca14fcab2081c4ef4fbdc2b [CANDIDATE]: Term 1 election: Requested vote from peers a75c679859a04ba0adc4c2feae34099e (127.30.226.130:42201), ecfe8c0d7c8e4266aaab1e3725e16ada (127.30.226.131:37981)
I20260608 09:57:23.862733  2165 tablet_service.cc:1917] Received RequestConsensusVote() RPC: tablet_id: "527def13cc734335a5357239780d7af8" candidate_uuid: "a75c679859a04ba0adc4c2feae34099e" candidate_term: 1 candidate_status { last_received { term: 0 index: 0 } } ignore_live_leader: false dest_uuid: "8569d79d7ca14fcab2081c4ef4fbdc2b"
I20260608 09:57:23.862883  2132 leader_election.cc:304] T 527def13cc734335a5357239780d7af8 P 8569d79d7ca14fcab2081c4ef4fbdc2b [CANDIDATE]: Term 1 pre-election: Election decided. Result: candidate lost. Election summary: received 3 responses out of 3 voters: 1 yes votes; 2 no votes. yes voters: 8569d79d7ca14fcab2081c4ef4fbdc2b; no voters: a75c679859a04ba0adc4c2feae34099e, ecfe8c0d7c8e4266aaab1e3725e16ada
I20260608 09:57:23.863253  2373 raft_consensus.cc:3060] T 6cc366cbe8554232b28a512fe40df3b0 P ecfe8c0d7c8e4266aaab1e3725e16ada [term 0 FOLLOWER]: Advancing to term 1
I20260608 09:57:23.863637  2165 raft_consensus.cc:3060] T 527def13cc734335a5357239780d7af8 P 8569d79d7ca14fcab2081c4ef4fbdc2b [term 0 FOLLOWER]: Advancing to term 1
I20260608 09:57:23.871042  2314 tablet_service.cc:1917] Received RequestConsensusVote() RPC: tablet_id: "527def13cc734335a5357239780d7af8" candidate_uuid: "a75c679859a04ba0adc4c2feae34099e" candidate_term: 1 candidate_status { last_received { term: 0 index: 0 } } ignore_live_leader: false dest_uuid: "ecfe8c0d7c8e4266aaab1e3725e16ada"
I20260608 09:57:23.871047  2240 tablet_service.cc:1917] Received RequestConsensusVote() RPC: tablet_id: "6cc366cbe8554232b28a512fe40df3b0" candidate_uuid: "8569d79d7ca14fcab2081c4ef4fbdc2b" candidate_term: 1 candidate_status { last_received { term: 0 index: 0 } } ignore_live_leader: false dest_uuid: "a75c679859a04ba0adc4c2feae34099e"
I20260608 09:57:23.873466  2361 tablet_bootstrap.cc:492] T 514c556f8e244807b9606657c4980654 P 8569d79d7ca14fcab2081c4ef4fbdc2b: No bootstrap required, opened a new log
I20260608 09:57:23.874042  2361 ts_tablet_manager.cc:1403] T 514c556f8e244807b9606657c4980654 P 8569d79d7ca14fcab2081c4ef4fbdc2b: Time spent bootstrapping tablet: real 0.108s	user 0.020s	sys 0.038s
I20260608 09:57:23.874505  2383 leader_election.cc:290] T 527def13cc734335a5357239780d7af8 P a75c679859a04ba0adc4c2feae34099e [CANDIDATE]: Term 1 election: Requested vote from peers 8569d79d7ca14fcab2081c4ef4fbdc2b (127.30.226.129:35061), ecfe8c0d7c8e4266aaab1e3725e16ada (127.30.226.131:37981)
W20260608 09:57:23.875770  2207 leader_election.cc:343] T 527def13cc734335a5357239780d7af8 P a75c679859a04ba0adc4c2feae34099e [CANDIDATE]: Term 1 election: Tablet error from VoteRequest() call to peer ecfe8c0d7c8e4266aaab1e3725e16ada (127.30.226.131:37981): Illegal state: must be running to vote when last-logged opid is not known
I20260608 09:57:23.877466  2314 tablet_service.cc:1917] Received RequestConsensusVote() RPC: tablet_id: "6cc366cbe8554232b28a512fe40df3b0" candidate_uuid: "8569d79d7ca14fcab2081c4ef4fbdc2b" candidate_term: 1 candidate_status { last_received { term: 0 index: 0 } } ignore_live_leader: false dest_uuid: "ecfe8c0d7c8e4266aaab1e3725e16ada"
I20260608 09:57:23.878058  2363 tablet_bootstrap.cc:492] T 3c96e974ea8b4ef8a84730397eb9cfa7 P ecfe8c0d7c8e4266aaab1e3725e16ada: Bootstrap starting.
W20260608 09:57:23.878509  2132 leader_election.cc:343] T 6cc366cbe8554232b28a512fe40df3b0 P 8569d79d7ca14fcab2081c4ef4fbdc2b [CANDIDATE]: Term 1 election: Tablet error from VoteRequest() call to peer a75c679859a04ba0adc4c2feae34099e (127.30.226.130:42201): Illegal state: must be running to vote when last-logged opid is not known
I20260608 09:57:23.878602  2373 raft_consensus.cc:2749] T 6cc366cbe8554232b28a512fe40df3b0 P ecfe8c0d7c8e4266aaab1e3725e16ada [term 1 FOLLOWER]: Leader pre-election lost for term 1. Reason: could not achieve majority
I20260608 09:57:23.880079  2361 raft_consensus.cc:359] T 514c556f8e244807b9606657c4980654 P 8569d79d7ca14fcab2081c4ef4fbdc2b [term 0 FOLLOWER]: Replica starting. Triggering 0 pending ops. Active config: opid_index: -1 OBSOLETE_local: false peers { permanent_uuid: "8569d79d7ca14fcab2081c4ef4fbdc2b" member_type: VOTER last_known_addr { host: "127.30.226.129" port: 35061 } } peers { permanent_uuid: "a75c679859a04ba0adc4c2feae34099e" member_type: VOTER last_known_addr { host: "127.30.226.130" port: 42201 } } peers { permanent_uuid: "ecfe8c0d7c8e4266aaab1e3725e16ada" member_type: VOTER last_known_addr { host: "127.30.226.131" port: 37981 } }
I20260608 09:57:23.882720  2361 raft_consensus.cc:385] T 514c556f8e244807b9606657c4980654 P 8569d79d7ca14fcab2081c4ef4fbdc2b [term 0 FOLLOWER]: Consensus starting up: Expiring failure detector timer to make a prompt election more likely
I20260608 09:57:23.883155  2361 raft_consensus.cc:740] T 514c556f8e244807b9606657c4980654 P 8569d79d7ca14fcab2081c4ef4fbdc2b [term 0 FOLLOWER]: Becoming Follower/Learner. State: Replica: 8569d79d7ca14fcab2081c4ef4fbdc2b, State: Initialized, Role: FOLLOWER
I20260608 09:57:23.884217  2361 consensus_queue.cc:260] T 514c556f8e244807b9606657c4980654 P 8569d79d7ca14fcab2081c4ef4fbdc2b [NON_LEADER]: Queue going to NON_LEADER mode. State: All replicated index: 0, Majority replicated index: 0, Committed index: 0, Last appended: 0.0, Last appended by leader: 0, Current term: 0, Majority size: -1, State: 0, Mode: NON_LEADER, active raft config: opid_index: -1 OBSOLETE_local: false peers { permanent_uuid: "8569d79d7ca14fcab2081c4ef4fbdc2b" member_type: VOTER last_known_addr { host: "127.30.226.129" port: 35061 } } peers { permanent_uuid: "a75c679859a04ba0adc4c2feae34099e" member_type: VOTER last_known_addr { host: "127.30.226.130" port: 42201 } } peers { permanent_uuid: "ecfe8c0d7c8e4266aaab1e3725e16ada" member_type: VOTER last_known_addr { host: "127.30.226.131" port: 37981 } }
I20260608 09:57:23.886813  2361 ts_tablet_manager.cc:1434] T 514c556f8e244807b9606657c4980654 P 8569d79d7ca14fcab2081c4ef4fbdc2b: Time spent starting tablet: real 0.012s	user 0.006s	sys 0.000s
I20260608 09:57:23.880712  2360 tablet_bootstrap.cc:492] T 8983f221cfc84f9782944b8830c80456 P a75c679859a04ba0adc4c2feae34099e: No bootstrap required, opened a new log
I20260608 09:57:23.881929  2369 raft_consensus.cc:515] T a2e35d15cef44013b3d8098ddb0c8893 P ecfe8c0d7c8e4266aaab1e3725e16ada [term 1 FOLLOWER]: Starting leader election with config: opid_index: -1 OBSOLETE_local: false peers { permanent_uuid: "8569d79d7ca14fcab2081c4ef4fbdc2b" member_type: VOTER last_known_addr { host: "127.30.226.129" port: 35061 } } peers { permanent_uuid: "a75c679859a04ba0adc4c2feae34099e" member_type: VOTER last_known_addr { host: "127.30.226.130" port: 42201 } } peers { permanent_uuid: "ecfe8c0d7c8e4266aaab1e3725e16ada" member_type: VOTER last_known_addr { host: "127.30.226.131" port: 37981 } }
I20260608 09:57:23.887017  2363 tablet_bootstrap.cc:654] T 3c96e974ea8b4ef8a84730397eb9cfa7 P ecfe8c0d7c8e4266aaab1e3725e16ada: Neither blocks nor log segments found. Creating new log.
I20260608 09:57:23.886960  2314 raft_consensus.cc:2468] T 6cc366cbe8554232b28a512fe40df3b0 P ecfe8c0d7c8e4266aaab1e3725e16ada [term 1 FOLLOWER]: Leader election vote request: Granting yes vote for candidate 8569d79d7ca14fcab2081c4ef4fbdc2b in term 1.
I20260608 09:57:23.888113  2315 raft_consensus.cc:2393] T a2e35d15cef44013b3d8098ddb0c8893 P ecfe8c0d7c8e4266aaab1e3725e16ada [term 1 FOLLOWER]: Leader pre-election vote request: Denying vote to candidate a75c679859a04ba0adc4c2feae34099e in current term 1: Already voted for candidate ecfe8c0d7c8e4266aaab1e3725e16ada in this term.
I20260608 09:57:23.890208  2369 leader_election.cc:290] T a2e35d15cef44013b3d8098ddb0c8893 P ecfe8c0d7c8e4266aaab1e3725e16ada [CANDIDATE]: Term 1 election: Requested vote from peers 8569d79d7ca14fcab2081c4ef4fbdc2b (127.30.226.129:35061), a75c679859a04ba0adc4c2feae34099e (127.30.226.130:42201)
I20260608 09:57:23.890317  2207 leader_election.cc:304] T a2e35d15cef44013b3d8098ddb0c8893 P a75c679859a04ba0adc4c2feae34099e [CANDIDATE]: Term 1 pre-election: Election decided. Result: candidate lost. Election summary: received 3 responses out of 3 voters: 1 yes votes; 2 no votes. yes voters: a75c679859a04ba0adc4c2feae34099e; no voters: 8569d79d7ca14fcab2081c4ef4fbdc2b, ecfe8c0d7c8e4266aaab1e3725e16ada
I20260608 09:57:23.891274  2360 ts_tablet_manager.cc:1403] T 8983f221cfc84f9782944b8830c80456 P a75c679859a04ba0adc4c2feae34099e: Time spent bootstrapping tablet: real 0.050s	user 0.011s	sys 0.023s
I20260608 09:57:23.892397  2383 raft_consensus.cc:3060] T a2e35d15cef44013b3d8098ddb0c8893 P a75c679859a04ba0adc4c2feae34099e [term 0 FOLLOWER]: Advancing to term 1
I20260608 09:57:23.892460  2240 tablet_service.cc:1917] Received RequestConsensusVote() RPC: tablet_id: "a2e35d15cef44013b3d8098ddb0c8893" candidate_uuid: "ecfe8c0d7c8e4266aaab1e3725e16ada" candidate_term: 1 candidate_status { last_received { term: 0 index: 0 } } ignore_live_leader: false dest_uuid: "a75c679859a04ba0adc4c2feae34099e"
I20260608 09:57:23.893047  2361 tablet_bootstrap.cc:492] T 466c0d51dbe7493dbc9894cc88723281 P 8569d79d7ca14fcab2081c4ef4fbdc2b: Bootstrap starting.
I20260608 09:57:23.893440  2166 tablet_service.cc:1917] Received RequestConsensusVote() RPC: tablet_id: "a2e35d15cef44013b3d8098ddb0c8893" candidate_uuid: "ecfe8c0d7c8e4266aaab1e3725e16ada" candidate_term: 1 candidate_status { last_received { term: 0 index: 0 } } ignore_live_leader: false dest_uuid: "8569d79d7ca14fcab2081c4ef4fbdc2b"
W20260608 09:57:23.895866  2279 leader_election.cc:343] T a2e35d15cef44013b3d8098ddb0c8893 P ecfe8c0d7c8e4266aaab1e3725e16ada [CANDIDATE]: Term 1 election: Tablet error from VoteRequest() call to peer 8569d79d7ca14fcab2081c4ef4fbdc2b (127.30.226.129:35061): Illegal state: must be running to vote when last-logged opid is not known
I20260608 09:57:23.897635  2132 leader_election.cc:304] T 6cc366cbe8554232b28a512fe40df3b0 P 8569d79d7ca14fcab2081c4ef4fbdc2b [CANDIDATE]: Term 1 election: Election decided. Result: candidate won. Election summary: received 3 responses out of 3 voters: 2 yes votes; 1 no votes. yes voters: 8569d79d7ca14fcab2081c4ef4fbdc2b, ecfe8c0d7c8e4266aaab1e3725e16ada; no voters: a75c679859a04ba0adc4c2feae34099e
I20260608 09:57:23.898633  2364 raft_consensus.cc:2804] T 6cc366cbe8554232b28a512fe40df3b0 P 8569d79d7ca14fcab2081c4ef4fbdc2b [term 1 FOLLOWER]: Leader election won for term 1
I20260608 09:57:23.896807  2360 raft_consensus.cc:359] T 8983f221cfc84f9782944b8830c80456 P a75c679859a04ba0adc4c2feae34099e [term 0 FOLLOWER]: Replica starting. Triggering 0 pending ops. Active config: opid_index: -1 OBSOLETE_local: false peers { permanent_uuid: "8569d79d7ca14fcab2081c4ef4fbdc2b" member_type: VOTER last_known_addr { host: "127.30.226.129" port: 35061 } } peers { permanent_uuid: "a75c679859a04ba0adc4c2feae34099e" member_type: VOTER last_known_addr { host: "127.30.226.130" port: 42201 } } peers { permanent_uuid: "ecfe8c0d7c8e4266aaab1e3725e16ada" member_type: VOTER last_known_addr { host: "127.30.226.131" port: 37981 } }
I20260608 09:57:23.899372  2360 raft_consensus.cc:385] T 8983f221cfc84f9782944b8830c80456 P a75c679859a04ba0adc4c2feae34099e [term 0 FOLLOWER]: Consensus starting up: Expiring failure detector timer to make a prompt election more likely
I20260608 09:57:23.900043  2383 raft_consensus.cc:2749] T a2e35d15cef44013b3d8098ddb0c8893 P a75c679859a04ba0adc4c2feae34099e [term 1 FOLLOWER]: Leader pre-election lost for term 1. Reason: could not achieve majority
I20260608 09:57:23.899884  2360 raft_consensus.cc:740] T 8983f221cfc84f9782944b8830c80456 P a75c679859a04ba0adc4c2feae34099e [term 0 FOLLOWER]: Becoming Follower/Learner. State: Replica: a75c679859a04ba0adc4c2feae34099e, State: Initialized, Role: FOLLOWER
I20260608 09:57:23.901197  2361 tablet_bootstrap.cc:654] T 466c0d51dbe7493dbc9894cc88723281 P 8569d79d7ca14fcab2081c4ef4fbdc2b: Neither blocks nor log segments found. Creating new log.
I20260608 09:57:23.901468  2360 consensus_queue.cc:260] T 8983f221cfc84f9782944b8830c80456 P a75c679859a04ba0adc4c2feae34099e [NON_LEADER]: Queue going to NON_LEADER mode. State: All replicated index: 0, Majority replicated index: 0, Committed index: 0, Last appended: 0.0, Last appended by leader: 0, Current term: 0, Majority size: -1, State: 0, Mode: NON_LEADER, active raft config: opid_index: -1 OBSOLETE_local: false peers { permanent_uuid: "8569d79d7ca14fcab2081c4ef4fbdc2b" member_type: VOTER last_known_addr { host: "127.30.226.129" port: 35061 } } peers { permanent_uuid: "a75c679859a04ba0adc4c2feae34099e" member_type: VOTER last_known_addr { host: "127.30.226.130" port: 42201 } } peers { permanent_uuid: "ecfe8c0d7c8e4266aaab1e3725e16ada" member_type: VOTER last_known_addr { host: "127.30.226.131" port: 37981 } }
I20260608 09:57:23.904511  2360 ts_tablet_manager.cc:1434] T 8983f221cfc84f9782944b8830c80456 P a75c679859a04ba0adc4c2feae34099e: Time spent starting tablet: real 0.012s	user 0.006s	sys 0.002s
I20260608 09:57:23.905797  2360 tablet_bootstrap.cc:492] T 466c0d51dbe7493dbc9894cc88723281 P a75c679859a04ba0adc4c2feae34099e: Bootstrap starting.
I20260608 09:57:23.914103  2363 tablet_bootstrap.cc:492] T 3c96e974ea8b4ef8a84730397eb9cfa7 P ecfe8c0d7c8e4266aaab1e3725e16ada: No bootstrap required, opened a new log
I20260608 09:57:23.914857  2363 ts_tablet_manager.cc:1403] T 3c96e974ea8b4ef8a84730397eb9cfa7 P ecfe8c0d7c8e4266aaab1e3725e16ada: Time spent bootstrapping tablet: real 0.039s	user 0.005s	sys 0.015s
I20260608 09:57:23.916460  2361 tablet_bootstrap.cc:492] T 466c0d51dbe7493dbc9894cc88723281 P 8569d79d7ca14fcab2081c4ef4fbdc2b: No bootstrap required, opened a new log
I20260608 09:57:23.917012  2361 ts_tablet_manager.cc:1403] T 466c0d51dbe7493dbc9894cc88723281 P 8569d79d7ca14fcab2081c4ef4fbdc2b: Time spent bootstrapping tablet: real 0.024s	user 0.012s	sys 0.006s
I20260608 09:57:23.917081  2360 tablet_bootstrap.cc:654] T 466c0d51dbe7493dbc9894cc88723281 P a75c679859a04ba0adc4c2feae34099e: Neither blocks nor log segments found. Creating new log.
I20260608 09:57:23.919628  2363 raft_consensus.cc:359] T 3c96e974ea8b4ef8a84730397eb9cfa7 P ecfe8c0d7c8e4266aaab1e3725e16ada [term 0 FOLLOWER]: Replica starting. Triggering 0 pending ops. Active config: opid_index: -1 OBSOLETE_local: false peers { permanent_uuid: "8569d79d7ca14fcab2081c4ef4fbdc2b" member_type: VOTER last_known_addr { host: "127.30.226.129" port: 35061 } } peers { permanent_uuid: "a75c679859a04ba0adc4c2feae34099e" member_type: VOTER last_known_addr { host: "127.30.226.130" port: 42201 } } peers { permanent_uuid: "ecfe8c0d7c8e4266aaab1e3725e16ada" member_type: VOTER last_known_addr { host: "127.30.226.131" port: 37981 } }
I20260608 09:57:23.920526  2363 raft_consensus.cc:385] T 3c96e974ea8b4ef8a84730397eb9cfa7 P ecfe8c0d7c8e4266aaab1e3725e16ada [term 0 FOLLOWER]: Consensus starting up: Expiring failure detector timer to make a prompt election more likely
I20260608 09:57:23.921154  2363 raft_consensus.cc:740] T 3c96e974ea8b4ef8a84730397eb9cfa7 P ecfe8c0d7c8e4266aaab1e3725e16ada [term 0 FOLLOWER]: Becoming Follower/Learner. State: Replica: ecfe8c0d7c8e4266aaab1e3725e16ada, State: Initialized, Role: FOLLOWER
I20260608 09:57:23.920521  2361 raft_consensus.cc:359] T 466c0d51dbe7493dbc9894cc88723281 P 8569d79d7ca14fcab2081c4ef4fbdc2b [term 0 FOLLOWER]: Replica starting. Triggering 0 pending ops. Active config: opid_index: -1 OBSOLETE_local: false peers { permanent_uuid: "a75c679859a04ba0adc4c2feae34099e" member_type: VOTER last_known_addr { host: "127.30.226.130" port: 42201 } } peers { permanent_uuid: "8569d79d7ca14fcab2081c4ef4fbdc2b" member_type: VOTER last_known_addr { host: "127.30.226.129" port: 35061 } } peers { permanent_uuid: "ecfe8c0d7c8e4266aaab1e3725e16ada" member_type: VOTER last_known_addr { host: "127.30.226.131" port: 37981 } }
I20260608 09:57:23.921891  2361 raft_consensus.cc:385] T 466c0d51dbe7493dbc9894cc88723281 P 8569d79d7ca14fcab2081c4ef4fbdc2b [term 0 FOLLOWER]: Consensus starting up: Expiring failure detector timer to make a prompt election more likely
I20260608 09:57:23.922240  2240 raft_consensus.cc:2468] T a2e35d15cef44013b3d8098ddb0c8893 P a75c679859a04ba0adc4c2feae34099e [term 1 FOLLOWER]: Leader election vote request: Granting yes vote for candidate ecfe8c0d7c8e4266aaab1e3725e16ada in term 1.
I20260608 09:57:23.922377  2361 raft_consensus.cc:740] T 466c0d51dbe7493dbc9894cc88723281 P 8569d79d7ca14fcab2081c4ef4fbdc2b [term 0 FOLLOWER]: Becoming Follower/Learner. State: Replica: 8569d79d7ca14fcab2081c4ef4fbdc2b, State: Initialized, Role: FOLLOWER
I20260608 09:57:23.922402  2363 consensus_queue.cc:260] T 3c96e974ea8b4ef8a84730397eb9cfa7 P ecfe8c0d7c8e4266aaab1e3725e16ada [NON_LEADER]: Queue going to NON_LEADER mode. State: All replicated index: 0, Majority replicated index: 0, Committed index: 0, Last appended: 0.0, Last appended by leader: 0, Current term: 0, Majority size: -1, State: 0, Mode: NON_LEADER, active raft config: opid_index: -1 OBSOLETE_local: false peers { permanent_uuid: "8569d79d7ca14fcab2081c4ef4fbdc2b" member_type: VOTER last_known_addr { host: "127.30.226.129" port: 35061 } } peers { permanent_uuid: "a75c679859a04ba0adc4c2feae34099e" member_type: VOTER last_known_addr { host: "127.30.226.130" port: 42201 } } peers { permanent_uuid: "ecfe8c0d7c8e4266aaab1e3725e16ada" member_type: VOTER last_known_addr { host: "127.30.226.131" port: 37981 } }
I20260608 09:57:23.924312  2281 leader_election.cc:304] T a2e35d15cef44013b3d8098ddb0c8893 P ecfe8c0d7c8e4266aaab1e3725e16ada [CANDIDATE]: Term 1 election: Election decided. Result: candidate won. Election summary: received 3 responses out of 3 voters: 2 yes votes; 1 no votes. yes voters: a75c679859a04ba0adc4c2feae34099e, ecfe8c0d7c8e4266aaab1e3725e16ada; no voters: 8569d79d7ca14fcab2081c4ef4fbdc2b
I20260608 09:57:23.923913  2361 consensus_queue.cc:260] T 466c0d51dbe7493dbc9894cc88723281 P 8569d79d7ca14fcab2081c4ef4fbdc2b [NON_LEADER]: Queue going to NON_LEADER mode. State: All replicated index: 0, Majority replicated index: 0, Committed index: 0, Last appended: 0.0, Last appended by leader: 0, Current term: 0, Majority size: -1, State: 0, Mode: NON_LEADER, active raft config: opid_index: -1 OBSOLETE_local: false peers { permanent_uuid: "a75c679859a04ba0adc4c2feae34099e" member_type: VOTER last_known_addr { host: "127.30.226.130" port: 42201 } } peers { permanent_uuid: "8569d79d7ca14fcab2081c4ef4fbdc2b" member_type: VOTER last_known_addr { host: "127.30.226.129" port: 35061 } } peers { permanent_uuid: "ecfe8c0d7c8e4266aaab1e3725e16ada" member_type: VOTER last_known_addr { host: "127.30.226.131" port: 37981 } }
I20260608 09:57:23.925966  2363 ts_tablet_manager.cc:1434] T 3c96e974ea8b4ef8a84730397eb9cfa7 P ecfe8c0d7c8e4266aaab1e3725e16ada: Time spent starting tablet: real 0.011s	user 0.009s	sys 0.002s
I20260608 09:57:23.925885  2369 raft_consensus.cc:2804] T a2e35d15cef44013b3d8098ddb0c8893 P ecfe8c0d7c8e4266aaab1e3725e16ada [term 1 FOLLOWER]: Leader election won for term 1
I20260608 09:57:23.926550  2369 raft_consensus.cc:697] T a2e35d15cef44013b3d8098ddb0c8893 P ecfe8c0d7c8e4266aaab1e3725e16ada [term 1 LEADER]: Becoming Leader. State: Replica: ecfe8c0d7c8e4266aaab1e3725e16ada, State: Running, Role: LEADER
I20260608 09:57:23.927181  2363 tablet_bootstrap.cc:492] T 8983f221cfc84f9782944b8830c80456 P ecfe8c0d7c8e4266aaab1e3725e16ada: Bootstrap starting.
I20260608 09:57:23.927433  2369 consensus_queue.cc:237] T a2e35d15cef44013b3d8098ddb0c8893 P ecfe8c0d7c8e4266aaab1e3725e16ada [LEADER]: Queue going to LEADER mode. State: All replicated index: 0, Majority replicated index: 0, Committed index: 0, Last appended: 0.0, Last appended by leader: 0, Current term: 1, Majority size: 2, State: 0, Mode: LEADER, active raft config: opid_index: -1 OBSOLETE_local: false peers { permanent_uuid: "8569d79d7ca14fcab2081c4ef4fbdc2b" member_type: VOTER last_known_addr { host: "127.30.226.129" port: 35061 } } peers { permanent_uuid: "a75c679859a04ba0adc4c2feae34099e" member_type: VOTER last_known_addr { host: "127.30.226.130" port: 42201 } } peers { permanent_uuid: "ecfe8c0d7c8e4266aaab1e3725e16ada" member_type: VOTER last_known_addr { host: "127.30.226.131" port: 37981 } }
I20260608 09:57:23.934578  2383 raft_consensus.cc:493] T b2b24f6449894421b009038031cd6c0a P a75c679859a04ba0adc4c2feae34099e [term 0 FOLLOWER]: Starting pre-election (no leader contacted us within the election timeout)
I20260608 09:57:23.935333  2383 raft_consensus.cc:515] T b2b24f6449894421b009038031cd6c0a P a75c679859a04ba0adc4c2feae34099e [term 0 FOLLOWER]: Starting pre-election with config: opid_index: -1 OBSOLETE_local: false peers { permanent_uuid: "8569d79d7ca14fcab2081c4ef4fbdc2b" member_type: VOTER last_known_addr { host: "127.30.226.129" port: 35061 } } peers { permanent_uuid: "a75c679859a04ba0adc4c2feae34099e" member_type: VOTER last_known_addr { host: "127.30.226.130" port: 42201 } } peers { permanent_uuid: "ecfe8c0d7c8e4266aaab1e3725e16ada" member_type: VOTER last_known_addr { host: "127.30.226.131" port: 37981 } }
I20260608 09:57:23.883157  2165 raft_consensus.cc:2468] T 527def13cc734335a5357239780d7af8 P 8569d79d7ca14fcab2081c4ef4fbdc2b [term 1 FOLLOWER]: Leader election vote request: Granting yes vote for candidate a75c679859a04ba0adc4c2feae34099e in term 1.
I20260608 09:57:23.939298  2166 tablet_service.cc:1917] Received RequestConsensusVote() RPC: tablet_id: "b2b24f6449894421b009038031cd6c0a" candidate_uuid: "a75c679859a04ba0adc4c2feae34099e" candidate_term: 1 candidate_status { last_received { term: 0 index: 0 } } ignore_live_leader: false dest_uuid: "8569d79d7ca14fcab2081c4ef4fbdc2b" is_pre_election: true
I20260608 09:57:23.939567  2376 raft_consensus.cc:2749] T 527def13cc734335a5357239780d7af8 P 8569d79d7ca14fcab2081c4ef4fbdc2b [term 1 FOLLOWER]: Leader pre-election lost for term 1. Reason: could not achieve majority
I20260608 09:57:23.939956  2166 raft_consensus.cc:2468] T b2b24f6449894421b009038031cd6c0a P 8569d79d7ca14fcab2081c4ef4fbdc2b [term 0 FOLLOWER]: Leader pre-election vote request: Granting yes vote for candidate a75c679859a04ba0adc4c2feae34099e in term 0.
I20260608 09:57:23.941501  2205 leader_election.cc:304] T b2b24f6449894421b009038031cd6c0a P a75c679859a04ba0adc4c2feae34099e [CANDIDATE]: Term 1 pre-election: Election decided. Result: candidate won. Election summary: received 2 responses out of 3 voters: 2 yes votes; 0 no votes. yes voters: 8569d79d7ca14fcab2081c4ef4fbdc2b, a75c679859a04ba0adc4c2feae34099e; no voters: 
I20260608 09:57:23.942636  2367 raft_consensus.cc:2804] T b2b24f6449894421b009038031cd6c0a P a75c679859a04ba0adc4c2feae34099e [term 0 FOLLOWER]: Leader pre-election won for term 1
I20260608 09:57:23.943001  2367 raft_consensus.cc:493] T b2b24f6449894421b009038031cd6c0a P a75c679859a04ba0adc4c2feae34099e [term 0 FOLLOWER]: Starting leader election (no leader contacted us within the election timeout)
I20260608 09:57:23.943374  2367 raft_consensus.cc:3060] T b2b24f6449894421b009038031cd6c0a P a75c679859a04ba0adc4c2feae34099e [term 0 FOLLOWER]: Advancing to term 1
I20260608 09:57:23.943224  2205 leader_election.cc:304] T 527def13cc734335a5357239780d7af8 P a75c679859a04ba0adc4c2feae34099e [CANDIDATE]: Term 1 election: Election decided. Result: candidate won. Election summary: received 3 responses out of 3 voters: 2 yes votes; 1 no votes. yes voters: 8569d79d7ca14fcab2081c4ef4fbdc2b, a75c679859a04ba0adc4c2feae34099e; no voters: ecfe8c0d7c8e4266aaab1e3725e16ada
I20260608 09:57:23.952458  2361 ts_tablet_manager.cc:1434] T 466c0d51dbe7493dbc9894cc88723281 P 8569d79d7ca14fcab2081c4ef4fbdc2b: Time spent starting tablet: real 0.035s	user 0.017s	sys 0.016s
I20260608 09:57:23.954605  2363 tablet_bootstrap.cc:654] T 8983f221cfc84f9782944b8830c80456 P ecfe8c0d7c8e4266aaab1e3725e16ada: Neither blocks nor log segments found. Creating new log.
I20260608 09:57:23.961855  2383 leader_election.cc:290] T b2b24f6449894421b009038031cd6c0a P a75c679859a04ba0adc4c2feae34099e [CANDIDATE]: Term 1 pre-election: Requested pre-vote from peers 8569d79d7ca14fcab2081c4ef4fbdc2b (127.30.226.129:35061), ecfe8c0d7c8e4266aaab1e3725e16ada (127.30.226.131:37981)
I20260608 09:57:23.974252  2314 tablet_service.cc:1917] Received RequestConsensusVote() RPC: tablet_id: "b2b24f6449894421b009038031cd6c0a" candidate_uuid: "a75c679859a04ba0adc4c2feae34099e" candidate_term: 1 candidate_status { last_received { term: 0 index: 0 } } ignore_live_leader: false dest_uuid: "ecfe8c0d7c8e4266aaab1e3725e16ada" is_pre_election: true
I20260608 09:57:23.979085  2364 raft_consensus.cc:697] T 6cc366cbe8554232b28a512fe40df3b0 P 8569d79d7ca14fcab2081c4ef4fbdc2b [term 1 LEADER]: Becoming Leader. State: Replica: 8569d79d7ca14fcab2081c4ef4fbdc2b, State: Running, Role: LEADER
I20260608 09:57:23.979650  2383 raft_consensus.cc:2804] T 527def13cc734335a5357239780d7af8 P a75c679859a04ba0adc4c2feae34099e [term 1 FOLLOWER]: Leader election won for term 1
I20260608 09:57:23.981666  2361 tablet_bootstrap.cc:492] T a2e35d15cef44013b3d8098ddb0c8893 P 8569d79d7ca14fcab2081c4ef4fbdc2b: Bootstrap starting.
W20260608 09:57:23.980788  2207 leader_election.cc:343] T b2b24f6449894421b009038031cd6c0a P a75c679859a04ba0adc4c2feae34099e [CANDIDATE]: Term 1 pre-election: Tablet error from VoteRequest() call to peer ecfe8c0d7c8e4266aaab1e3725e16ada (127.30.226.131:37981): Illegal state: must be running to vote when last-logged opid is not known
I20260608 09:57:23.980669  2364 consensus_queue.cc:237] T 6cc366cbe8554232b28a512fe40df3b0 P 8569d79d7ca14fcab2081c4ef4fbdc2b [LEADER]: Queue going to LEADER mode. State: All replicated index: 0, Majority replicated index: 0, Committed index: 0, Last appended: 0.0, Last appended by leader: 0, Current term: 1, Majority size: 2, State: 0, Mode: LEADER, active raft config: opid_index: -1 OBSOLETE_local: false peers { permanent_uuid: "a75c679859a04ba0adc4c2feae34099e" member_type: VOTER last_known_addr { host: "127.30.226.130" port: 42201 } } peers { permanent_uuid: "ecfe8c0d7c8e4266aaab1e3725e16ada" member_type: VOTER last_known_addr { host: "127.30.226.131" port: 37981 } } peers { permanent_uuid: "8569d79d7ca14fcab2081c4ef4fbdc2b" member_type: VOTER last_known_addr { host: "127.30.226.129" port: 35061 } }
I20260608 09:57:23.980652  2383 raft_consensus.cc:697] T 527def13cc734335a5357239780d7af8 P a75c679859a04ba0adc4c2feae34099e [term 1 LEADER]: Becoming Leader. State: Replica: a75c679859a04ba0adc4c2feae34099e, State: Running, Role: LEADER
