I20260608 09:57:23.159174  5302 raft_consensus.cc:2468] T 5f225868c2a24b1eace0aae66a2219b5 P 997edbd12f9e4b17bcb28fcdbe16a253 [term 0 FOLLOWER]: Leader pre-election vote request: Granting yes vote for candidate a250ecaf5f9c4a05952659c5052c2d50 in term 0.
I20260608 09:57:23.159281  5227 tablet_service.cc:1917] Received RequestConsensusVote() RPC: tablet_id: "0a385667491342aebb0658af2b0c22ff" candidate_uuid: "9271003e3d8e45468a64cbe0ea7ae7f9" candidate_term: 1 candidate_status { last_received { term: 0 index: 0 } } ignore_live_leader: false dest_uuid: "a250ecaf5f9c4a05952659c5052c2d50"
I20260608 09:57:23.159849  5227 raft_consensus.cc:3060] T 0a385667491342aebb0658af2b0c22ff P a250ecaf5f9c4a05952659c5052c2d50 [term 0 FOLLOWER]: Advancing to term 1
I20260608 09:57:23.160338  5301 tablet_service.cc:1917] Received RequestConsensusVote() RPC: tablet_id: "5482fb66f3ed41cdaf0745524a0bf033" candidate_uuid: "a250ecaf5f9c4a05952659c5052c2d50" candidate_term: 1 candidate_status { last_received { term: 0 index: 0 } } ignore_live_leader: false dest_uuid: "997edbd12f9e4b17bcb28fcdbe16a253" is_pre_election: true
I20260608 09:57:23.161538  5193 leader_election.cc:304] T 5f225868c2a24b1eace0aae66a2219b5 P a250ecaf5f9c4a05952659c5052c2d50 [CANDIDATE]: Term 1 pre-election: Election decided. Result: candidate won. Election summary: received 2 responses out of 3 voters: 2 yes votes; 0 no votes. yes voters: 9271003e3d8e45468a64cbe0ea7ae7f9, a250ecaf5f9c4a05952659c5052c2d50; no voters: 
I20260608 09:57:23.163204  5423 tablet_bootstrap.cc:492] T 5482fb66f3ed41cdaf0745524a0bf033 P 997edbd12f9e4b17bcb28fcdbe16a253: No bootstrap required, opened a new log
W20260608 09:57:23.163501  5192 leader_election.cc:343] T 5482fb66f3ed41cdaf0745524a0bf033 P a250ecaf5f9c4a05952659c5052c2d50 [CANDIDATE]: Term 1 pre-election: Tablet error from VoteRequest() call to peer 997edbd12f9e4b17bcb28fcdbe16a253 (127.2.40.194:44443): Illegal state: must be running to vote when last-logged opid is not known
I20260608 09:57:23.163862  5423 ts_tablet_manager.cc:1403] T 5482fb66f3ed41cdaf0745524a0bf033 P 997edbd12f9e4b17bcb28fcdbe16a253: Time spent bootstrapping tablet: real 0.031s	user 0.017s	sys 0.000s
I20260608 09:57:23.164450  5376 tablet_service.cc:1917] Received RequestConsensusVote() RPC: tablet_id: "5482fb66f3ed41cdaf0745524a0bf033" candidate_uuid: "a250ecaf5f9c4a05952659c5052c2d50" candidate_term: 1 candidate_status { last_received { term: 0 index: 0 } } ignore_live_leader: false dest_uuid: "9271003e3d8e45468a64cbe0ea7ae7f9" is_pre_election: true
W20260608 09:57:23.168365  5193 leader_election.cc:343] T 5482fb66f3ed41cdaf0745524a0bf033 P a250ecaf5f9c4a05952659c5052c2d50 [CANDIDATE]: Term 1 pre-election: Tablet error from VoteRequest() call to peer 9271003e3d8e45468a64cbe0ea7ae7f9 (127.2.40.195:45131): Illegal state: must be running to vote when last-logged opid is not known
I20260608 09:57:23.168462  5466 leader_election.cc:290] T 0a385667491342aebb0658af2b0c22ff P 9271003e3d8e45468a64cbe0ea7ae7f9 [CANDIDATE]: Term 1 election: Requested vote from peers a250ecaf5f9c4a05952659c5052c2d50 (127.2.40.193:43111), 997edbd12f9e4b17bcb28fcdbe16a253 (127.2.40.194:44443)
I20260608 09:57:23.168445  5227 raft_consensus.cc:2468] T 0a385667491342aebb0658af2b0c22ff P a250ecaf5f9c4a05952659c5052c2d50 [term 1 FOLLOWER]: Leader election vote request: Granting yes vote for candidate 9271003e3d8e45468a64cbe0ea7ae7f9 in term 1.
I20260608 09:57:23.168900  5193 leader_election.cc:304] T 5482fb66f3ed41cdaf0745524a0bf033 P a250ecaf5f9c4a05952659c5052c2d50 [CANDIDATE]: Term 1 pre-election: Election decided. Result: candidate lost. Election summary: received 3 responses out of 3 voters: 1 yes votes; 2 no votes. yes voters: a250ecaf5f9c4a05952659c5052c2d50; no voters: 9271003e3d8e45468a64cbe0ea7ae7f9, 997edbd12f9e4b17bcb28fcdbe16a253
I20260608 09:57:23.170061  5427 leader_election.cc:290] T 5f225868c2a24b1eace0aae66a2219b5 P a250ecaf5f9c4a05952659c5052c2d50 [CANDIDATE]: Term 1 pre-election: Requested pre-vote from peers 997edbd12f9e4b17bcb28fcdbe16a253 (127.2.40.194:44443), 9271003e3d8e45468a64cbe0ea7ae7f9 (127.2.40.195:45131)
I20260608 09:57:23.170343  5342 leader_election.cc:304] T 0a385667491342aebb0658af2b0c22ff P 9271003e3d8e45468a64cbe0ea7ae7f9 [CANDIDATE]: Term 1 election: Election decided. Result: candidate won. Election summary: received 2 responses out of 3 voters: 2 yes votes; 0 no votes. yes voters: 9271003e3d8e45468a64cbe0ea7ae7f9, a250ecaf5f9c4a05952659c5052c2d50; no voters: 
I20260608 09:57:23.170917  5459 raft_consensus.cc:2749] T 5482fb66f3ed41cdaf0745524a0bf033 P a250ecaf5f9c4a05952659c5052c2d50 [term 0 FOLLOWER]: Leader pre-election lost for term 1. Reason: could not achieve majority
I20260608 09:57:23.171569  5466 raft_consensus.cc:2804] T 0a385667491342aebb0658af2b0c22ff P 9271003e3d8e45468a64cbe0ea7ae7f9 [term 1 FOLLOWER]: Leader election won for term 1
I20260608 09:57:23.171762  5423 raft_consensus.cc:359] T 5482fb66f3ed41cdaf0745524a0bf033 P 997edbd12f9e4b17bcb28fcdbe16a253 [term 0 FOLLOWER]: Replica starting. Triggering 0 pending ops. Active config: opid_index: -1 OBSOLETE_local: false peers { permanent_uuid: "a250ecaf5f9c4a05952659c5052c2d50" member_type: VOTER last_known_addr { host: "127.2.40.193" port: 43111 } } peers { permanent_uuid: "997edbd12f9e4b17bcb28fcdbe16a253" member_type: VOTER last_known_addr { host: "127.2.40.194" port: 44443 } } peers { permanent_uuid: "9271003e3d8e45468a64cbe0ea7ae7f9" member_type: VOTER last_known_addr { host: "127.2.40.195" port: 45131 } }
I20260608 09:57:23.172144  5466 raft_consensus.cc:697] T 0a385667491342aebb0658af2b0c22ff P 9271003e3d8e45468a64cbe0ea7ae7f9 [term 1 LEADER]: Becoming Leader. State: Replica: 9271003e3d8e45468a64cbe0ea7ae7f9, State: Running, Role: LEADER
I20260608 09:57:23.172083  5301 tablet_service.cc:1917] Received RequestConsensusVote() RPC: tablet_id: "0a385667491342aebb0658af2b0c22ff" candidate_uuid: "9271003e3d8e45468a64cbe0ea7ae7f9" candidate_term: 1 candidate_status { last_received { term: 0 index: 0 } } ignore_live_leader: false dest_uuid: "997edbd12f9e4b17bcb28fcdbe16a253"
I20260608 09:57:23.172524  5423 raft_consensus.cc:385] T 5482fb66f3ed41cdaf0745524a0bf033 P 997edbd12f9e4b17bcb28fcdbe16a253 [term 0 FOLLOWER]: Consensus starting up: Expiring failure detector timer to make a prompt election more likely
I20260608 09:57:23.169909  5429 raft_consensus.cc:2804] T 5f225868c2a24b1eace0aae66a2219b5 P a250ecaf5f9c4a05952659c5052c2d50 [term 0 FOLLOWER]: Leader pre-election won for term 1
I20260608 09:57:23.172938  5301 raft_consensus.cc:3060] T 0a385667491342aebb0658af2b0c22ff P 997edbd12f9e4b17bcb28fcdbe16a253 [term 0 FOLLOWER]: Advancing to term 1
I20260608 09:57:23.173096  5429 raft_consensus.cc:493] T 5f225868c2a24b1eace0aae66a2219b5 P a250ecaf5f9c4a05952659c5052c2d50 [term 0 FOLLOWER]: Starting leader election (no leader contacted us within the election timeout)
I20260608 09:57:23.172933  5423 raft_consensus.cc:740] T 5482fb66f3ed41cdaf0745524a0bf033 P 997edbd12f9e4b17bcb28fcdbe16a253 [term 0 FOLLOWER]: Becoming Follower/Learner. State: Replica: 997edbd12f9e4b17bcb28fcdbe16a253, State: Initialized, Role: FOLLOWER
I20260608 09:57:23.173676  5429 raft_consensus.cc:3060] T 5f225868c2a24b1eace0aae66a2219b5 P a250ecaf5f9c4a05952659c5052c2d50 [term 0 FOLLOWER]: Advancing to term 1
I20260608 09:57:23.174516  5423 consensus_queue.cc:260] T 5482fb66f3ed41cdaf0745524a0bf033 P 997edbd12f9e4b17bcb28fcdbe16a253 [NON_LEADER]: Queue going to NON_LEADER mode. State: All replicated index: 0, Majority replicated index: 0, Committed index: 0, Last appended: 0.0, Last appended by leader: 0, Current term: 0, Majority size: -1, State: 0, Mode: NON_LEADER, active raft config: opid_index: -1 OBSOLETE_local: false peers { permanent_uuid: "a250ecaf5f9c4a05952659c5052c2d50" member_type: VOTER last_known_addr { host: "127.2.40.193" port: 43111 } } peers { permanent_uuid: "997edbd12f9e4b17bcb28fcdbe16a253" member_type: VOTER last_known_addr { host: "127.2.40.194" port: 44443 } } peers { permanent_uuid: "9271003e3d8e45468a64cbe0ea7ae7f9" member_type: VOTER last_known_addr { host: "127.2.40.195" port: 45131 } }
I20260608 09:57:23.177354  5423 ts_tablet_manager.cc:1434] T 5482fb66f3ed41cdaf0745524a0bf033 P 997edbd12f9e4b17bcb28fcdbe16a253: Time spent starting tablet: real 0.013s	user 0.004s	sys 0.007s
I20260608 09:57:23.178504  5423 tablet_bootstrap.cc:492] T 6ce7c9f9405f48e8a8c77a9ff1539f41 P 997edbd12f9e4b17bcb28fcdbe16a253: Bootstrap starting.
I20260608 09:57:23.181344  5301 raft_consensus.cc:2468] T 0a385667491342aebb0658af2b0c22ff P 997edbd12f9e4b17bcb28fcdbe16a253 [term 1 FOLLOWER]: Leader election vote request: Granting yes vote for candidate 9271003e3d8e45468a64cbe0ea7ae7f9 in term 1.
I20260608 09:57:23.174001  5466 consensus_queue.cc:237] T 0a385667491342aebb0658af2b0c22ff P 9271003e3d8e45468a64cbe0ea7ae7f9 [LEADER]: Queue going to LEADER mode. State: All replicated index: 0, Majority replicated index: 0, Committed index: 0, Last appended: 0.0, Last appended by leader: 0, Current term: 1, Majority size: 2, State: 0, Mode: LEADER, active raft config: opid_index: -1 OBSOLETE_local: false peers { permanent_uuid: "a250ecaf5f9c4a05952659c5052c2d50" member_type: VOTER last_known_addr { host: "127.2.40.193" port: 43111 } } peers { permanent_uuid: "997edbd12f9e4b17bcb28fcdbe16a253" member_type: VOTER last_known_addr { host: "127.2.40.194" port: 44443 } } peers { permanent_uuid: "9271003e3d8e45468a64cbe0ea7ae7f9" member_type: VOTER last_known_addr { host: "127.2.40.195" port: 45131 } }
I20260608 09:57:23.186746  5429 raft_consensus.cc:515] T 5f225868c2a24b1eace0aae66a2219b5 P a250ecaf5f9c4a05952659c5052c2d50 [term 1 FOLLOWER]: Starting leader election with config: opid_index: -1 OBSOLETE_local: false peers { permanent_uuid: "997edbd12f9e4b17bcb28fcdbe16a253" member_type: VOTER last_known_addr { host: "127.2.40.194" port: 44443 } } peers { permanent_uuid: "a250ecaf5f9c4a05952659c5052c2d50" member_type: VOTER last_known_addr { host: "127.2.40.193" port: 43111 } } peers { permanent_uuid: "9271003e3d8e45468a64cbe0ea7ae7f9" member_type: VOTER last_known_addr { host: "127.2.40.195" port: 45131 } }
I20260608 09:57:23.189373  5429 leader_election.cc:290] T 5f225868c2a24b1eace0aae66a2219b5 P a250ecaf5f9c4a05952659c5052c2d50 [CANDIDATE]: Term 1 election: Requested vote from peers 997edbd12f9e4b17bcb28fcdbe16a253 (127.2.40.194:44443), 9271003e3d8e45468a64cbe0ea7ae7f9 (127.2.40.195:45131)
I20260608 09:57:23.190008  5376 tablet_service.cc:1917] Received RequestConsensusVote() RPC: tablet_id: "5f225868c2a24b1eace0aae66a2219b5" candidate_uuid: "a250ecaf5f9c4a05952659c5052c2d50" candidate_term: 1 candidate_status { last_received { term: 0 index: 0 } } ignore_live_leader: false dest_uuid: "9271003e3d8e45468a64cbe0ea7ae7f9"
I20260608 09:57:23.190675  5423 tablet_bootstrap.cc:654] T 6ce7c9f9405f48e8a8c77a9ff1539f41 P 997edbd12f9e4b17bcb28fcdbe16a253: Neither blocks nor log segments found. Creating new log.
I20260608 09:57:23.193038  5421 tablet_bootstrap.cc:492] T 5482fb66f3ed41cdaf0745524a0bf033 P 9271003e3d8e45468a64cbe0ea7ae7f9: No bootstrap required, opened a new log
I20260608 09:57:23.193084  5301 tablet_service.cc:1917] Received RequestConsensusVote() RPC: tablet_id: "5f225868c2a24b1eace0aae66a2219b5" candidate_uuid: "a250ecaf5f9c4a05952659c5052c2d50" candidate_term: 1 candidate_status { last_received { term: 0 index: 0 } } ignore_live_leader: false dest_uuid: "997edbd12f9e4b17bcb28fcdbe16a253"
I20260608 09:57:23.190662  5376 raft_consensus.cc:3060] T 5f225868c2a24b1eace0aae66a2219b5 P 9271003e3d8e45468a64cbe0ea7ae7f9 [term 0 FOLLOWER]: Advancing to term 1
I20260608 09:57:23.193775  5421 ts_tablet_manager.cc:1403] T 5482fb66f3ed41cdaf0745524a0bf033 P 9271003e3d8e45468a64cbe0ea7ae7f9: Time spent bootstrapping tablet: real 0.057s	user 0.012s	sys 0.015s
I20260608 09:57:23.193863  5301 raft_consensus.cc:3060] T 5f225868c2a24b1eace0aae66a2219b5 P 997edbd12f9e4b17bcb28fcdbe16a253 [term 0 FOLLOWER]: Advancing to term 1
I20260608 09:57:23.198261  5421 raft_consensus.cc:359] T 5482fb66f3ed41cdaf0745524a0bf033 P 9271003e3d8e45468a64cbe0ea7ae7f9 [term 0 FOLLOWER]: Replica starting. Triggering 0 pending ops. Active config: opid_index: -1 OBSOLETE_local: false peers { permanent_uuid: "a250ecaf5f9c4a05952659c5052c2d50" member_type: VOTER last_known_addr { host: "127.2.40.193" port: 43111 } } peers { permanent_uuid: "997edbd12f9e4b17bcb28fcdbe16a253" member_type: VOTER last_known_addr { host: "127.2.40.194" port: 44443 } } peers { permanent_uuid: "9271003e3d8e45468a64cbe0ea7ae7f9" member_type: VOTER last_known_addr { host: "127.2.40.195" port: 45131 } }
I20260608 09:57:23.199273  5421 raft_consensus.cc:385] T 5482fb66f3ed41cdaf0745524a0bf033 P 9271003e3d8e45468a64cbe0ea7ae7f9 [term 0 FOLLOWER]: Consensus starting up: Expiring failure detector timer to make a prompt election more likely
I20260608 09:57:23.199764  5421 raft_consensus.cc:740] T 5482fb66f3ed41cdaf0745524a0bf033 P 9271003e3d8e45468a64cbe0ea7ae7f9 [term 0 FOLLOWER]: Becoming Follower/Learner. State: Replica: 9271003e3d8e45468a64cbe0ea7ae7f9, State: Initialized, Role: FOLLOWER
I20260608 09:57:23.200995  5376 raft_consensus.cc:2468] T 5f225868c2a24b1eace0aae66a2219b5 P 9271003e3d8e45468a64cbe0ea7ae7f9 [term 1 FOLLOWER]: Leader election vote request: Granting yes vote for candidate a250ecaf5f9c4a05952659c5052c2d50 in term 1.
I20260608 09:57:23.201251  5421 consensus_queue.cc:260] T 5482fb66f3ed41cdaf0745524a0bf033 P 9271003e3d8e45468a64cbe0ea7ae7f9 [NON_LEADER]: Queue going to NON_LEADER mode. State: All replicated index: 0, Majority replicated index: 0, Committed index: 0, Last appended: 0.0, Last appended by leader: 0, Current term: 0, Majority size: -1, State: 0, Mode: NON_LEADER, active raft config: opid_index: -1 OBSOLETE_local: false peers { permanent_uuid: "a250ecaf5f9c4a05952659c5052c2d50" member_type: VOTER last_known_addr { host: "127.2.40.193" port: 43111 } } peers { permanent_uuid: "997edbd12f9e4b17bcb28fcdbe16a253" member_type: VOTER last_known_addr { host: "127.2.40.194" port: 44443 } } peers { permanent_uuid: "9271003e3d8e45468a64cbe0ea7ae7f9" member_type: VOTER last_known_addr { host: "127.2.40.195" port: 45131 } }
I20260608 09:57:23.202440  5193 leader_election.cc:304] T 5f225868c2a24b1eace0aae66a2219b5 P a250ecaf5f9c4a05952659c5052c2d50 [CANDIDATE]: Term 1 election: Election decided. Result: candidate won. Election summary: received 2 responses out of 3 voters: 2 yes votes; 0 no votes. yes voters: 9271003e3d8e45468a64cbe0ea7ae7f9, a250ecaf5f9c4a05952659c5052c2d50; no voters: 
I20260608 09:57:23.203404  5429 raft_consensus.cc:2804] T 5f225868c2a24b1eace0aae66a2219b5 P a250ecaf5f9c4a05952659c5052c2d50 [term 1 FOLLOWER]: Leader election won for term 1
I20260608 09:57:23.203890  5429 raft_consensus.cc:697] T 5f225868c2a24b1eace0aae66a2219b5 P a250ecaf5f9c4a05952659c5052c2d50 [term 1 LEADER]: Becoming Leader. State: Replica: a250ecaf5f9c4a05952659c5052c2d50, State: Running, Role: LEADER
I20260608 09:57:23.204643  5301 raft_consensus.cc:2468] T 5f225868c2a24b1eace0aae66a2219b5 P 997edbd12f9e4b17bcb28fcdbe16a253 [term 1 FOLLOWER]: Leader election vote request: Granting yes vote for candidate a250ecaf5f9c4a05952659c5052c2d50 in term 1.
I20260608 09:57:23.204778  5429 consensus_queue.cc:237] T 5f225868c2a24b1eace0aae66a2219b5 P a250ecaf5f9c4a05952659c5052c2d50 [LEADER]: Queue going to LEADER mode. State: All replicated index: 0, Majority replicated index: 0, Committed index: 0, Last appended: 0.0, Last appended by leader: 0, Current term: 1, Majority size: 2, State: 0, Mode: LEADER, active raft config: opid_index: -1 OBSOLETE_local: false peers { permanent_uuid: "997edbd12f9e4b17bcb28fcdbe16a253" member_type: VOTER last_known_addr { host: "127.2.40.194" port: 44443 } } peers { permanent_uuid: "a250ecaf5f9c4a05952659c5052c2d50" member_type: VOTER last_known_addr { host: "127.2.40.193" port: 43111 } } peers { permanent_uuid: "9271003e3d8e45468a64cbe0ea7ae7f9" member_type: VOTER last_known_addr { host: "127.2.40.195" port: 45131 } }
I20260608 09:57:23.206588  5421 ts_tablet_manager.cc:1434] T 5482fb66f3ed41cdaf0745524a0bf033 P 9271003e3d8e45468a64cbe0ea7ae7f9: Time spent starting tablet: real 0.012s	user 0.009s	sys 0.000s
I20260608 09:57:23.207458  5423 tablet_bootstrap.cc:492] T 6ce7c9f9405f48e8a8c77a9ff1539f41 P 997edbd12f9e4b17bcb28fcdbe16a253: No bootstrap required, opened a new log
I20260608 09:57:23.207597  5421 tablet_bootstrap.cc:492] T 6ce82a59a43b43e89eda32a1388383ad P 9271003e3d8e45468a64cbe0ea7ae7f9: Bootstrap starting.
I20260608 09:57:23.207943  5423 ts_tablet_manager.cc:1403] T 6ce7c9f9405f48e8a8c77a9ff1539f41 P 997edbd12f9e4b17bcb28fcdbe16a253: Time spent bootstrapping tablet: real 0.030s	user 0.007s	sys 0.013s
I20260608 09:57:23.210940  5423 raft_consensus.cc:359] T 6ce7c9f9405f48e8a8c77a9ff1539f41 P 997edbd12f9e4b17bcb28fcdbe16a253 [term 0 FOLLOWER]: Replica starting. Triggering 0 pending ops. Active config: opid_index: -1 OBSOLETE_local: false peers { permanent_uuid: "997edbd12f9e4b17bcb28fcdbe16a253" member_type: VOTER last_known_addr { host: "127.2.40.194" port: 44443 } } peers { permanent_uuid: "a250ecaf5f9c4a05952659c5052c2d50" member_type: VOTER last_known_addr { host: "127.2.40.193" port: 43111 } } peers { permanent_uuid: "9271003e3d8e45468a64cbe0ea7ae7f9" member_type: VOTER last_known_addr { host: "127.2.40.195" port: 45131 } }
I20260608 09:57:23.211606  5423 raft_consensus.cc:385] T 6ce7c9f9405f48e8a8c77a9ff1539f41 P 997edbd12f9e4b17bcb28fcdbe16a253 [term 0 FOLLOWER]: Consensus starting up: Expiring failure detector timer to make a prompt election more likely
I20260608 09:57:23.211877  5423 raft_consensus.cc:740] T 6ce7c9f9405f48e8a8c77a9ff1539f41 P 997edbd12f9e4b17bcb28fcdbe16a253 [term 0 FOLLOWER]: Becoming Follower/Learner. State: Replica: 997edbd12f9e4b17bcb28fcdbe16a253, State: Initialized, Role: FOLLOWER
I20260608 09:57:23.212656  5423 consensus_queue.cc:260] T 6ce7c9f9405f48e8a8c77a9ff1539f41 P 997edbd12f9e4b17bcb28fcdbe16a253 [NON_LEADER]: Queue going to NON_LEADER mode. State: All replicated index: 0, Majority replicated index: 0, Committed index: 0, Last appended: 0.0, Last appended by leader: 0, Current term: 0, Majority size: -1, State: 0, Mode: NON_LEADER, active raft config: opid_index: -1 OBSOLETE_local: false peers { permanent_uuid: "997edbd12f9e4b17bcb28fcdbe16a253" member_type: VOTER last_known_addr { host: "127.2.40.194" port: 44443 } } peers { permanent_uuid: "a250ecaf5f9c4a05952659c5052c2d50" member_type: VOTER last_known_addr { host: "127.2.40.193" port: 43111 } } peers { permanent_uuid: "9271003e3d8e45468a64cbe0ea7ae7f9" member_type: VOTER last_known_addr { host: "127.2.40.195" port: 45131 } }
I20260608 09:57:23.214345  5421 tablet_bootstrap.cc:654] T 6ce82a59a43b43e89eda32a1388383ad P 9271003e3d8e45468a64cbe0ea7ae7f9: Neither blocks nor log segments found. Creating new log.
I20260608 09:57:23.214046  5125 catalog_manager.cc:5696] T 5f225868c2a24b1eace0aae66a2219b5 P a250ecaf5f9c4a05952659c5052c2d50 reported cstate change: term changed from 0 to 1, leader changed from <none> to a250ecaf5f9c4a05952659c5052c2d50 (127.2.40.193). New cstate: current_term: 1 leader_uuid: "a250ecaf5f9c4a05952659c5052c2d50" committed_config { opid_index: -1 OBSOLETE_local: false peers { permanent_uuid: "997edbd12f9e4b17bcb28fcdbe16a253" member_type: VOTER last_known_addr { host: "127.2.40.194" port: 44443 } health_report { overall_health: UNKNOWN } } peers { permanent_uuid: "a250ecaf5f9c4a05952659c5052c2d50" member_type: VOTER last_known_addr { host: "127.2.40.193" port: 43111 } health_report { overall_health: HEALTHY } } peers { permanent_uuid: "9271003e3d8e45468a64cbe0ea7ae7f9" member_type: VOTER last_known_addr { host: "127.2.40.195" port: 45131 } health_report { overall_health: UNKNOWN } } }
I20260608 09:57:23.217514  5423 ts_tablet_manager.cc:1434] T 6ce7c9f9405f48e8a8c77a9ff1539f41 P 997edbd12f9e4b17bcb28fcdbe16a253: Time spent starting tablet: real 0.009s	user 0.006s	sys 0.000s
I20260608 09:57:23.220009  5436 raft_consensus.cc:493] T 6ce7c9f9405f48e8a8c77a9ff1539f41 P 997edbd12f9e4b17bcb28fcdbe16a253 [term 0 FOLLOWER]: Starting pre-election (no leader contacted us within the election timeout)
I20260608 09:57:23.220513  5436 raft_consensus.cc:515] T 6ce7c9f9405f48e8a8c77a9ff1539f41 P 997edbd12f9e4b17bcb28fcdbe16a253 [term 0 FOLLOWER]: Starting pre-election with config: opid_index: -1 OBSOLETE_local: false peers { permanent_uuid: "997edbd12f9e4b17bcb28fcdbe16a253" member_type: VOTER last_known_addr { host: "127.2.40.194" port: 44443 } } peers { permanent_uuid: "a250ecaf5f9c4a05952659c5052c2d50" member_type: VOTER last_known_addr { host: "127.2.40.193" port: 43111 } } peers { permanent_uuid: "9271003e3d8e45468a64cbe0ea7ae7f9" member_type: VOTER last_known_addr { host: "127.2.40.195" port: 45131 } }
I20260608 09:57:23.222847  5436 leader_election.cc:290] T 6ce7c9f9405f48e8a8c77a9ff1539f41 P 997edbd12f9e4b17bcb28fcdbe16a253 [CANDIDATE]: Term 1 pre-election: Requested pre-vote from peers a250ecaf5f9c4a05952659c5052c2d50 (127.2.40.193:43111), 9271003e3d8e45468a64cbe0ea7ae7f9 (127.2.40.195:45131)
I20260608 09:57:23.225368  5376 tablet_service.cc:1917] Received RequestConsensusVote() RPC: tablet_id: "6ce7c9f9405f48e8a8c77a9ff1539f41" candidate_uuid: "997edbd12f9e4b17bcb28fcdbe16a253" candidate_term: 1 candidate_status { last_received { term: 0 index: 0 } } ignore_live_leader: false dest_uuid: "9271003e3d8e45468a64cbe0ea7ae7f9" is_pre_election: true
I20260608 09:57:23.226563  5124 catalog_manager.cc:5696] T 0a385667491342aebb0658af2b0c22ff P 9271003e3d8e45468a64cbe0ea7ae7f9 reported cstate change: term changed from 0 to 1, leader changed from <none> to 9271003e3d8e45468a64cbe0ea7ae7f9 (127.2.40.195). New cstate: current_term: 1 leader_uuid: "9271003e3d8e45468a64cbe0ea7ae7f9" committed_config { opid_index: -1 OBSOLETE_local: false peers { permanent_uuid: "a250ecaf5f9c4a05952659c5052c2d50" member_type: VOTER last_known_addr { host: "127.2.40.193" port: 43111 } health_report { overall_health: UNKNOWN } } peers { permanent_uuid: "997edbd12f9e4b17bcb28fcdbe16a253" member_type: VOTER last_known_addr { host: "127.2.40.194" port: 44443 } health_report { overall_health: UNKNOWN } } peers { permanent_uuid: "9271003e3d8e45468a64cbe0ea7ae7f9" member_type: VOTER last_known_addr { host: "127.2.40.195" port: 45131 } health_report { overall_health: HEALTHY } } }
I20260608 09:57:23.225509  5227 tablet_service.cc:1917] Received RequestConsensusVote() RPC: tablet_id: "6ce7c9f9405f48e8a8c77a9ff1539f41" candidate_uuid: "997edbd12f9e4b17bcb28fcdbe16a253" candidate_term: 1 candidate_status { last_received { term: 0 index: 0 } } ignore_live_leader: false dest_uuid: "a250ecaf5f9c4a05952659c5052c2d50" is_pre_election: true
I20260608 09:57:23.228389  5227 raft_consensus.cc:2393] T 6ce7c9f9405f48e8a8c77a9ff1539f41 P a250ecaf5f9c4a05952659c5052c2d50 [term 1 FOLLOWER]: Leader pre-election vote request: Denying vote to candidate 997edbd12f9e4b17bcb28fcdbe16a253 in current term 1: Already voted for candidate 9271003e3d8e45468a64cbe0ea7ae7f9 in this term.
I20260608 09:57:23.230187  5268 leader_election.cc:304] T 6ce7c9f9405f48e8a8c77a9ff1539f41 P 997edbd12f9e4b17bcb28fcdbe16a253 [CANDIDATE]: Term 1 pre-election: Election decided. Result: candidate lost. Election summary: received 3 responses out of 3 voters: 1 yes votes; 2 no votes. yes voters: 997edbd12f9e4b17bcb28fcdbe16a253; no voters: 9271003e3d8e45468a64cbe0ea7ae7f9, a250ecaf5f9c4a05952659c5052c2d50
I20260608 09:57:23.231334  5436 raft_consensus.cc:3060] T 6ce7c9f9405f48e8a8c77a9ff1539f41 P 997edbd12f9e4b17bcb28fcdbe16a253 [term 0 FOLLOWER]: Advancing to term 1
I20260608 09:57:23.234579  5421 tablet_bootstrap.cc:492] T 6ce82a59a43b43e89eda32a1388383ad P 9271003e3d8e45468a64cbe0ea7ae7f9: No bootstrap required, opened a new log
I20260608 09:57:23.235066  5421 ts_tablet_manager.cc:1403] T 6ce82a59a43b43e89eda32a1388383ad P 9271003e3d8e45468a64cbe0ea7ae7f9: Time spent bootstrapping tablet: real 0.028s	user 0.011s	sys 0.006s
I20260608 09:57:23.237193  5421 raft_consensus.cc:359] T 6ce82a59a43b43e89eda32a1388383ad P 9271003e3d8e45468a64cbe0ea7ae7f9 [term 0 FOLLOWER]: Replica starting. Triggering 0 pending ops. Active config: opid_index: -1 OBSOLETE_local: false peers { permanent_uuid: "a250ecaf5f9c4a05952659c5052c2d50" member_type: VOTER last_known_addr { host: "127.2.40.193" port: 43111 } } peers { permanent_uuid: "997edbd12f9e4b17bcb28fcdbe16a253" member_type: VOTER last_known_addr { host: "127.2.40.194" port: 44443 } } peers { permanent_uuid: "9271003e3d8e45468a64cbe0ea7ae7f9" member_type: VOTER last_known_addr { host: "127.2.40.195" port: 45131 } }
I20260608 09:57:23.237857  5421 raft_consensus.cc:385] T 6ce82a59a43b43e89eda32a1388383ad P 9271003e3d8e45468a64cbe0ea7ae7f9 [term 0 FOLLOWER]: Consensus starting up: Expiring failure detector timer to make a prompt election more likely
I20260608 09:57:23.238123  5421 raft_consensus.cc:740] T 6ce82a59a43b43e89eda32a1388383ad P 9271003e3d8e45468a64cbe0ea7ae7f9 [term 0 FOLLOWER]: Becoming Follower/Learner. State: Replica: 9271003e3d8e45468a64cbe0ea7ae7f9, State: Initialized, Role: FOLLOWER
I20260608 09:57:23.238278  5436 raft_consensus.cc:2749] T 6ce7c9f9405f48e8a8c77a9ff1539f41 P 997edbd12f9e4b17bcb28fcdbe16a253 [term 1 FOLLOWER]: Leader pre-election lost for term 1. Reason: could not achieve majority
I20260608 09:57:23.238991  5421 consensus_queue.cc:260] T 6ce82a59a43b43e89eda32a1388383ad P 9271003e3d8e45468a64cbe0ea7ae7f9 [NON_LEADER]: Queue going to NON_LEADER mode. State: All replicated index: 0, Majority replicated index: 0, Committed index: 0, Last appended: 0.0, Last appended by leader: 0, Current term: 0, Majority size: -1, State: 0, Mode: NON_LEADER, active raft config: opid_index: -1 OBSOLETE_local: false peers { permanent_uuid: "a250ecaf5f9c4a05952659c5052c2d50" member_type: VOTER last_known_addr { host: "127.2.40.193" port: 43111 } } peers { permanent_uuid: "997edbd12f9e4b17bcb28fcdbe16a253" member_type: VOTER last_known_addr { host: "127.2.40.194" port: 44443 } } peers { permanent_uuid: "9271003e3d8e45468a64cbe0ea7ae7f9" member_type: VOTER last_known_addr { host: "127.2.40.195" port: 45131 } }
I20260608 09:57:23.240792  5421 ts_tablet_manager.cc:1434] T 6ce82a59a43b43e89eda32a1388383ad P 9271003e3d8e45468a64cbe0ea7ae7f9: Time spent starting tablet: real 0.005s	user 0.005s	sys 0.000s
I20260608 09:57:23.350795  5436 consensus_queue.cc:1048] T 9392e83581134e38bd655146b7b9f7c5 P 997edbd12f9e4b17bcb28fcdbe16a253 [LEADER]: Connected to new peer: Peer: permanent_uuid: "a250ecaf5f9c4a05952659c5052c2d50" member_type: VOTER last_known_addr { host: "127.2.40.193" port: 43111 }, Status: LMP_MISMATCH, Last received: 0.0, Next index: 1, Last known committed idx: 0, Time since last communication: 0.000s
I20260608 09:57:23.354436  5466 raft_consensus.cc:493] T ce8eabdde85d4cf9ad022e4ac3faf29e P 9271003e3d8e45468a64cbe0ea7ae7f9 [term 0 FOLLOWER]: Starting pre-election (no leader contacted us within the election timeout)
I20260608 09:57:23.355023  5466 raft_consensus.cc:515] T ce8eabdde85d4cf9ad022e4ac3faf29e P 9271003e3d8e45468a64cbe0ea7ae7f9 [term 0 FOLLOWER]: Starting pre-election with config: opid_index: -1 OBSOLETE_local: false peers { permanent_uuid: "a250ecaf5f9c4a05952659c5052c2d50" member_type: VOTER last_known_addr { host: "127.2.40.193" port: 43111 } } peers { permanent_uuid: "997edbd12f9e4b17bcb28fcdbe16a253" member_type: VOTER last_known_addr { host: "127.2.40.194" port: 44443 } } peers { permanent_uuid: "9271003e3d8e45468a64cbe0ea7ae7f9" member_type: VOTER last_known_addr { host: "127.2.40.195" port: 45131 } }
I20260608 09:57:23.357833  5466 leader_election.cc:290] T ce8eabdde85d4cf9ad022e4ac3faf29e P 9271003e3d8e45468a64cbe0ea7ae7f9 [CANDIDATE]: Term 1 pre-election: Requested pre-vote from peers a250ecaf5f9c4a05952659c5052c2d50 (127.2.40.193:43111), 997edbd12f9e4b17bcb28fcdbe16a253 (127.2.40.194:44443)
I20260608 09:57:23.358296  5226 tablet_service.cc:1917] Received RequestConsensusVote() RPC: tablet_id: "ce8eabdde85d4cf9ad022e4ac3faf29e" candidate_uuid: "9271003e3d8e45468a64cbe0ea7ae7f9" candidate_term: 1 candidate_status { last_received { term: 0 index: 0 } } ignore_live_leader: false dest_uuid: "a250ecaf5f9c4a05952659c5052c2d50" is_pre_election: true
I20260608 09:57:23.358491  5301 tablet_service.cc:1917] Received RequestConsensusVote() RPC: tablet_id: "ce8eabdde85d4cf9ad022e4ac3faf29e" candidate_uuid: "9271003e3d8e45468a64cbe0ea7ae7f9" candidate_term: 1 candidate_status { last_received { term: 0 index: 0 } } ignore_live_leader: false dest_uuid: "997edbd12f9e4b17bcb28fcdbe16a253" is_pre_election: true
I20260608 09:57:23.359225  5301 raft_consensus.cc:2393] T ce8eabdde85d4cf9ad022e4ac3faf29e P 997edbd12f9e4b17bcb28fcdbe16a253 [term 1 FOLLOWER]: Leader pre-election vote request: Denying vote to candidate 9271003e3d8e45468a64cbe0ea7ae7f9 in current term 1: Already voted for candidate a250ecaf5f9c4a05952659c5052c2d50 in this term.
I20260608 09:57:23.360579  5341 leader_election.cc:304] T ce8eabdde85d4cf9ad022e4ac3faf29e P 9271003e3d8e45468a64cbe0ea7ae7f9 [CANDIDATE]: Term 1 pre-election: Election decided. Result: candidate lost. Election summary: received 3 responses out of 3 voters: 1 yes votes; 2 no votes. yes voters: 9271003e3d8e45468a64cbe0ea7ae7f9; no voters: 997edbd12f9e4b17bcb28fcdbe16a253, a250ecaf5f9c4a05952659c5052c2d50
I20260608 09:57:23.361925  5466 raft_consensus.cc:3060] T ce8eabdde85d4cf9ad022e4ac3faf29e P 9271003e3d8e45468a64cbe0ea7ae7f9 [term 0 FOLLOWER]: Advancing to term 1
I20260608 09:57:23.367780  5436 consensus_queue.cc:1048] T 9392e83581134e38bd655146b7b9f7c5 P 997edbd12f9e4b17bcb28fcdbe16a253 [LEADER]: Connected to new peer: Peer: permanent_uuid: "9271003e3d8e45468a64cbe0ea7ae7f9" member_type: VOTER last_known_addr { host: "127.2.40.195" port: 45131 }, Status: LMP_MISMATCH, Last received: 0.0, Next index: 1, Last known committed idx: 0, Time since last communication: 0.001s
I20260608 09:57:23.371830  5466 raft_consensus.cc:2749] T ce8eabdde85d4cf9ad022e4ac3faf29e P 9271003e3d8e45468a64cbe0ea7ae7f9 [term 1 FOLLOWER]: Leader pre-election lost for term 1. Reason: could not achieve majority
I20260608 09:57:23.441114  5466 raft_consensus.cc:493] T 6ce82a59a43b43e89eda32a1388383ad P 9271003e3d8e45468a64cbe0ea7ae7f9 [term 0 FOLLOWER]: Starting pre-election (no leader contacted us within the election timeout)
I20260608 09:57:23.441695  5466 raft_consensus.cc:515] T 6ce82a59a43b43e89eda32a1388383ad P 9271003e3d8e45468a64cbe0ea7ae7f9 [term 0 FOLLOWER]: Starting pre-election with config: opid_index: -1 OBSOLETE_local: false peers { permanent_uuid: "a250ecaf5f9c4a05952659c5052c2d50" member_type: VOTER last_known_addr { host: "127.2.40.193" port: 43111 } } peers { permanent_uuid: "997edbd12f9e4b17bcb28fcdbe16a253" member_type: VOTER last_known_addr { host: "127.2.40.194" port: 44443 } } peers { permanent_uuid: "9271003e3d8e45468a64cbe0ea7ae7f9" member_type: VOTER last_known_addr { host: "127.2.40.195" port: 45131 } }
I20260608 09:57:23.443514  5466 leader_election.cc:290] T 6ce82a59a43b43e89eda32a1388383ad P 9271003e3d8e45468a64cbe0ea7ae7f9 [CANDIDATE]: Term 1 pre-election: Requested pre-vote from peers a250ecaf5f9c4a05952659c5052c2d50 (127.2.40.193:43111), 997edbd12f9e4b17bcb28fcdbe16a253 (127.2.40.194:44443)
I20260608 09:57:23.444399  5226 tablet_service.cc:1917] Received RequestConsensusVote() RPC: tablet_id: "6ce82a59a43b43e89eda32a1388383ad" candidate_uuid: "9271003e3d8e45468a64cbe0ea7ae7f9" candidate_term: 1 candidate_status { last_received { term: 0 index: 0 } } ignore_live_leader: false dest_uuid: "a250ecaf5f9c4a05952659c5052c2d50" is_pre_election: true
I20260608 09:57:23.444597  5301 tablet_service.cc:1917] Received RequestConsensusVote() RPC: tablet_id: "6ce82a59a43b43e89eda32a1388383ad" candidate_uuid: "9271003e3d8e45468a64cbe0ea7ae7f9" candidate_term: 1 candidate_status { last_received { term: 0 index: 0 } } ignore_live_leader: false dest_uuid: "997edbd12f9e4b17bcb28fcdbe16a253" is_pre_election: true
I20260608 09:57:23.445429  5301 raft_consensus.cc:2393] T 6ce82a59a43b43e89eda32a1388383ad P 997edbd12f9e4b17bcb28fcdbe16a253 [term 1 FOLLOWER]: Leader pre-election vote request: Denying vote to candidate 9271003e3d8e45468a64cbe0ea7ae7f9 in current term 1: Already voted for candidate a250ecaf5f9c4a05952659c5052c2d50 in this term.
I20260608 09:57:23.446476  5341 leader_election.cc:304] T 6ce82a59a43b43e89eda32a1388383ad P 9271003e3d8e45468a64cbe0ea7ae7f9 [CANDIDATE]: Term 1 pre-election: Election decided. Result: candidate lost. Election summary: received 3 responses out of 3 voters: 1 yes votes; 2 no votes. yes voters: 9271003e3d8e45468a64cbe0ea7ae7f9; no voters: 997edbd12f9e4b17bcb28fcdbe16a253, a250ecaf5f9c4a05952659c5052c2d50
I20260608 09:57:23.447188  5466 raft_consensus.cc:3060] T 6ce82a59a43b43e89eda32a1388383ad P 9271003e3d8e45468a64cbe0ea7ae7f9 [term 0 FOLLOWER]: Advancing to term 1
I20260608 09:57:23.451802  5466 raft_consensus.cc:2749] T 6ce82a59a43b43e89eda32a1388383ad P 9271003e3d8e45468a64cbe0ea7ae7f9 [term 1 FOLLOWER]: Leader pre-election lost for term 1. Reason: could not achieve majority
I20260608 09:57:23.463646  5429 consensus_queue.cc:1048] T 6ce82a59a43b43e89eda32a1388383ad P a250ecaf5f9c4a05952659c5052c2d50 [LEADER]: Connected to new peer: Peer: permanent_uuid: "997edbd12f9e4b17bcb28fcdbe16a253" member_type: VOTER last_known_addr { host: "127.2.40.194" port: 44443 }, Status: LMP_MISMATCH, Last received: 0.0, Next index: 1, Last known committed idx: 0, Time since last communication: 0.000s
I20260608 09:57:23.470508  5466 consensus_queue.cc:1048] T 6ce7c9f9405f48e8a8c77a9ff1539f41 P 9271003e3d8e45468a64cbe0ea7ae7f9 [LEADER]: Connected to new peer: Peer: permanent_uuid: "a250ecaf5f9c4a05952659c5052c2d50" member_type: VOTER last_known_addr { host: "127.2.40.193" port: 43111 }, Status: LMP_MISMATCH, Last received: 0.0, Next index: 1, Last known committed idx: 0, Time since last communication: 0.000s
I20260608 09:57:23.480443  5427 consensus_queue.cc:1048] T 6ce82a59a43b43e89eda32a1388383ad P a250ecaf5f9c4a05952659c5052c2d50 [LEADER]: Connected to new peer: Peer: permanent_uuid: "9271003e3d8e45468a64cbe0ea7ae7f9" member_type: VOTER last_known_addr { host: "127.2.40.195" port: 45131 }, Status: LMP_MISMATCH, Last received: 0.0, Next index: 1, Last known committed idx: 0, Time since last communication: 0.000s
I20260608 09:57:23.491514  5456 consensus_queue.cc:1048] T 6ce7c9f9405f48e8a8c77a9ff1539f41 P 9271003e3d8e45468a64cbe0ea7ae7f9 [LEADER]: Connected to new peer: Peer: permanent_uuid: "997edbd12f9e4b17bcb28fcdbe16a253" member_type: VOTER last_known_addr { host: "127.2.40.194" port: 44443 }, Status: LMP_MISMATCH, Last received: 0.0, Next index: 1, Last known committed idx: 0, Time since last communication: 0.000s
I20260608 09:57:23.499857  5459 consensus_queue.cc:1048] T ce8eabdde85d4cf9ad022e4ac3faf29e P a250ecaf5f9c4a05952659c5052c2d50 [LEADER]: Connected to new peer: Peer: permanent_uuid: "9271003e3d8e45468a64cbe0ea7ae7f9" member_type: VOTER last_known_addr { host: "127.2.40.195" port: 45131 }, Status: LMP_MISMATCH, Last received: 0.0, Next index: 1, Last known committed idx: 0, Time since last communication: 0.000s
I20260608 09:57:23.513105  5459 consensus_queue.cc:1048] T ce8eabdde85d4cf9ad022e4ac3faf29e P a250ecaf5f9c4a05952659c5052c2d50 [LEADER]: Connected to new peer: Peer: permanent_uuid: "997edbd12f9e4b17bcb28fcdbe16a253" member_type: VOTER last_known_addr { host: "127.2.40.194" port: 44443 }, Status: LMP_MISMATCH, Last received: 0.0, Next index: 1, Last known committed idx: 0, Time since last communication: 0.000s
I20260608 09:57:23.531517  5456 consensus_queue.cc:1048] T cff10d1d422e40fcb35d57153ba22173 P 9271003e3d8e45468a64cbe0ea7ae7f9 [LEADER]: Connected to new peer: Peer: permanent_uuid: "997edbd12f9e4b17bcb28fcdbe16a253" member_type: VOTER last_known_addr { host: "127.2.40.194" port: 44443 }, Status: LMP_MISMATCH, Last received: 0.0, Next index: 1, Last known committed idx: 0, Time since last communication: 0.000s
I20260608 09:57:23.542328  5480 raft_consensus.cc:493] T 5482fb66f3ed41cdaf0745524a0bf033 P 997edbd12f9e4b17bcb28fcdbe16a253 [term 0 FOLLOWER]: Starting pre-election (no leader contacted us within the election timeout)
I20260608 09:57:23.542841  5480 raft_consensus.cc:515] T 5482fb66f3ed41cdaf0745524a0bf033 P 997edbd12f9e4b17bcb28fcdbe16a253 [term 0 FOLLOWER]: Starting pre-election with config: opid_index: -1 OBSOLETE_local: false peers { permanent_uuid: "a250ecaf5f9c4a05952659c5052c2d50" member_type: VOTER last_known_addr { host: "127.2.40.193" port: 43111 } } peers { permanent_uuid: "997edbd12f9e4b17bcb28fcdbe16a253" member_type: VOTER last_known_addr { host: "127.2.40.194" port: 44443 } } peers { permanent_uuid: "9271003e3d8e45468a64cbe0ea7ae7f9" member_type: VOTER last_known_addr { host: "127.2.40.195" port: 45131 } }
I20260608 09:57:23.545706  5480 leader_election.cc:290] T 5482fb66f3ed41cdaf0745524a0bf033 P 997edbd12f9e4b17bcb28fcdbe16a253 [CANDIDATE]: Term 1 pre-election: Requested pre-vote from peers a250ecaf5f9c4a05952659c5052c2d50 (127.2.40.193:43111), 9271003e3d8e45468a64cbe0ea7ae7f9 (127.2.40.195:45131)
I20260608 09:57:23.546032  5226 tablet_service.cc:1917] Received RequestConsensusVote() RPC: tablet_id: "5482fb66f3ed41cdaf0745524a0bf033" candidate_uuid: "997edbd12f9e4b17bcb28fcdbe16a253" candidate_term: 1 candidate_status { last_received { term: 0 index: 0 } } ignore_live_leader: false dest_uuid: "a250ecaf5f9c4a05952659c5052c2d50" is_pre_election: true
I20260608 09:57:23.548273  5226 raft_consensus.cc:2468] T 5482fb66f3ed41cdaf0745524a0bf033 P a250ecaf5f9c4a05952659c5052c2d50 [term 0 FOLLOWER]: Leader pre-election vote request: Granting yes vote for candidate 997edbd12f9e4b17bcb28fcdbe16a253 in term 0.
I20260608 09:57:23.546932  5428 consensus_queue.cc:1048] T cff10d1d422e40fcb35d57153ba22173 P 9271003e3d8e45468a64cbe0ea7ae7f9 [LEADER]: Connected to new peer: Peer: permanent_uuid: "a250ecaf5f9c4a05952659c5052c2d50" member_type: VOTER last_known_addr { host: "127.2.40.193" port: 43111 }, Status: LMP_MISMATCH, Last received: 0.0, Next index: 1, Last known committed idx: 0, Time since last communication: 0.000s
I20260608 09:57:23.547524  5376 tablet_service.cc:1917] Received RequestConsensusVote() RPC: tablet_id: "5482fb66f3ed41cdaf0745524a0bf033" candidate_uuid: "997edbd12f9e4b17bcb28fcdbe16a253" candidate_term: 1 candidate_status { last_received { term: 0 index: 0 } } ignore_live_leader: false dest_uuid: "9271003e3d8e45468a64cbe0ea7ae7f9" is_pre_election: true
I20260608 09:57:23.550263  5376 raft_consensus.cc:2468] T 5482fb66f3ed41cdaf0745524a0bf033 P 9271003e3d8e45468a64cbe0ea7ae7f9 [term 0 FOLLOWER]: Leader pre-election vote request: Granting yes vote for candidate 997edbd12f9e4b17bcb28fcdbe16a253 in term 0.
I20260608 09:57:23.549607  5268 leader_election.cc:304] T 5482fb66f3ed41cdaf0745524a0bf033 P 997edbd12f9e4b17bcb28fcdbe16a253 [CANDIDATE]: Term 1 pre-election: Election decided. Result: candidate won. Election summary: received 2 responses out of 3 voters: 2 yes votes; 0 no votes. yes voters: 997edbd12f9e4b17bcb28fcdbe16a253, a250ecaf5f9c4a05952659c5052c2d50; no voters: 
I20260608 09:57:23.551651  5480 raft_consensus.cc:2804] T 5482fb66f3ed41cdaf0745524a0bf033 P 997edbd12f9e4b17bcb28fcdbe16a253 [term 0 FOLLOWER]: Leader pre-election won for term 1
I20260608 09:57:23.552088  5480 raft_consensus.cc:493] T 5482fb66f3ed41cdaf0745524a0bf033 P 997edbd12f9e4b17bcb28fcdbe16a253 [term 0 FOLLOWER]: Starting leader election (no leader contacted us within the election timeout)
I20260608 09:57:23.552975  5480 raft_consensus.cc:3060] T 5482fb66f3ed41cdaf0745524a0bf033 P 997edbd12f9e4b17bcb28fcdbe16a253 [term 0 FOLLOWER]: Advancing to term 1
I20260608 09:57:23.558610  5480 raft_consensus.cc:515] T 5482fb66f3ed41cdaf0745524a0bf033 P 997edbd12f9e4b17bcb28fcdbe16a253 [term 1 FOLLOWER]: Starting leader election with config: opid_index: -1 OBSOLETE_local: false peers { permanent_uuid: "a250ecaf5f9c4a05952659c5052c2d50" member_type: VOTER last_known_addr { host: "127.2.40.193" port: 43111 } } peers { permanent_uuid: "997edbd12f9e4b17bcb28fcdbe16a253" member_type: VOTER last_known_addr { host: "127.2.40.194" port: 44443 } } peers { permanent_uuid: "9271003e3d8e45468a64cbe0ea7ae7f9" member_type: VOTER last_known_addr { host: "127.2.40.195" port: 45131 } }
I20260608 09:57:23.560956  5480 leader_election.cc:290] T 5482fb66f3ed41cdaf0745524a0bf033 P 997edbd12f9e4b17bcb28fcdbe16a253 [CANDIDATE]: Term 1 election: Requested vote from peers a250ecaf5f9c4a05952659c5052c2d50 (127.2.40.193:43111), 9271003e3d8e45468a64cbe0ea7ae7f9 (127.2.40.195:45131)
I20260608 09:57:23.561600  5226 tablet_service.cc:1917] Received RequestConsensusVote() RPC: tablet_id: "5482fb66f3ed41cdaf0745524a0bf033" candidate_uuid: "997edbd12f9e4b17bcb28fcdbe16a253" candidate_term: 1 candidate_status { last_received { term: 0 index: 0 } } ignore_live_leader: false dest_uuid: "a250ecaf5f9c4a05952659c5052c2d50"
I20260608 09:57:23.561931  5376 tablet_service.cc:1917] Received RequestConsensusVote() RPC: tablet_id: "5482fb66f3ed41cdaf0745524a0bf033" candidate_uuid: "997edbd12f9e4b17bcb28fcdbe16a253" candidate_term: 1 candidate_status { last_received { term: 0 index: 0 } } ignore_live_leader: false dest_uuid: "9271003e3d8e45468a64cbe0ea7ae7f9"
I20260608 09:57:23.562220  5226 raft_consensus.cc:3060] T 5482fb66f3ed41cdaf0745524a0bf033 P a250ecaf5f9c4a05952659c5052c2d50 [term 0 FOLLOWER]: Advancing to term 1
I20260608 09:57:23.562502  5376 raft_consensus.cc:3060] T 5482fb66f3ed41cdaf0745524a0bf033 P 9271003e3d8e45468a64cbe0ea7ae7f9 [term 0 FOLLOWER]: Advancing to term 1
I20260608 09:57:23.568382  5376 raft_consensus.cc:2468] T 5482fb66f3ed41cdaf0745524a0bf033 P 9271003e3d8e45468a64cbe0ea7ae7f9 [term 1 FOLLOWER]: Leader election vote request: Granting yes vote for candidate 997edbd12f9e4b17bcb28fcdbe16a253 in term 1.
I20260608 09:57:23.569346  5226 raft_consensus.cc:2468] T 5482fb66f3ed41cdaf0745524a0bf033 P a250ecaf5f9c4a05952659c5052c2d50 [term 1 FOLLOWER]: Leader election vote request: Granting yes vote for candidate 997edbd12f9e4b17bcb28fcdbe16a253 in term 1.
I20260608 09:57:23.569494  5268 leader_election.cc:304] T 5482fb66f3ed41cdaf0745524a0bf033 P 997edbd12f9e4b17bcb28fcdbe16a253 [CANDIDATE]: Term 1 election: Election decided. Result: candidate won. Election summary: received 2 responses out of 3 voters: 2 yes votes; 0 no votes. yes voters: 9271003e3d8e45468a64cbe0ea7ae7f9, 997edbd12f9e4b17bcb28fcdbe16a253; no voters: 
I20260608 09:57:23.570786  5480 raft_consensus.cc:2804] T 5482fb66f3ed41cdaf0745524a0bf033 P 997edbd12f9e4b17bcb28fcdbe16a253 [term 1 FOLLOWER]: Leader election won for term 1
I20260608 09:57:23.571249  5480 raft_consensus.cc:697] T 5482fb66f3ed41cdaf0745524a0bf033 P 997edbd12f9e4b17bcb28fcdbe16a253 [term 1 LEADER]: Becoming Leader. State: Replica: 997edbd12f9e4b17bcb28fcdbe16a253, State: Running, Role: LEADER
I20260608 09:57:23.571960  5480 consensus_queue.cc:237] T 5482fb66f3ed41cdaf0745524a0bf033 P 997edbd12f9e4b17bcb28fcdbe16a253 [LEADER]: Queue going to LEADER mode. State: All replicated index: 0, Majority replicated index: 0, Committed index: 0, Last appended: 0.0, Last appended by leader: 0, Current term: 1, Majority size: 2, State: 0, Mode: LEADER, active raft config: opid_index: -1 OBSOLETE_local: false peers { permanent_uuid: "a250ecaf5f9c4a05952659c5052c2d50" member_type: VOTER last_known_addr { host: "127.2.40.193" port: 43111 } } peers { permanent_uuid: "997edbd12f9e4b17bcb28fcdbe16a253" member_type: VOTER last_known_addr { host: "127.2.40.194" port: 44443 } } peers { permanent_uuid: "9271003e3d8e45468a64cbe0ea7ae7f9" member_type: VOTER last_known_addr { host: "127.2.40.195" port: 45131 } }
I20260608 09:57:23.579644  5428 consensus_queue.cc:1048] T 0a385667491342aebb0658af2b0c22ff P 9271003e3d8e45468a64cbe0ea7ae7f9 [LEADER]: Connected to new peer: Peer: permanent_uuid: "a250ecaf5f9c4a05952659c5052c2d50" member_type: VOTER last_known_addr { host: "127.2.40.193" port: 43111 }, Status: LMP_MISMATCH, Last received: 0.0, Next index: 1, Last known committed idx: 0, Time since last communication: 0.000s
I20260608 09:57:23.580076  5123 catalog_manager.cc:5696] T 5482fb66f3ed41cdaf0745524a0bf033 P 997edbd12f9e4b17bcb28fcdbe16a253 reported cstate change: term changed from 0 to 1, leader changed from <none> to 997edbd12f9e4b17bcb28fcdbe16a253 (127.2.40.194). New cstate: current_term: 1 leader_uuid: "997edbd12f9e4b17bcb28fcdbe16a253" committed_config { opid_index: -1 OBSOLETE_local: false peers { permanent_uuid: "a250ecaf5f9c4a05952659c5052c2d50" member_type: VOTER last_known_addr { host: "127.2.40.193" port: 43111 } health_report { overall_health: UNKNOWN } } peers { permanent_uuid: "997edbd12f9e4b17bcb28fcdbe16a253" member_type: VOTER last_known_addr { host: "127.2.40.194" port: 44443 } health_report { overall_health: HEALTHY } } peers { permanent_uuid: "9271003e3d8e45468a64cbe0ea7ae7f9" member_type: VOTER last_known_addr { host: "127.2.40.195" port: 45131 } health_report { overall_health: UNKNOWN } } }
I20260608 09:57:23.592635  5456 consensus_queue.cc:1048] T 0a385667491342aebb0658af2b0c22ff P 9271003e3d8e45468a64cbe0ea7ae7f9 [LEADER]: Connected to new peer: Peer: permanent_uuid: "997edbd12f9e4b17bcb28fcdbe16a253" member_type: VOTER last_known_addr { host: "127.2.40.194" port: 44443 }, Status: LMP_MISMATCH, Last received: 0.0, Next index: 1, Last known committed idx: 0, Time since last communication: 0.001s
I20260608 09:57:23.646090  2211 file_cache.cc:492] Constructed file cache file cache with capacity 419430
W20260608 09:57:23.653137  5495 instance_detector.cc:116] could not retrieve AWS instance metadata: Network error: curl error: HTTP response code said error: The requested URL returned error: 404
W20260608 09:57:23.654414  5496 instance_detector.cc:116] could not retrieve Azure instance metadata: Network error: curl error: HTTP response code said error: The requested URL returned error: 404
W20260608 09:57:23.654695  5498 instance_detector.cc:116] could not retrieve OpenStack instance metadata: Network error: curl error: HTTP response code said error: The requested URL returned error: 404
I20260608 09:57:23.656088  2211 server_base.cc:1061] running on GCE node
I20260608 09:57:23.657119  2211 hybrid_clock.cc:584] initializing the hybrid clock with 'system_unsync' time source
W20260608 09:57:23.657414  2211 system_unsync_time.cc:38] NTP support is disabled. Clock error bounds will not be accurate. This configuration is not suitable for distributed clusters.
I20260608 09:57:23.657612  2211 hybrid_clock.cc:648] HybridClock initialized: now 1780912643657594 us; error 0 us; skew 500 ppm
I20260608 09:57:23.658212  2211 server_base.cc:861] Flag tcmalloc_max_total_thread_cache_bytes is not working since tcmalloc is not enabled.
I20260608 09:57:23.660681  2211 webserver.cc:533] Webserver started at http://127.2.40.196:42365/ using document root <none> and password file <none>
I20260608 09:57:23.661309  2211 fs_manager.cc:362] Metadata directory not provided
I20260608 09:57:23.661527  2211 fs_manager.cc:368] Using write-ahead log directory (fs_wal_dir) as metadata directory
I20260608 09:57:23.661814  2211 server_base.cc:909] This appears to be a new deployment of Kudu; creating new FS layout
I20260608 09:57:23.662942  2211 fs_manager.cc:1068] Generated new instance metadata in path /tmp/dist-test-tasken21K0/test-tmp/auto_rebalancer-test.0.AutoRebalancerTest.RangeAwareRebalancesNewRangeReplicas.1780912560362627-2211-0/minicluster-data/ts-3-root/instance:
uuid: "84599bdcd731418d8467d3d349174091"
format_stamp: "Formatted at 2026-06-08 09:57:23 on dist-test-slave-hmn8"
I20260608 09:57:23.668192  2211 fs_manager.cc:696] Time spent creating directory manager: real 0.005s	user 0.004s	sys 0.002s
I20260608 09:57:23.672024  5503 log_block_manager.cc:4031] Time spent loading block containers with low live blocks: real 0.000s	user 0.000s	sys 0.000s
I20260608 09:57:23.673030  2211 fs_manager.cc:730] Time spent opening block manager: real 0.003s	user 0.003s	sys 0.000s
I20260608 09:57:23.673359  2211 fs_manager.cc:647] Opened local filesystem: /tmp/dist-test-tasken21K0/test-tmp/auto_rebalancer-test.0.AutoRebalancerTest.RangeAwareRebalancesNewRangeReplicas.1780912560362627-2211-0/minicluster-data/ts-3-root
uuid: "84599bdcd731418d8467d3d349174091"
format_stamp: "Formatted at 2026-06-08 09:57:23 on dist-test-slave-hmn8"
I20260608 09:57:23.673676  2211 fs_report.cc:389] FS layout report
--------------------
wal directory: /tmp/dist-test-tasken21K0/test-tmp/auto_rebalancer-test.0.AutoRebalancerTest.RangeAwareRebalancesNewRangeReplicas.1780912560362627-2211-0/minicluster-data/ts-3-root
metadata directory: /tmp/dist-test-tasken21K0/test-tmp/auto_rebalancer-test.0.AutoRebalancerTest.RangeAwareRebalancesNewRangeReplicas.1780912560362627-2211-0/minicluster-data/ts-3-root
1 data directories: /tmp/dist-test-tasken21K0/test-tmp/auto_rebalancer-test.0.AutoRebalancerTest.RangeAwareRebalancesNewRangeReplicas.1780912560362627-2211-0/minicluster-data/ts-3-root/data
Total live blocks: 0
Total live bytes: 0
Total live bytes (after alignment): 0
Total number of LBM containers: 0 (0 full)
Did not check for missing blocks
Did not check for orphaned blocks
Total full LBM containers with extra space: 0 (0 repaired)
Total full LBM container extra space in bytes: 0 (0 repaired)
Total incomplete LBM containers: 0 (0 repaired)
Total LBM partial records: 0 (0 repaired)
Total corrupted LBM metadata records in RocksDB: 0 (0 repaired)
I20260608 09:57:23.693698  2211 rpc_server.cc:225] running with OpenSSL 1.1.1  11 Sep 2018
I20260608 09:57:23.695166  2211 kserver.cc:163] Server-wide thread pool size limit: 3276
I20260608 09:57:23.696976  2211 txn_system_client.cc:432] TxnSystemClient initialization is disabled...
