I20260608 09:57:25.836133 11996 consensus_queue.cc:260] T c309a91836264b26adcd526f290ba8d8 P 0c7127798583408a98c879d13c17d9e4 [NON_LEADER]: Queue going to NON_LEADER mode. State: All replicated index: 0, Majority replicated index: 0, Committed index: 0, Last appended: 0.0, Last appended by leader: 0, Current term: 0, Majority size: -1, State: 0, Mode: NON_LEADER, active raft config: opid_index: -1 OBSOLETE_local: false peers { permanent_uuid: "ae81a70cfc834814b7b3e9911beb5e3c" member_type: VOTER last_known_addr { host: "127.8.113.4" port: 35597 } } peers { permanent_uuid: "dc5ec4d6211e43f2aac7163b78cb9710" member_type: VOTER last_known_addr { host: "127.8.113.1" port: 33101 } } peers { permanent_uuid: "0c7127798583408a98c879d13c17d9e4" member_type: VOTER last_known_addr { host: "127.8.113.2" port: 37041 } }
I20260608 09:57:25.836849 12009 ts_tablet_manager.cc:1403] T 23037d586f8841bbb7ce4867c6c648b8 P ae81a70cfc834814b7b3e9911beb5e3c: Time spent bootstrapping tablet: real 0.135s	user 0.019s	sys 0.002s
I20260608 09:57:25.826960 11548 catalog_manager.cc:6241] T 00000000000000000000000000000000 P 750dfa28d5fe44be88637882f6ec8240: range_aware_rebalance_new_range [id=0dbd0380743945178b81b04ce5105faf] alter complete (version 0)
I20260608 09:57:25.835942 11547 catalog_manager.cc:5696] T 2fe9fe76a3d14b76968843c80d870c46 P 1e22f3da798145f9a2557504819219e3 reported cstate change: term changed from 0 to 1, leader changed from <none> to 1e22f3da798145f9a2557504819219e3 (127.8.113.3). New cstate: current_term: 1 leader_uuid: "1e22f3da798145f9a2557504819219e3" committed_config { opid_index: -1 OBSOLETE_local: false peers { permanent_uuid: "ae81a70cfc834814b7b3e9911beb5e3c" member_type: VOTER last_known_addr { host: "127.8.113.4" port: 35597 } health_report { overall_health: UNKNOWN } } peers { permanent_uuid: "1e22f3da798145f9a2557504819219e3" member_type: VOTER last_known_addr { host: "127.8.113.3" port: 42291 } health_report { overall_health: HEALTHY } } peers { permanent_uuid: "0c7127798583408a98c879d13c17d9e4" member_type: VOTER last_known_addr { host: "127.8.113.2" port: 37041 } health_report { overall_health: UNKNOWN } } }
W20260608 09:57:25.837524 11762 leader_election.cc:343] T e2dd6abbed744c4fb789d006c6d616a6 P 1e22f3da798145f9a2557504819219e3 [CANDIDATE]: Term 1 pre-election: Tablet error from VoteRequest() call to peer ae81a70cfc834814b7b3e9911beb5e3c (127.8.113.4:35597): Illegal state: must be running to vote when last-logged opid is not known
I20260608 09:57:25.838081 11762 leader_election.cc:304] T e2dd6abbed744c4fb789d006c6d616a6 P 1e22f3da798145f9a2557504819219e3 [CANDIDATE]: Term 1 pre-election: Election decided. Result: candidate lost. Election summary: received 3 responses out of 3 voters: 1 yes votes; 2 no votes. yes voters: 1e22f3da798145f9a2557504819219e3; no voters: ae81a70cfc834814b7b3e9911beb5e3c, dc5ec4d6211e43f2aac7163b78cb9710
I20260608 09:57:25.838773 11996 ts_tablet_manager.cc:1434] T c309a91836264b26adcd526f290ba8d8 P 0c7127798583408a98c879d13c17d9e4: Time spent starting tablet: real 0.014s	user 0.008s	sys 0.000s
I20260608 09:57:25.839028 11884 raft_consensus.cc:2749] T e2dd6abbed744c4fb789d006c6d616a6 P 1e22f3da798145f9a2557504819219e3 [term 0 FOLLOWER]: Leader pre-election lost for term 1. Reason: could not achieve majority
I20260608 09:57:25.839843 11996 tablet_bootstrap.cc:492] T 62c1be4ba81942f7b3b56946b2a9ef9f P 0c7127798583408a98c879d13c17d9e4: Bootstrap starting.
I20260608 09:57:25.843513 11796 raft_consensus.cc:2468] T 7858e5d2340e4f029131f9d6c7d1d226 P 1e22f3da798145f9a2557504819219e3 [term 1 FOLLOWER]: Leader election vote request: Granting yes vote for candidate 0c7127798583408a98c879d13c17d9e4 in term 1.
I20260608 09:57:25.826764 11845 ts_tablet_manager.cc:1434] T 62c1be4ba81942f7b3b56946b2a9ef9f P dc5ec4d6211e43f2aac7163b78cb9710: Time spent starting tablet: real 0.007s	user 0.008s	sys 0.000s
I20260608 09:57:25.843715 12009 raft_consensus.cc:359] T 23037d586f8841bbb7ce4867c6c648b8 P ae81a70cfc834814b7b3e9911beb5e3c [term 0 FOLLOWER]: Replica starting. Triggering 0 pending ops. Active config: opid_index: -1 OBSOLETE_local: false peers { permanent_uuid: "ae81a70cfc834814b7b3e9911beb5e3c" member_type: VOTER last_known_addr { host: "127.8.113.4" port: 35597 } } peers { permanent_uuid: "0c7127798583408a98c879d13c17d9e4" member_type: VOTER last_known_addr { host: "127.8.113.2" port: 37041 } } peers { permanent_uuid: "dc5ec4d6211e43f2aac7163b78cb9710" member_type: VOTER last_known_addr { host: "127.8.113.1" port: 33101 } }
I20260608 09:57:25.844652 12009 raft_consensus.cc:385] T 23037d586f8841bbb7ce4867c6c648b8 P ae81a70cfc834814b7b3e9911beb5e3c [term 0 FOLLOWER]: Consensus starting up: Expiring failure detector timer to make a prompt election more likely
I20260608 09:57:25.844997 12009 raft_consensus.cc:740] T 23037d586f8841bbb7ce4867c6c648b8 P ae81a70cfc834814b7b3e9911beb5e3c [term 0 FOLLOWER]: Becoming Follower/Learner. State: Replica: ae81a70cfc834814b7b3e9911beb5e3c, State: Initialized, Role: FOLLOWER
I20260608 09:57:25.845173 11845 tablet_bootstrap.cc:492] T e2dd6abbed744c4fb789d006c6d616a6 P dc5ec4d6211e43f2aac7163b78cb9710: Bootstrap starting.
I20260608 09:57:25.846072 12009 consensus_queue.cc:260] T 23037d586f8841bbb7ce4867c6c648b8 P ae81a70cfc834814b7b3e9911beb5e3c [NON_LEADER]: Queue going to NON_LEADER mode. State: All replicated index: 0, Majority replicated index: 0, Committed index: 0, Last appended: 0.0, Last appended by leader: 0, Current term: 0, Majority size: -1, State: 0, Mode: NON_LEADER, active raft config: opid_index: -1 OBSOLETE_local: false peers { permanent_uuid: "ae81a70cfc834814b7b3e9911beb5e3c" member_type: VOTER last_known_addr { host: "127.8.113.4" port: 35597 } } peers { permanent_uuid: "0c7127798583408a98c879d13c17d9e4" member_type: VOTER last_known_addr { host: "127.8.113.2" port: 37041 } } peers { permanent_uuid: "dc5ec4d6211e43f2aac7163b78cb9710" member_type: VOTER last_known_addr { host: "127.8.113.1" port: 33101 } }
I20260608 09:57:25.847319 11996 tablet_bootstrap.cc:654] T 62c1be4ba81942f7b3b56946b2a9ef9f P 0c7127798583408a98c879d13c17d9e4: Neither blocks nor log segments found. Creating new log.
I20260608 09:57:25.848973 12009 ts_tablet_manager.cc:1434] T 23037d586f8841bbb7ce4867c6c648b8 P ae81a70cfc834814b7b3e9911beb5e3c: Time spent starting tablet: real 0.011s	user 0.006s	sys 0.000s
I20260608 09:57:25.850035 12009 tablet_bootstrap.cc:492] T 62c1be4ba81942f7b3b56946b2a9ef9f P ae81a70cfc834814b7b3e9911beb5e3c: Bootstrap starting.
I20260608 09:57:25.851922 11845 tablet_bootstrap.cc:654] T e2dd6abbed744c4fb789d006c6d616a6 P dc5ec4d6211e43f2aac7163b78cb9710: Neither blocks nor log segments found. Creating new log.
I20260608 09:57:25.852339 11689 leader_election.cc:304] T 7858e5d2340e4f029131f9d6c7d1d226 P 0c7127798583408a98c879d13c17d9e4 [CANDIDATE]: Term 1 election: Election decided. Result: candidate won. Election summary: received 3 responses out of 3 voters: 2 yes votes; 1 no votes. yes voters: 0c7127798583408a98c879d13c17d9e4, 1e22f3da798145f9a2557504819219e3; no voters: ae81a70cfc834814b7b3e9911beb5e3c
I20260608 09:57:25.853731 11876 raft_consensus.cc:2804] T 7858e5d2340e4f029131f9d6c7d1d226 P 0c7127798583408a98c879d13c17d9e4 [term 1 FOLLOWER]: Leader election won for term 1
I20260608 09:57:25.854256 11876 raft_consensus.cc:697] T 7858e5d2340e4f029131f9d6c7d1d226 P 0c7127798583408a98c879d13c17d9e4 [term 1 LEADER]: Becoming Leader. State: Replica: 0c7127798583408a98c879d13c17d9e4, State: Running, Role: LEADER
I20260608 09:57:25.859499 12009 tablet_bootstrap.cc:654] T 62c1be4ba81942f7b3b56946b2a9ef9f P ae81a70cfc834814b7b3e9911beb5e3c: Neither blocks nor log segments found. Creating new log.
I20260608 09:57:25.861346 11885 raft_consensus.cc:493] T 62c1be4ba81942f7b3b56946b2a9ef9f P dc5ec4d6211e43f2aac7163b78cb9710 [term 0 FOLLOWER]: Starting pre-election (no leader contacted us within the election timeout)
I20260608 09:57:25.861860 11885 raft_consensus.cc:515] T 62c1be4ba81942f7b3b56946b2a9ef9f P dc5ec4d6211e43f2aac7163b78cb9710 [term 0 FOLLOWER]: Starting pre-election with config: opid_index: -1 OBSOLETE_local: false peers { permanent_uuid: "ae81a70cfc834814b7b3e9911beb5e3c" member_type: VOTER last_known_addr { host: "127.8.113.4" port: 35597 } } peers { permanent_uuid: "0c7127798583408a98c879d13c17d9e4" member_type: VOTER last_known_addr { host: "127.8.113.2" port: 37041 } } peers { permanent_uuid: "dc5ec4d6211e43f2aac7163b78cb9710" member_type: VOTER last_known_addr { host: "127.8.113.1" port: 33101 } }
I20260608 09:57:25.863902 11996 tablet_bootstrap.cc:492] T 62c1be4ba81942f7b3b56946b2a9ef9f P 0c7127798583408a98c879d13c17d9e4: No bootstrap required, opened a new log
I20260608 09:57:25.864097 11885 leader_election.cc:290] T 62c1be4ba81942f7b3b56946b2a9ef9f P dc5ec4d6211e43f2aac7163b78cb9710 [CANDIDATE]: Term 1 pre-election: Requested pre-vote from peers ae81a70cfc834814b7b3e9911beb5e3c (127.8.113.4:35597), 0c7127798583408a98c879d13c17d9e4 (127.8.113.2:37041)
I20260608 09:57:25.864524 11996 ts_tablet_manager.cc:1403] T 62c1be4ba81942f7b3b56946b2a9ef9f P 0c7127798583408a98c879d13c17d9e4: Time spent bootstrapping tablet: real 0.025s	user 0.014s	sys 0.009s
I20260608 09:57:25.865324 11954 tablet_service.cc:1917] Received RequestConsensusVote() RPC: tablet_id: "62c1be4ba81942f7b3b56946b2a9ef9f" candidate_uuid: "dc5ec4d6211e43f2aac7163b78cb9710" candidate_term: 1 candidate_status { last_received { term: 0 index: 0 } } ignore_live_leader: false dest_uuid: "ae81a70cfc834814b7b3e9911beb5e3c" is_pre_election: true
I20260608 09:57:25.868197 11996 raft_consensus.cc:359] T 62c1be4ba81942f7b3b56946b2a9ef9f P 0c7127798583408a98c879d13c17d9e4 [term 0 FOLLOWER]: Replica starting. Triggering 0 pending ops. Active config: opid_index: -1 OBSOLETE_local: false peers { permanent_uuid: "ae81a70cfc834814b7b3e9911beb5e3c" member_type: VOTER last_known_addr { host: "127.8.113.4" port: 35597 } } peers { permanent_uuid: "0c7127798583408a98c879d13c17d9e4" member_type: VOTER last_known_addr { host: "127.8.113.2" port: 37041 } } peers { permanent_uuid: "dc5ec4d6211e43f2aac7163b78cb9710" member_type: VOTER last_known_addr { host: "127.8.113.1" port: 33101 } }
I20260608 09:57:25.868743 11721 tablet_service.cc:1917] Received RequestConsensusVote() RPC: tablet_id: "62c1be4ba81942f7b3b56946b2a9ef9f" candidate_uuid: "dc5ec4d6211e43f2aac7163b78cb9710" candidate_term: 1 candidate_status { last_received { term: 0 index: 0 } } ignore_live_leader: false dest_uuid: "0c7127798583408a98c879d13c17d9e4" is_pre_election: true
I20260608 09:57:25.869057 11996 raft_consensus.cc:385] T 62c1be4ba81942f7b3b56946b2a9ef9f P 0c7127798583408a98c879d13c17d9e4 [term 0 FOLLOWER]: Consensus starting up: Expiring failure detector timer to make a prompt election more likely
I20260608 09:57:25.869515 11996 raft_consensus.cc:740] T 62c1be4ba81942f7b3b56946b2a9ef9f P 0c7127798583408a98c879d13c17d9e4 [term 0 FOLLOWER]: Becoming Follower/Learner. State: Replica: 0c7127798583408a98c879d13c17d9e4, State: Initialized, Role: FOLLOWER
I20260608 09:57:25.870415 11996 consensus_queue.cc:260] T 62c1be4ba81942f7b3b56946b2a9ef9f P 0c7127798583408a98c879d13c17d9e4 [NON_LEADER]: Queue going to NON_LEADER mode. State: All replicated index: 0, Majority replicated index: 0, Committed index: 0, Last appended: 0.0, Last appended by leader: 0, Current term: 0, Majority size: -1, State: 0, Mode: NON_LEADER, active raft config: opid_index: -1 OBSOLETE_local: false peers { permanent_uuid: "ae81a70cfc834814b7b3e9911beb5e3c" member_type: VOTER last_known_addr { host: "127.8.113.4" port: 35597 } } peers { permanent_uuid: "0c7127798583408a98c879d13c17d9e4" member_type: VOTER last_known_addr { host: "127.8.113.2" port: 37041 } } peers { permanent_uuid: "dc5ec4d6211e43f2aac7163b78cb9710" member_type: VOTER last_known_addr { host: "127.8.113.1" port: 33101 } }
I20260608 09:57:25.855316 11876 consensus_queue.cc:237] T 7858e5d2340e4f029131f9d6c7d1d226 P 0c7127798583408a98c879d13c17d9e4 [LEADER]: Queue going to LEADER mode. State: All replicated index: 0, Majority replicated index: 0, Committed index: 0, Last appended: 0.0, Last appended by leader: 0, Current term: 1, Majority size: 2, State: 0, Mode: LEADER, active raft config: opid_index: -1 OBSOLETE_local: false peers { permanent_uuid: "ae81a70cfc834814b7b3e9911beb5e3c" member_type: VOTER last_known_addr { host: "127.8.113.4" port: 35597 } } peers { permanent_uuid: "0c7127798583408a98c879d13c17d9e4" member_type: VOTER last_known_addr { host: "127.8.113.2" port: 37041 } } peers { permanent_uuid: "1e22f3da798145f9a2557504819219e3" member_type: VOTER last_known_addr { host: "127.8.113.3" port: 42291 } }
I20260608 09:57:25.871915 12024 raft_consensus.cc:493] T 01de14d31bc84633b458501c41370c45 P ae81a70cfc834814b7b3e9911beb5e3c [term 0 FOLLOWER]: Starting pre-election (no leader contacted us within the election timeout)
I20260608 09:57:25.872429 11721 raft_consensus.cc:2468] T 62c1be4ba81942f7b3b56946b2a9ef9f P 0c7127798583408a98c879d13c17d9e4 [term 0 FOLLOWER]: Leader pre-election vote request: Granting yes vote for candidate dc5ec4d6211e43f2aac7163b78cb9710 in term 0.
I20260608 09:57:25.872735 11996 ts_tablet_manager.cc:1434] T 62c1be4ba81942f7b3b56946b2a9ef9f P 0c7127798583408a98c879d13c17d9e4: Time spent starting tablet: real 0.008s	user 0.007s	sys 0.002s
I20260608 09:57:25.872504 12024 raft_consensus.cc:515] T 01de14d31bc84633b458501c41370c45 P ae81a70cfc834814b7b3e9911beb5e3c [term 0 FOLLOWER]: Starting pre-election with config: opid_index: -1 OBSOLETE_local: false peers { permanent_uuid: "ae81a70cfc834814b7b3e9911beb5e3c" member_type: VOTER last_known_addr { host: "127.8.113.4" port: 35597 } } peers { permanent_uuid: "1e22f3da798145f9a2557504819219e3" member_type: VOTER last_known_addr { host: "127.8.113.3" port: 42291 } } peers { permanent_uuid: "dc5ec4d6211e43f2aac7163b78cb9710" member_type: VOTER last_known_addr { host: "127.8.113.1" port: 33101 } }
I20260608 09:57:25.876650 11845 tablet_bootstrap.cc:492] T e2dd6abbed744c4fb789d006c6d616a6 P dc5ec4d6211e43f2aac7163b78cb9710: No bootstrap required, opened a new log
I20260608 09:57:25.877177 11845 ts_tablet_manager.cc:1403] T e2dd6abbed744c4fb789d006c6d616a6 P dc5ec4d6211e43f2aac7163b78cb9710: Time spent bootstrapping tablet: real 0.032s	user 0.012s	sys 0.003s
W20260608 09:57:25.880391 11613 leader_election.cc:343] T 62c1be4ba81942f7b3b56946b2a9ef9f P dc5ec4d6211e43f2aac7163b78cb9710 [CANDIDATE]: Term 1 pre-election: Tablet error from VoteRequest() call to peer ae81a70cfc834814b7b3e9911beb5e3c (127.8.113.4:35597): Illegal state: must be running to vote when last-logged opid is not known
I20260608 09:57:25.880664 11845 raft_consensus.cc:359] T e2dd6abbed744c4fb789d006c6d616a6 P dc5ec4d6211e43f2aac7163b78cb9710 [term 0 FOLLOWER]: Replica starting. Triggering 0 pending ops. Active config: opid_index: -1 OBSOLETE_local: false peers { permanent_uuid: "1e22f3da798145f9a2557504819219e3" member_type: VOTER last_known_addr { host: "127.8.113.3" port: 42291 } } peers { permanent_uuid: "dc5ec4d6211e43f2aac7163b78cb9710" member_type: VOTER last_known_addr { host: "127.8.113.1" port: 33101 } } peers { permanent_uuid: "ae81a70cfc834814b7b3e9911beb5e3c" member_type: VOTER last_known_addr { host: "127.8.113.4" port: 35597 } }
I20260608 09:57:25.881378 11845 raft_consensus.cc:385] T e2dd6abbed744c4fb789d006c6d616a6 P dc5ec4d6211e43f2aac7163b78cb9710 [term 0 FOLLOWER]: Consensus starting up: Expiring failure detector timer to make a prompt election more likely
I20260608 09:57:25.881668 11845 raft_consensus.cc:740] T e2dd6abbed744c4fb789d006c6d616a6 P dc5ec4d6211e43f2aac7163b78cb9710 [term 0 FOLLOWER]: Becoming Follower/Learner. State: Replica: dc5ec4d6211e43f2aac7163b78cb9710, State: Initialized, Role: FOLLOWER
I20260608 09:57:25.881979 11615 leader_election.cc:304] T 62c1be4ba81942f7b3b56946b2a9ef9f P dc5ec4d6211e43f2aac7163b78cb9710 [CANDIDATE]: Term 1 pre-election: Election decided. Result: candidate won. Election summary: received 3 responses out of 3 voters: 2 yes votes; 1 no votes. yes voters: 0c7127798583408a98c879d13c17d9e4, dc5ec4d6211e43f2aac7163b78cb9710; no voters: ae81a70cfc834814b7b3e9911beb5e3c
I20260608 09:57:25.882439 11845 consensus_queue.cc:260] T e2dd6abbed744c4fb789d006c6d616a6 P dc5ec4d6211e43f2aac7163b78cb9710 [NON_LEADER]: Queue going to NON_LEADER mode. State: All replicated index: 0, Majority replicated index: 0, Committed index: 0, Last appended: 0.0, Last appended by leader: 0, Current term: 0, Majority size: -1, State: 0, Mode: NON_LEADER, active raft config: opid_index: -1 OBSOLETE_local: false peers { permanent_uuid: "1e22f3da798145f9a2557504819219e3" member_type: VOTER last_known_addr { host: "127.8.113.3" port: 42291 } } peers { permanent_uuid: "dc5ec4d6211e43f2aac7163b78cb9710" member_type: VOTER last_known_addr { host: "127.8.113.1" port: 33101 } } peers { permanent_uuid: "ae81a70cfc834814b7b3e9911beb5e3c" member_type: VOTER last_known_addr { host: "127.8.113.4" port: 35597 } }
I20260608 09:57:25.884572 11845 ts_tablet_manager.cc:1434] T e2dd6abbed744c4fb789d006c6d616a6 P dc5ec4d6211e43f2aac7163b78cb9710: Time spent starting tablet: real 0.007s	user 0.007s	sys 0.000s
I20260608 09:57:25.885697 11890 raft_consensus.cc:2804] T 62c1be4ba81942f7b3b56946b2a9ef9f P dc5ec4d6211e43f2aac7163b78cb9710 [term 0 FOLLOWER]: Leader pre-election won for term 1
I20260608 09:57:25.886153 11890 raft_consensus.cc:493] T 62c1be4ba81942f7b3b56946b2a9ef9f P dc5ec4d6211e43f2aac7163b78cb9710 [term 0 FOLLOWER]: Starting leader election (no leader contacted us within the election timeout)
I20260608 09:57:25.886503 11890 raft_consensus.cc:3060] T 62c1be4ba81942f7b3b56946b2a9ef9f P dc5ec4d6211e43f2aac7163b78cb9710 [term 0 FOLLOWER]: Advancing to term 1
I20260608 09:57:25.891498 12024 leader_election.cc:290] T 01de14d31bc84633b458501c41370c45 P ae81a70cfc834814b7b3e9911beb5e3c [CANDIDATE]: Term 1 pre-election: Requested pre-vote from peers 1e22f3da798145f9a2557504819219e3 (127.8.113.3:42291), dc5ec4d6211e43f2aac7163b78cb9710 (127.8.113.1:33101)
I20260608 09:57:25.894737 11890 raft_consensus.cc:515] T 62c1be4ba81942f7b3b56946b2a9ef9f P dc5ec4d6211e43f2aac7163b78cb9710 [term 1 FOLLOWER]: Starting leader election with config: opid_index: -1 OBSOLETE_local: false peers { permanent_uuid: "ae81a70cfc834814b7b3e9911beb5e3c" member_type: VOTER last_known_addr { host: "127.8.113.4" port: 35597 } } peers { permanent_uuid: "0c7127798583408a98c879d13c17d9e4" member_type: VOTER last_known_addr { host: "127.8.113.2" port: 37041 } } peers { permanent_uuid: "dc5ec4d6211e43f2aac7163b78cb9710" member_type: VOTER last_known_addr { host: "127.8.113.1" port: 33101 } }
I20260608 09:57:25.897091 11890 leader_election.cc:290] T 62c1be4ba81942f7b3b56946b2a9ef9f P dc5ec4d6211e43f2aac7163b78cb9710 [CANDIDATE]: Term 1 election: Requested vote from peers ae81a70cfc834814b7b3e9911beb5e3c (127.8.113.4:35597), 0c7127798583408a98c879d13c17d9e4 (127.8.113.2:37041)
I20260608 09:57:25.899762 11954 tablet_service.cc:1917] Received RequestConsensusVote() RPC: tablet_id: "62c1be4ba81942f7b3b56946b2a9ef9f" candidate_uuid: "dc5ec4d6211e43f2aac7163b78cb9710" candidate_term: 1 candidate_status { last_received { term: 0 index: 0 } } ignore_live_leader: false dest_uuid: "ae81a70cfc834814b7b3e9911beb5e3c"
I20260608 09:57:25.899196 11545 catalog_manager.cc:5696] T 7858e5d2340e4f029131f9d6c7d1d226 P 0c7127798583408a98c879d13c17d9e4 reported cstate change: term changed from 0 to 1, leader changed from <none> to 0c7127798583408a98c879d13c17d9e4 (127.8.113.2). New cstate: current_term: 1 leader_uuid: "0c7127798583408a98c879d13c17d9e4" committed_config { opid_index: -1 OBSOLETE_local: false peers { permanent_uuid: "ae81a70cfc834814b7b3e9911beb5e3c" member_type: VOTER last_known_addr { host: "127.8.113.4" port: 35597 } health_report { overall_health: UNKNOWN } } peers { permanent_uuid: "0c7127798583408a98c879d13c17d9e4" member_type: VOTER last_known_addr { host: "127.8.113.2" port: 37041 } health_report { overall_health: HEALTHY } } peers { permanent_uuid: "1e22f3da798145f9a2557504819219e3" member_type: VOTER last_known_addr { host: "127.8.113.3" port: 42291 } health_report { overall_health: UNKNOWN } } }
W20260608 09:57:25.901885 11613 leader_election.cc:343] T 62c1be4ba81942f7b3b56946b2a9ef9f P dc5ec4d6211e43f2aac7163b78cb9710 [CANDIDATE]: Term 1 election: Tablet error from VoteRequest() call to peer ae81a70cfc834814b7b3e9911beb5e3c (127.8.113.4:35597): Illegal state: must be running to vote when last-logged opid is not known
I20260608 09:57:25.909662 11721 tablet_service.cc:1917] Received RequestConsensusVote() RPC: tablet_id: "62c1be4ba81942f7b3b56946b2a9ef9f" candidate_uuid: "dc5ec4d6211e43f2aac7163b78cb9710" candidate_term: 1 candidate_status { last_received { term: 0 index: 0 } } ignore_live_leader: false dest_uuid: "0c7127798583408a98c879d13c17d9e4"
I20260608 09:57:25.911458 11721 raft_consensus.cc:3060] T 62c1be4ba81942f7b3b56946b2a9ef9f P 0c7127798583408a98c879d13c17d9e4 [term 0 FOLLOWER]: Advancing to term 1
I20260608 09:57:25.929365 11796 tablet_service.cc:1917] Received RequestConsensusVote() RPC: tablet_id: "01de14d31bc84633b458501c41370c45" candidate_uuid: "ae81a70cfc834814b7b3e9911beb5e3c" candidate_term: 1 candidate_status { last_received { term: 0 index: 0 } } ignore_live_leader: false dest_uuid: "1e22f3da798145f9a2557504819219e3" is_pre_election: true
I20260608 09:57:25.930433 11796 raft_consensus.cc:2393] T 01de14d31bc84633b458501c41370c45 P 1e22f3da798145f9a2557504819219e3 [term 1 FOLLOWER]: Leader pre-election vote request: Denying vote to candidate ae81a70cfc834814b7b3e9911beb5e3c in current term 1: Already voted for candidate dc5ec4d6211e43f2aac7163b78cb9710 in this term.
I20260608 09:57:25.931486 12009 tablet_bootstrap.cc:492] T 62c1be4ba81942f7b3b56946b2a9ef9f P ae81a70cfc834814b7b3e9911beb5e3c: No bootstrap required, opened a new log
I20260608 09:57:25.932130 12009 ts_tablet_manager.cc:1403] T 62c1be4ba81942f7b3b56946b2a9ef9f P ae81a70cfc834814b7b3e9911beb5e3c: Time spent bootstrapping tablet: real 0.082s	user 0.015s	sys 0.013s
I20260608 09:57:25.933825 11721 raft_consensus.cc:2468] T 62c1be4ba81942f7b3b56946b2a9ef9f P 0c7127798583408a98c879d13c17d9e4 [term 1 FOLLOWER]: Leader election vote request: Granting yes vote for candidate dc5ec4d6211e43f2aac7163b78cb9710 in term 1.
I20260608 09:57:25.935521 12009 raft_consensus.cc:359] T 62c1be4ba81942f7b3b56946b2a9ef9f P ae81a70cfc834814b7b3e9911beb5e3c [term 0 FOLLOWER]: Replica starting. Triggering 0 pending ops. Active config: opid_index: -1 OBSOLETE_local: false peers { permanent_uuid: "ae81a70cfc834814b7b3e9911beb5e3c" member_type: VOTER last_known_addr { host: "127.8.113.4" port: 35597 } } peers { permanent_uuid: "0c7127798583408a98c879d13c17d9e4" member_type: VOTER last_known_addr { host: "127.8.113.2" port: 37041 } } peers { permanent_uuid: "dc5ec4d6211e43f2aac7163b78cb9710" member_type: VOTER last_known_addr { host: "127.8.113.1" port: 33101 } }
I20260608 09:57:25.943285 11615 leader_election.cc:304] T 62c1be4ba81942f7b3b56946b2a9ef9f P dc5ec4d6211e43f2aac7163b78cb9710 [CANDIDATE]: Term 1 election: Election decided. Result: candidate won. Election summary: received 3 responses out of 3 voters: 2 yes votes; 1 no votes. yes voters: 0c7127798583408a98c879d13c17d9e4, dc5ec4d6211e43f2aac7163b78cb9710; no voters: ae81a70cfc834814b7b3e9911beb5e3c
I20260608 09:57:25.943277 12009 raft_consensus.cc:385] T 62c1be4ba81942f7b3b56946b2a9ef9f P ae81a70cfc834814b7b3e9911beb5e3c [term 0 FOLLOWER]: Consensus starting up: Expiring failure detector timer to make a prompt election more likely
I20260608 09:57:25.944082 12009 raft_consensus.cc:740] T 62c1be4ba81942f7b3b56946b2a9ef9f P ae81a70cfc834814b7b3e9911beb5e3c [term 0 FOLLOWER]: Becoming Follower/Learner. State: Replica: ae81a70cfc834814b7b3e9911beb5e3c, State: Initialized, Role: FOLLOWER
I20260608 09:57:25.944710 11890 raft_consensus.cc:2804] T 62c1be4ba81942f7b3b56946b2a9ef9f P dc5ec4d6211e43f2aac7163b78cb9710 [term 1 FOLLOWER]: Leader election won for term 1
I20260608 09:57:25.945283 11890 raft_consensus.cc:697] T 62c1be4ba81942f7b3b56946b2a9ef9f P dc5ec4d6211e43f2aac7163b78cb9710 [term 1 LEADER]: Becoming Leader. State: Replica: dc5ec4d6211e43f2aac7163b78cb9710, State: Running, Role: LEADER
I20260608 09:57:25.945031 12009 consensus_queue.cc:260] T 62c1be4ba81942f7b3b56946b2a9ef9f P ae81a70cfc834814b7b3e9911beb5e3c [NON_LEADER]: Queue going to NON_LEADER mode. State: All replicated index: 0, Majority replicated index: 0, Committed index: 0, Last appended: 0.0, Last appended by leader: 0, Current term: 0, Majority size: -1, State: 0, Mode: NON_LEADER, active raft config: opid_index: -1 OBSOLETE_local: false peers { permanent_uuid: "ae81a70cfc834814b7b3e9911beb5e3c" member_type: VOTER last_known_addr { host: "127.8.113.4" port: 35597 } } peers { permanent_uuid: "0c7127798583408a98c879d13c17d9e4" member_type: VOTER last_known_addr { host: "127.8.113.2" port: 37041 } } peers { permanent_uuid: "dc5ec4d6211e43f2aac7163b78cb9710" member_type: VOTER last_known_addr { host: "127.8.113.1" port: 33101 } }
I20260608 09:57:25.946229 11890 consensus_queue.cc:237] T 62c1be4ba81942f7b3b56946b2a9ef9f P dc5ec4d6211e43f2aac7163b78cb9710 [LEADER]: Queue going to LEADER mode. State: All replicated index: 0, Majority replicated index: 0, Committed index: 0, Last appended: 0.0, Last appended by leader: 0, Current term: 1, Majority size: 2, State: 0, Mode: LEADER, active raft config: opid_index: -1 OBSOLETE_local: false peers { permanent_uuid: "ae81a70cfc834814b7b3e9911beb5e3c" member_type: VOTER last_known_addr { host: "127.8.113.4" port: 35597 } } peers { permanent_uuid: "0c7127798583408a98c879d13c17d9e4" member_type: VOTER last_known_addr { host: "127.8.113.2" port: 37041 } } peers { permanent_uuid: "dc5ec4d6211e43f2aac7163b78cb9710" member_type: VOTER last_known_addr { host: "127.8.113.1" port: 33101 } }
I20260608 09:57:25.947691 12009 ts_tablet_manager.cc:1434] T 62c1be4ba81942f7b3b56946b2a9ef9f P ae81a70cfc834814b7b3e9911beb5e3c: Time spent starting tablet: real 0.015s	user 0.007s	sys 0.000s
I20260608 09:57:25.948830 12009 tablet_bootstrap.cc:492] T c309a91836264b26adcd526f290ba8d8 P ae81a70cfc834814b7b3e9911beb5e3c: Bootstrap starting.
I20260608 09:57:25.952072 11648 tablet_service.cc:1917] Received RequestConsensusVote() RPC: tablet_id: "01de14d31bc84633b458501c41370c45" candidate_uuid: "ae81a70cfc834814b7b3e9911beb5e3c" candidate_term: 1 candidate_status { last_received { term: 0 index: 0 } } ignore_live_leader: false dest_uuid: "dc5ec4d6211e43f2aac7163b78cb9710" is_pre_election: true
I20260608 09:57:25.954762 11915 leader_election.cc:304] T 01de14d31bc84633b458501c41370c45 P ae81a70cfc834814b7b3e9911beb5e3c [CANDIDATE]: Term 1 pre-election: Election decided. Result: candidate lost. Election summary: received 3 responses out of 3 voters: 1 yes votes; 2 no votes. yes voters: ae81a70cfc834814b7b3e9911beb5e3c; no voters: 1e22f3da798145f9a2557504819219e3, dc5ec4d6211e43f2aac7163b78cb9710
I20260608 09:57:25.956983 12024 raft_consensus.cc:3060] T 01de14d31bc84633b458501c41370c45 P ae81a70cfc834814b7b3e9911beb5e3c [term 0 FOLLOWER]: Advancing to term 1
I20260608 09:57:25.957219 12009 tablet_bootstrap.cc:654] T c309a91836264b26adcd526f290ba8d8 P ae81a70cfc834814b7b3e9911beb5e3c: Neither blocks nor log segments found. Creating new log.
I20260608 09:57:25.963583 12009 tablet_bootstrap.cc:492] T c309a91836264b26adcd526f290ba8d8 P ae81a70cfc834814b7b3e9911beb5e3c: No bootstrap required, opened a new log
I20260608 09:57:25.964197 12009 ts_tablet_manager.cc:1403] T c309a91836264b26adcd526f290ba8d8 P ae81a70cfc834814b7b3e9911beb5e3c: Time spent bootstrapping tablet: real 0.016s	user 0.004s	sys 0.008s
I20260608 09:57:25.965929 11547 catalog_manager.cc:5696] T 62c1be4ba81942f7b3b56946b2a9ef9f P dc5ec4d6211e43f2aac7163b78cb9710 reported cstate change: term changed from 0 to 1, leader changed from <none> to dc5ec4d6211e43f2aac7163b78cb9710 (127.8.113.1). New cstate: current_term: 1 leader_uuid: "dc5ec4d6211e43f2aac7163b78cb9710" committed_config { opid_index: -1 OBSOLETE_local: false peers { permanent_uuid: "ae81a70cfc834814b7b3e9911beb5e3c" member_type: VOTER last_known_addr { host: "127.8.113.4" port: 35597 } health_report { overall_health: UNKNOWN } } peers { permanent_uuid: "0c7127798583408a98c879d13c17d9e4" member_type: VOTER last_known_addr { host: "127.8.113.2" port: 37041 } health_report { overall_health: UNKNOWN } } peers { permanent_uuid: "dc5ec4d6211e43f2aac7163b78cb9710" member_type: VOTER last_known_addr { host: "127.8.113.1" port: 33101 } health_report { overall_health: HEALTHY } } }
I20260608 09:57:25.967760 12009 raft_consensus.cc:359] T c309a91836264b26adcd526f290ba8d8 P ae81a70cfc834814b7b3e9911beb5e3c [term 0 FOLLOWER]: Replica starting. Triggering 0 pending ops. Active config: opid_index: -1 OBSOLETE_local: false peers { permanent_uuid: "ae81a70cfc834814b7b3e9911beb5e3c" member_type: VOTER last_known_addr { host: "127.8.113.4" port: 35597 } } peers { permanent_uuid: "dc5ec4d6211e43f2aac7163b78cb9710" member_type: VOTER last_known_addr { host: "127.8.113.1" port: 33101 } } peers { permanent_uuid: "0c7127798583408a98c879d13c17d9e4" member_type: VOTER last_known_addr { host: "127.8.113.2" port: 37041 } }
I20260608 09:57:25.970057 12009 raft_consensus.cc:385] T c309a91836264b26adcd526f290ba8d8 P ae81a70cfc834814b7b3e9911beb5e3c [term 0 FOLLOWER]: Consensus starting up: Expiring failure detector timer to make a prompt election more likely
I20260608 09:57:25.970888 12009 raft_consensus.cc:740] T c309a91836264b26adcd526f290ba8d8 P ae81a70cfc834814b7b3e9911beb5e3c [term 0 FOLLOWER]: Becoming Follower/Learner. State: Replica: ae81a70cfc834814b7b3e9911beb5e3c, State: Initialized, Role: FOLLOWER
I20260608 09:57:25.971824 12009 consensus_queue.cc:260] T c309a91836264b26adcd526f290ba8d8 P ae81a70cfc834814b7b3e9911beb5e3c [NON_LEADER]: Queue going to NON_LEADER mode. State: All replicated index: 0, Majority replicated index: 0, Committed index: 0, Last appended: 0.0, Last appended by leader: 0, Current term: 0, Majority size: -1, State: 0, Mode: NON_LEADER, active raft config: opid_index: -1 OBSOLETE_local: false peers { permanent_uuid: "ae81a70cfc834814b7b3e9911beb5e3c" member_type: VOTER last_known_addr { host: "127.8.113.4" port: 35597 } } peers { permanent_uuid: "dc5ec4d6211e43f2aac7163b78cb9710" member_type: VOTER last_known_addr { host: "127.8.113.1" port: 33101 } } peers { permanent_uuid: "0c7127798583408a98c879d13c17d9e4" member_type: VOTER last_known_addr { host: "127.8.113.2" port: 37041 } }
I20260608 09:57:25.974776 12024 raft_consensus.cc:2749] T 01de14d31bc84633b458501c41370c45 P ae81a70cfc834814b7b3e9911beb5e3c [term 1 FOLLOWER]: Leader pre-election lost for term 1. Reason: could not achieve majority
I20260608 09:57:25.975219 12009 ts_tablet_manager.cc:1434] T c309a91836264b26adcd526f290ba8d8 P ae81a70cfc834814b7b3e9911beb5e3c: Time spent starting tablet: real 0.011s	user 0.008s	sys 0.003s
I20260608 09:57:25.975780 12024 raft_consensus.cc:493] T 23037d586f8841bbb7ce4867c6c648b8 P ae81a70cfc834814b7b3e9911beb5e3c [term 0 FOLLOWER]: Starting pre-election (no leader contacted us within the election timeout)
I20260608 09:57:25.976408 12024 raft_consensus.cc:515] T 23037d586f8841bbb7ce4867c6c648b8 P ae81a70cfc834814b7b3e9911beb5e3c [term 0 FOLLOWER]: Starting pre-election with config: opid_index: -1 OBSOLETE_local: false peers { permanent_uuid: "ae81a70cfc834814b7b3e9911beb5e3c" member_type: VOTER last_known_addr { host: "127.8.113.4" port: 35597 } } peers { permanent_uuid: "0c7127798583408a98c879d13c17d9e4" member_type: VOTER last_known_addr { host: "127.8.113.2" port: 37041 } } peers { permanent_uuid: "dc5ec4d6211e43f2aac7163b78cb9710" member_type: VOTER last_known_addr { host: "127.8.113.1" port: 33101 } }
I20260608 09:57:25.976972 12009 tablet_bootstrap.cc:492] T 7858e5d2340e4f029131f9d6c7d1d226 P ae81a70cfc834814b7b3e9911beb5e3c: Bootstrap starting.
I20260608 09:57:25.979187 12024 leader_election.cc:290] T 23037d586f8841bbb7ce4867c6c648b8 P ae81a70cfc834814b7b3e9911beb5e3c [CANDIDATE]: Term 1 pre-election: Requested pre-vote from peers 0c7127798583408a98c879d13c17d9e4 (127.8.113.2:37041), dc5ec4d6211e43f2aac7163b78cb9710 (127.8.113.1:33101)
I20260608 09:57:25.985270 12009 tablet_bootstrap.cc:654] T 7858e5d2340e4f029131f9d6c7d1d226 P ae81a70cfc834814b7b3e9911beb5e3c: Neither blocks nor log segments found. Creating new log.
I20260608 09:57:25.989293 11648 tablet_service.cc:1917] Received RequestConsensusVote() RPC: tablet_id: "23037d586f8841bbb7ce4867c6c648b8" candidate_uuid: "ae81a70cfc834814b7b3e9911beb5e3c" candidate_term: 1 candidate_status { last_received { term: 0 index: 0 } } ignore_live_leader: false dest_uuid: "dc5ec4d6211e43f2aac7163b78cb9710" is_pre_election: true
I20260608 09:57:25.990244 11648 raft_consensus.cc:2393] T 23037d586f8841bbb7ce4867c6c648b8 P dc5ec4d6211e43f2aac7163b78cb9710 [term 1 FOLLOWER]: Leader pre-election vote request: Denying vote to candidate ae81a70cfc834814b7b3e9911beb5e3c in current term 1: Already voted for candidate 0c7127798583408a98c879d13c17d9e4 in this term.
I20260608 09:57:25.996052 12009 tablet_bootstrap.cc:492] T 7858e5d2340e4f029131f9d6c7d1d226 P ae81a70cfc834814b7b3e9911beb5e3c: No bootstrap required, opened a new log
I20260608 09:57:25.996678 12009 ts_tablet_manager.cc:1403] T 7858e5d2340e4f029131f9d6c7d1d226 P ae81a70cfc834814b7b3e9911beb5e3c: Time spent bootstrapping tablet: real 0.020s	user 0.012s	sys 0.004s
I20260608 09:57:26.000149 12009 raft_consensus.cc:359] T 7858e5d2340e4f029131f9d6c7d1d226 P ae81a70cfc834814b7b3e9911beb5e3c [term 0 FOLLOWER]: Replica starting. Triggering 0 pending ops. Active config: opid_index: -1 OBSOLETE_local: false peers { permanent_uuid: "ae81a70cfc834814b7b3e9911beb5e3c" member_type: VOTER last_known_addr { host: "127.8.113.4" port: 35597 } } peers { permanent_uuid: "0c7127798583408a98c879d13c17d9e4" member_type: VOTER last_known_addr { host: "127.8.113.2" port: 37041 } } peers { permanent_uuid: "1e22f3da798145f9a2557504819219e3" member_type: VOTER last_known_addr { host: "127.8.113.3" port: 42291 } }
I20260608 09:57:26.001019 12009 raft_consensus.cc:385] T 7858e5d2340e4f029131f9d6c7d1d226 P ae81a70cfc834814b7b3e9911beb5e3c [term 0 FOLLOWER]: Consensus starting up: Expiring failure detector timer to make a prompt election more likely
I20260608 09:57:26.001428 12009 raft_consensus.cc:740] T 7858e5d2340e4f029131f9d6c7d1d226 P ae81a70cfc834814b7b3e9911beb5e3c [term 0 FOLLOWER]: Becoming Follower/Learner. State: Replica: ae81a70cfc834814b7b3e9911beb5e3c, State: Initialized, Role: FOLLOWER
I20260608 09:57:26.002449 12009 consensus_queue.cc:260] T 7858e5d2340e4f029131f9d6c7d1d226 P ae81a70cfc834814b7b3e9911beb5e3c [NON_LEADER]: Queue going to NON_LEADER mode. State: All replicated index: 0, Majority replicated index: 0, Committed index: 0, Last appended: 0.0, Last appended by leader: 0, Current term: 0, Majority size: -1, State: 0, Mode: NON_LEADER, active raft config: opid_index: -1 OBSOLETE_local: false peers { permanent_uuid: "ae81a70cfc834814b7b3e9911beb5e3c" member_type: VOTER last_known_addr { host: "127.8.113.4" port: 35597 } } peers { permanent_uuid: "0c7127798583408a98c879d13c17d9e4" member_type: VOTER last_known_addr { host: "127.8.113.2" port: 37041 } } peers { permanent_uuid: "1e22f3da798145f9a2557504819219e3" member_type: VOTER last_known_addr { host: "127.8.113.3" port: 42291 } }
I20260608 09:57:26.005201 12009 ts_tablet_manager.cc:1434] T 7858e5d2340e4f029131f9d6c7d1d226 P ae81a70cfc834814b7b3e9911beb5e3c: Time spent starting tablet: real 0.008s	user 0.004s	sys 0.004s
I20260608 09:57:26.006384 12009 tablet_bootstrap.cc:492] T e2dd6abbed744c4fb789d006c6d616a6 P ae81a70cfc834814b7b3e9911beb5e3c: Bootstrap starting.
I20260608 09:57:26.013345 11721 tablet_service.cc:1917] Received RequestConsensusVote() RPC: tablet_id: "23037d586f8841bbb7ce4867c6c648b8" candidate_uuid: "ae81a70cfc834814b7b3e9911beb5e3c" candidate_term: 1 candidate_status { last_received { term: 0 index: 0 } } ignore_live_leader: false dest_uuid: "0c7127798583408a98c879d13c17d9e4" is_pre_election: true
I20260608 09:57:26.014858 11915 leader_election.cc:304] T 23037d586f8841bbb7ce4867c6c648b8 P ae81a70cfc834814b7b3e9911beb5e3c [CANDIDATE]: Term 1 pre-election: Election decided. Result: candidate lost. Election summary: received 3 responses out of 3 voters: 1 yes votes; 2 no votes. yes voters: ae81a70cfc834814b7b3e9911beb5e3c; no voters: 0c7127798583408a98c879d13c17d9e4, dc5ec4d6211e43f2aac7163b78cb9710
I20260608 09:57:26.015595 12009 tablet_bootstrap.cc:654] T e2dd6abbed744c4fb789d006c6d616a6 P ae81a70cfc834814b7b3e9911beb5e3c: Neither blocks nor log segments found. Creating new log.
I20260608 09:57:26.016462 12044 raft_consensus.cc:3060] T 23037d586f8841bbb7ce4867c6c648b8 P ae81a70cfc834814b7b3e9911beb5e3c [term 0 FOLLOWER]: Advancing to term 1
I20260608 09:57:26.021900 12009 tablet_bootstrap.cc:492] T e2dd6abbed744c4fb789d006c6d616a6 P ae81a70cfc834814b7b3e9911beb5e3c: No bootstrap required, opened a new log
I20260608 09:57:26.022586 12009 ts_tablet_manager.cc:1403] T e2dd6abbed744c4fb789d006c6d616a6 P ae81a70cfc834814b7b3e9911beb5e3c: Time spent bootstrapping tablet: real 0.016s	user 0.010s	sys 0.004s
I20260608 09:57:26.024811 12044 raft_consensus.cc:2749] T 23037d586f8841bbb7ce4867c6c648b8 P ae81a70cfc834814b7b3e9911beb5e3c [term 1 FOLLOWER]: Leader pre-election lost for term 1. Reason: could not achieve majority
I20260608 09:57:26.026129 12009 raft_consensus.cc:359] T e2dd6abbed744c4fb789d006c6d616a6 P ae81a70cfc834814b7b3e9911beb5e3c [term 0 FOLLOWER]: Replica starting. Triggering 0 pending ops. Active config: opid_index: -1 OBSOLETE_local: false peers { permanent_uuid: "1e22f3da798145f9a2557504819219e3" member_type: VOTER last_known_addr { host: "127.8.113.3" port: 42291 } } peers { permanent_uuid: "dc5ec4d6211e43f2aac7163b78cb9710" member_type: VOTER last_known_addr { host: "127.8.113.1" port: 33101 } } peers { permanent_uuid: "ae81a70cfc834814b7b3e9911beb5e3c" member_type: VOTER last_known_addr { host: "127.8.113.4" port: 35597 } }
I20260608 09:57:26.026881 12009 raft_consensus.cc:385] T e2dd6abbed744c4fb789d006c6d616a6 P ae81a70cfc834814b7b3e9911beb5e3c [term 0 FOLLOWER]: Consensus starting up: Expiring failure detector timer to make a prompt election more likely
I20260608 09:57:26.027165 12009 raft_consensus.cc:740] T e2dd6abbed744c4fb789d006c6d616a6 P ae81a70cfc834814b7b3e9911beb5e3c [term 0 FOLLOWER]: Becoming Follower/Learner. State: Replica: ae81a70cfc834814b7b3e9911beb5e3c, State: Initialized, Role: FOLLOWER
I20260608 09:57:26.028097 12009 consensus_queue.cc:260] T e2dd6abbed744c4fb789d006c6d616a6 P ae81a70cfc834814b7b3e9911beb5e3c [NON_LEADER]: Queue going to NON_LEADER mode. State: All replicated index: 0, Majority replicated index: 0, Committed index: 0, Last appended: 0.0, Last appended by leader: 0, Current term: 0, Majority size: -1, State: 0, Mode: NON_LEADER, active raft config: opid_index: -1 OBSOLETE_local: false peers { permanent_uuid: "1e22f3da798145f9a2557504819219e3" member_type: VOTER last_known_addr { host: "127.8.113.3" port: 42291 } } peers { permanent_uuid: "dc5ec4d6211e43f2aac7163b78cb9710" member_type: VOTER last_known_addr { host: "127.8.113.1" port: 33101 } } peers { permanent_uuid: "ae81a70cfc834814b7b3e9911beb5e3c" member_type: VOTER last_known_addr { host: "127.8.113.4" port: 35597 } }
I20260608 09:57:26.030659 12009 ts_tablet_manager.cc:1434] T e2dd6abbed744c4fb789d006c6d616a6 P ae81a70cfc834814b7b3e9911beb5e3c: Time spent starting tablet: real 0.008s	user 0.004s	sys 0.004s
I20260608 09:57:26.031771 12009 tablet_bootstrap.cc:492] T 2fe9fe76a3d14b76968843c80d870c46 P ae81a70cfc834814b7b3e9911beb5e3c: Bootstrap starting.
I20260608 09:57:26.031540 11876 consensus_queue.cc:1048] T 23037d586f8841bbb7ce4867c6c648b8 P 0c7127798583408a98c879d13c17d9e4 [LEADER]: Connected to new peer: Peer: permanent_uuid: "dc5ec4d6211e43f2aac7163b78cb9710" member_type: VOTER last_known_addr { host: "127.8.113.1" port: 33101 }, Status: LMP_MISMATCH, Last received: 0.0, Next index: 1, Last known committed idx: 0, Time since last communication: 0.000s
I20260608 09:57:26.034251 11890 consensus_queue.cc:1048] T 01de14d31bc84633b458501c41370c45 P dc5ec4d6211e43f2aac7163b78cb9710 [LEADER]: Connected to new peer: Peer: permanent_uuid: "1e22f3da798145f9a2557504819219e3" member_type: VOTER last_known_addr { host: "127.8.113.3" port: 42291 }, Status: LMP_MISMATCH, Last received: 0.0, Next index: 1, Last known committed idx: 0, Time since last communication: 0.000s
I20260608 09:57:26.041121 11885 raft_consensus.cc:493] T c0358b54c0a645efaf65e45d5e3af643 P dc5ec4d6211e43f2aac7163b78cb9710 [term 0 FOLLOWER]: Starting pre-election (no leader contacted us within the election timeout)
I20260608 09:57:26.041860 12009 tablet_bootstrap.cc:654] T 2fe9fe76a3d14b76968843c80d870c46 P ae81a70cfc834814b7b3e9911beb5e3c: Neither blocks nor log segments found. Creating new log.
I20260608 09:57:26.041723 11885 raft_consensus.cc:515] T c0358b54c0a645efaf65e45d5e3af643 P dc5ec4d6211e43f2aac7163b78cb9710 [term 0 FOLLOWER]: Starting pre-election with config: opid_index: -1 OBSOLETE_local: false peers { permanent_uuid: "1e22f3da798145f9a2557504819219e3" member_type: VOTER last_known_addr { host: "127.8.113.3" port: 42291 } } peers { permanent_uuid: "ae81a70cfc834814b7b3e9911beb5e3c" member_type: VOTER last_known_addr { host: "127.8.113.4" port: 35597 } } peers { permanent_uuid: "dc5ec4d6211e43f2aac7163b78cb9710" member_type: VOTER last_known_addr { host: "127.8.113.1" port: 33101 } }
I20260608 09:57:26.045738 11885 leader_election.cc:290] T c0358b54c0a645efaf65e45d5e3af643 P dc5ec4d6211e43f2aac7163b78cb9710 [CANDIDATE]: Term 1 pre-election: Requested pre-vote from peers 1e22f3da798145f9a2557504819219e3 (127.8.113.3:42291), ae81a70cfc834814b7b3e9911beb5e3c (127.8.113.4:35597)
I20260608 09:57:26.048619 11954 tablet_service.cc:1917] Received RequestConsensusVote() RPC: tablet_id: "c0358b54c0a645efaf65e45d5e3af643" candidate_uuid: "dc5ec4d6211e43f2aac7163b78cb9710" candidate_term: 1 candidate_status { last_received { term: 0 index: 0 } } ignore_live_leader: false dest_uuid: "ae81a70cfc834814b7b3e9911beb5e3c" is_pre_election: true
W20260608 09:57:26.050511 11613 leader_election.cc:343] T c0358b54c0a645efaf65e45d5e3af643 P dc5ec4d6211e43f2aac7163b78cb9710 [CANDIDATE]: Term 1 pre-election: Tablet error from VoteRequest() call to peer ae81a70cfc834814b7b3e9911beb5e3c (127.8.113.4:35597): Illegal state: must be running to vote when last-logged opid is not known
I20260608 09:57:26.050522 11799 tablet_service.cc:1917] Received RequestConsensusVote() RPC: tablet_id: "c0358b54c0a645efaf65e45d5e3af643" candidate_uuid: "dc5ec4d6211e43f2aac7163b78cb9710" candidate_term: 1 candidate_status { last_received { term: 0 index: 0 } } ignore_live_leader: false dest_uuid: "1e22f3da798145f9a2557504819219e3" is_pre_election: true
I20260608 09:57:26.051965 12009 tablet_bootstrap.cc:492] T 2fe9fe76a3d14b76968843c80d870c46 P ae81a70cfc834814b7b3e9911beb5e3c: No bootstrap required, opened a new log
I20260608 09:57:26.052055 11799 raft_consensus.cc:2468] T c0358b54c0a645efaf65e45d5e3af643 P 1e22f3da798145f9a2557504819219e3 [term 0 FOLLOWER]: Leader pre-election vote request: Granting yes vote for candidate dc5ec4d6211e43f2aac7163b78cb9710 in term 0.
I20260608 09:57:26.052652 12009 ts_tablet_manager.cc:1403] T 2fe9fe76a3d14b76968843c80d870c46 P ae81a70cfc834814b7b3e9911beb5e3c: Time spent bootstrapping tablet: real 0.021s	user 0.014s	sys 0.000s
I20260608 09:57:26.050478 12000 consensus_queue.cc:1048] T 23037d586f8841bbb7ce4867c6c648b8 P 0c7127798583408a98c879d13c17d9e4 [LEADER]: Connected to new peer: Peer: permanent_uuid: "ae81a70cfc834814b7b3e9911beb5e3c" member_type: VOTER last_known_addr { host: "127.8.113.4" port: 35597 }, Status: LMP_MISMATCH, Last received: 0.0, Next index: 1, Last known committed idx: 0, Time since last communication: 0.001s
I20260608 09:57:26.056298 12009 raft_consensus.cc:359] T 2fe9fe76a3d14b76968843c80d870c46 P ae81a70cfc834814b7b3e9911beb5e3c [term 0 FOLLOWER]: Replica starting. Triggering 0 pending ops. Active config: opid_index: -1 OBSOLETE_local: false peers { permanent_uuid: "ae81a70cfc834814b7b3e9911beb5e3c" member_type: VOTER last_known_addr { host: "127.8.113.4" port: 35597 } } peers { permanent_uuid: "1e22f3da798145f9a2557504819219e3" member_type: VOTER last_known_addr { host: "127.8.113.3" port: 42291 } } peers { permanent_uuid: "0c7127798583408a98c879d13c17d9e4" member_type: VOTER last_known_addr { host: "127.8.113.2" port: 37041 } }
I20260608 09:57:26.057134 12009 raft_consensus.cc:385] T 2fe9fe76a3d14b76968843c80d870c46 P ae81a70cfc834814b7b3e9911beb5e3c [term 0 FOLLOWER]: Consensus starting up: Expiring failure detector timer to make a prompt election more likely
I20260608 09:57:26.057520 12009 raft_consensus.cc:740] T 2fe9fe76a3d14b76968843c80d870c46 P ae81a70cfc834814b7b3e9911beb5e3c [term 0 FOLLOWER]: Becoming Follower/Learner. State: Replica: ae81a70cfc834814b7b3e9911beb5e3c, State: Initialized, Role: FOLLOWER
I20260608 09:57:26.059468 11614 leader_election.cc:304] T c0358b54c0a645efaf65e45d5e3af643 P dc5ec4d6211e43f2aac7163b78cb9710 [CANDIDATE]: Term 1 pre-election: Election decided. Result: candidate won. Election summary: received 3 responses out of 3 voters: 2 yes votes; 1 no votes. yes voters: 1e22f3da798145f9a2557504819219e3, dc5ec4d6211e43f2aac7163b78cb9710; no voters: ae81a70cfc834814b7b3e9911beb5e3c
W20260608 09:57:26.060261 11535 catalog_manager.cc:4809] Async tablet task AlterTable RPC for tablet e2dd6abbed744c4fb789d006c6d616a6 (table range_aware_rebalance_new_range [id=0dbd0380743945178b81b04ce5105faf], current schema version=0) failed: Not found: failed to reset TS proxy: No leader found: Tablet e2dd6abbed744c4fb789d006c6d616a6 consensus state has no leader
I20260608 09:57:26.060813 11885 raft_consensus.cc:2804] T c0358b54c0a645efaf65e45d5e3af643 P dc5ec4d6211e43f2aac7163b78cb9710 [term 0 FOLLOWER]: Leader pre-election won for term 1
I20260608 09:57:26.061216 11885 raft_consensus.cc:493] T c0358b54c0a645efaf65e45d5e3af643 P dc5ec4d6211e43f2aac7163b78cb9710 [term 0 FOLLOWER]: Starting leader election (no leader contacted us within the election timeout)
I20260608 09:57:26.061573 11885 raft_consensus.cc:3060] T c0358b54c0a645efaf65e45d5e3af643 P dc5ec4d6211e43f2aac7163b78cb9710 [term 0 FOLLOWER]: Advancing to term 1
I20260608 09:57:26.061709 12009 consensus_queue.cc:260] T 2fe9fe76a3d14b76968843c80d870c46 P ae81a70cfc834814b7b3e9911beb5e3c [NON_LEADER]: Queue going to NON_LEADER mode. State: All replicated index: 0, Majority replicated index: 0, Committed index: 0, Last appended: 0.0, Last appended by leader: 0, Current term: 0, Majority size: -1, State: 0, Mode: NON_LEADER, active raft config: opid_index: -1 OBSOLETE_local: false peers { permanent_uuid: "ae81a70cfc834814b7b3e9911beb5e3c" member_type: VOTER last_known_addr { host: "127.8.113.4" port: 35597 } } peers { permanent_uuid: "1e22f3da798145f9a2557504819219e3" member_type: VOTER last_known_addr { host: "127.8.113.3" port: 42291 } } peers { permanent_uuid: "0c7127798583408a98c879d13c17d9e4" member_type: VOTER last_known_addr { host: "127.8.113.2" port: 37041 } }
I20260608 09:57:26.064641 12009 ts_tablet_manager.cc:1434] T 2fe9fe76a3d14b76968843c80d870c46 P ae81a70cfc834814b7b3e9911beb5e3c: Time spent starting tablet: real 0.012s	user 0.009s	sys 0.000s
I20260608 09:57:26.065755 12009 tablet_bootstrap.cc:492] T c0358b54c0a645efaf65e45d5e3af643 P ae81a70cfc834814b7b3e9911beb5e3c: Bootstrap starting.
I20260608 09:57:26.071585 11885 raft_consensus.cc:515] T c0358b54c0a645efaf65e45d5e3af643 P dc5ec4d6211e43f2aac7163b78cb9710 [term 1 FOLLOWER]: Starting leader election with config: opid_index: -1 OBSOLETE_local: false peers { permanent_uuid: "1e22f3da798145f9a2557504819219e3" member_type: VOTER last_known_addr { host: "127.8.113.3" port: 42291 } } peers { permanent_uuid: "ae81a70cfc834814b7b3e9911beb5e3c" member_type: VOTER last_known_addr { host: "127.8.113.4" port: 35597 } } peers { permanent_uuid: "dc5ec4d6211e43f2aac7163b78cb9710" member_type: VOTER last_known_addr { host: "127.8.113.1" port: 33101 } }
I20260608 09:57:26.073523 12009 tablet_bootstrap.cc:654] T c0358b54c0a645efaf65e45d5e3af643 P ae81a70cfc834814b7b3e9911beb5e3c: Neither blocks nor log segments found. Creating new log.
I20260608 09:57:26.089752 11799 tablet_service.cc:1917] Received RequestConsensusVote() RPC: tablet_id: "c0358b54c0a645efaf65e45d5e3af643" candidate_uuid: "dc5ec4d6211e43f2aac7163b78cb9710" candidate_term: 1 candidate_status { last_received { term: 0 index: 0 } } ignore_live_leader: false dest_uuid: "1e22f3da798145f9a2557504819219e3"
I20260608 09:57:26.090751 11799 raft_consensus.cc:3060] T c0358b54c0a645efaf65e45d5e3af643 P 1e22f3da798145f9a2557504819219e3 [term 0 FOLLOWER]: Advancing to term 1
I20260608 09:57:26.097681 11799 raft_consensus.cc:2468] T c0358b54c0a645efaf65e45d5e3af643 P 1e22f3da798145f9a2557504819219e3 [term 1 FOLLOWER]: Leader election vote request: Granting yes vote for candidate dc5ec4d6211e43f2aac7163b78cb9710 in term 1.
I20260608 09:57:26.099370 11885 leader_election.cc:290] T c0358b54c0a645efaf65e45d5e3af643 P dc5ec4d6211e43f2aac7163b78cb9710 [CANDIDATE]: Term 1 election: Requested vote from peers 1e22f3da798145f9a2557504819219e3 (127.8.113.3:42291), ae81a70cfc834814b7b3e9911beb5e3c (127.8.113.4:35597)
I20260608 09:57:26.100018 11885 consensus_queue.cc:1048] T 01de14d31bc84633b458501c41370c45 P dc5ec4d6211e43f2aac7163b78cb9710 [LEADER]: Connected to new peer: Peer: permanent_uuid: "ae81a70cfc834814b7b3e9911beb5e3c" member_type: VOTER last_known_addr { host: "127.8.113.4" port: 35597 }, Status: LMP_MISMATCH, Last received: 0.0, Next index: 1, Last known committed idx: 0, Time since last communication: 0.000s
