I20260608 09:48:34.204941   691 raft_consensus.cc:2272] T b28cd449656d496993ac995b72761c39 P 654ab1b62b704727963b160a2cc73ed5 [term 1 FOLLOWER]: Raft consensus is shut down!
I20260608 09:48:34.206554   691 tablet_replica.cc:333] T 8d3ca0e5671a4ab88b6faf6d2aacd635 P 654ab1b62b704727963b160a2cc73ed5: stopping tablet replica
I20260608 09:48:34.207226   691 raft_consensus.cc:2243] T 8d3ca0e5671a4ab88b6faf6d2aacd635 P 654ab1b62b704727963b160a2cc73ed5 [term 1 FOLLOWER]: Raft consensus shutting down.
I20260608 09:48:34.207589   691 raft_consensus.cc:2272] T 8d3ca0e5671a4ab88b6faf6d2aacd635 P 654ab1b62b704727963b160a2cc73ed5 [term 1 FOLLOWER]: Raft consensus is shut down!
I20260608 09:48:34.209226   691 tablet_replica.cc:333] T a47c15df935e47f4b963cf419a88069f P 654ab1b62b704727963b160a2cc73ed5: stopping tablet replica
I20260608 09:48:34.209651   691 raft_consensus.cc:2243] T a47c15df935e47f4b963cf419a88069f P 654ab1b62b704727963b160a2cc73ed5 [term 1 FOLLOWER]: Raft consensus shutting down.
I20260608 09:48:34.210114   691 raft_consensus.cc:2272] T a47c15df935e47f4b963cf419a88069f P 654ab1b62b704727963b160a2cc73ed5 [term 1 FOLLOWER]: Raft consensus is shut down!
I20260608 09:48:34.230651   691 tablet_server.cc:196] TabletServer@127.0.172.194:0 shutdown complete.
I20260608 09:48:34.242306   691 tablet_server.cc:179] TabletServer@127.0.172.195:0 shutting down...
I20260608 09:48:34.258486   691 ts_tablet_manager.cc:1507] Shutting down tablet manager...
I20260608 09:48:34.259359   691 tablet_replica.cc:333] T 5f2dc47035a9461b9e3a6e33d113a565 P d7143ccb71e94b7da5fc47e7ac06af1d: stopping tablet replica
I20260608 09:48:34.259944   691 raft_consensus.cc:2243] T 5f2dc47035a9461b9e3a6e33d113a565 P d7143ccb71e94b7da5fc47e7ac06af1d [term 1 FOLLOWER]: Raft consensus shutting down.
I20260608 09:48:34.260320   691 raft_consensus.cc:2272] T 5f2dc47035a9461b9e3a6e33d113a565 P d7143ccb71e94b7da5fc47e7ac06af1d [term 1 FOLLOWER]: Raft consensus is shut down!
I20260608 09:48:34.261904   691 tablet_replica.cc:333] T 8d3ca0e5671a4ab88b6faf6d2aacd635 P d7143ccb71e94b7da5fc47e7ac06af1d: stopping tablet replica
I20260608 09:48:34.262359   691 raft_consensus.cc:2243] T 8d3ca0e5671a4ab88b6faf6d2aacd635 P d7143ccb71e94b7da5fc47e7ac06af1d [term 1 LEADER]: Raft consensus shutting down.
I20260608 09:48:34.262925   691 pending_rounds.cc:70] T 8d3ca0e5671a4ab88b6faf6d2aacd635 P d7143ccb71e94b7da5fc47e7ac06af1d: Trying to abort 1 pending ops.
I20260608 09:48:34.263098   691 pending_rounds.cc:77] T 8d3ca0e5671a4ab88b6faf6d2aacd635 P d7143ccb71e94b7da5fc47e7ac06af1d: Aborting op as it isn't in flight: id { term: 1 index: 1 } timestamp: 7294616018158772224 op_type: NO_OP noop_request { }
I20260608 09:48:34.263320   691 raft_consensus.cc:2889] T 8d3ca0e5671a4ab88b6faf6d2aacd635 P d7143ccb71e94b7da5fc47e7ac06af1d [term 1 LEADER]: NO_OP replication failed: Aborted: Op aborted
I20260608 09:48:34.263541   691 raft_consensus.cc:2272] T 8d3ca0e5671a4ab88b6faf6d2aacd635 P d7143ccb71e94b7da5fc47e7ac06af1d [term 1 FOLLOWER]: Raft consensus is shut down!
I20260608 09:48:34.265375   691 tablet_replica.cc:333] T b28cd449656d496993ac995b72761c39 P d7143ccb71e94b7da5fc47e7ac06af1d: stopping tablet replica
I20260608 09:48:34.265815   691 raft_consensus.cc:2243] T b28cd449656d496993ac995b72761c39 P d7143ccb71e94b7da5fc47e7ac06af1d [term 1 LEADER]: Raft consensus shutting down.
I20260608 09:48:34.266311   691 pending_rounds.cc:70] T b28cd449656d496993ac995b72761c39 P d7143ccb71e94b7da5fc47e7ac06af1d: Trying to abort 1 pending ops.
I20260608 09:48:34.266476   691 pending_rounds.cc:77] T b28cd449656d496993ac995b72761c39 P d7143ccb71e94b7da5fc47e7ac06af1d: Aborting op as it isn't in flight: id { term: 1 index: 1 } timestamp: 7294616018108338176 op_type: NO_OP noop_request { }
I20260608 09:48:34.266736   691 raft_consensus.cc:2889] T b28cd449656d496993ac995b72761c39 P d7143ccb71e94b7da5fc47e7ac06af1d [term 1 LEADER]: NO_OP replication failed: Aborted: Op aborted
I20260608 09:48:34.266969   691 raft_consensus.cc:2272] T b28cd449656d496993ac995b72761c39 P d7143ccb71e94b7da5fc47e7ac06af1d [term 1 FOLLOWER]: Raft consensus is shut down!
I20260608 09:48:34.268728   691 tablet_replica.cc:333] T a47c15df935e47f4b963cf419a88069f P d7143ccb71e94b7da5fc47e7ac06af1d: stopping tablet replica
I20260608 09:48:34.269148   691 raft_consensus.cc:2243] T a47c15df935e47f4b963cf419a88069f P d7143ccb71e94b7da5fc47e7ac06af1d [term 1 FOLLOWER]: Raft consensus shutting down.
I20260608 09:48:34.269450   691 raft_consensus.cc:2272] T a47c15df935e47f4b963cf419a88069f P d7143ccb71e94b7da5fc47e7ac06af1d [term 1 FOLLOWER]: Raft consensus is shut down!
I20260608 09:48:34.290239   691 tablet_server.cc:196] TabletServer@127.0.172.195:0 shutdown complete.
I20260608 09:48:34.301106   691 master.cc:562] Master@127.0.172.254:44955 shutting down...
I20260608 09:48:34.313614   691 raft_consensus.cc:2243] T 00000000000000000000000000000000 P cdb20ee8a2a546f9a599f8ca012eb153 [term 1 LEADER]: Raft consensus shutting down.
I20260608 09:48:34.314112   691 raft_consensus.cc:2272] T 00000000000000000000000000000000 P cdb20ee8a2a546f9a599f8ca012eb153 [term 1 FOLLOWER]: Raft consensus is shut down!
I20260608 09:48:34.314420   691 tablet_replica.cc:333] T 00000000000000000000000000000000 P cdb20ee8a2a546f9a599f8ca012eb153: stopping tablet replica
I20260608 09:48:34.331893   691 master.cc:584] Master@127.0.172.254:44955 shutdown complete.
[       OK ] AutoRebalancerTest.RangeAwareBuildClusterInfoGroupsByRange (2550 ms)
[ RUN      ] AutoRebalancerTest.RangeAwareRebalancesNewRangeReplicas
I20260608 09:48:34.363059   691 internal_mini_cluster.cc:156] Creating distributed mini masters. Addrs: 127.0.172.254:33619
I20260608 09:48:34.364167   691 file_cache.cc:492] Constructed file cache file cache with capacity 419430
W20260608 09:48:34.369057  3560 instance_detector.cc:116] could not retrieve AWS instance metadata: Network error: curl error: HTTP response code said error: The requested URL returned error: 404
W20260608 09:48:34.370529  3561 instance_detector.cc:116] could not retrieve Azure instance metadata: Network error: curl error: HTTP response code said error: The requested URL returned error: 404
W20260608 09:48:34.370646  3563 instance_detector.cc:116] could not retrieve OpenStack instance metadata: Network error: curl error: HTTP response code said error: The requested URL returned error: 404
I20260608 09:48:34.371484   691 server_base.cc:1061] running on GCE node
I20260608 09:48:34.372283   691 hybrid_clock.cc:584] initializing the hybrid clock with 'system_unsync' time source
W20260608 09:48:34.372473   691 system_unsync_time.cc:38] NTP support is disabled. Clock error bounds will not be accurate. This configuration is not suitable for distributed clusters.
I20260608 09:48:34.372620   691 hybrid_clock.cc:648] HybridClock initialized: now 1780912114372602 us; error 0 us; skew 500 ppm
I20260608 09:48:34.373178   691 server_base.cc:861] Flag tcmalloc_max_total_thread_cache_bytes is not working since tcmalloc is not enabled.
I20260608 09:48:34.375660   691 webserver.cc:533] Webserver started at http://127.0.172.254:41489/ using document root <none> and password file <none>
I20260608 09:48:34.376158   691 fs_manager.cc:362] Metadata directory not provided
I20260608 09:48:34.376323   691 fs_manager.cc:368] Using write-ahead log directory (fs_wal_dir) as metadata directory
I20260608 09:48:34.376575   691 server_base.cc:909] This appears to be a new deployment of Kudu; creating new FS layout
I20260608 09:48:34.377631   691 fs_manager.cc:1068] Generated new instance metadata in path /tmp/dist-test-taskJjQyYD/test-tmp/auto_rebalancer-test.0.AutoRebalancerTest.RangeAwareRebalancesNewRangeReplicas.1780912036713076-691-0/minicluster-data/master-0-root/instance:
uuid: "f160e0a0e7b9409b8e89fd1b2541a3b3"
format_stamp: "Formatted at 2026-06-08 09:48:34 on dist-test-slave-n93x"
I20260608 09:48:34.382082   691 fs_manager.cc:696] Time spent creating directory manager: real 0.004s	user 0.002s	sys 0.004s
I20260608 09:48:34.385527  3568 log_block_manager.cc:4031] Time spent loading block containers with low live blocks: real 0.000s	user 0.000s	sys 0.000s
I20260608 09:48:34.386293   691 fs_manager.cc:730] Time spent opening block manager: real 0.002s	user 0.003s	sys 0.000s
I20260608 09:48:34.386580   691 fs_manager.cc:647] Opened local filesystem: /tmp/dist-test-taskJjQyYD/test-tmp/auto_rebalancer-test.0.AutoRebalancerTest.RangeAwareRebalancesNewRangeReplicas.1780912036713076-691-0/minicluster-data/master-0-root
uuid: "f160e0a0e7b9409b8e89fd1b2541a3b3"
format_stamp: "Formatted at 2026-06-08 09:48:34 on dist-test-slave-n93x"
I20260608 09:48:34.386864   691 fs_report.cc:389] FS layout report
--------------------
wal directory: /tmp/dist-test-taskJjQyYD/test-tmp/auto_rebalancer-test.0.AutoRebalancerTest.RangeAwareRebalancesNewRangeReplicas.1780912036713076-691-0/minicluster-data/master-0-root
metadata directory: /tmp/dist-test-taskJjQyYD/test-tmp/auto_rebalancer-test.0.AutoRebalancerTest.RangeAwareRebalancesNewRangeReplicas.1780912036713076-691-0/minicluster-data/master-0-root
1 data directories: /tmp/dist-test-taskJjQyYD/test-tmp/auto_rebalancer-test.0.AutoRebalancerTest.RangeAwareRebalancesNewRangeReplicas.1780912036713076-691-0/minicluster-data/master-0-root/data
Total live blocks: 0
Total live bytes: 0
Total live bytes (after alignment): 0
Total number of LBM containers: 0 (0 full)
Did not check for missing blocks
Did not check for orphaned blocks
Total full LBM containers with extra space: 0 (0 repaired)
Total full LBM container extra space in bytes: 0 (0 repaired)
Total incomplete LBM containers: 0 (0 repaired)
Total LBM partial records: 0 (0 repaired)
Total corrupted LBM metadata records in RocksDB: 0 (0 repaired)
I20260608 09:48:34.421448   691 rpc_server.cc:225] running with OpenSSL 1.1.1  11 Sep 2018
I20260608 09:48:34.422533   691 kserver.cc:163] Server-wide thread pool size limit: 3276
I20260608 09:48:34.458396   691 rpc_server.cc:307] RPC server started. Bound to: 127.0.172.254:33619
I20260608 09:48:34.458501  3619 acceptor_pool.cc:272] collecting diagnostics on the listening RPC socket 127.0.172.254:33619 every 8 connection(s)
I20260608 09:48:34.462338  3620 data_dirs.cc:400] Could only allocate 1 dirs of requested 3 for tablet 00000000000000000000000000000000. 1 dirs total, 0 dirs full, 0 dirs failed
I20260608 09:48:34.471766  3620 tablet_bootstrap.cc:492] T 00000000000000000000000000000000 P f160e0a0e7b9409b8e89fd1b2541a3b3: Bootstrap starting.
I20260608 09:48:34.476015  3620 tablet_bootstrap.cc:654] T 00000000000000000000000000000000 P f160e0a0e7b9409b8e89fd1b2541a3b3: Neither blocks nor log segments found. Creating new log.
I20260608 09:48:34.480007  3620 tablet_bootstrap.cc:492] T 00000000000000000000000000000000 P f160e0a0e7b9409b8e89fd1b2541a3b3: No bootstrap required, opened a new log
I20260608 09:48:34.482401  3620 raft_consensus.cc:359] T 00000000000000000000000000000000 P f160e0a0e7b9409b8e89fd1b2541a3b3 [term 0 FOLLOWER]: Replica starting. Triggering 0 pending ops. Active config: opid_index: -1 OBSOLETE_local: true peers { permanent_uuid: "f160e0a0e7b9409b8e89fd1b2541a3b3" member_type: VOTER }
I20260608 09:48:34.482851  3620 raft_consensus.cc:385] T 00000000000000000000000000000000 P f160e0a0e7b9409b8e89fd1b2541a3b3 [term 0 FOLLOWER]: Consensus starting up: Expiring failure detector timer to make a prompt election more likely
I20260608 09:48:34.483052  3620 raft_consensus.cc:740] T 00000000000000000000000000000000 P f160e0a0e7b9409b8e89fd1b2541a3b3 [term 0 FOLLOWER]: Becoming Follower/Learner. State: Replica: f160e0a0e7b9409b8e89fd1b2541a3b3, State: Initialized, Role: FOLLOWER
I20260608 09:48:34.483608  3620 consensus_queue.cc:260] T 00000000000000000000000000000000 P f160e0a0e7b9409b8e89fd1b2541a3b3 [NON_LEADER]: Queue going to NON_LEADER mode. State: All replicated index: 0, Majority replicated index: 0, Committed index: 0, Last appended: 0.0, Last appended by leader: 0, Current term: 0, Majority size: -1, State: 0, Mode: NON_LEADER, active raft config: opid_index: -1 OBSOLETE_local: true peers { permanent_uuid: "f160e0a0e7b9409b8e89fd1b2541a3b3" member_type: VOTER }
I20260608 09:48:34.484035  3620 raft_consensus.cc:399] T 00000000000000000000000000000000 P f160e0a0e7b9409b8e89fd1b2541a3b3 [term 0 FOLLOWER]: Only one voter in the Raft config. Triggering election immediately
I20260608 09:48:34.484241  3620 raft_consensus.cc:493] T 00000000000000000000000000000000 P f160e0a0e7b9409b8e89fd1b2541a3b3 [term 0 FOLLOWER]: Starting leader election (initial election of a single-replica configuration)
I20260608 09:48:34.484474  3620 raft_consensus.cc:3060] T 00000000000000000000000000000000 P f160e0a0e7b9409b8e89fd1b2541a3b3 [term 0 FOLLOWER]: Advancing to term 1
I20260608 09:48:34.489053  3620 raft_consensus.cc:515] T 00000000000000000000000000000000 P f160e0a0e7b9409b8e89fd1b2541a3b3 [term 1 FOLLOWER]: Starting leader election with config: opid_index: -1 OBSOLETE_local: true peers { permanent_uuid: "f160e0a0e7b9409b8e89fd1b2541a3b3" member_type: VOTER }
I20260608 09:48:34.489548  3620 leader_election.cc:304] T 00000000000000000000000000000000 P f160e0a0e7b9409b8e89fd1b2541a3b3 [CANDIDATE]: Term 1 election: Election decided. Result: candidate won. Election summary: received 1 responses out of 1 voters: 1 yes votes; 0 no votes. yes voters: f160e0a0e7b9409b8e89fd1b2541a3b3; no voters: 
I20260608 09:48:34.490660  3620 leader_election.cc:290] T 00000000000000000000000000000000 P f160e0a0e7b9409b8e89fd1b2541a3b3 [CANDIDATE]: Term 1 election: Requested vote from peers 
I20260608 09:48:34.491040  3623 raft_consensus.cc:2804] T 00000000000000000000000000000000 P f160e0a0e7b9409b8e89fd1b2541a3b3 [term 1 FOLLOWER]: Leader election won for term 1
I20260608 09:48:34.492266  3623 raft_consensus.cc:697] T 00000000000000000000000000000000 P f160e0a0e7b9409b8e89fd1b2541a3b3 [term 1 LEADER]: Becoming Leader. State: Replica: f160e0a0e7b9409b8e89fd1b2541a3b3, State: Running, Role: LEADER
I20260608 09:48:34.492920  3623 consensus_queue.cc:237] T 00000000000000000000000000000000 P f160e0a0e7b9409b8e89fd1b2541a3b3 [LEADER]: Queue going to LEADER mode. State: All replicated index: 0, Majority replicated index: 0, Committed index: 0, Last appended: 0.0, Last appended by leader: 0, Current term: 1, Majority size: 1, State: 0, Mode: LEADER, active raft config: opid_index: -1 OBSOLETE_local: true peers { permanent_uuid: "f160e0a0e7b9409b8e89fd1b2541a3b3" member_type: VOTER }
I20260608 09:48:34.493590  3620 sys_catalog.cc:565] T 00000000000000000000000000000000 P f160e0a0e7b9409b8e89fd1b2541a3b3 [sys.catalog]: configured and running, proceeding with master startup.
I20260608 09:48:34.495792  3624 sys_catalog.cc:455] T 00000000000000000000000000000000 P f160e0a0e7b9409b8e89fd1b2541a3b3 [sys.catalog]: SysCatalogTable state changed. Reason: RaftConsensus started. Latest consensus state: current_term: 1 leader_uuid: "f160e0a0e7b9409b8e89fd1b2541a3b3" committed_config { opid_index: -1 OBSOLETE_local: true peers { permanent_uuid: "f160e0a0e7b9409b8e89fd1b2541a3b3" member_type: VOTER } }
I20260608 09:48:34.495819  3625 sys_catalog.cc:455] T 00000000000000000000000000000000 P f160e0a0e7b9409b8e89fd1b2541a3b3 [sys.catalog]: SysCatalogTable state changed. Reason: New leader f160e0a0e7b9409b8e89fd1b2541a3b3. Latest consensus state: current_term: 1 leader_uuid: "f160e0a0e7b9409b8e89fd1b2541a3b3" committed_config { opid_index: -1 OBSOLETE_local: true peers { permanent_uuid: "f160e0a0e7b9409b8e89fd1b2541a3b3" member_type: VOTER } }
I20260608 09:48:34.496618  3625 sys_catalog.cc:458] T 00000000000000000000000000000000 P f160e0a0e7b9409b8e89fd1b2541a3b3 [sys.catalog]: This master's current role is: LEADER
I20260608 09:48:34.498983  3624 sys_catalog.cc:458] T 00000000000000000000000000000000 P f160e0a0e7b9409b8e89fd1b2541a3b3 [sys.catalog]: This master's current role is: LEADER
I20260608 09:48:34.500298  3630 catalog_manager.cc:1510] Loading table and tablet metadata into memory...
I20260608 09:48:34.505147  3630 catalog_manager.cc:1519] Initializing Kudu cluster ID...
I20260608 09:48:34.508080   691 internal_mini_cluster.cc:184] Waiting to initialize catalog manager on master 0
I20260608 09:48:34.514098  3630 catalog_manager.cc:1382] Generated new cluster ID: 2ff21ad736bd44adba347f7ddf6d8aef
I20260608 09:48:34.514338  3630 catalog_manager.cc:1530] Initializing Kudu internal certificate authority...
I20260608 09:48:34.542639  3630 catalog_manager.cc:1405] Generated new certificate authority record
I20260608 09:48:34.543850  3630 catalog_manager.cc:1539] Loading token signing keys...
I20260608 09:48:34.555335  3630 catalog_manager.cc:6069] T 00000000000000000000000000000000 P f160e0a0e7b9409b8e89fd1b2541a3b3: Generated new TSK 0
I20260608 09:48:34.555895  3630 catalog_manager.cc:1549] Initializing in-progress tserver states...
I20260608 09:48:34.575148   691 file_cache.cc:492] Constructed file cache file cache with capacity 419430
W20260608 09:48:34.580888  3641 instance_detector.cc:116] could not retrieve AWS instance metadata: Network error: curl error: HTTP response code said error: The requested URL returned error: 404
W20260608 09:48:34.581964  3642 instance_detector.cc:116] could not retrieve Azure instance metadata: Network error: curl error: HTTP response code said error: The requested URL returned error: 404
W20260608 09:48:34.583647  3644 instance_detector.cc:116] could not retrieve OpenStack instance metadata: Network error: curl error: HTTP response code said error: The requested URL returned error: 404
I20260608 09:48:34.583691   691 server_base.cc:1061] running on GCE node
I20260608 09:48:34.584721   691 hybrid_clock.cc:584] initializing the hybrid clock with 'system_unsync' time source
W20260608 09:48:34.584903   691 system_unsync_time.cc:38] NTP support is disabled. Clock error bounds will not be accurate. This configuration is not suitable for distributed clusters.
I20260608 09:48:34.585088   691 hybrid_clock.cc:648] HybridClock initialized: now 1780912114585066 us; error 0 us; skew 500 ppm
I20260608 09:48:34.585682   691 server_base.cc:861] Flag tcmalloc_max_total_thread_cache_bytes is not working since tcmalloc is not enabled.
I20260608 09:48:34.587930   691 webserver.cc:533] Webserver started at http://127.0.172.193:44219/ using document root <none> and password file <none>
I20260608 09:48:34.588479   691 fs_manager.cc:362] Metadata directory not provided
I20260608 09:48:34.588670   691 fs_manager.cc:368] Using write-ahead log directory (fs_wal_dir) as metadata directory
I20260608 09:48:34.588927   691 server_base.cc:909] This appears to be a new deployment of Kudu; creating new FS layout
I20260608 09:48:34.590114   691 fs_manager.cc:1068] Generated new instance metadata in path /tmp/dist-test-taskJjQyYD/test-tmp/auto_rebalancer-test.0.AutoRebalancerTest.RangeAwareRebalancesNewRangeReplicas.1780912036713076-691-0/minicluster-data/ts-0-root/instance:
uuid: "2d42deab237c44e6ae51f5dd76744580"
format_stamp: "Formatted at 2026-06-08 09:48:34 on dist-test-slave-n93x"
I20260608 09:48:34.594702   691 fs_manager.cc:696] Time spent creating directory manager: real 0.004s	user 0.004s	sys 0.000s
I20260608 09:48:34.599349  3649 log_block_manager.cc:4031] Time spent loading block containers with low live blocks: real 0.000s	user 0.000s	sys 0.000s
I20260608 09:48:34.600291   691 fs_manager.cc:730] Time spent opening block manager: real 0.003s	user 0.002s	sys 0.002s
I20260608 09:48:34.600636   691 fs_manager.cc:647] Opened local filesystem: /tmp/dist-test-taskJjQyYD/test-tmp/auto_rebalancer-test.0.AutoRebalancerTest.RangeAwareRebalancesNewRangeReplicas.1780912036713076-691-0/minicluster-data/ts-0-root
uuid: "2d42deab237c44e6ae51f5dd76744580"
format_stamp: "Formatted at 2026-06-08 09:48:34 on dist-test-slave-n93x"
I20260608 09:48:34.600993   691 fs_report.cc:389] FS layout report
--------------------
wal directory: /tmp/dist-test-taskJjQyYD/test-tmp/auto_rebalancer-test.0.AutoRebalancerTest.RangeAwareRebalancesNewRangeReplicas.1780912036713076-691-0/minicluster-data/ts-0-root
metadata directory: /tmp/dist-test-taskJjQyYD/test-tmp/auto_rebalancer-test.0.AutoRebalancerTest.RangeAwareRebalancesNewRangeReplicas.1780912036713076-691-0/minicluster-data/ts-0-root
1 data directories: /tmp/dist-test-taskJjQyYD/test-tmp/auto_rebalancer-test.0.AutoRebalancerTest.RangeAwareRebalancesNewRangeReplicas.1780912036713076-691-0/minicluster-data/ts-0-root/data
Total live blocks: 0
Total live bytes: 0
Total live bytes (after alignment): 0
Total number of LBM containers: 0 (0 full)
Did not check for missing blocks
Did not check for orphaned blocks
Total full LBM containers with extra space: 0 (0 repaired)
Total full LBM container extra space in bytes: 0 (0 repaired)
Total incomplete LBM containers: 0 (0 repaired)
Total LBM partial records: 0 (0 repaired)
Total corrupted LBM metadata records in RocksDB: 0 (0 repaired)
I20260608 09:48:34.620049   691 rpc_server.cc:225] running with OpenSSL 1.1.1  11 Sep 2018
I20260608 09:48:34.621170   691 kserver.cc:163] Server-wide thread pool size limit: 3276
I20260608 09:48:34.622612   691 txn_system_client.cc:432] TxnSystemClient initialization is disabled...
I20260608 09:48:34.624912   691 ts_tablet_manager.cc:585] Loaded tablet metadata (0 total tablets, 0 live tablets)
I20260608 09:48:34.625115   691 ts_tablet_manager.cc:531] Time spent load tablet metadata: real 0.000s	user 0.000s	sys 0.000s
I20260608 09:48:34.625355   691 ts_tablet_manager.cc:616] Registered 0 tablets
I20260608 09:48:34.625511   691 ts_tablet_manager.cc:595] Time spent register tablets: real 0.000s	user 0.000s	sys 0.000s
I20260608 09:48:34.664487   691 rpc_server.cc:307] RPC server started. Bound to: 127.0.172.193:35341
I20260608 09:48:34.664578  3711 acceptor_pool.cc:272] collecting diagnostics on the listening RPC socket 127.0.172.193:35341 every 8 connection(s)
I20260608 09:48:34.669417   691 file_cache.cc:492] Constructed file cache file cache with capacity 419430
W20260608 09:48:34.676405  3716 instance_detector.cc:116] could not retrieve AWS instance metadata: Network error: curl error: HTTP response code said error: The requested URL returned error: 404
W20260608 09:48:34.678543  3717 instance_detector.cc:116] could not retrieve Azure instance metadata: Network error: curl error: HTTP response code said error: The requested URL returned error: 404
I20260608 09:48:34.679749   691 server_base.cc:1061] running on GCE node
W20260608 09:48:34.681031  3720 instance_detector.cc:116] could not retrieve OpenStack instance metadata: Network error: curl error: HTTP response code said error: The requested URL returned error: 404
I20260608 09:48:34.681945   691 hybrid_clock.cc:584] initializing the hybrid clock with 'system_unsync' time source
W20260608 09:48:34.682161   691 system_unsync_time.cc:38] NTP support is disabled. Clock error bounds will not be accurate. This configuration is not suitable for distributed clusters.
I20260608 09:48:34.682128  3712 heartbeater.cc:344] Connected to a master server at 127.0.172.254:33619
I20260608 09:48:34.682511   691 hybrid_clock.cc:648] HybridClock initialized: now 1780912114682489 us; error 0 us; skew 500 ppm
I20260608 09:48:34.682708  3712 heartbeater.cc:461] Registering TS with master...
I20260608 09:48:34.683228   691 server_base.cc:861] Flag tcmalloc_max_total_thread_cache_bytes is not working since tcmalloc is not enabled.
I20260608 09:48:34.683554  3712 heartbeater.cc:507] Master 127.0.172.254:33619 requested a full tablet report, sending...
I20260608 09:48:34.685894  3585 ts_manager.cc:194] Registered new tserver with Master: 2d42deab237c44e6ae51f5dd76744580 (127.0.172.193:35341)
I20260608 09:48:34.685902   691 webserver.cc:533] Webserver started at http://127.0.172.194:40501/ using document root <none> and password file <none>
I20260608 09:48:34.686686   691 fs_manager.cc:362] Metadata directory not provided
I20260608 09:48:34.686887   691 fs_manager.cc:368] Using write-ahead log directory (fs_wal_dir) as metadata directory
I20260608 09:48:34.687157   691 server_base.cc:909] This appears to be a new deployment of Kudu; creating new FS layout
I20260608 09:48:34.687889  3585 master_service.cc:502] Signed X509 certificate for tserver {username='slave'} at 127.0.0.1:35162
I20260608 09:48:34.688194   691 fs_manager.cc:1068] Generated new instance metadata in path /tmp/dist-test-taskJjQyYD/test-tmp/auto_rebalancer-test.0.AutoRebalancerTest.RangeAwareRebalancesNewRangeReplicas.1780912036713076-691-0/minicluster-data/ts-1-root/instance:
uuid: "c9581fda85e74b0981aba8888042518c"
format_stamp: "Formatted at 2026-06-08 09:48:34 on dist-test-slave-n93x"
I20260608 09:48:34.693163   691 fs_manager.cc:696] Time spent creating directory manager: real 0.004s	user 0.006s	sys 0.000s
I20260608 09:48:34.696559  3724 log_block_manager.cc:4031] Time spent loading block containers with low live blocks: real 0.000s	user 0.000s	sys 0.000s
I20260608 09:48:34.697285   691 fs_manager.cc:730] Time spent opening block manager: real 0.002s	user 0.002s	sys 0.000s
I20260608 09:48:34.697561   691 fs_manager.cc:647] Opened local filesystem: /tmp/dist-test-taskJjQyYD/test-tmp/auto_rebalancer-test.0.AutoRebalancerTest.RangeAwareRebalancesNewRangeReplicas.1780912036713076-691-0/minicluster-data/ts-1-root
uuid: "c9581fda85e74b0981aba8888042518c"
format_stamp: "Formatted at 2026-06-08 09:48:34 on dist-test-slave-n93x"
I20260608 09:48:34.697822   691 fs_report.cc:389] FS layout report
--------------------
wal directory: /tmp/dist-test-taskJjQyYD/test-tmp/auto_rebalancer-test.0.AutoRebalancerTest.RangeAwareRebalancesNewRangeReplicas.1780912036713076-691-0/minicluster-data/ts-1-root
metadata directory: /tmp/dist-test-taskJjQyYD/test-tmp/auto_rebalancer-test.0.AutoRebalancerTest.RangeAwareRebalancesNewRangeReplicas.1780912036713076-691-0/minicluster-data/ts-1-root
1 data directories: /tmp/dist-test-taskJjQyYD/test-tmp/auto_rebalancer-test.0.AutoRebalancerTest.RangeAwareRebalancesNewRangeReplicas.1780912036713076-691-0/minicluster-data/ts-1-root/data
Total live blocks: 0
Total live bytes: 0
Total live bytes (after alignment): 0
Total number of LBM containers: 0 (0 full)
Did not check for missing blocks
Did not check for orphaned blocks
Total full LBM containers with extra space: 0 (0 repaired)
Total full LBM container extra space in bytes: 0 (0 repaired)
Total incomplete LBM containers: 0 (0 repaired)
Total LBM partial records: 0 (0 repaired)
Total corrupted LBM metadata records in RocksDB: 0 (0 repaired)
I20260608 09:48:34.718755   691 rpc_server.cc:225] running with OpenSSL 1.1.1  11 Sep 2018
I20260608 09:48:34.719871   691 kserver.cc:163] Server-wide thread pool size limit: 3276
I20260608 09:48:34.721283   691 txn_system_client.cc:432] TxnSystemClient initialization is disabled...
I20260608 09:48:34.723793   691 ts_tablet_manager.cc:585] Loaded tablet metadata (0 total tablets, 0 live tablets)
I20260608 09:48:34.724002   691 ts_tablet_manager.cc:531] Time spent load tablet metadata: real 0.000s	user 0.000s	sys 0.000s
I20260608 09:48:34.724224   691 ts_tablet_manager.cc:616] Registered 0 tablets
I20260608 09:48:34.724378   691 ts_tablet_manager.cc:595] Time spent register tablets: real 0.000s	user 0.000s	sys 0.000s
I20260608 09:48:34.761564   691 rpc_server.cc:307] RPC server started. Bound to: 127.0.172.194:46795
I20260608 09:48:34.761775  3786 acceptor_pool.cc:272] collecting diagnostics on the listening RPC socket 127.0.172.194:46795 every 8 connection(s)
I20260608 09:48:34.766443   691 file_cache.cc:492] Constructed file cache file cache with capacity 419430
W20260608 09:48:34.772632  3790 instance_detector.cc:116] could not retrieve AWS instance metadata: Network error: curl error: HTTP response code said error: The requested URL returned error: 404
W20260608 09:48:34.774413  3791 instance_detector.cc:116] could not retrieve Azure instance metadata: Network error: curl error: HTTP response code said error: The requested URL returned error: 404
I20260608 09:48:34.775861   691 server_base.cc:1061] running on GCE node
W20260608 09:48:34.776633  3793 instance_detector.cc:116] could not retrieve OpenStack instance metadata: Network error: curl error: HTTP response code said error: The requested URL returned error: 404
I20260608 09:48:34.777791   691 hybrid_clock.cc:584] initializing the hybrid clock with 'system_unsync' time source
W20260608 09:48:34.778004   691 system_unsync_time.cc:38] NTP support is disabled. Clock error bounds will not be accurate. This configuration is not suitable for distributed clusters.
I20260608 09:48:34.778209   691 hybrid_clock.cc:648] HybridClock initialized: now 1780912114778189 us; error 0 us; skew 500 ppm
I20260608 09:48:34.778275  3787 heartbeater.cc:344] Connected to a master server at 127.0.172.254:33619
I20260608 09:48:34.778709  3787 heartbeater.cc:461] Registering TS with master...
I20260608 09:48:34.778961   691 server_base.cc:861] Flag tcmalloc_max_total_thread_cache_bytes is not working since tcmalloc is not enabled.
I20260608 09:48:34.779465  3787 heartbeater.cc:507] Master 127.0.172.254:33619 requested a full tablet report, sending...
I20260608 09:48:34.781697  3585 ts_manager.cc:194] Registered new tserver with Master: c9581fda85e74b0981aba8888042518c (127.0.172.194:46795)
I20260608 09:48:34.781704   691 webserver.cc:533] Webserver started at http://127.0.172.195:45129/ using document root <none> and password file <none>
I20260608 09:48:34.782493   691 fs_manager.cc:362] Metadata directory not provided
I20260608 09:48:34.782768   691 fs_manager.cc:368] Using write-ahead log directory (fs_wal_dir) as metadata directory
I20260608 09:48:34.783026   691 server_base.cc:909] This appears to be a new deployment of Kudu; creating new FS layout
I20260608 09:48:34.783283  3585 master_service.cc:502] Signed X509 certificate for tserver {username='slave'} at 127.0.0.1:35168
I20260608 09:48:34.784065   691 fs_manager.cc:1068] Generated new instance metadata in path /tmp/dist-test-taskJjQyYD/test-tmp/auto_rebalancer-test.0.AutoRebalancerTest.RangeAwareRebalancesNewRangeReplicas.1780912036713076-691-0/minicluster-data/ts-2-root/instance:
uuid: "a8dec3a68f704baeb4e7a3815895a713"
format_stamp: "Formatted at 2026-06-08 09:48:34 on dist-test-slave-n93x"
I20260608 09:48:34.788877   691 fs_manager.cc:696] Time spent creating directory manager: real 0.004s	user 0.005s	sys 0.000s
I20260608 09:48:34.792238  3798 log_block_manager.cc:4031] Time spent loading block containers with low live blocks: real 0.000s	user 0.000s	sys 0.000s
I20260608 09:48:34.792977   691 fs_manager.cc:730] Time spent opening block manager: real 0.002s	user 0.001s	sys 0.000s
I20260608 09:48:34.793263   691 fs_manager.cc:647] Opened local filesystem: /tmp/dist-test-taskJjQyYD/test-tmp/auto_rebalancer-test.0.AutoRebalancerTest.RangeAwareRebalancesNewRangeReplicas.1780912036713076-691-0/minicluster-data/ts-2-root
uuid: "a8dec3a68f704baeb4e7a3815895a713"
format_stamp: "Formatted at 2026-06-08 09:48:34 on dist-test-slave-n93x"
I20260608 09:48:34.793526   691 fs_report.cc:389] FS layout report
--------------------
wal directory: /tmp/dist-test-taskJjQyYD/test-tmp/auto_rebalancer-test.0.AutoRebalancerTest.RangeAwareRebalancesNewRangeReplicas.1780912036713076-691-0/minicluster-data/ts-2-root
metadata directory: /tmp/dist-test-taskJjQyYD/test-tmp/auto_rebalancer-test.0.AutoRebalancerTest.RangeAwareRebalancesNewRangeReplicas.1780912036713076-691-0/minicluster-data/ts-2-root
1 data directories: /tmp/dist-test-taskJjQyYD/test-tmp/auto_rebalancer-test.0.AutoRebalancerTest.RangeAwareRebalancesNewRangeReplicas.1780912036713076-691-0/minicluster-data/ts-2-root/data
Total live blocks: 0
Total live bytes: 0
Total live bytes (after alignment): 0
Total number of LBM containers: 0 (0 full)
Did not check for missing blocks
Did not check for orphaned blocks
Total full LBM containers with extra space: 0 (0 repaired)
Total full LBM container extra space in bytes: 0 (0 repaired)
Total incomplete LBM containers: 0 (0 repaired)
Total LBM partial records: 0 (0 repaired)
Total corrupted LBM metadata records in RocksDB: 0 (0 repaired)
I20260608 09:48:34.815964   691 rpc_server.cc:225] running with OpenSSL 1.1.1  11 Sep 2018
I20260608 09:48:34.817051   691 kserver.cc:163] Server-wide thread pool size limit: 3276
I20260608 09:48:34.818485   691 txn_system_client.cc:432] TxnSystemClient initialization is disabled...
I20260608 09:48:34.820829   691 ts_tablet_manager.cc:585] Loaded tablet metadata (0 total tablets, 0 live tablets)
I20260608 09:48:34.821015   691 ts_tablet_manager.cc:531] Time spent load tablet metadata: real 0.000s	user 0.000s	sys 0.000s
I20260608 09:48:34.821252   691 ts_tablet_manager.cc:616] Registered 0 tablets
I20260608 09:48:34.821403   691 ts_tablet_manager.cc:595] Time spent register tablets: real 0.000s	user 0.000s	sys 0.000s
I20260608 09:48:34.859501   691 rpc_server.cc:307] RPC server started. Bound to: 127.0.172.195:44313
I20260608 09:48:34.859649  3860 acceptor_pool.cc:272] collecting diagnostics on the listening RPC socket 127.0.172.195:44313 every 8 connection(s)
I20260608 09:48:34.873232  3861 heartbeater.cc:344] Connected to a master server at 127.0.172.254:33619
I20260608 09:48:34.873615  3861 heartbeater.cc:461] Registering TS with master...
I20260608 09:48:34.874496  3861 heartbeater.cc:507] Master 127.0.172.254:33619 requested a full tablet report, sending...
I20260608 09:48:34.876487  3585 ts_manager.cc:194] Registered new tserver with Master: a8dec3a68f704baeb4e7a3815895a713 (127.0.172.195:44313)
I20260608 09:48:34.877406   691 internal_mini_cluster.cc:371] 3 TS(s) registered with all masters after 0.014588463s
I20260608 09:48:34.877795  3585 master_service.cc:502] Signed X509 certificate for tserver {username='slave'} at 127.0.0.1:35178
I20260608 09:48:35.690726  3712 heartbeater.cc:499] Master 127.0.172.254:33619 was elected leader, sending a full tablet report...
I20260608 09:48:36.213568  3861 heartbeater.cc:499] Master 127.0.172.254:33619 was elected leader, sending a full tablet report...
I20260608 09:48:36.229216  3787 heartbeater.cc:499] Master 127.0.172.254:33619 was elected leader, sending a full tablet report...
I20260608 09:48:36.464048  3585 catalog_manager.cc:2282] Servicing CreateTable request from {username='slave'} at 127.0.0.1:56180:
name: "range_aware_rebalance_new_range"
schema {
  columns {
    name: "key"
    type: INT32
    is_key: true
    is_nullable: false
    encoding: AUTO_ENCODING
    compression: DEFAULT_COMPRESSION
    cfile_block_size: 0
    immutable: false
  }
}
num_replicas: 3
split_rows_range_bounds {
  rows: "\006\001\000\000\000\000\007\001\n\000\000\000""\006\001\000\000\000\000\007\001\n\000\000\000"
  indirect_data: """"
}
partition_schema {
  hash_schema {
    columns {
      name: "key"
    }
    num_buckets: 8
    seed: 0
  }
  range_schema {
    columns {
      name: "key"
    }
  }
}
W20260608 09:48:36.466059  3585 catalog_manager.cc:7076] The number of live tablet servers is not enough to re-replicate a tablet replica of the newly created table range_aware_rebalance_new_range in case of a server failure: 4 tablet servers would be needed, 3 are available. Consider bringing up more tablet servers.
W20260608 09:48:36.505446  3633 auto_rebalancer.cc:259] Could not retrieve cluster info: Service unavailable: Tablet not running
I20260608 09:48:36.507874  3638 auto_leader_rebalancer.cc:140] leader rebalance for table range_aware_rebalance_new_range
W20260608 09:48:36.508857  3638 auto_leader_rebalancer.cc:460] the master instance isn't leader: Service unavailable: Tablet not running
I20260608 09:48:36.531595  3676 tablet_service.cc:1511] Processing CreateTablet for tablet 0db6c2ba4cba4dcfb9bb37862cd6ad80 (DEFAULT_TABLE table=range_aware_rebalance_new_range [id=0a7693e88d194d6eab5690d03b7fb595]), partition=HASH (key) PARTITION 1, RANGE (key) PARTITION 0 <= VALUES < 10
I20260608 09:48:36.531613  3677 tablet_service.cc:1511] Processing CreateTablet for tablet 2ef66f45c16a492cab4a48afb2ae2c97 (DEFAULT_TABLE table=range_aware_rebalance_new_range [id=0a7693e88d194d6eab5690d03b7fb595]), partition=HASH (key) PARTITION 0, RANGE (key) PARTITION 0 <= VALUES < 10
I20260608 09:48:36.534312  3676 data_dirs.cc:400] Could only allocate 1 dirs of requested 3 for tablet 0db6c2ba4cba4dcfb9bb37862cd6ad80. 1 dirs total, 0 dirs full, 0 dirs failed
I20260608 09:48:36.536613  3752 tablet_service.cc:1511] Processing CreateTablet for tablet 2ef66f45c16a492cab4a48afb2ae2c97 (DEFAULT_TABLE table=range_aware_rebalance_new_range [id=0a7693e88d194d6eab5690d03b7fb595]), partition=HASH (key) PARTITION 0, RANGE (key) PARTITION 0 <= VALUES < 10
I20260608 09:48:36.536589  3675 tablet_service.cc:1511] Processing CreateTablet for tablet 1e56f36c739d4e26920c5a04ff4d0f83 (DEFAULT_TABLE table=range_aware_rebalance_new_range [id=0a7693e88d194d6eab5690d03b7fb595]), partition=HASH (key) PARTITION 2, RANGE (key) PARTITION 0 <= VALUES < 10
I20260608 09:48:36.537464  3751 tablet_service.cc:1511] Processing CreateTablet for tablet 0db6c2ba4cba4dcfb9bb37862cd6ad80 (DEFAULT_TABLE table=range_aware_rebalance_new_range [id=0a7693e88d194d6eab5690d03b7fb595]), partition=HASH (key) PARTITION 1, RANGE (key) PARTITION 0 <= VALUES < 10
I20260608 09:48:36.539310  3750 tablet_service.cc:1511] Processing CreateTablet for tablet 1e56f36c739d4e26920c5a04ff4d0f83 (DEFAULT_TABLE table=range_aware_rebalance_new_range [id=0a7693e88d194d6eab5690d03b7fb595]), partition=HASH (key) PARTITION 2, RANGE (key) PARTITION 0 <= VALUES < 10
I20260608 09:48:36.545821  3675 data_dirs.cc:400] Could only allocate 1 dirs of requested 3 for tablet 1e56f36c739d4e26920c5a04ff4d0f83. 1 dirs total, 0 dirs full, 0 dirs failed
I20260608 09:48:36.538159  3752 data_dirs.cc:400] Could only allocate 1 dirs of requested 3 for tablet 2ef66f45c16a492cab4a48afb2ae2c97. 1 dirs total, 0 dirs full, 0 dirs failed
I20260608 09:48:36.546373  3749 tablet_service.cc:1511] Processing CreateTablet for tablet 636e58137a1d487f80c05082a6b3b20f (DEFAULT_TABLE table=range_aware_rebalance_new_range [id=0a7693e88d194d6eab5690d03b7fb595]), partition=HASH (key) PARTITION 3, RANGE (key) PARTITION 0 <= VALUES < 10
I20260608 09:48:36.547312  3750 data_dirs.cc:400] Could only allocate 1 dirs of requested 3 for tablet 1e56f36c739d4e26920c5a04ff4d0f83. 1 dirs total, 0 dirs full, 0 dirs failed
I20260608 09:48:36.548013  3749 data_dirs.cc:400] Could only allocate 1 dirs of requested 3 for tablet 636e58137a1d487f80c05082a6b3b20f. 1 dirs total, 0 dirs full, 0 dirs failed
I20260608 09:48:36.548903  3751 data_dirs.cc:400] Could only allocate 1 dirs of requested 3 for tablet 0db6c2ba4cba4dcfb9bb37862cd6ad80. 1 dirs total, 0 dirs full, 0 dirs failed
I20260608 09:48:36.553185  3677 data_dirs.cc:400] Could only allocate 1 dirs of requested 3 for tablet 2ef66f45c16a492cab4a48afb2ae2c97. 1 dirs total, 0 dirs full, 0 dirs failed
I20260608 09:48:36.557440  3674 tablet_service.cc:1511] Processing CreateTablet for tablet 636e58137a1d487f80c05082a6b3b20f (DEFAULT_TABLE table=range_aware_rebalance_new_range [id=0a7693e88d194d6eab5690d03b7fb595]), partition=HASH (key) PARTITION 3, RANGE (key) PARTITION 0 <= VALUES < 10
I20260608 09:48:36.558947  3674 data_dirs.cc:400] Could only allocate 1 dirs of requested 3 for tablet 636e58137a1d487f80c05082a6b3b20f. 1 dirs total, 0 dirs full, 0 dirs failed
I20260608 09:48:36.560961  3673 tablet_service.cc:1511] Processing CreateTablet for tablet 649855ebf4fa41b1afb6eeae454f0551 (DEFAULT_TABLE table=range_aware_rebalance_new_range [id=0a7693e88d194d6eab5690d03b7fb595]), partition=HASH (key) PARTITION 4, RANGE (key) PARTITION 0 <= VALUES < 10
I20260608 09:48:36.562347  3673 data_dirs.cc:400] Could only allocate 1 dirs of requested 3 for tablet 649855ebf4fa41b1afb6eeae454f0551. 1 dirs total, 0 dirs full, 0 dirs failed
I20260608 09:48:36.600546  3882 tablet_bootstrap.cc:492] T 1e56f36c739d4e26920c5a04ff4d0f83 P c9581fda85e74b0981aba8888042518c: Bootstrap starting.
I20260608 09:48:36.600090  3826 tablet_service.cc:1511] Processing CreateTablet for tablet 2ef66f45c16a492cab4a48afb2ae2c97 (DEFAULT_TABLE table=range_aware_rebalance_new_range [id=0a7693e88d194d6eab5690d03b7fb595]), partition=HASH (key) PARTITION 0, RANGE (key) PARTITION 0 <= VALUES < 10
I20260608 09:48:36.609458  3826 data_dirs.cc:400] Could only allocate 1 dirs of requested 3 for tablet 2ef66f45c16a492cab4a48afb2ae2c97. 1 dirs total, 0 dirs full, 0 dirs failed
I20260608 09:48:36.601413  3825 tablet_service.cc:1511] Processing CreateTablet for tablet 0db6c2ba4cba4dcfb9bb37862cd6ad80 (DEFAULT_TABLE table=range_aware_rebalance_new_range [id=0a7693e88d194d6eab5690d03b7fb595]), partition=HASH (key) PARTITION 1, RANGE (key) PARTITION 0 <= VALUES < 10
I20260608 09:48:36.611038  3748 tablet_service.cc:1511] Processing CreateTablet for tablet b5b8a958759d491f919afa38c1fc9428 (DEFAULT_TABLE table=range_aware_rebalance_new_range [id=0a7693e88d194d6eab5690d03b7fb595]), partition=HASH (key) PARTITION 5, RANGE (key) PARTITION 0 <= VALUES < 10
I20260608 09:48:36.601565  3824 tablet_service.cc:1511] Processing CreateTablet for tablet 1e56f36c739d4e26920c5a04ff4d0f83 (DEFAULT_TABLE table=range_aware_rebalance_new_range [id=0a7693e88d194d6eab5690d03b7fb595]), partition=HASH (key) PARTITION 2, RANGE (key) PARTITION 0 <= VALUES < 10
I20260608 09:48:36.604264  3749 tablet_service.cc:1511] Processing CreateTablet for tablet 649855ebf4fa41b1afb6eeae454f0551 (DEFAULT_TABLE table=range_aware_rebalance_new_range [id=0a7693e88d194d6eab5690d03b7fb595]), partition=HASH (key) PARTITION 4, RANGE (key) PARTITION 0 <= VALUES < 10
I20260608 09:48:36.605538  3822 tablet_service.cc:1511] Processing CreateTablet for tablet 649855ebf4fa41b1afb6eeae454f0551 (DEFAULT_TABLE table=range_aware_rebalance_new_range [id=0a7693e88d194d6eab5690d03b7fb595]), partition=HASH (key) PARTITION 4, RANGE (key) PARTITION 0 <= VALUES < 10
I20260608 09:48:36.611500  3825 data_dirs.cc:400] Could only allocate 1 dirs of requested 3 for tablet 0db6c2ba4cba4dcfb9bb37862cd6ad80. 1 dirs total, 0 dirs full, 0 dirs failed
I20260608 09:48:36.612448  3748 data_dirs.cc:400] Could only allocate 1 dirs of requested 3 for tablet b5b8a958759d491f919afa38c1fc9428. 1 dirs total, 0 dirs full, 0 dirs failed
I20260608 09:48:36.612600  3824 data_dirs.cc:400] Could only allocate 1 dirs of requested 3 for tablet 1e56f36c739d4e26920c5a04ff4d0f83. 1 dirs total, 0 dirs full, 0 dirs failed
I20260608 09:48:36.603922  3823 tablet_service.cc:1511] Processing CreateTablet for tablet 636e58137a1d487f80c05082a6b3b20f (DEFAULT_TABLE table=range_aware_rebalance_new_range [id=0a7693e88d194d6eab5690d03b7fb595]), partition=HASH (key) PARTITION 3, RANGE (key) PARTITION 0 <= VALUES < 10
I20260608 09:48:36.614382  3749 data_dirs.cc:400] Could only allocate 1 dirs of requested 3 for tablet 649855ebf4fa41b1afb6eeae454f0551. 1 dirs total, 0 dirs full, 0 dirs failed
I20260608 09:48:36.609503  3672 tablet_service.cc:1511] Processing CreateTablet for tablet b5b8a958759d491f919afa38c1fc9428 (DEFAULT_TABLE table=range_aware_rebalance_new_range [id=0a7693e88d194d6eab5690d03b7fb595]), partition=HASH (key) PARTITION 5, RANGE (key) PARTITION 0 <= VALUES < 10
I20260608 09:48:36.615482  3823 data_dirs.cc:400] Could only allocate 1 dirs of requested 3 for tablet 636e58137a1d487f80c05082a6b3b20f. 1 dirs total, 0 dirs full, 0 dirs failed
I20260608 09:48:36.615640  3672 data_dirs.cc:400] Could only allocate 1 dirs of requested 3 for tablet b5b8a958759d491f919afa38c1fc9428. 1 dirs total, 0 dirs full, 0 dirs failed
I20260608 09:48:36.617594  3881 tablet_bootstrap.cc:492] T 1e56f36c739d4e26920c5a04ff4d0f83 P 2d42deab237c44e6ae51f5dd76744580: Bootstrap starting.
I20260608 09:48:36.623011  3822 data_dirs.cc:400] Could only allocate 1 dirs of requested 3 for tablet 649855ebf4fa41b1afb6eeae454f0551. 1 dirs total, 0 dirs full, 0 dirs failed
I20260608 09:48:36.630968  3881 tablet_bootstrap.cc:654] T 1e56f36c739d4e26920c5a04ff4d0f83 P 2d42deab237c44e6ae51f5dd76744580: Neither blocks nor log segments found. Creating new log.
I20260608 09:48:36.659750  3884 tablet_bootstrap.cc:492] T 0db6c2ba4cba4dcfb9bb37862cd6ad80 P a8dec3a68f704baeb4e7a3815895a713: Bootstrap starting.
I20260608 09:48:36.659248  3821 tablet_service.cc:1511] Processing CreateTablet for tablet b5b8a958759d491f919afa38c1fc9428 (DEFAULT_TABLE table=range_aware_rebalance_new_range [id=0a7693e88d194d6eab5690d03b7fb595]), partition=HASH (key) PARTITION 5, RANGE (key) PARTITION 0 <= VALUES < 10
I20260608 09:48:36.662079  3821 data_dirs.cc:400] Could only allocate 1 dirs of requested 3 for tablet b5b8a958759d491f919afa38c1fc9428. 1 dirs total, 0 dirs full, 0 dirs failed
I20260608 09:48:36.662331  3882 tablet_bootstrap.cc:654] T 1e56f36c739d4e26920c5a04ff4d0f83 P c9581fda85e74b0981aba8888042518c: Neither blocks nor log segments found. Creating new log.
I20260608 09:48:36.663110  3881 tablet_bootstrap.cc:492] T 1e56f36c739d4e26920c5a04ff4d0f83 P 2d42deab237c44e6ae51f5dd76744580: No bootstrap required, opened a new log
I20260608 09:48:36.663605  3881 ts_tablet_manager.cc:1403] T 1e56f36c739d4e26920c5a04ff4d0f83 P 2d42deab237c44e6ae51f5dd76744580: Time spent bootstrapping tablet: real 0.046s	user 0.009s	sys 0.014s
I20260608 09:48:36.665926  3748 tablet_service.cc:1511] Processing CreateTablet for tablet 9c5c41b384b34f7f9f317f38e82d19b7 (DEFAULT_TABLE table=range_aware_rebalance_new_range [id=0a7693e88d194d6eab5690d03b7fb595]), partition=HASH (key) PARTITION 6, RANGE (key) PARTITION 0 <= VALUES < 10
I20260608 09:48:36.666853  3881 raft_consensus.cc:359] T 1e56f36c739d4e26920c5a04ff4d0f83 P 2d42deab237c44e6ae51f5dd76744580 [term 0 FOLLOWER]: Replica starting. Triggering 0 pending ops. Active config: opid_index: -1 OBSOLETE_local: false peers { permanent_uuid: "c9581fda85e74b0981aba8888042518c" member_type: VOTER last_known_addr { host: "127.0.172.194" port: 46795 } } peers { permanent_uuid: "2d42deab237c44e6ae51f5dd76744580" member_type: VOTER last_known_addr { host: "127.0.172.193" port: 35341 } } peers { permanent_uuid: "a8dec3a68f704baeb4e7a3815895a713" member_type: VOTER last_known_addr { host: "127.0.172.195" port: 44313 } }
I20260608 09:48:36.667709  3881 raft_consensus.cc:385] T 1e56f36c739d4e26920c5a04ff4d0f83 P 2d42deab237c44e6ae51f5dd76744580 [term 0 FOLLOWER]: Consensus starting up: Expiring failure detector timer to make a prompt election more likely
I20260608 09:48:36.668037  3881 raft_consensus.cc:740] T 1e56f36c739d4e26920c5a04ff4d0f83 P 2d42deab237c44e6ae51f5dd76744580 [term 0 FOLLOWER]: Becoming Follower/Learner. State: Replica: 2d42deab237c44e6ae51f5dd76744580, State: Initialized, Role: FOLLOWER
I20260608 09:48:36.670826  3672 tablet_service.cc:1511] Processing CreateTablet for tablet 9c5c41b384b34f7f9f317f38e82d19b7 (DEFAULT_TABLE table=range_aware_rebalance_new_range [id=0a7693e88d194d6eab5690d03b7fb595]), partition=HASH (key) PARTITION 6, RANGE (key) PARTITION 0 <= VALUES < 10
I20260608 09:48:36.674330  3672 data_dirs.cc:400] Could only allocate 1 dirs of requested 3 for tablet 9c5c41b384b34f7f9f317f38e82d19b7. 1 dirs total, 0 dirs full, 0 dirs failed
I20260608 09:48:36.675246  3884 tablet_bootstrap.cc:654] T 0db6c2ba4cba4dcfb9bb37862cd6ad80 P a8dec3a68f704baeb4e7a3815895a713: Neither blocks nor log segments found. Creating new log.
I20260608 09:48:36.678784  3881 consensus_queue.cc:260] T 1e56f36c739d4e26920c5a04ff4d0f83 P 2d42deab237c44e6ae51f5dd76744580 [NON_LEADER]: Queue going to NON_LEADER mode. State: All replicated index: 0, Majority replicated index: 0, Committed index: 0, Last appended: 0.0, Last appended by leader: 0, Current term: 0, Majority size: -1, State: 0, Mode: NON_LEADER, active raft config: opid_index: -1 OBSOLETE_local: false peers { permanent_uuid: "c9581fda85e74b0981aba8888042518c" member_type: VOTER last_known_addr { host: "127.0.172.194" port: 46795 } } peers { permanent_uuid: "2d42deab237c44e6ae51f5dd76744580" member_type: VOTER last_known_addr { host: "127.0.172.193" port: 35341 } } peers { permanent_uuid: "a8dec3a68f704baeb4e7a3815895a713" member_type: VOTER last_known_addr { host: "127.0.172.195" port: 44313 } }
I20260608 09:48:36.667465  3748 data_dirs.cc:400] Could only allocate 1 dirs of requested 3 for tablet 9c5c41b384b34f7f9f317f38e82d19b7. 1 dirs total, 0 dirs full, 0 dirs failed
I20260608 09:48:36.681479  3881 ts_tablet_manager.cc:1434] T 1e56f36c739d4e26920c5a04ff4d0f83 P 2d42deab237c44e6ae51f5dd76744580: Time spent starting tablet: real 0.018s	user 0.006s	sys 0.002s
I20260608 09:48:36.682535  3881 tablet_bootstrap.cc:492] T 649855ebf4fa41b1afb6eeae454f0551 P 2d42deab237c44e6ae51f5dd76744580: Bootstrap starting.
I20260608 09:48:36.685559  3884 tablet_bootstrap.cc:492] T 0db6c2ba4cba4dcfb9bb37862cd6ad80 P a8dec3a68f704baeb4e7a3815895a713: No bootstrap required, opened a new log
I20260608 09:48:36.686084  3884 ts_tablet_manager.cc:1403] T 0db6c2ba4cba4dcfb9bb37862cd6ad80 P a8dec3a68f704baeb4e7a3815895a713: Time spent bootstrapping tablet: real 0.027s	user 0.010s	sys 0.000s
I20260608 09:48:36.689530  3881 tablet_bootstrap.cc:654] T 649855ebf4fa41b1afb6eeae454f0551 P 2d42deab237c44e6ae51f5dd76744580: Neither blocks nor log segments found. Creating new log.
I20260608 09:48:36.689148  3884 raft_consensus.cc:359] T 0db6c2ba4cba4dcfb9bb37862cd6ad80 P a8dec3a68f704baeb4e7a3815895a713 [term 0 FOLLOWER]: Replica starting. Triggering 0 pending ops. Active config: opid_index: -1 OBSOLETE_local: false peers { permanent_uuid: "2d42deab237c44e6ae51f5dd76744580" member_type: VOTER last_known_addr { host: "127.0.172.193" port: 35341 } } peers { permanent_uuid: "c9581fda85e74b0981aba8888042518c" member_type: VOTER last_known_addr { host: "127.0.172.194" port: 46795 } } peers { permanent_uuid: "a8dec3a68f704baeb4e7a3815895a713" member_type: VOTER last_known_addr { host: "127.0.172.195" port: 44313 } }
