I20260608 09:57:12.096753  7002 hybrid_clock.cc:648] HybridClock initialized: now 1780912632096734 us; error 0 us; skew 500 ppm
I20260608 09:57:12.097467  7002 server_base.cc:861] Flag tcmalloc_max_total_thread_cache_bytes is not working since tcmalloc is not enabled.
I20260608 09:57:12.098428  9502 ts_manager.cc:194] Registered new tserver with Master: a33920fa11764c819bc853e1664fb9a5 (127.6.214.130:36341)
I20260608 09:57:12.100839  7002 webserver.cc:533] Webserver started at http://127.6.214.131:45615/ using document root <none> and password file <none>
I20260608 09:57:12.100855  9502 master_service.cc:502] Signed X509 certificate for tserver {username='slave'} at 127.0.0.1:34926
I20260608 09:57:12.101610  7002 fs_manager.cc:362] Metadata directory not provided
I20260608 09:57:12.101859  7002 fs_manager.cc:368] Using write-ahead log directory (fs_wal_dir) as metadata directory
I20260608 09:57:12.102155  7002 server_base.cc:909] This appears to be a new deployment of Kudu; creating new FS layout
I20260608 09:57:12.103740  7002 fs_manager.cc:1068] Generated new instance metadata in path /tmp/dist-test-taskIlHTgK/test-tmp/auto_rebalancer-test.0.AutoRebalancerTest.RangeAwareBuildClusterInfoGroupsByRange.1780912557773852-7002-0/minicluster-data/ts-2-root/instance:
uuid: "b6dcb15f493e4cfc8f4dc86f38e39e7f"
format_stamp: "Formatted at 2026-06-08 09:57:12 on dist-test-slave-56hj"
I20260608 09:57:12.108815  7002 fs_manager.cc:696] Time spent creating directory manager: real 0.004s	user 0.005s	sys 0.000s
I20260608 09:57:12.112557  9715 log_block_manager.cc:4031] Time spent loading block containers with low live blocks: real 0.000s	user 0.000s	sys 0.000s
I20260608 09:57:12.113437  7002 fs_manager.cc:730] Time spent opening block manager: real 0.002s	user 0.003s	sys 0.000s
I20260608 09:57:12.113749  7002 fs_manager.cc:647] Opened local filesystem: /tmp/dist-test-taskIlHTgK/test-tmp/auto_rebalancer-test.0.AutoRebalancerTest.RangeAwareBuildClusterInfoGroupsByRange.1780912557773852-7002-0/minicluster-data/ts-2-root
uuid: "b6dcb15f493e4cfc8f4dc86f38e39e7f"
format_stamp: "Formatted at 2026-06-08 09:57:12 on dist-test-slave-56hj"
I20260608 09:57:12.114064  7002 fs_report.cc:389] FS layout report
--------------------
wal directory: /tmp/dist-test-taskIlHTgK/test-tmp/auto_rebalancer-test.0.AutoRebalancerTest.RangeAwareBuildClusterInfoGroupsByRange.1780912557773852-7002-0/minicluster-data/ts-2-root
metadata directory: /tmp/dist-test-taskIlHTgK/test-tmp/auto_rebalancer-test.0.AutoRebalancerTest.RangeAwareBuildClusterInfoGroupsByRange.1780912557773852-7002-0/minicluster-data/ts-2-root
1 data directories: /tmp/dist-test-taskIlHTgK/test-tmp/auto_rebalancer-test.0.AutoRebalancerTest.RangeAwareBuildClusterInfoGroupsByRange.1780912557773852-7002-0/minicluster-data/ts-2-root/data
Total live blocks: 0
Total live bytes: 0
Total live bytes (after alignment): 0
Total number of LBM containers: 0 (0 full)
Did not check for missing blocks
Did not check for orphaned blocks
Total full LBM containers with extra space: 0 (0 repaired)
Total full LBM container extra space in bytes: 0 (0 repaired)
Total incomplete LBM containers: 0 (0 repaired)
Total LBM partial records: 0 (0 repaired)
Total corrupted LBM metadata records in RocksDB: 0 (0 repaired)
I20260608 09:57:12.144915  7002 rpc_server.cc:225] running with OpenSSL 1.1.1  11 Sep 2018
I20260608 09:57:12.146198  7002 kserver.cc:163] Server-wide thread pool size limit: 3276
I20260608 09:57:12.147814  7002 txn_system_client.cc:432] TxnSystemClient initialization is disabled...
I20260608 09:57:12.150278  7002 ts_tablet_manager.cc:585] Loaded tablet metadata (0 total tablets, 0 live tablets)
I20260608 09:57:12.150542  7002 ts_tablet_manager.cc:531] Time spent load tablet metadata: real 0.000s	user 0.000s	sys 0.000s
I20260608 09:57:12.150804  7002 ts_tablet_manager.cc:616] Registered 0 tablets
I20260608 09:57:12.150995  7002 ts_tablet_manager.cc:595] Time spent register tablets: real 0.000s	user 0.000s	sys 0.000s
I20260608 09:57:12.197758  7002 rpc_server.cc:307] RPC server started. Bound to: 127.6.214.131:46157
I20260608 09:57:12.197918  9777 acceptor_pool.cc:272] collecting diagnostics on the listening RPC socket 127.6.214.131:46157 every 8 connection(s)
I20260608 09:57:12.213454  9778 heartbeater.cc:344] Connected to a master server at 127.6.214.190:41097
I20260608 09:57:12.213937  9778 heartbeater.cc:461] Registering TS with master...
I20260608 09:57:12.214732  9778 heartbeater.cc:507] Master 127.6.214.190:41097 requested a full tablet report, sending...
I20260608 09:57:12.217015  9502 ts_manager.cc:194] Registered new tserver with Master: b6dcb15f493e4cfc8f4dc86f38e39e7f (127.6.214.131:46157)
I20260608 09:57:12.217512  7002 internal_mini_cluster.cc:371] 3 TS(s) registered with all masters after 0.016183061s
I20260608 09:57:12.218611  9502 master_service.cc:502] Signed X509 certificate for tserver {username='slave'} at 127.0.0.1:34936
I20260608 09:57:12.762413  9502 catalog_manager.cc:2282] Servicing CreateTable request from {username='slave'} at 127.0.0.1:34940:
name: "range_aware_auto_rebalancer_test"
schema {
  columns {
    name: "key"
    type: INT32
    is_key: true
    is_nullable: false
    encoding: AUTO_ENCODING
    compression: DEFAULT_COMPRESSION
    cfile_block_size: 0
    immutable: false
  }
}
num_replicas: 3
split_rows_range_bounds {
  rows: "\006\001\000\000\000\000\007\001\n\000\000\000\006\001\n\000\000\000\007\001\024\000\000\000""\006\001\000\000\000\000\007\001\n\000\000\000\006\001\n\000\000\000\007\001\024\000\000\000"
  indirect_data: """"
}
partition_schema {
  hash_schema {
    columns {
      name: "key"
    }
    num_buckets: 2
    seed: 0
  }
  range_schema {
    columns {
      name: "key"
    }
  }
}
W20260608 09:57:12.765655  9502 catalog_manager.cc:7076] The number of live tablet servers is not enough to re-replicate a tablet replica of the newly created table range_aware_auto_rebalancer_test in case of a server failure: 4 tablet servers would be needed, 3 are available. Consider bringing up more tablet servers.
I20260608 09:57:12.830533  9669 tablet_service.cc:1511] Processing CreateTablet for tablet 3d3f7cf320684f2b84332a331960da29 (DEFAULT_TABLE table=range_aware_auto_rebalancer_test [id=b8a1876b30e142088100d8fb21c1be31]), partition=HASH (key) PARTITION 0, RANGE (key) PARTITION 0 <= VALUES < 10
I20260608 09:57:12.831624  9668 tablet_service.cc:1511] Processing CreateTablet for tablet bd82a00508f245ba9eeed0879f181f4c (DEFAULT_TABLE table=range_aware_auto_rebalancer_test [id=b8a1876b30e142088100d8fb21c1be31]), partition=HASH (key) PARTITION 0, RANGE (key) PARTITION 10 <= VALUES < 20
I20260608 09:57:12.832384  9669 data_dirs.cc:400] Could only allocate 1 dirs of requested 3 for tablet 3d3f7cf320684f2b84332a331960da29. 1 dirs total, 0 dirs full, 0 dirs failed
I20260608 09:57:12.833190  9668 data_dirs.cc:400] Could only allocate 1 dirs of requested 3 for tablet bd82a00508f245ba9eeed0879f181f4c. 1 dirs total, 0 dirs full, 0 dirs failed
I20260608 09:57:12.835741  9667 tablet_service.cc:1511] Processing CreateTablet for tablet 1f78b99d3fb547d5aa4ed568f794b123 (DEFAULT_TABLE table=range_aware_auto_rebalancer_test [id=b8a1876b30e142088100d8fb21c1be31]), partition=HASH (key) PARTITION 1, RANGE (key) PARTITION 0 <= VALUES < 10
I20260608 09:57:12.837387  9667 data_dirs.cc:400] Could only allocate 1 dirs of requested 3 for tablet 1f78b99d3fb547d5aa4ed568f794b123. 1 dirs total, 0 dirs full, 0 dirs failed
I20260608 09:57:12.833379  9666 tablet_service.cc:1511] Processing CreateTablet for tablet b17cd9f740e84da0b8eefa5583acf0e6 (DEFAULT_TABLE table=range_aware_auto_rebalancer_test [id=b8a1876b30e142088100d8fb21c1be31]), partition=HASH (key) PARTITION 1, RANGE (key) PARTITION 10 <= VALUES < 20
I20260608 09:57:12.839210  9743 tablet_service.cc:1511] Processing CreateTablet for tablet 3d3f7cf320684f2b84332a331960da29 (DEFAULT_TABLE table=range_aware_auto_rebalancer_test [id=b8a1876b30e142088100d8fb21c1be31]), partition=HASH (key) PARTITION 0, RANGE (key) PARTITION 0 <= VALUES < 10
I20260608 09:57:12.840107  9666 data_dirs.cc:400] Could only allocate 1 dirs of requested 3 for tablet b17cd9f740e84da0b8eefa5583acf0e6. 1 dirs total, 0 dirs full, 0 dirs failed
I20260608 09:57:12.840850  9743 data_dirs.cc:400] Could only allocate 1 dirs of requested 3 for tablet 3d3f7cf320684f2b84332a331960da29. 1 dirs total, 0 dirs full, 0 dirs failed
I20260608 09:57:12.846807  9742 tablet_service.cc:1511] Processing CreateTablet for tablet bd82a00508f245ba9eeed0879f181f4c (DEFAULT_TABLE table=range_aware_auto_rebalancer_test [id=b8a1876b30e142088100d8fb21c1be31]), partition=HASH (key) PARTITION 0, RANGE (key) PARTITION 10 <= VALUES < 20
I20260608 09:57:12.848521  9742 data_dirs.cc:400] Could only allocate 1 dirs of requested 3 for tablet bd82a00508f245ba9eeed0879f181f4c. 1 dirs total, 0 dirs full, 0 dirs failed
I20260608 09:57:12.859263  9591 tablet_service.cc:1511] Processing CreateTablet for tablet b17cd9f740e84da0b8eefa5583acf0e6 (DEFAULT_TABLE table=range_aware_auto_rebalancer_test [id=b8a1876b30e142088100d8fb21c1be31]), partition=HASH (key) PARTITION 1, RANGE (key) PARTITION 10 <= VALUES < 20
I20260608 09:57:12.861084  9591 data_dirs.cc:400] Could only allocate 1 dirs of requested 3 for tablet b17cd9f740e84da0b8eefa5583acf0e6. 1 dirs total, 0 dirs full, 0 dirs failed
I20260608 09:57:12.860682  9593 tablet_service.cc:1511] Processing CreateTablet for tablet bd82a00508f245ba9eeed0879f181f4c (DEFAULT_TABLE table=range_aware_auto_rebalancer_test [id=b8a1876b30e142088100d8fb21c1be31]), partition=HASH (key) PARTITION 0, RANGE (key) PARTITION 10 <= VALUES < 20
I20260608 09:57:12.862223  9593 data_dirs.cc:400] Could only allocate 1 dirs of requested 3 for tablet bd82a00508f245ba9eeed0879f181f4c. 1 dirs total, 0 dirs full, 0 dirs failed
I20260608 09:57:12.864526  9592 tablet_service.cc:1511] Processing CreateTablet for tablet 1f78b99d3fb547d5aa4ed568f794b123 (DEFAULT_TABLE table=range_aware_auto_rebalancer_test [id=b8a1876b30e142088100d8fb21c1be31]), partition=HASH (key) PARTITION 1, RANGE (key) PARTITION 0 <= VALUES < 10
I20260608 09:57:12.866082  9592 data_dirs.cc:400] Could only allocate 1 dirs of requested 3 for tablet 1f78b99d3fb547d5aa4ed568f794b123. 1 dirs total, 0 dirs full, 0 dirs failed
I20260608 09:57:12.867329  9797 tablet_bootstrap.cc:492] T 3d3f7cf320684f2b84332a331960da29 P a33920fa11764c819bc853e1664fb9a5: Bootstrap starting.
I20260608 09:57:12.859263  9594 tablet_service.cc:1511] Processing CreateTablet for tablet 3d3f7cf320684f2b84332a331960da29 (DEFAULT_TABLE table=range_aware_auto_rebalancer_test [id=b8a1876b30e142088100d8fb21c1be31]), partition=HASH (key) PARTITION 0, RANGE (key) PARTITION 0 <= VALUES < 10
I20260608 09:57:12.869215  9594 data_dirs.cc:400] Could only allocate 1 dirs of requested 3 for tablet 3d3f7cf320684f2b84332a331960da29. 1 dirs total, 0 dirs full, 0 dirs failed
I20260608 09:57:12.875312  9797 tablet_bootstrap.cc:654] T 3d3f7cf320684f2b84332a331960da29 P a33920fa11764c819bc853e1664fb9a5: Neither blocks nor log segments found. Creating new log.
I20260608 09:57:12.884685  9797 tablet_bootstrap.cc:492] T 3d3f7cf320684f2b84332a331960da29 P a33920fa11764c819bc853e1664fb9a5: No bootstrap required, opened a new log
I20260608 09:57:12.885512  9797 ts_tablet_manager.cc:1403] T 3d3f7cf320684f2b84332a331960da29 P a33920fa11764c819bc853e1664fb9a5: Time spent bootstrapping tablet: real 0.019s	user 0.009s	sys 0.007s
I20260608 09:57:12.886111  9741 tablet_service.cc:1511] Processing CreateTablet for tablet 1f78b99d3fb547d5aa4ed568f794b123 (DEFAULT_TABLE table=range_aware_auto_rebalancer_test [id=b8a1876b30e142088100d8fb21c1be31]), partition=HASH (key) PARTITION 1, RANGE (key) PARTITION 0 <= VALUES < 10
I20260608 09:57:12.887856  9741 data_dirs.cc:400] Could only allocate 1 dirs of requested 3 for tablet 1f78b99d3fb547d5aa4ed568f794b123. 1 dirs total, 0 dirs full, 0 dirs failed
I20260608 09:57:12.886250  9740 tablet_service.cc:1511] Processing CreateTablet for tablet b17cd9f740e84da0b8eefa5583acf0e6 (DEFAULT_TABLE table=range_aware_auto_rebalancer_test [id=b8a1876b30e142088100d8fb21c1be31]), partition=HASH (key) PARTITION 1, RANGE (key) PARTITION 10 <= VALUES < 20
I20260608 09:57:12.892146  9740 data_dirs.cc:400] Could only allocate 1 dirs of requested 3 for tablet b17cd9f740e84da0b8eefa5583acf0e6. 1 dirs total, 0 dirs full, 0 dirs failed
I20260608 09:57:12.894691  9797 raft_consensus.cc:359] T 3d3f7cf320684f2b84332a331960da29 P a33920fa11764c819bc853e1664fb9a5 [term 0 FOLLOWER]: Replica starting. Triggering 0 pending ops. Active config: opid_index: -1 OBSOLETE_local: false peers { permanent_uuid: "a33920fa11764c819bc853e1664fb9a5" member_type: VOTER last_known_addr { host: "127.6.214.130" port: 36341 } } peers { permanent_uuid: "b6dcb15f493e4cfc8f4dc86f38e39e7f" member_type: VOTER last_known_addr { host: "127.6.214.131" port: 46157 } } peers { permanent_uuid: "9c8b38aeb1a441a5ba794f34afcd9547" member_type: VOTER last_known_addr { host: "127.6.214.129" port: 40841 } }
I20260608 09:57:12.895955  9797 raft_consensus.cc:385] T 3d3f7cf320684f2b84332a331960da29 P a33920fa11764c819bc853e1664fb9a5 [term 0 FOLLOWER]: Consensus starting up: Expiring failure detector timer to make a prompt election more likely
I20260608 09:57:12.896412  9797 raft_consensus.cc:740] T 3d3f7cf320684f2b84332a331960da29 P a33920fa11764c819bc853e1664fb9a5 [term 0 FOLLOWER]: Becoming Follower/Learner. State: Replica: a33920fa11764c819bc853e1664fb9a5, State: Initialized, Role: FOLLOWER
I20260608 09:57:12.897691  9797 consensus_queue.cc:260] T 3d3f7cf320684f2b84332a331960da29 P a33920fa11764c819bc853e1664fb9a5 [NON_LEADER]: Queue going to NON_LEADER mode. State: All replicated index: 0, Majority replicated index: 0, Committed index: 0, Last appended: 0.0, Last appended by leader: 0, Current term: 0, Majority size: -1, State: 0, Mode: NON_LEADER, active raft config: opid_index: -1 OBSOLETE_local: false peers { permanent_uuid: "a33920fa11764c819bc853e1664fb9a5" member_type: VOTER last_known_addr { host: "127.6.214.130" port: 36341 } } peers { permanent_uuid: "b6dcb15f493e4cfc8f4dc86f38e39e7f" member_type: VOTER last_known_addr { host: "127.6.214.131" port: 46157 } } peers { permanent_uuid: "9c8b38aeb1a441a5ba794f34afcd9547" member_type: VOTER last_known_addr { host: "127.6.214.129" port: 40841 } }
I20260608 09:57:12.910516  9799 tablet_bootstrap.cc:492] T b17cd9f740e84da0b8eefa5583acf0e6 P 9c8b38aeb1a441a5ba794f34afcd9547: Bootstrap starting.
I20260608 09:57:12.920354  9704 heartbeater.cc:499] Master 127.6.214.190:41097 was elected leader, sending a full tablet report...
I20260608 09:57:12.920912  9797 ts_tablet_manager.cc:1434] T 3d3f7cf320684f2b84332a331960da29 P a33920fa11764c819bc853e1664fb9a5: Time spent starting tablet: real 0.035s	user 0.014s	sys 0.002s
I20260608 09:57:12.922047  9797 tablet_bootstrap.cc:492] T bd82a00508f245ba9eeed0879f181f4c P a33920fa11764c819bc853e1664fb9a5: Bootstrap starting.
I20260608 09:57:12.923434  9801 tablet_bootstrap.cc:492] T bd82a00508f245ba9eeed0879f181f4c P b6dcb15f493e4cfc8f4dc86f38e39e7f: Bootstrap starting.
I20260608 09:57:12.923527  9799 tablet_bootstrap.cc:654] T b17cd9f740e84da0b8eefa5583acf0e6 P 9c8b38aeb1a441a5ba794f34afcd9547: Neither blocks nor log segments found. Creating new log.
I20260608 09:57:12.930317  9797 tablet_bootstrap.cc:654] T bd82a00508f245ba9eeed0879f181f4c P a33920fa11764c819bc853e1664fb9a5: Neither blocks nor log segments found. Creating new log.
I20260608 09:57:12.934299  9801 tablet_bootstrap.cc:654] T bd82a00508f245ba9eeed0879f181f4c P b6dcb15f493e4cfc8f4dc86f38e39e7f: Neither blocks nor log segments found. Creating new log.
I20260608 09:57:12.952937  9799 tablet_bootstrap.cc:492] T b17cd9f740e84da0b8eefa5583acf0e6 P 9c8b38aeb1a441a5ba794f34afcd9547: No bootstrap required, opened a new log
I20260608 09:57:12.953008  9801 tablet_bootstrap.cc:492] T bd82a00508f245ba9eeed0879f181f4c P b6dcb15f493e4cfc8f4dc86f38e39e7f: No bootstrap required, opened a new log
I20260608 09:57:12.953614  9799 ts_tablet_manager.cc:1403] T b17cd9f740e84da0b8eefa5583acf0e6 P 9c8b38aeb1a441a5ba794f34afcd9547: Time spent bootstrapping tablet: real 0.053s	user 0.023s	sys 0.012s
I20260608 09:57:12.953683  9801 ts_tablet_manager.cc:1403] T bd82a00508f245ba9eeed0879f181f4c P b6dcb15f493e4cfc8f4dc86f38e39e7f: Time spent bootstrapping tablet: real 0.031s	user 0.013s	sys 0.005s
I20260608 09:57:12.953801  9797 tablet_bootstrap.cc:492] T bd82a00508f245ba9eeed0879f181f4c P a33920fa11764c819bc853e1664fb9a5: No bootstrap required, opened a new log
I20260608 09:57:12.954545  9797 ts_tablet_manager.cc:1403] T bd82a00508f245ba9eeed0879f181f4c P a33920fa11764c819bc853e1664fb9a5: Time spent bootstrapping tablet: real 0.033s	user 0.009s	sys 0.022s
I20260608 09:57:12.956552  9801 raft_consensus.cc:359] T bd82a00508f245ba9eeed0879f181f4c P b6dcb15f493e4cfc8f4dc86f38e39e7f [term 0 FOLLOWER]: Replica starting. Triggering 0 pending ops. Active config: opid_index: -1 OBSOLETE_local: false peers { permanent_uuid: "9c8b38aeb1a441a5ba794f34afcd9547" member_type: VOTER last_known_addr { host: "127.6.214.129" port: 40841 } } peers { permanent_uuid: "a33920fa11764c819bc853e1664fb9a5" member_type: VOTER last_known_addr { host: "127.6.214.130" port: 36341 } } peers { permanent_uuid: "b6dcb15f493e4cfc8f4dc86f38e39e7f" member_type: VOTER last_known_addr { host: "127.6.214.131" port: 46157 } }
I20260608 09:57:12.957227  9801 raft_consensus.cc:385] T bd82a00508f245ba9eeed0879f181f4c P b6dcb15f493e4cfc8f4dc86f38e39e7f [term 0 FOLLOWER]: Consensus starting up: Expiring failure detector timer to make a prompt election more likely
I20260608 09:57:12.957613  9801 raft_consensus.cc:740] T bd82a00508f245ba9eeed0879f181f4c P b6dcb15f493e4cfc8f4dc86f38e39e7f [term 0 FOLLOWER]: Becoming Follower/Learner. State: Replica: b6dcb15f493e4cfc8f4dc86f38e39e7f, State: Initialized, Role: FOLLOWER
I20260608 09:57:12.957264  9799 raft_consensus.cc:359] T b17cd9f740e84da0b8eefa5583acf0e6 P 9c8b38aeb1a441a5ba794f34afcd9547 [term 0 FOLLOWER]: Replica starting. Triggering 0 pending ops. Active config: opid_index: -1 OBSOLETE_local: false peers { permanent_uuid: "9c8b38aeb1a441a5ba794f34afcd9547" member_type: VOTER last_known_addr { host: "127.6.214.129" port: 40841 } } peers { permanent_uuid: "a33920fa11764c819bc853e1664fb9a5" member_type: VOTER last_known_addr { host: "127.6.214.130" port: 36341 } } peers { permanent_uuid: "b6dcb15f493e4cfc8f4dc86f38e39e7f" member_type: VOTER last_known_addr { host: "127.6.214.131" port: 46157 } }
I20260608 09:57:12.957690  9797 raft_consensus.cc:359] T bd82a00508f245ba9eeed0879f181f4c P a33920fa11764c819bc853e1664fb9a5 [term 0 FOLLOWER]: Replica starting. Triggering 0 pending ops. Active config: opid_index: -1 OBSOLETE_local: false peers { permanent_uuid: "9c8b38aeb1a441a5ba794f34afcd9547" member_type: VOTER last_known_addr { host: "127.6.214.129" port: 40841 } } peers { permanent_uuid: "a33920fa11764c819bc853e1664fb9a5" member_type: VOTER last_known_addr { host: "127.6.214.130" port: 36341 } } peers { permanent_uuid: "b6dcb15f493e4cfc8f4dc86f38e39e7f" member_type: VOTER last_known_addr { host: "127.6.214.131" port: 46157 } }
I20260608 09:57:12.958150  9799 raft_consensus.cc:385] T b17cd9f740e84da0b8eefa5583acf0e6 P 9c8b38aeb1a441a5ba794f34afcd9547 [term 0 FOLLOWER]: Consensus starting up: Expiring failure detector timer to make a prompt election more likely
I20260608 09:57:12.958554  9797 raft_consensus.cc:385] T bd82a00508f245ba9eeed0879f181f4c P a33920fa11764c819bc853e1664fb9a5 [term 0 FOLLOWER]: Consensus starting up: Expiring failure detector timer to make a prompt election more likely
I20260608 09:57:12.958590  9799 raft_consensus.cc:740] T b17cd9f740e84da0b8eefa5583acf0e6 P 9c8b38aeb1a441a5ba794f34afcd9547 [term 0 FOLLOWER]: Becoming Follower/Learner. State: Replica: 9c8b38aeb1a441a5ba794f34afcd9547, State: Initialized, Role: FOLLOWER
I20260608 09:57:12.959297  9797 raft_consensus.cc:740] T bd82a00508f245ba9eeed0879f181f4c P a33920fa11764c819bc853e1664fb9a5 [term 0 FOLLOWER]: Becoming Follower/Learner. State: Replica: a33920fa11764c819bc853e1664fb9a5, State: Initialized, Role: FOLLOWER
I20260608 09:57:12.958542  9801 consensus_queue.cc:260] T bd82a00508f245ba9eeed0879f181f4c P b6dcb15f493e4cfc8f4dc86f38e39e7f [NON_LEADER]: Queue going to NON_LEADER mode. State: All replicated index: 0, Majority replicated index: 0, Committed index: 0, Last appended: 0.0, Last appended by leader: 0, Current term: 0, Majority size: -1, State: 0, Mode: NON_LEADER, active raft config: opid_index: -1 OBSOLETE_local: false peers { permanent_uuid: "9c8b38aeb1a441a5ba794f34afcd9547" member_type: VOTER last_known_addr { host: "127.6.214.129" port: 40841 } } peers { permanent_uuid: "a33920fa11764c819bc853e1664fb9a5" member_type: VOTER last_known_addr { host: "127.6.214.130" port: 36341 } } peers { permanent_uuid: "b6dcb15f493e4cfc8f4dc86f38e39e7f" member_type: VOTER last_known_addr { host: "127.6.214.131" port: 46157 } }
I20260608 09:57:12.959968  9799 consensus_queue.cc:260] T b17cd9f740e84da0b8eefa5583acf0e6 P 9c8b38aeb1a441a5ba794f34afcd9547 [NON_LEADER]: Queue going to NON_LEADER mode. State: All replicated index: 0, Majority replicated index: 0, Committed index: 0, Last appended: 0.0, Last appended by leader: 0, Current term: 0, Majority size: -1, State: 0, Mode: NON_LEADER, active raft config: opid_index: -1 OBSOLETE_local: false peers { permanent_uuid: "9c8b38aeb1a441a5ba794f34afcd9547" member_type: VOTER last_known_addr { host: "127.6.214.129" port: 40841 } } peers { permanent_uuid: "a33920fa11764c819bc853e1664fb9a5" member_type: VOTER last_known_addr { host: "127.6.214.130" port: 36341 } } peers { permanent_uuid: "b6dcb15f493e4cfc8f4dc86f38e39e7f" member_type: VOTER last_known_addr { host: "127.6.214.131" port: 46157 } }
I20260608 09:57:12.960172  9797 consensus_queue.cc:260] T bd82a00508f245ba9eeed0879f181f4c P a33920fa11764c819bc853e1664fb9a5 [NON_LEADER]: Queue going to NON_LEADER mode. State: All replicated index: 0, Majority replicated index: 0, Committed index: 0, Last appended: 0.0, Last appended by leader: 0, Current term: 0, Majority size: -1, State: 0, Mode: NON_LEADER, active raft config: opid_index: -1 OBSOLETE_local: false peers { permanent_uuid: "9c8b38aeb1a441a5ba794f34afcd9547" member_type: VOTER last_known_addr { host: "127.6.214.129" port: 40841 } } peers { permanent_uuid: "a33920fa11764c819bc853e1664fb9a5" member_type: VOTER last_known_addr { host: "127.6.214.130" port: 36341 } } peers { permanent_uuid: "b6dcb15f493e4cfc8f4dc86f38e39e7f" member_type: VOTER last_known_addr { host: "127.6.214.131" port: 46157 } }
I20260608 09:57:12.962692  9797 ts_tablet_manager.cc:1434] T bd82a00508f245ba9eeed0879f181f4c P a33920fa11764c819bc853e1664fb9a5: Time spent starting tablet: real 0.008s	user 0.000s	sys 0.007s
I20260608 09:57:12.963797  9797 tablet_bootstrap.cc:492] T 1f78b99d3fb547d5aa4ed568f794b123 P a33920fa11764c819bc853e1664fb9a5: Bootstrap starting.
I20260608 09:57:12.964773  9778 heartbeater.cc:499] Master 127.6.214.190:41097 was elected leader, sending a full tablet report...
I20260608 09:57:12.965291  9801 ts_tablet_manager.cc:1434] T bd82a00508f245ba9eeed0879f181f4c P b6dcb15f493e4cfc8f4dc86f38e39e7f: Time spent starting tablet: real 0.011s	user 0.006s	sys 0.003s
I20260608 09:57:12.966454  9801 tablet_bootstrap.cc:492] T 1f78b99d3fb547d5aa4ed568f794b123 P b6dcb15f493e4cfc8f4dc86f38e39e7f: Bootstrap starting.
I20260608 09:57:12.971133  9797 tablet_bootstrap.cc:654] T 1f78b99d3fb547d5aa4ed568f794b123 P a33920fa11764c819bc853e1664fb9a5: Neither blocks nor log segments found. Creating new log.
I20260608 09:57:12.974174  9801 tablet_bootstrap.cc:654] T 1f78b99d3fb547d5aa4ed568f794b123 P b6dcb15f493e4cfc8f4dc86f38e39e7f: Neither blocks nor log segments found. Creating new log.
I20260608 09:57:12.976558  9629 heartbeater.cc:499] Master 127.6.214.190:41097 was elected leader, sending a full tablet report...
I20260608 09:57:12.976678  9799 ts_tablet_manager.cc:1434] T b17cd9f740e84da0b8eefa5583acf0e6 P 9c8b38aeb1a441a5ba794f34afcd9547: Time spent starting tablet: real 0.023s	user 0.007s	sys 0.002s
I20260608 09:57:12.984397  9799 tablet_bootstrap.cc:492] T 3d3f7cf320684f2b84332a331960da29 P 9c8b38aeb1a441a5ba794f34afcd9547: Bootstrap starting.
I20260608 09:57:12.990007  9797 tablet_bootstrap.cc:492] T 1f78b99d3fb547d5aa4ed568f794b123 P a33920fa11764c819bc853e1664fb9a5: No bootstrap required, opened a new log
I20260608 09:57:12.990720  9797 ts_tablet_manager.cc:1403] T 1f78b99d3fb547d5aa4ed568f794b123 P a33920fa11764c819bc853e1664fb9a5: Time spent bootstrapping tablet: real 0.027s	user 0.015s	sys 0.011s
I20260608 09:57:12.993821  9799 tablet_bootstrap.cc:654] T 3d3f7cf320684f2b84332a331960da29 P 9c8b38aeb1a441a5ba794f34afcd9547: Neither blocks nor log segments found. Creating new log.
I20260608 09:57:12.994669  9797 raft_consensus.cc:359] T 1f78b99d3fb547d5aa4ed568f794b123 P a33920fa11764c819bc853e1664fb9a5 [term 0 FOLLOWER]: Replica starting. Triggering 0 pending ops. Active config: opid_index: -1 OBSOLETE_local: false peers { permanent_uuid: "9c8b38aeb1a441a5ba794f34afcd9547" member_type: VOTER last_known_addr { host: "127.6.214.129" port: 40841 } } peers { permanent_uuid: "a33920fa11764c819bc853e1664fb9a5" member_type: VOTER last_known_addr { host: "127.6.214.130" port: 36341 } } peers { permanent_uuid: "b6dcb15f493e4cfc8f4dc86f38e39e7f" member_type: VOTER last_known_addr { host: "127.6.214.131" port: 46157 } }
I20260608 09:57:12.995568  9797 raft_consensus.cc:385] T 1f78b99d3fb547d5aa4ed568f794b123 P a33920fa11764c819bc853e1664fb9a5 [term 0 FOLLOWER]: Consensus starting up: Expiring failure detector timer to make a prompt election more likely
I20260608 09:57:12.995761  9801 tablet_bootstrap.cc:492] T 1f78b99d3fb547d5aa4ed568f794b123 P b6dcb15f493e4cfc8f4dc86f38e39e7f: No bootstrap required, opened a new log
I20260608 09:57:12.995956  9797 raft_consensus.cc:740] T 1f78b99d3fb547d5aa4ed568f794b123 P a33920fa11764c819bc853e1664fb9a5 [term 0 FOLLOWER]: Becoming Follower/Learner. State: Replica: a33920fa11764c819bc853e1664fb9a5, State: Initialized, Role: FOLLOWER
I20260608 09:57:12.996390  9801 ts_tablet_manager.cc:1403] T 1f78b99d3fb547d5aa4ed568f794b123 P b6dcb15f493e4cfc8f4dc86f38e39e7f: Time spent bootstrapping tablet: real 0.030s	user 0.010s	sys 0.008s
I20260608 09:57:12.996973  9797 consensus_queue.cc:260] T 1f78b99d3fb547d5aa4ed568f794b123 P a33920fa11764c819bc853e1664fb9a5 [NON_LEADER]: Queue going to NON_LEADER mode. State: All replicated index: 0, Majority replicated index: 0, Committed index: 0, Last appended: 0.0, Last appended by leader: 0, Current term: 0, Majority size: -1, State: 0, Mode: NON_LEADER, active raft config: opid_index: -1 OBSOLETE_local: false peers { permanent_uuid: "9c8b38aeb1a441a5ba794f34afcd9547" member_type: VOTER last_known_addr { host: "127.6.214.129" port: 40841 } } peers { permanent_uuid: "a33920fa11764c819bc853e1664fb9a5" member_type: VOTER last_known_addr { host: "127.6.214.130" port: 36341 } } peers { permanent_uuid: "b6dcb15f493e4cfc8f4dc86f38e39e7f" member_type: VOTER last_known_addr { host: "127.6.214.131" port: 46157 } }
I20260608 09:57:13.000013  9797 ts_tablet_manager.cc:1434] T 1f78b99d3fb547d5aa4ed568f794b123 P a33920fa11764c819bc853e1664fb9a5: Time spent starting tablet: real 0.009s	user 0.008s	sys 0.000s
I20260608 09:57:13.000097  9801 raft_consensus.cc:359] T 1f78b99d3fb547d5aa4ed568f794b123 P b6dcb15f493e4cfc8f4dc86f38e39e7f [term 0 FOLLOWER]: Replica starting. Triggering 0 pending ops. Active config: opid_index: -1 OBSOLETE_local: false peers { permanent_uuid: "9c8b38aeb1a441a5ba794f34afcd9547" member_type: VOTER last_known_addr { host: "127.6.214.129" port: 40841 } } peers { permanent_uuid: "a33920fa11764c819bc853e1664fb9a5" member_type: VOTER last_known_addr { host: "127.6.214.130" port: 36341 } } peers { permanent_uuid: "b6dcb15f493e4cfc8f4dc86f38e39e7f" member_type: VOTER last_known_addr { host: "127.6.214.131" port: 46157 } }
I20260608 09:57:13.001195  9797 tablet_bootstrap.cc:492] T b17cd9f740e84da0b8eefa5583acf0e6 P a33920fa11764c819bc853e1664fb9a5: Bootstrap starting.
I20260608 09:57:13.001538  9801 raft_consensus.cc:385] T 1f78b99d3fb547d5aa4ed568f794b123 P b6dcb15f493e4cfc8f4dc86f38e39e7f [term 0 FOLLOWER]: Consensus starting up: Expiring failure detector timer to make a prompt election more likely
I20260608 09:57:13.002197  9801 raft_consensus.cc:740] T 1f78b99d3fb547d5aa4ed568f794b123 P b6dcb15f493e4cfc8f4dc86f38e39e7f [term 0 FOLLOWER]: Becoming Follower/Learner. State: Replica: b6dcb15f493e4cfc8f4dc86f38e39e7f, State: Initialized, Role: FOLLOWER
I20260608 09:57:13.003362  9801 consensus_queue.cc:260] T 1f78b99d3fb547d5aa4ed568f794b123 P b6dcb15f493e4cfc8f4dc86f38e39e7f [NON_LEADER]: Queue going to NON_LEADER mode. State: All replicated index: 0, Majority replicated index: 0, Committed index: 0, Last appended: 0.0, Last appended by leader: 0, Current term: 0, Majority size: -1, State: 0, Mode: NON_LEADER, active raft config: opid_index: -1 OBSOLETE_local: false peers { permanent_uuid: "9c8b38aeb1a441a5ba794f34afcd9547" member_type: VOTER last_known_addr { host: "127.6.214.129" port: 40841 } } peers { permanent_uuid: "a33920fa11764c819bc853e1664fb9a5" member_type: VOTER last_known_addr { host: "127.6.214.130" port: 36341 } } peers { permanent_uuid: "b6dcb15f493e4cfc8f4dc86f38e39e7f" member_type: VOTER last_known_addr { host: "127.6.214.131" port: 46157 } }
I20260608 09:57:13.009179  9797 tablet_bootstrap.cc:654] T b17cd9f740e84da0b8eefa5583acf0e6 P a33920fa11764c819bc853e1664fb9a5: Neither blocks nor log segments found. Creating new log.
I20260608 09:57:13.011900  9801 ts_tablet_manager.cc:1434] T 1f78b99d3fb547d5aa4ed568f794b123 P b6dcb15f493e4cfc8f4dc86f38e39e7f: Time spent starting tablet: real 0.015s	user 0.009s	sys 0.000s
I20260608 09:57:13.012836  9799 tablet_bootstrap.cc:492] T 3d3f7cf320684f2b84332a331960da29 P 9c8b38aeb1a441a5ba794f34afcd9547: No bootstrap required, opened a new log
I20260608 09:57:13.013106  9801 tablet_bootstrap.cc:492] T b17cd9f740e84da0b8eefa5583acf0e6 P b6dcb15f493e4cfc8f4dc86f38e39e7f: Bootstrap starting.
I20260608 09:57:13.013501  9799 ts_tablet_manager.cc:1403] T 3d3f7cf320684f2b84332a331960da29 P 9c8b38aeb1a441a5ba794f34afcd9547: Time spent bootstrapping tablet: real 0.029s	user 0.010s	sys 0.010s
I20260608 09:57:13.017274  9799 raft_consensus.cc:359] T 3d3f7cf320684f2b84332a331960da29 P 9c8b38aeb1a441a5ba794f34afcd9547 [term 0 FOLLOWER]: Replica starting. Triggering 0 pending ops. Active config: opid_index: -1 OBSOLETE_local: false peers { permanent_uuid: "a33920fa11764c819bc853e1664fb9a5" member_type: VOTER last_known_addr { host: "127.6.214.130" port: 36341 } } peers { permanent_uuid: "b6dcb15f493e4cfc8f4dc86f38e39e7f" member_type: VOTER last_known_addr { host: "127.6.214.131" port: 46157 } } peers { permanent_uuid: "9c8b38aeb1a441a5ba794f34afcd9547" member_type: VOTER last_known_addr { host: "127.6.214.129" port: 40841 } }
I20260608 09:57:13.018229  9799 raft_consensus.cc:385] T 3d3f7cf320684f2b84332a331960da29 P 9c8b38aeb1a441a5ba794f34afcd9547 [term 0 FOLLOWER]: Consensus starting up: Expiring failure detector timer to make a prompt election more likely
I20260608 09:57:13.018623  9799 raft_consensus.cc:740] T 3d3f7cf320684f2b84332a331960da29 P 9c8b38aeb1a441a5ba794f34afcd9547 [term 0 FOLLOWER]: Becoming Follower/Learner. State: Replica: 9c8b38aeb1a441a5ba794f34afcd9547, State: Initialized, Role: FOLLOWER
I20260608 09:57:13.019815  9799 consensus_queue.cc:260] T 3d3f7cf320684f2b84332a331960da29 P 9c8b38aeb1a441a5ba794f34afcd9547 [NON_LEADER]: Queue going to NON_LEADER mode. State: All replicated index: 0, Majority replicated index: 0, Committed index: 0, Last appended: 0.0, Last appended by leader: 0, Current term: 0, Majority size: -1, State: 0, Mode: NON_LEADER, active raft config: opid_index: -1 OBSOLETE_local: false peers { permanent_uuid: "a33920fa11764c819bc853e1664fb9a5" member_type: VOTER last_known_addr { host: "127.6.214.130" port: 36341 } } peers { permanent_uuid: "b6dcb15f493e4cfc8f4dc86f38e39e7f" member_type: VOTER last_known_addr { host: "127.6.214.131" port: 46157 } } peers { permanent_uuid: "9c8b38aeb1a441a5ba794f34afcd9547" member_type: VOTER last_known_addr { host: "127.6.214.129" port: 40841 } }
I20260608 09:57:13.021446  9801 tablet_bootstrap.cc:654] T b17cd9f740e84da0b8eefa5583acf0e6 P b6dcb15f493e4cfc8f4dc86f38e39e7f: Neither blocks nor log segments found. Creating new log.
I20260608 09:57:13.028201  9799 ts_tablet_manager.cc:1434] T 3d3f7cf320684f2b84332a331960da29 P 9c8b38aeb1a441a5ba794f34afcd9547: Time spent starting tablet: real 0.014s	user 0.008s	sys 0.000s
I20260608 09:57:13.030098  9799 tablet_bootstrap.cc:492] T 1f78b99d3fb547d5aa4ed568f794b123 P 9c8b38aeb1a441a5ba794f34afcd9547: Bootstrap starting.
I20260608 09:57:13.037691  9797 tablet_bootstrap.cc:492] T b17cd9f740e84da0b8eefa5583acf0e6 P a33920fa11764c819bc853e1664fb9a5: No bootstrap required, opened a new log
I20260608 09:57:13.037750  9801 tablet_bootstrap.cc:492] T b17cd9f740e84da0b8eefa5583acf0e6 P b6dcb15f493e4cfc8f4dc86f38e39e7f: No bootstrap required, opened a new log
I20260608 09:57:13.038445  9797 ts_tablet_manager.cc:1403] T b17cd9f740e84da0b8eefa5583acf0e6 P a33920fa11764c819bc853e1664fb9a5: Time spent bootstrapping tablet: real 0.037s	user 0.015s	sys 0.020s
I20260608 09:57:13.038483  9801 ts_tablet_manager.cc:1403] T b17cd9f740e84da0b8eefa5583acf0e6 P b6dcb15f493e4cfc8f4dc86f38e39e7f: Time spent bootstrapping tablet: real 0.026s	user 0.012s	sys 0.012s
I20260608 09:57:13.041579  9799 tablet_bootstrap.cc:654] T 1f78b99d3fb547d5aa4ed568f794b123 P 9c8b38aeb1a441a5ba794f34afcd9547: Neither blocks nor log segments found. Creating new log.
I20260608 09:57:13.041869  9797 raft_consensus.cc:359] T b17cd9f740e84da0b8eefa5583acf0e6 P a33920fa11764c819bc853e1664fb9a5 [term 0 FOLLOWER]: Replica starting. Triggering 0 pending ops. Active config: opid_index: -1 OBSOLETE_local: false peers { permanent_uuid: "9c8b38aeb1a441a5ba794f34afcd9547" member_type: VOTER last_known_addr { host: "127.6.214.129" port: 40841 } } peers { permanent_uuid: "a33920fa11764c819bc853e1664fb9a5" member_type: VOTER last_known_addr { host: "127.6.214.130" port: 36341 } } peers { permanent_uuid: "b6dcb15f493e4cfc8f4dc86f38e39e7f" member_type: VOTER last_known_addr { host: "127.6.214.131" port: 46157 } }
I20260608 09:57:13.042661  9797 raft_consensus.cc:385] T b17cd9f740e84da0b8eefa5583acf0e6 P a33920fa11764c819bc853e1664fb9a5 [term 0 FOLLOWER]: Consensus starting up: Expiring failure detector timer to make a prompt election more likely
I20260608 09:57:13.043031  9797 raft_consensus.cc:740] T b17cd9f740e84da0b8eefa5583acf0e6 P a33920fa11764c819bc853e1664fb9a5 [term 0 FOLLOWER]: Becoming Follower/Learner. State: Replica: a33920fa11764c819bc853e1664fb9a5, State: Initialized, Role: FOLLOWER
I20260608 09:57:13.043212  9801 raft_consensus.cc:359] T b17cd9f740e84da0b8eefa5583acf0e6 P b6dcb15f493e4cfc8f4dc86f38e39e7f [term 0 FOLLOWER]: Replica starting. Triggering 0 pending ops. Active config: opid_index: -1 OBSOLETE_local: false peers { permanent_uuid: "9c8b38aeb1a441a5ba794f34afcd9547" member_type: VOTER last_known_addr { host: "127.6.214.129" port: 40841 } } peers { permanent_uuid: "a33920fa11764c819bc853e1664fb9a5" member_type: VOTER last_known_addr { host: "127.6.214.130" port: 36341 } } peers { permanent_uuid: "b6dcb15f493e4cfc8f4dc86f38e39e7f" member_type: VOTER last_known_addr { host: "127.6.214.131" port: 46157 } }
I20260608 09:57:13.044032  9801 raft_consensus.cc:385] T b17cd9f740e84da0b8eefa5583acf0e6 P b6dcb15f493e4cfc8f4dc86f38e39e7f [term 0 FOLLOWER]: Consensus starting up: Expiring failure detector timer to make a prompt election more likely
I20260608 09:57:13.043948  9797 consensus_queue.cc:260] T b17cd9f740e84da0b8eefa5583acf0e6 P a33920fa11764c819bc853e1664fb9a5 [NON_LEADER]: Queue going to NON_LEADER mode. State: All replicated index: 0, Majority replicated index: 0, Committed index: 0, Last appended: 0.0, Last appended by leader: 0, Current term: 0, Majority size: -1, State: 0, Mode: NON_LEADER, active raft config: opid_index: -1 OBSOLETE_local: false peers { permanent_uuid: "9c8b38aeb1a441a5ba794f34afcd9547" member_type: VOTER last_known_addr { host: "127.6.214.129" port: 40841 } } peers { permanent_uuid: "a33920fa11764c819bc853e1664fb9a5" member_type: VOTER last_known_addr { host: "127.6.214.130" port: 36341 } } peers { permanent_uuid: "b6dcb15f493e4cfc8f4dc86f38e39e7f" member_type: VOTER last_known_addr { host: "127.6.214.131" port: 46157 } }
I20260608 09:57:13.044442  9801 raft_consensus.cc:740] T b17cd9f740e84da0b8eefa5583acf0e6 P b6dcb15f493e4cfc8f4dc86f38e39e7f [term 0 FOLLOWER]: Becoming Follower/Learner. State: Replica: b6dcb15f493e4cfc8f4dc86f38e39e7f, State: Initialized, Role: FOLLOWER
I20260608 09:57:13.045572  9801 consensus_queue.cc:260] T b17cd9f740e84da0b8eefa5583acf0e6 P b6dcb15f493e4cfc8f4dc86f38e39e7f [NON_LEADER]: Queue going to NON_LEADER mode. State: All replicated index: 0, Majority replicated index: 0, Committed index: 0, Last appended: 0.0, Last appended by leader: 0, Current term: 0, Majority size: -1, State: 0, Mode: NON_LEADER, active raft config: opid_index: -1 OBSOLETE_local: false peers { permanent_uuid: "9c8b38aeb1a441a5ba794f34afcd9547" member_type: VOTER last_known_addr { host: "127.6.214.129" port: 40841 } } peers { permanent_uuid: "a33920fa11764c819bc853e1664fb9a5" member_type: VOTER last_known_addr { host: "127.6.214.130" port: 36341 } } peers { permanent_uuid: "b6dcb15f493e4cfc8f4dc86f38e39e7f" member_type: VOTER last_known_addr { host: "127.6.214.131" port: 46157 } }
I20260608 09:57:13.046335  9797 ts_tablet_manager.cc:1434] T b17cd9f740e84da0b8eefa5583acf0e6 P a33920fa11764c819bc853e1664fb9a5: Time spent starting tablet: real 0.007s	user 0.002s	sys 0.002s
I20260608 09:57:13.048362  9801 ts_tablet_manager.cc:1434] T b17cd9f740e84da0b8eefa5583acf0e6 P b6dcb15f493e4cfc8f4dc86f38e39e7f: Time spent starting tablet: real 0.009s	user 0.007s	sys 0.000s
I20260608 09:57:13.049598  9801 tablet_bootstrap.cc:492] T 3d3f7cf320684f2b84332a331960da29 P b6dcb15f493e4cfc8f4dc86f38e39e7f: Bootstrap starting.
I20260608 09:57:13.053972  9800 raft_consensus.cc:493] T 3d3f7cf320684f2b84332a331960da29 P a33920fa11764c819bc853e1664fb9a5 [term 0 FOLLOWER]: Starting pre-election (no leader contacted us within the election timeout)
I20260608 09:57:13.054637  9813 raft_consensus.cc:493] T 1f78b99d3fb547d5aa4ed568f794b123 P a33920fa11764c819bc853e1664fb9a5 [term 0 FOLLOWER]: Starting pre-election (no leader contacted us within the election timeout)
I20260608 09:57:13.054615  9800 raft_consensus.cc:515] T 3d3f7cf320684f2b84332a331960da29 P a33920fa11764c819bc853e1664fb9a5 [term 0 FOLLOWER]: Starting pre-election with config: opid_index: -1 OBSOLETE_local: false peers { permanent_uuid: "a33920fa11764c819bc853e1664fb9a5" member_type: VOTER last_known_addr { host: "127.6.214.130" port: 36341 } } peers { permanent_uuid: "b6dcb15f493e4cfc8f4dc86f38e39e7f" member_type: VOTER last_known_addr { host: "127.6.214.131" port: 46157 } } peers { permanent_uuid: "9c8b38aeb1a441a5ba794f34afcd9547" member_type: VOTER last_known_addr { host: "127.6.214.129" port: 40841 } }
I20260608 09:57:13.055274  9813 raft_consensus.cc:515] T 1f78b99d3fb547d5aa4ed568f794b123 P a33920fa11764c819bc853e1664fb9a5 [term 0 FOLLOWER]: Starting pre-election with config: opid_index: -1 OBSOLETE_local: false peers { permanent_uuid: "9c8b38aeb1a441a5ba794f34afcd9547" member_type: VOTER last_known_addr { host: "127.6.214.129" port: 40841 } } peers { permanent_uuid: "a33920fa11764c819bc853e1664fb9a5" member_type: VOTER last_known_addr { host: "127.6.214.130" port: 36341 } } peers { permanent_uuid: "b6dcb15f493e4cfc8f4dc86f38e39e7f" member_type: VOTER last_known_addr { host: "127.6.214.131" port: 46157 } }
I20260608 09:57:13.058171  9801 tablet_bootstrap.cc:654] T 3d3f7cf320684f2b84332a331960da29 P b6dcb15f493e4cfc8f4dc86f38e39e7f: Neither blocks nor log segments found. Creating new log.
I20260608 09:57:13.064198  9813 leader_election.cc:290] T 1f78b99d3fb547d5aa4ed568f794b123 P a33920fa11764c819bc853e1664fb9a5 [CANDIDATE]: Term 1 pre-election: Requested pre-vote from peers 9c8b38aeb1a441a5ba794f34afcd9547 (127.6.214.129:40841), b6dcb15f493e4cfc8f4dc86f38e39e7f (127.6.214.131:46157)
I20260608 09:57:13.068599  9805 raft_consensus.cc:493] T b17cd9f740e84da0b8eefa5583acf0e6 P b6dcb15f493e4cfc8f4dc86f38e39e7f [term 0 FOLLOWER]: Starting pre-election (no leader contacted us within the election timeout)
I20260608 09:57:13.069283  9805 raft_consensus.cc:515] T b17cd9f740e84da0b8eefa5583acf0e6 P b6dcb15f493e4cfc8f4dc86f38e39e7f [term 0 FOLLOWER]: Starting pre-election with config: opid_index: -1 OBSOLETE_local: false peers { permanent_uuid: "9c8b38aeb1a441a5ba794f34afcd9547" member_type: VOTER last_known_addr { host: "127.6.214.129" port: 40841 } } peers { permanent_uuid: "a33920fa11764c819bc853e1664fb9a5" member_type: VOTER last_known_addr { host: "127.6.214.130" port: 36341 } } peers { permanent_uuid: "b6dcb15f493e4cfc8f4dc86f38e39e7f" member_type: VOTER last_known_addr { host: "127.6.214.131" port: 46157 } }
I20260608 09:57:13.071895  9800 leader_election.cc:290] T 3d3f7cf320684f2b84332a331960da29 P a33920fa11764c819bc853e1664fb9a5 [CANDIDATE]: Term 1 pre-election: Requested pre-vote from peers b6dcb15f493e4cfc8f4dc86f38e39e7f (127.6.214.131:46157), 9c8b38aeb1a441a5ba794f34afcd9547 (127.6.214.129:40841)
I20260608 09:57:13.072083  9801 tablet_bootstrap.cc:492] T 3d3f7cf320684f2b84332a331960da29 P b6dcb15f493e4cfc8f4dc86f38e39e7f: No bootstrap required, opened a new log
I20260608 09:57:13.072750  9801 ts_tablet_manager.cc:1403] T 3d3f7cf320684f2b84332a331960da29 P b6dcb15f493e4cfc8f4dc86f38e39e7f: Time spent bootstrapping tablet: real 0.023s	user 0.018s	sys 0.003s
I20260608 09:57:13.076452  9801 raft_consensus.cc:359] T 3d3f7cf320684f2b84332a331960da29 P b6dcb15f493e4cfc8f4dc86f38e39e7f [term 0 FOLLOWER]: Replica starting. Triggering 0 pending ops. Active config: opid_index: -1 OBSOLETE_local: false peers { permanent_uuid: "a33920fa11764c819bc853e1664fb9a5" member_type: VOTER last_known_addr { host: "127.6.214.130" port: 36341 } } peers { permanent_uuid: "b6dcb15f493e4cfc8f4dc86f38e39e7f" member_type: VOTER last_known_addr { host: "127.6.214.131" port: 46157 } } peers { permanent_uuid: "9c8b38aeb1a441a5ba794f34afcd9547" member_type: VOTER last_known_addr { host: "127.6.214.129" port: 40841 } }
I20260608 09:57:13.077589  9801 raft_consensus.cc:385] T 3d3f7cf320684f2b84332a331960da29 P b6dcb15f493e4cfc8f4dc86f38e39e7f [term 0 FOLLOWER]: Consensus starting up: Expiring failure detector timer to make a prompt election more likely
I20260608 09:57:13.078038  9801 raft_consensus.cc:740] T 3d3f7cf320684f2b84332a331960da29 P b6dcb15f493e4cfc8f4dc86f38e39e7f [term 0 FOLLOWER]: Becoming Follower/Learner. State: Replica: b6dcb15f493e4cfc8f4dc86f38e39e7f, State: Initialized, Role: FOLLOWER
I20260608 09:57:13.079298  9801 consensus_queue.cc:260] T 3d3f7cf320684f2b84332a331960da29 P b6dcb15f493e4cfc8f4dc86f38e39e7f [NON_LEADER]: Queue going to NON_LEADER mode. State: All replicated index: 0, Majority replicated index: 0, Committed index: 0, Last appended: 0.0, Last appended by leader: 0, Current term: 0, Majority size: -1, State: 0, Mode: NON_LEADER, active raft config: opid_index: -1 OBSOLETE_local: false peers { permanent_uuid: "a33920fa11764c819bc853e1664fb9a5" member_type: VOTER last_known_addr { host: "127.6.214.130" port: 36341 } } peers { permanent_uuid: "b6dcb15f493e4cfc8f4dc86f38e39e7f" member_type: VOTER last_known_addr { host: "127.6.214.131" port: 46157 } } peers { permanent_uuid: "9c8b38aeb1a441a5ba794f34afcd9547" member_type: VOTER last_known_addr { host: "127.6.214.129" port: 40841 } }
W20260608 09:57:13.079830  9705 tablet.cc:2404] T 1f78b99d3fb547d5aa4ed568f794b123 P a33920fa11764c819bc853e1664fb9a5: Can't schedule compaction. Clean time has not been advanced past its initial value.
I20260608 09:57:13.084103  9603 tablet_service.cc:1917] Received RequestConsensusVote() RPC: tablet_id: "3d3f7cf320684f2b84332a331960da29" candidate_uuid: "a33920fa11764c819bc853e1664fb9a5" candidate_term: 1 candidate_status { last_received { term: 0 index: 0 } } ignore_live_leader: false dest_uuid: "9c8b38aeb1a441a5ba794f34afcd9547" is_pre_election: true
I20260608 09:57:13.085153  9603 raft_consensus.cc:2468] T 3d3f7cf320684f2b84332a331960da29 P 9c8b38aeb1a441a5ba794f34afcd9547 [term 0 FOLLOWER]: Leader pre-election vote request: Granting yes vote for candidate a33920fa11764c819bc853e1664fb9a5 in term 0.
I20260608 09:57:13.084115  9604 tablet_service.cc:1917] Received RequestConsensusVote() RPC: tablet_id: "1f78b99d3fb547d5aa4ed568f794b123" candidate_uuid: "a33920fa11764c819bc853e1664fb9a5" candidate_term: 1 candidate_status { last_received { term: 0 index: 0 } } ignore_live_leader: false dest_uuid: "9c8b38aeb1a441a5ba794f34afcd9547" is_pre_election: true
I20260608 09:57:13.087495  9642 leader_election.cc:304] T 3d3f7cf320684f2b84332a331960da29 P a33920fa11764c819bc853e1664fb9a5 [CANDIDATE]: Term 1 pre-election: Election decided. Result: candidate won. Election summary: received 2 responses out of 3 voters: 2 yes votes; 0 no votes. yes voters: 9c8b38aeb1a441a5ba794f34afcd9547, a33920fa11764c819bc853e1664fb9a5; no voters: 
W20260608 09:57:13.088869  9642 leader_election.cc:343] T 1f78b99d3fb547d5aa4ed568f794b123 P a33920fa11764c819bc853e1664fb9a5 [CANDIDATE]: Term 1 pre-election: Tablet error from VoteRequest() call to peer 9c8b38aeb1a441a5ba794f34afcd9547 (127.6.214.129:40841): Illegal state: must be running to vote when last-logged opid is not known
I20260608 09:57:13.089872  9800 raft_consensus.cc:2804] T 3d3f7cf320684f2b84332a331960da29 P a33920fa11764c819bc853e1664fb9a5 [term 0 FOLLOWER]: Leader pre-election won for term 1
I20260608 09:57:13.090502  9800 raft_consensus.cc:493] T 3d3f7cf320684f2b84332a331960da29 P a33920fa11764c819bc853e1664fb9a5 [term 0 FOLLOWER]: Starting leader election (no leader contacted us within the election timeout)
I20260608 09:57:13.090902  9800 raft_consensus.cc:3060] T 3d3f7cf320684f2b84332a331960da29 P a33920fa11764c819bc853e1664fb9a5 [term 0 FOLLOWER]: Advancing to term 1
I20260608 09:57:13.084744  9805 leader_election.cc:290] T b17cd9f740e84da0b8eefa5583acf0e6 P b6dcb15f493e4cfc8f4dc86f38e39e7f [CANDIDATE]: Term 1 pre-election: Requested pre-vote from peers 9c8b38aeb1a441a5ba794f34afcd9547 (127.6.214.129:40841), a33920fa11764c819bc853e1664fb9a5 (127.6.214.130:36341)
I20260608 09:57:13.095388  9806 raft_consensus.cc:493] T b17cd9f740e84da0b8eefa5583acf0e6 P 9c8b38aeb1a441a5ba794f34afcd9547 [term 0 FOLLOWER]: Starting pre-election (no leader contacted us within the election timeout)
I20260608 09:57:13.095994  9806 raft_consensus.cc:515] T b17cd9f740e84da0b8eefa5583acf0e6 P 9c8b38aeb1a441a5ba794f34afcd9547 [term 0 FOLLOWER]: Starting pre-election with config: opid_index: -1 OBSOLETE_local: false peers { permanent_uuid: "9c8b38aeb1a441a5ba794f34afcd9547" member_type: VOTER last_known_addr { host: "127.6.214.129" port: 40841 } } peers { permanent_uuid: "a33920fa11764c819bc853e1664fb9a5" member_type: VOTER last_known_addr { host: "127.6.214.130" port: 36341 } } peers { permanent_uuid: "b6dcb15f493e4cfc8f4dc86f38e39e7f" member_type: VOTER last_known_addr { host: "127.6.214.131" port: 46157 } }
I20260608 09:57:13.102535  9800 raft_consensus.cc:515] T 3d3f7cf320684f2b84332a331960da29 P a33920fa11764c819bc853e1664fb9a5 [term 1 FOLLOWER]: Starting leader election with config: opid_index: -1 OBSOLETE_local: false peers { permanent_uuid: "a33920fa11764c819bc853e1664fb9a5" member_type: VOTER last_known_addr { host: "127.6.214.130" port: 36341 } } peers { permanent_uuid: "b6dcb15f493e4cfc8f4dc86f38e39e7f" member_type: VOTER last_known_addr { host: "127.6.214.131" port: 46157 } } peers { permanent_uuid: "9c8b38aeb1a441a5ba794f34afcd9547" member_type: VOTER last_known_addr { host: "127.6.214.129" port: 40841 } }
I20260608 09:57:13.104769  9800 leader_election.cc:290] T 3d3f7cf320684f2b84332a331960da29 P a33920fa11764c819bc853e1664fb9a5 [CANDIDATE]: Term 1 election: Requested vote from peers b6dcb15f493e4cfc8f4dc86f38e39e7f (127.6.214.131:46157), 9c8b38aeb1a441a5ba794f34afcd9547 (127.6.214.129:40841)
I20260608 09:57:13.105010  9806 leader_election.cc:290] T b17cd9f740e84da0b8eefa5583acf0e6 P 9c8b38aeb1a441a5ba794f34afcd9547 [CANDIDATE]: Term 1 pre-election: Requested pre-vote from peers a33920fa11764c819bc853e1664fb9a5 (127.6.214.130:36341), b6dcb15f493e4cfc8f4dc86f38e39e7f (127.6.214.131:46157)
I20260608 09:57:13.109118  9801 ts_tablet_manager.cc:1434] T 3d3f7cf320684f2b84332a331960da29 P b6dcb15f493e4cfc8f4dc86f38e39e7f: Time spent starting tablet: real 0.036s	user 0.009s	sys 0.004s
I20260608 09:57:13.107652  9604 tablet_service.cc:1917] Received RequestConsensusVote() RPC: tablet_id: "3d3f7cf320684f2b84332a331960da29" candidate_uuid: "a33920fa11764c819bc853e1664fb9a5" candidate_term: 1 candidate_status { last_received { term: 0 index: 0 } } ignore_live_leader: false dest_uuid: "9c8b38aeb1a441a5ba794f34afcd9547"
I20260608 09:57:13.112128  9604 raft_consensus.cc:3060] T 3d3f7cf320684f2b84332a331960da29 P 9c8b38aeb1a441a5ba794f34afcd9547 [term 0 FOLLOWER]: Advancing to term 1
I20260608 09:57:13.122112  9753 tablet_service.cc:1917] Received RequestConsensusVote() RPC: tablet_id: "3d3f7cf320684f2b84332a331960da29" candidate_uuid: "a33920fa11764c819bc853e1664fb9a5" candidate_term: 1 candidate_status { last_received { term: 0 index: 0 } } ignore_live_leader: false dest_uuid: "b6dcb15f493e4cfc8f4dc86f38e39e7f" is_pre_election: true
I20260608 09:57:13.122942  9753 raft_consensus.cc:2468] T 3d3f7cf320684f2b84332a331960da29 P b6dcb15f493e4cfc8f4dc86f38e39e7f [term 0 FOLLOWER]: Leader pre-election vote request: Granting yes vote for candidate a33920fa11764c819bc853e1664fb9a5 in term 0.
