I20260608 09:57:09.405186 27743 leader_election.cc:304] T d7e489cbcc4a412a9877fe0b34be5f66 P d98a85581f76495a8d801cbfd6a88983 [CANDIDATE]: Term 1 pre-election: Election decided. Result: candidate won. Election summary: received 2 responses out of 3 voters: 2 yes votes; 0 no votes. yes voters: 31c3b3e53ff74bfbab9c4a25093d25cc, d98a85581f76495a8d801cbfd6a88983; no voters: 
I20260608 09:57:09.405921 27832 raft_consensus.cc:2804] T d7e489cbcc4a412a9877fe0b34be5f66 P d98a85581f76495a8d801cbfd6a88983 [term 0 FOLLOWER]: Leader pre-election won for term 1
I20260608 09:57:09.406286 27832 raft_consensus.cc:493] T d7e489cbcc4a412a9877fe0b34be5f66 P d98a85581f76495a8d801cbfd6a88983 [term 0 FOLLOWER]: Starting leader election (no leader contacted us within the election timeout)
I20260608 09:57:09.406595 27832 raft_consensus.cc:3060] T d7e489cbcc4a412a9877fe0b34be5f66 P d98a85581f76495a8d801cbfd6a88983 [term 0 FOLLOWER]: Advancing to term 1
I20260608 09:57:09.411753 27832 raft_consensus.cc:515] T d7e489cbcc4a412a9877fe0b34be5f66 P d98a85581f76495a8d801cbfd6a88983 [term 1 FOLLOWER]: Starting leader election with config: opid_index: -1 OBSOLETE_local: false peers { permanent_uuid: "31c3b3e53ff74bfbab9c4a25093d25cc" member_type: VOTER last_known_addr { host: "127.24.109.1" port: 40571 } } peers { permanent_uuid: "eac1645491f94d81a27716b82aad4f40" member_type: VOTER last_known_addr { host: "127.24.109.2" port: 38031 } } peers { permanent_uuid: "d98a85581f76495a8d801cbfd6a88983" member_type: VOTER last_known_addr { host: "127.24.109.3" port: 36021 } }
I20260608 09:57:09.413560 27832 leader_election.cc:290] T d7e489cbcc4a412a9877fe0b34be5f66 P d98a85581f76495a8d801cbfd6a88983 [CANDIDATE]: Term 1 election: Requested vote from peers 31c3b3e53ff74bfbab9c4a25093d25cc (127.24.109.1:40571), eac1645491f94d81a27716b82aad4f40 (127.24.109.2:38031)
I20260608 09:57:09.414285 27631 tablet_service.cc:1917] Received RequestConsensusVote() RPC: tablet_id: "d7e489cbcc4a412a9877fe0b34be5f66" candidate_uuid: "d98a85581f76495a8d801cbfd6a88983" candidate_term: 1 candidate_status { last_received { term: 0 index: 0 } } ignore_live_leader: false dest_uuid: "31c3b3e53ff74bfbab9c4a25093d25cc"
I20260608 09:57:09.414727 27706 tablet_service.cc:1917] Received RequestConsensusVote() RPC: tablet_id: "d7e489cbcc4a412a9877fe0b34be5f66" candidate_uuid: "d98a85581f76495a8d801cbfd6a88983" candidate_term: 1 candidate_status { last_received { term: 0 index: 0 } } ignore_live_leader: false dest_uuid: "eac1645491f94d81a27716b82aad4f40"
I20260608 09:57:09.414892 27631 raft_consensus.cc:3060] T d7e489cbcc4a412a9877fe0b34be5f66 P 31c3b3e53ff74bfbab9c4a25093d25cc [term 0 FOLLOWER]: Advancing to term 1
I20260608 09:57:09.415293 27706 raft_consensus.cc:3060] T d7e489cbcc4a412a9877fe0b34be5f66 P eac1645491f94d81a27716b82aad4f40 [term 0 FOLLOWER]: Advancing to term 1
I20260608 09:57:09.421671 27706 raft_consensus.cc:2468] T d7e489cbcc4a412a9877fe0b34be5f66 P eac1645491f94d81a27716b82aad4f40 [term 1 FOLLOWER]: Leader election vote request: Granting yes vote for candidate d98a85581f76495a8d801cbfd6a88983 in term 1.
I20260608 09:57:09.421671 27631 raft_consensus.cc:2468] T d7e489cbcc4a412a9877fe0b34be5f66 P 31c3b3e53ff74bfbab9c4a25093d25cc [term 1 FOLLOWER]: Leader election vote request: Granting yes vote for candidate d98a85581f76495a8d801cbfd6a88983 in term 1.
I20260608 09:57:09.423096 27744 leader_election.cc:304] T d7e489cbcc4a412a9877fe0b34be5f66 P d98a85581f76495a8d801cbfd6a88983 [CANDIDATE]: Term 1 election: Election decided. Result: candidate won. Election summary: received 2 responses out of 3 voters: 2 yes votes; 0 no votes. yes voters: d98a85581f76495a8d801cbfd6a88983, eac1645491f94d81a27716b82aad4f40; no voters: 
I20260608 09:57:09.423859 27832 raft_consensus.cc:2804] T d7e489cbcc4a412a9877fe0b34be5f66 P d98a85581f76495a8d801cbfd6a88983 [term 1 FOLLOWER]: Leader election won for term 1
I20260608 09:57:09.424269 27832 raft_consensus.cc:697] T d7e489cbcc4a412a9877fe0b34be5f66 P d98a85581f76495a8d801cbfd6a88983 [term 1 LEADER]: Becoming Leader. State: Replica: d98a85581f76495a8d801cbfd6a88983, State: Running, Role: LEADER
I20260608 09:57:09.425061 27832 consensus_queue.cc:237] T d7e489cbcc4a412a9877fe0b34be5f66 P d98a85581f76495a8d801cbfd6a88983 [LEADER]: Queue going to LEADER mode. State: All replicated index: 0, Majority replicated index: 0, Committed index: 0, Last appended: 0.0, Last appended by leader: 0, Current term: 1, Majority size: 2, State: 0, Mode: LEADER, active raft config: opid_index: -1 OBSOLETE_local: false peers { permanent_uuid: "31c3b3e53ff74bfbab9c4a25093d25cc" member_type: VOTER last_known_addr { host: "127.24.109.1" port: 40571 } } peers { permanent_uuid: "eac1645491f94d81a27716b82aad4f40" member_type: VOTER last_known_addr { host: "127.24.109.2" port: 38031 } } peers { permanent_uuid: "d98a85581f76495a8d801cbfd6a88983" member_type: VOTER last_known_addr { host: "127.24.109.3" port: 36021 } }
I20260608 09:57:09.432077 27529 catalog_manager.cc:5696] T d7e489cbcc4a412a9877fe0b34be5f66 P d98a85581f76495a8d801cbfd6a88983 reported cstate change: term changed from 0 to 1, leader changed from <none> to d98a85581f76495a8d801cbfd6a88983 (127.24.109.3). New cstate: current_term: 1 leader_uuid: "d98a85581f76495a8d801cbfd6a88983" committed_config { opid_index: -1 OBSOLETE_local: false peers { permanent_uuid: "31c3b3e53ff74bfbab9c4a25093d25cc" member_type: VOTER last_known_addr { host: "127.24.109.1" port: 40571 } health_report { overall_health: UNKNOWN } } peers { permanent_uuid: "eac1645491f94d81a27716b82aad4f40" member_type: VOTER last_known_addr { host: "127.24.109.2" port: 38031 } health_report { overall_health: UNKNOWN } } peers { permanent_uuid: "d98a85581f76495a8d801cbfd6a88983" member_type: VOTER last_known_addr { host: "127.24.109.3" port: 36021 } health_report { overall_health: HEALTHY } } }
W20260608 09:57:09.441879 27577 auto_rebalancer.cc:259] Could not retrieve cluster info: Service unavailable: Tablet not running
I20260608 09:57:09.443147 27582 auto_leader_rebalancer.cc:140] leader rebalance for table range_aware_auto_rebalancer_test
W20260608 09:57:09.444725 27582 auto_leader_rebalancer.cc:460] the master instance isn't leader: Service unavailable: Tablet not running
I20260608 09:57:09.496061 27830 raft_consensus.cc:493] T 5ab59e4104ae401595cf98deb8db66fe P eac1645491f94d81a27716b82aad4f40 [term 0 FOLLOWER]: Starting pre-election (no leader contacted us within the election timeout)
I20260608 09:57:09.496599 27830 raft_consensus.cc:515] T 5ab59e4104ae401595cf98deb8db66fe P eac1645491f94d81a27716b82aad4f40 [term 0 FOLLOWER]: Starting pre-election with config: opid_index: -1 OBSOLETE_local: false peers { permanent_uuid: "31c3b3e53ff74bfbab9c4a25093d25cc" member_type: VOTER last_known_addr { host: "127.24.109.1" port: 40571 } } peers { permanent_uuid: "eac1645491f94d81a27716b82aad4f40" member_type: VOTER last_known_addr { host: "127.24.109.2" port: 38031 } } peers { permanent_uuid: "d98a85581f76495a8d801cbfd6a88983" member_type: VOTER last_known_addr { host: "127.24.109.3" port: 36021 } }
I20260608 09:57:09.498903 27830 leader_election.cc:290] T 5ab59e4104ae401595cf98deb8db66fe P eac1645491f94d81a27716b82aad4f40 [CANDIDATE]: Term 1 pre-election: Requested pre-vote from peers 31c3b3e53ff74bfbab9c4a25093d25cc (127.24.109.1:40571), d98a85581f76495a8d801cbfd6a88983 (127.24.109.3:36021)
I20260608 09:57:09.502355 27832 raft_consensus.cc:493] T 5ab59e4104ae401595cf98deb8db66fe P d98a85581f76495a8d801cbfd6a88983 [term 0 FOLLOWER]: Starting pre-election (no leader contacted us within the election timeout)
I20260608 09:57:09.502897 27832 raft_consensus.cc:515] T 5ab59e4104ae401595cf98deb8db66fe P d98a85581f76495a8d801cbfd6a88983 [term 0 FOLLOWER]: Starting pre-election with config: opid_index: -1 OBSOLETE_local: false peers { permanent_uuid: "31c3b3e53ff74bfbab9c4a25093d25cc" member_type: VOTER last_known_addr { host: "127.24.109.1" port: 40571 } } peers { permanent_uuid: "eac1645491f94d81a27716b82aad4f40" member_type: VOTER last_known_addr { host: "127.24.109.2" port: 38031 } } peers { permanent_uuid: "d98a85581f76495a8d801cbfd6a88983" member_type: VOTER last_known_addr { host: "127.24.109.3" port: 36021 } }
I20260608 09:57:09.505832 27631 tablet_service.cc:1917] Received RequestConsensusVote() RPC: tablet_id: "5ab59e4104ae401595cf98deb8db66fe" candidate_uuid: "d98a85581f76495a8d801cbfd6a88983" candidate_term: 1 candidate_status { last_received { term: 0 index: 0 } } ignore_live_leader: false dest_uuid: "31c3b3e53ff74bfbab9c4a25093d25cc" is_pre_election: true
I20260608 09:57:09.506160 27706 tablet_service.cc:1917] Received RequestConsensusVote() RPC: tablet_id: "5ab59e4104ae401595cf98deb8db66fe" candidate_uuid: "d98a85581f76495a8d801cbfd6a88983" candidate_term: 1 candidate_status { last_received { term: 0 index: 0 } } ignore_live_leader: false dest_uuid: "eac1645491f94d81a27716b82aad4f40" is_pre_election: true
I20260608 09:57:09.506524 27631 raft_consensus.cc:2468] T 5ab59e4104ae401595cf98deb8db66fe P 31c3b3e53ff74bfbab9c4a25093d25cc [term 0 FOLLOWER]: Leader pre-election vote request: Granting yes vote for candidate d98a85581f76495a8d801cbfd6a88983 in term 0.
I20260608 09:57:09.506889 27706 raft_consensus.cc:2468] T 5ab59e4104ae401595cf98deb8db66fe P eac1645491f94d81a27716b82aad4f40 [term 0 FOLLOWER]: Leader pre-election vote request: Granting yes vote for candidate d98a85581f76495a8d801cbfd6a88983 in term 0.
I20260608 09:57:09.507910 27743 leader_election.cc:304] T 5ab59e4104ae401595cf98deb8db66fe P d98a85581f76495a8d801cbfd6a88983 [CANDIDATE]: Term 1 pre-election: Election decided. Result: candidate won. Election summary: received 2 responses out of 3 voters: 2 yes votes; 0 no votes. yes voters: 31c3b3e53ff74bfbab9c4a25093d25cc, d98a85581f76495a8d801cbfd6a88983; no voters: 
I20260608 09:57:09.508426 27832 leader_election.cc:290] T 5ab59e4104ae401595cf98deb8db66fe P d98a85581f76495a8d801cbfd6a88983 [CANDIDATE]: Term 1 pre-election: Requested pre-vote from peers 31c3b3e53ff74bfbab9c4a25093d25cc (127.24.109.1:40571), eac1645491f94d81a27716b82aad4f40 (127.24.109.2:38031)
I20260608 09:57:09.510267 27845 raft_consensus.cc:2804] T 5ab59e4104ae401595cf98deb8db66fe P d98a85581f76495a8d801cbfd6a88983 [term 0 FOLLOWER]: Leader pre-election won for term 1
I20260608 09:57:09.510694 27845 raft_consensus.cc:493] T 5ab59e4104ae401595cf98deb8db66fe P d98a85581f76495a8d801cbfd6a88983 [term 0 FOLLOWER]: Starting leader election (no leader contacted us within the election timeout)
I20260608 09:57:09.511089 27845 raft_consensus.cc:3060] T 5ab59e4104ae401595cf98deb8db66fe P d98a85581f76495a8d801cbfd6a88983 [term 0 FOLLOWER]: Advancing to term 1
I20260608 09:57:09.511350 27780 tablet_service.cc:1917] Received RequestConsensusVote() RPC: tablet_id: "5ab59e4104ae401595cf98deb8db66fe" candidate_uuid: "eac1645491f94d81a27716b82aad4f40" candidate_term: 1 candidate_status { last_received { term: 0 index: 0 } } ignore_live_leader: false dest_uuid: "d98a85581f76495a8d801cbfd6a88983" is_pre_election: true
I20260608 09:57:09.511350 27631 tablet_service.cc:1917] Received RequestConsensusVote() RPC: tablet_id: "5ab59e4104ae401595cf98deb8db66fe" candidate_uuid: "eac1645491f94d81a27716b82aad4f40" candidate_term: 1 candidate_status { last_received { term: 0 index: 0 } } ignore_live_leader: false dest_uuid: "31c3b3e53ff74bfbab9c4a25093d25cc" is_pre_election: true
I20260608 09:57:09.512434 27631 raft_consensus.cc:2468] T 5ab59e4104ae401595cf98deb8db66fe P 31c3b3e53ff74bfbab9c4a25093d25cc [term 0 FOLLOWER]: Leader pre-election vote request: Granting yes vote for candidate eac1645491f94d81a27716b82aad4f40 in term 0.
I20260608 09:57:09.513616 27669 leader_election.cc:304] T 5ab59e4104ae401595cf98deb8db66fe P eac1645491f94d81a27716b82aad4f40 [CANDIDATE]: Term 1 pre-election: Election decided. Result: candidate won. Election summary: received 2 responses out of 3 voters: 2 yes votes; 0 no votes. yes voters: 31c3b3e53ff74bfbab9c4a25093d25cc, eac1645491f94d81a27716b82aad4f40; no voters: 
I20260608 09:57:09.514343 27830 raft_consensus.cc:2804] T 5ab59e4104ae401595cf98deb8db66fe P eac1645491f94d81a27716b82aad4f40 [term 0 FOLLOWER]: Leader pre-election won for term 1
I20260608 09:57:09.514652 27830 raft_consensus.cc:493] T 5ab59e4104ae401595cf98deb8db66fe P eac1645491f94d81a27716b82aad4f40 [term 0 FOLLOWER]: Starting leader election (no leader contacted us within the election timeout)
I20260608 09:57:09.514961 27830 raft_consensus.cc:3060] T 5ab59e4104ae401595cf98deb8db66fe P eac1645491f94d81a27716b82aad4f40 [term 0 FOLLOWER]: Advancing to term 1
I20260608 09:57:09.516708 27845 raft_consensus.cc:515] T 5ab59e4104ae401595cf98deb8db66fe P d98a85581f76495a8d801cbfd6a88983 [term 1 FOLLOWER]: Starting leader election with config: opid_index: -1 OBSOLETE_local: false peers { permanent_uuid: "31c3b3e53ff74bfbab9c4a25093d25cc" member_type: VOTER last_known_addr { host: "127.24.109.1" port: 40571 } } peers { permanent_uuid: "eac1645491f94d81a27716b82aad4f40" member_type: VOTER last_known_addr { host: "127.24.109.2" port: 38031 } } peers { permanent_uuid: "d98a85581f76495a8d801cbfd6a88983" member_type: VOTER last_known_addr { host: "127.24.109.3" port: 36021 } }
I20260608 09:57:09.517750 27780 raft_consensus.cc:2393] T 5ab59e4104ae401595cf98deb8db66fe P d98a85581f76495a8d801cbfd6a88983 [term 1 FOLLOWER]: Leader pre-election vote request: Denying vote to candidate eac1645491f94d81a27716b82aad4f40 in current term 1: Already voted for candidate d98a85581f76495a8d801cbfd6a88983 in this term.
I20260608 09:57:09.518627 27845 leader_election.cc:290] T 5ab59e4104ae401595cf98deb8db66fe P d98a85581f76495a8d801cbfd6a88983 [CANDIDATE]: Term 1 election: Requested vote from peers 31c3b3e53ff74bfbab9c4a25093d25cc (127.24.109.1:40571), eac1645491f94d81a27716b82aad4f40 (127.24.109.2:38031)
I20260608 09:57:09.519906 27706 tablet_service.cc:1917] Received RequestConsensusVote() RPC: tablet_id: "5ab59e4104ae401595cf98deb8db66fe" candidate_uuid: "d98a85581f76495a8d801cbfd6a88983" candidate_term: 1 candidate_status { last_received { term: 0 index: 0 } } ignore_live_leader: false dest_uuid: "eac1645491f94d81a27716b82aad4f40"
I20260608 09:57:09.519906 27631 tablet_service.cc:1917] Received RequestConsensusVote() RPC: tablet_id: "5ab59e4104ae401595cf98deb8db66fe" candidate_uuid: "d98a85581f76495a8d801cbfd6a88983" candidate_term: 1 candidate_status { last_received { term: 0 index: 0 } } ignore_live_leader: false dest_uuid: "31c3b3e53ff74bfbab9c4a25093d25cc"
I20260608 09:57:09.520709 27631 raft_consensus.cc:3060] T 5ab59e4104ae401595cf98deb8db66fe P 31c3b3e53ff74bfbab9c4a25093d25cc [term 0 FOLLOWER]: Advancing to term 1
I20260608 09:57:09.521005 27830 raft_consensus.cc:515] T 5ab59e4104ae401595cf98deb8db66fe P eac1645491f94d81a27716b82aad4f40 [term 1 FOLLOWER]: Starting leader election with config: opid_index: -1 OBSOLETE_local: false peers { permanent_uuid: "31c3b3e53ff74bfbab9c4a25093d25cc" member_type: VOTER last_known_addr { host: "127.24.109.1" port: 40571 } } peers { permanent_uuid: "eac1645491f94d81a27716b82aad4f40" member_type: VOTER last_known_addr { host: "127.24.109.2" port: 38031 } } peers { permanent_uuid: "d98a85581f76495a8d801cbfd6a88983" member_type: VOTER last_known_addr { host: "127.24.109.3" port: 36021 } }
I20260608 09:57:09.522161 27706 raft_consensus.cc:2393] T 5ab59e4104ae401595cf98deb8db66fe P eac1645491f94d81a27716b82aad4f40 [term 1 FOLLOWER]: Leader election vote request: Denying vote to candidate d98a85581f76495a8d801cbfd6a88983 in current term 1: Already voted for candidate eac1645491f94d81a27716b82aad4f40 in this term.
I20260608 09:57:09.523677 27630 tablet_service.cc:1917] Received RequestConsensusVote() RPC: tablet_id: "5ab59e4104ae401595cf98deb8db66fe" candidate_uuid: "eac1645491f94d81a27716b82aad4f40" candidate_term: 1 candidate_status { last_received { term: 0 index: 0 } } ignore_live_leader: false dest_uuid: "31c3b3e53ff74bfbab9c4a25093d25cc"
I20260608 09:57:09.524390 27780 tablet_service.cc:1917] Received RequestConsensusVote() RPC: tablet_id: "5ab59e4104ae401595cf98deb8db66fe" candidate_uuid: "eac1645491f94d81a27716b82aad4f40" candidate_term: 1 candidate_status { last_received { term: 0 index: 0 } } ignore_live_leader: false dest_uuid: "d98a85581f76495a8d801cbfd6a88983"
I20260608 09:57:09.525336 27780 raft_consensus.cc:2393] T 5ab59e4104ae401595cf98deb8db66fe P d98a85581f76495a8d801cbfd6a88983 [term 1 FOLLOWER]: Leader election vote request: Denying vote to candidate eac1645491f94d81a27716b82aad4f40 in current term 1: Already voted for candidate d98a85581f76495a8d801cbfd6a88983 in this term.
I20260608 09:57:09.525952 27830 leader_election.cc:290] T 5ab59e4104ae401595cf98deb8db66fe P eac1645491f94d81a27716b82aad4f40 [CANDIDATE]: Term 1 election: Requested vote from peers 31c3b3e53ff74bfbab9c4a25093d25cc (127.24.109.1:40571), d98a85581f76495a8d801cbfd6a88983 (127.24.109.3:36021)
I20260608 09:57:09.526419 27671 leader_election.cc:304] T 5ab59e4104ae401595cf98deb8db66fe P eac1645491f94d81a27716b82aad4f40 [CANDIDATE]: Term 1 election: Election decided. Result: candidate lost. Election summary: received 3 responses out of 3 voters: 1 yes votes; 2 no votes. yes voters: eac1645491f94d81a27716b82aad4f40; no voters: 31c3b3e53ff74bfbab9c4a25093d25cc, d98a85581f76495a8d801cbfd6a88983
I20260608 09:57:09.526561 27631 raft_consensus.cc:2468] T 5ab59e4104ae401595cf98deb8db66fe P 31c3b3e53ff74bfbab9c4a25093d25cc [term 1 FOLLOWER]: Leader election vote request: Granting yes vote for candidate d98a85581f76495a8d801cbfd6a88983 in term 1.
I20260608 09:57:09.527343 27830 raft_consensus.cc:2749] T 5ab59e4104ae401595cf98deb8db66fe P eac1645491f94d81a27716b82aad4f40 [term 1 FOLLOWER]: Leader election lost for term 1. Reason: could not achieve majority
I20260608 09:57:09.527806 27743 leader_election.cc:304] T 5ab59e4104ae401595cf98deb8db66fe P d98a85581f76495a8d801cbfd6a88983 [CANDIDATE]: Term 1 election: Election decided. Result: candidate won. Election summary: received 3 responses out of 3 voters: 2 yes votes; 1 no votes. yes voters: 31c3b3e53ff74bfbab9c4a25093d25cc, d98a85581f76495a8d801cbfd6a88983; no voters: eac1645491f94d81a27716b82aad4f40
I20260608 09:57:09.528468 27845 raft_consensus.cc:2804] T 5ab59e4104ae401595cf98deb8db66fe P d98a85581f76495a8d801cbfd6a88983 [term 1 FOLLOWER]: Leader election won for term 1
I20260608 09:57:09.528918 27845 raft_consensus.cc:697] T 5ab59e4104ae401595cf98deb8db66fe P d98a85581f76495a8d801cbfd6a88983 [term 1 LEADER]: Becoming Leader. State: Replica: d98a85581f76495a8d801cbfd6a88983, State: Running, Role: LEADER
I20260608 09:57:09.529628 27845 consensus_queue.cc:237] T 5ab59e4104ae401595cf98deb8db66fe P d98a85581f76495a8d801cbfd6a88983 [LEADER]: Queue going to LEADER mode. State: All replicated index: 0, Majority replicated index: 0, Committed index: 0, Last appended: 0.0, Last appended by leader: 0, Current term: 1, Majority size: 2, State: 0, Mode: LEADER, active raft config: opid_index: -1 OBSOLETE_local: false peers { permanent_uuid: "31c3b3e53ff74bfbab9c4a25093d25cc" member_type: VOTER last_known_addr { host: "127.24.109.1" port: 40571 } } peers { permanent_uuid: "eac1645491f94d81a27716b82aad4f40" member_type: VOTER last_known_addr { host: "127.24.109.2" port: 38031 } } peers { permanent_uuid: "d98a85581f76495a8d801cbfd6a88983" member_type: VOTER last_known_addr { host: "127.24.109.3" port: 36021 } }
I20260608 09:57:09.536440 27529 catalog_manager.cc:5696] T 5ab59e4104ae401595cf98deb8db66fe P d98a85581f76495a8d801cbfd6a88983 reported cstate change: term changed from 0 to 1, leader changed from <none> to d98a85581f76495a8d801cbfd6a88983 (127.24.109.3). New cstate: current_term: 1 leader_uuid: "d98a85581f76495a8d801cbfd6a88983" committed_config { opid_index: -1 OBSOLETE_local: false peers { permanent_uuid: "31c3b3e53ff74bfbab9c4a25093d25cc" member_type: VOTER last_known_addr { host: "127.24.109.1" port: 40571 } health_report { overall_health: UNKNOWN } } peers { permanent_uuid: "eac1645491f94d81a27716b82aad4f40" member_type: VOTER last_known_addr { host: "127.24.109.2" port: 38031 } health_report { overall_health: UNKNOWN } } peers { permanent_uuid: "d98a85581f76495a8d801cbfd6a88983" member_type: VOTER last_known_addr { host: "127.24.109.3" port: 36021 } health_report { overall_health: HEALTHY } } }
I20260608 09:57:09.625247 25012 tablet_server.cc:179] TabletServer@127.24.109.1:0 shutting down...
I20260608 09:57:09.643577 25012 ts_tablet_manager.cc:1507] Shutting down tablet manager...
I20260608 09:57:09.644461 25012 tablet_replica.cc:333] T 5ab59e4104ae401595cf98deb8db66fe P 31c3b3e53ff74bfbab9c4a25093d25cc: stopping tablet replica
I20260608 09:57:09.645071 25012 raft_consensus.cc:2243] T 5ab59e4104ae401595cf98deb8db66fe P 31c3b3e53ff74bfbab9c4a25093d25cc [term 1 FOLLOWER]: Raft consensus shutting down.
I20260608 09:57:09.645484 25012 raft_consensus.cc:2272] T 5ab59e4104ae401595cf98deb8db66fe P 31c3b3e53ff74bfbab9c4a25093d25cc [term 1 FOLLOWER]: Raft consensus is shut down!
I20260608 09:57:09.647646 25012 tablet_replica.cc:333] T cec01404e86f4ea88959ebb9f9a4dc2c P 31c3b3e53ff74bfbab9c4a25093d25cc: stopping tablet replica
I20260608 09:57:09.648165 25012 raft_consensus.cc:2243] T cec01404e86f4ea88959ebb9f9a4dc2c P 31c3b3e53ff74bfbab9c4a25093d25cc [term 1 LEADER]: Raft consensus shutting down.
I20260608 09:57:09.648732 25012 pending_rounds.cc:70] T cec01404e86f4ea88959ebb9f9a4dc2c P 31c3b3e53ff74bfbab9c4a25093d25cc: Trying to abort 1 pending ops.
I20260608 09:57:09.648934 25012 pending_rounds.cc:77] T cec01404e86f4ea88959ebb9f9a4dc2c P 31c3b3e53ff74bfbab9c4a25093d25cc: Aborting op as it isn't in flight: id { term: 1 index: 1 } timestamp: 7294618129628803072 op_type: NO_OP noop_request { }
I20260608 09:57:09.649248 25012 raft_consensus.cc:2889] T cec01404e86f4ea88959ebb9f9a4dc2c P 31c3b3e53ff74bfbab9c4a25093d25cc [term 1 LEADER]: NO_OP replication failed: Aborted: Op aborted
I20260608 09:57:09.649524 25012 raft_consensus.cc:2272] T cec01404e86f4ea88959ebb9f9a4dc2c P 31c3b3e53ff74bfbab9c4a25093d25cc [term 1 FOLLOWER]: Raft consensus is shut down!
I20260608 09:57:09.651674 25012 tablet_replica.cc:333] T d7e489cbcc4a412a9877fe0b34be5f66 P 31c3b3e53ff74bfbab9c4a25093d25cc: stopping tablet replica
I20260608 09:57:09.652177 25012 raft_consensus.cc:2243] T d7e489cbcc4a412a9877fe0b34be5f66 P 31c3b3e53ff74bfbab9c4a25093d25cc [term 1 FOLLOWER]: Raft consensus shutting down.
I20260608 09:57:09.652546 25012 raft_consensus.cc:2272] T d7e489cbcc4a412a9877fe0b34be5f66 P 31c3b3e53ff74bfbab9c4a25093d25cc [term 1 FOLLOWER]: Raft consensus is shut down!
I20260608 09:57:09.654088 25012 tablet_replica.cc:333] T 3a6ce3cdbf0c45edbc454e972fbb493d P 31c3b3e53ff74bfbab9c4a25093d25cc: stopping tablet replica
I20260608 09:57:09.654557 25012 raft_consensus.cc:2243] T 3a6ce3cdbf0c45edbc454e972fbb493d P 31c3b3e53ff74bfbab9c4a25093d25cc [term 1 FOLLOWER]: Raft consensus shutting down.
I20260608 09:57:09.654943 25012 raft_consensus.cc:2272] T 3a6ce3cdbf0c45edbc454e972fbb493d P 31c3b3e53ff74bfbab9c4a25093d25cc [term 1 FOLLOWER]: Raft consensus is shut down!
I20260608 09:57:09.677342 25012 tablet_server.cc:196] TabletServer@127.24.109.1:0 shutdown complete.
W20260608 09:57:09.677810 27743 proxy.cc:239] Call had error, refreshing address and retrying: Network error: Client connection negotiation failed: client connection to 127.24.109.1:40571: connect: Connection refused (error 111) [suppressed 13 similar messages]
W20260608 09:57:09.681214 27743 consensus_peers.cc:597] T 3a6ce3cdbf0c45edbc454e972fbb493d P d98a85581f76495a8d801cbfd6a88983 -> Peer 31c3b3e53ff74bfbab9c4a25093d25cc (127.24.109.1:40571): Couldn't send request to peer 31c3b3e53ff74bfbab9c4a25093d25cc. Status: Network error: Client connection negotiation failed: client connection to 127.24.109.1:40571: connect: Connection refused (error 111). This is attempt 1: this message will repeat every 5th retry.
I20260608 09:57:09.689352 25012 tablet_server.cc:179] TabletServer@127.24.109.2:0 shutting down...
I20260608 09:57:09.707106 25012 ts_tablet_manager.cc:1507] Shutting down tablet manager...
I20260608 09:57:09.707859 25012 tablet_replica.cc:333] T cec01404e86f4ea88959ebb9f9a4dc2c P eac1645491f94d81a27716b82aad4f40: stopping tablet replica
I20260608 09:57:09.708587 25012 raft_consensus.cc:2243] T cec01404e86f4ea88959ebb9f9a4dc2c P eac1645491f94d81a27716b82aad4f40 [term 1 FOLLOWER]: Raft consensus shutting down.
I20260608 09:57:09.709092 25012 raft_consensus.cc:2272] T cec01404e86f4ea88959ebb9f9a4dc2c P eac1645491f94d81a27716b82aad4f40 [term 1 FOLLOWER]: Raft consensus is shut down!
I20260608 09:57:09.711061 25012 tablet_replica.cc:333] T 5ab59e4104ae401595cf98deb8db66fe P eac1645491f94d81a27716b82aad4f40: stopping tablet replica
I20260608 09:57:09.711630 25012 raft_consensus.cc:2243] T 5ab59e4104ae401595cf98deb8db66fe P eac1645491f94d81a27716b82aad4f40 [term 1 FOLLOWER]: Raft consensus shutting down.
W20260608 09:57:09.711984 27744 consensus_peers.cc:597] T 3a6ce3cdbf0c45edbc454e972fbb493d P d98a85581f76495a8d801cbfd6a88983 -> Peer eac1645491f94d81a27716b82aad4f40 (127.24.109.2:38031): Couldn't send request to peer eac1645491f94d81a27716b82aad4f40. Status: Remote error: Service unavailable: service kudu.consensus.ConsensusService not registered on TabletServer. This is attempt 1: this message will repeat every 5th retry.
I20260608 09:57:09.712010 25012 raft_consensus.cc:2272] T 5ab59e4104ae401595cf98deb8db66fe P eac1645491f94d81a27716b82aad4f40 [term 1 FOLLOWER]: Raft consensus is shut down!
I20260608 09:57:09.713896 25012 tablet_replica.cc:333] T d7e489cbcc4a412a9877fe0b34be5f66 P eac1645491f94d81a27716b82aad4f40: stopping tablet replica
I20260608 09:57:09.714394 25012 raft_consensus.cc:2243] T d7e489cbcc4a412a9877fe0b34be5f66 P eac1645491f94d81a27716b82aad4f40 [term 1 FOLLOWER]: Raft consensus shutting down.
I20260608 09:57:09.714748 25012 raft_consensus.cc:2272] T d7e489cbcc4a412a9877fe0b34be5f66 P eac1645491f94d81a27716b82aad4f40 [term 1 FOLLOWER]: Raft consensus is shut down!
I20260608 09:57:09.716387 25012 tablet_replica.cc:333] T 3a6ce3cdbf0c45edbc454e972fbb493d P eac1645491f94d81a27716b82aad4f40: stopping tablet replica
I20260608 09:57:09.716862 25012 raft_consensus.cc:2243] T 3a6ce3cdbf0c45edbc454e972fbb493d P eac1645491f94d81a27716b82aad4f40 [term 1 FOLLOWER]: Raft consensus shutting down.
I20260608 09:57:09.717223 25012 raft_consensus.cc:2272] T 3a6ce3cdbf0c45edbc454e972fbb493d P eac1645491f94d81a27716b82aad4f40 [term 1 FOLLOWER]: Raft consensus is shut down!
I20260608 09:57:09.738502 25012 tablet_server.cc:196] TabletServer@127.24.109.2:0 shutdown complete.
I20260608 09:57:09.750499 25012 tablet_server.cc:179] TabletServer@127.24.109.3:0 shutting down...
I20260608 09:57:09.769191 25012 ts_tablet_manager.cc:1507] Shutting down tablet manager...
I20260608 09:57:09.769775 25012 tablet_replica.cc:333] T d7e489cbcc4a412a9877fe0b34be5f66 P d98a85581f76495a8d801cbfd6a88983: stopping tablet replica
I20260608 09:57:09.770331 25012 raft_consensus.cc:2243] T d7e489cbcc4a412a9877fe0b34be5f66 P d98a85581f76495a8d801cbfd6a88983 [term 1 LEADER]: Raft consensus shutting down.
I20260608 09:57:09.770916 25012 pending_rounds.cc:70] T d7e489cbcc4a412a9877fe0b34be5f66 P d98a85581f76495a8d801cbfd6a88983: Trying to abort 1 pending ops.
I20260608 09:57:09.771096 25012 pending_rounds.cc:77] T d7e489cbcc4a412a9877fe0b34be5f66 P d98a85581f76495a8d801cbfd6a88983: Aborting op as it isn't in flight: id { term: 1 index: 1 } timestamp: 7294618130132742144 op_type: NO_OP noop_request { }
I20260608 09:57:09.771338 25012 raft_consensus.cc:2889] T d7e489cbcc4a412a9877fe0b34be5f66 P d98a85581f76495a8d801cbfd6a88983 [term 1 LEADER]: NO_OP replication failed: Aborted: Op aborted
I20260608 09:57:09.771735 25012 raft_consensus.cc:2272] T d7e489cbcc4a412a9877fe0b34be5f66 P d98a85581f76495a8d801cbfd6a88983 [term 1 FOLLOWER]: Raft consensus is shut down!
I20260608 09:57:09.773806 25012 tablet_replica.cc:333] T cec01404e86f4ea88959ebb9f9a4dc2c P d98a85581f76495a8d801cbfd6a88983: stopping tablet replica
I20260608 09:57:09.774317 25012 raft_consensus.cc:2243] T cec01404e86f4ea88959ebb9f9a4dc2c P d98a85581f76495a8d801cbfd6a88983 [term 1 FOLLOWER]: Raft consensus shutting down.
I20260608 09:57:09.774664 25012 raft_consensus.cc:2272] T cec01404e86f4ea88959ebb9f9a4dc2c P d98a85581f76495a8d801cbfd6a88983 [term 1 FOLLOWER]: Raft consensus is shut down!
I20260608 09:57:09.776407 25012 tablet_replica.cc:333] T 5ab59e4104ae401595cf98deb8db66fe P d98a85581f76495a8d801cbfd6a88983: stopping tablet replica
I20260608 09:57:09.776903 25012 raft_consensus.cc:2243] T 5ab59e4104ae401595cf98deb8db66fe P d98a85581f76495a8d801cbfd6a88983 [term 1 LEADER]: Raft consensus shutting down.
I20260608 09:57:09.777436 25012 pending_rounds.cc:70] T 5ab59e4104ae401595cf98deb8db66fe P d98a85581f76495a8d801cbfd6a88983: Trying to abort 1 pending ops.
I20260608 09:57:09.777607 25012 pending_rounds.cc:77] T 5ab59e4104ae401595cf98deb8db66fe P d98a85581f76495a8d801cbfd6a88983: Aborting op as it isn't in flight: id { term: 1 index: 1 } timestamp: 7294618130560143360 op_type: NO_OP noop_request { }
I20260608 09:57:09.777838 25012 raft_consensus.cc:2889] T 5ab59e4104ae401595cf98deb8db66fe P d98a85581f76495a8d801cbfd6a88983 [term 1 LEADER]: NO_OP replication failed: Aborted: Op aborted
I20260608 09:57:09.778081 25012 raft_consensus.cc:2272] T 5ab59e4104ae401595cf98deb8db66fe P d98a85581f76495a8d801cbfd6a88983 [term 1 FOLLOWER]: Raft consensus is shut down!
I20260608 09:57:09.780148 25012 tablet_replica.cc:333] T 3a6ce3cdbf0c45edbc454e972fbb493d P d98a85581f76495a8d801cbfd6a88983: stopping tablet replica
I20260608 09:57:09.780594 25012 raft_consensus.cc:2243] T 3a6ce3cdbf0c45edbc454e972fbb493d P d98a85581f76495a8d801cbfd6a88983 [term 1 LEADER]: Raft consensus shutting down.
I20260608 09:57:09.781265 25012 pending_rounds.cc:70] T 3a6ce3cdbf0c45edbc454e972fbb493d P d98a85581f76495a8d801cbfd6a88983: Trying to abort 1 pending ops.
I20260608 09:57:09.781457 25012 pending_rounds.cc:77] T 3a6ce3cdbf0c45edbc454e972fbb493d P d98a85581f76495a8d801cbfd6a88983: Aborting op as it isn't in flight: id { term: 1 index: 1 } timestamp: 7294618129304477696 op_type: NO_OP noop_request { }
I20260608 09:57:09.781692 25012 raft_consensus.cc:2889] T 3a6ce3cdbf0c45edbc454e972fbb493d P d98a85581f76495a8d801cbfd6a88983 [term 1 LEADER]: NO_OP replication failed: Aborted: Op aborted
I20260608 09:57:09.781934 25012 raft_consensus.cc:2272] T 3a6ce3cdbf0c45edbc454e972fbb493d P d98a85581f76495a8d801cbfd6a88983 [term 1 FOLLOWER]: Raft consensus is shut down!
I20260608 09:57:09.804731 25012 tablet_server.cc:196] TabletServer@127.24.109.3:0 shutdown complete.
I20260608 09:57:09.815372 25012 master.cc:562] Master@127.24.109.62:33199 shutting down...
I20260608 09:57:09.830715 25012 raft_consensus.cc:2243] T 00000000000000000000000000000000 P 3c39cf0261f2487d9cb37663ba34ab34 [term 1 LEADER]: Raft consensus shutting down.
I20260608 09:57:09.831192 25012 raft_consensus.cc:2272] T 00000000000000000000000000000000 P 3c39cf0261f2487d9cb37663ba34ab34 [term 1 FOLLOWER]: Raft consensus is shut down!
I20260608 09:57:09.831545 25012 tablet_replica.cc:333] T 00000000000000000000000000000000 P 3c39cf0261f2487d9cb37663ba34ab34: stopping tablet replica
I20260608 09:57:09.840433 25012 master.cc:584] Master@127.24.109.62:33199 shutdown complete.
[       OK ] AutoRebalancerTest.RangeAwareBuildClusterInfoGroupsByRange (2563 ms)
[ RUN      ] AutoRebalancerTest.RangeAwareRebalancesNewRangeReplicas
I20260608 09:57:09.871937 25012 internal_mini_cluster.cc:156] Creating distributed mini masters. Addrs: 127.24.109.62:38393
I20260608 09:57:09.873003 25012 file_cache.cc:492] Constructed file cache file cache with capacity 419430
W20260608 09:57:09.877800 27856 instance_detector.cc:116] could not retrieve AWS instance metadata: Network error: curl error: HTTP response code said error: The requested URL returned error: 404
W20260608 09:57:09.878947 27857 instance_detector.cc:116] could not retrieve Azure instance metadata: Network error: curl error: HTTP response code said error: The requested URL returned error: 404
W20260608 09:57:09.879537 27859 instance_detector.cc:116] could not retrieve OpenStack instance metadata: Network error: curl error: HTTP response code said error: The requested URL returned error: 404
I20260608 09:57:09.880113 25012 server_base.cc:1061] running on GCE node
I20260608 09:57:09.881037 25012 hybrid_clock.cc:584] initializing the hybrid clock with 'system_unsync' time source
W20260608 09:57:09.881211 25012 system_unsync_time.cc:38] NTP support is disabled. Clock error bounds will not be accurate. This configuration is not suitable for distributed clusters.
I20260608 09:57:09.881330 25012 hybrid_clock.cc:648] HybridClock initialized: now 1780912629881318 us; error 0 us; skew 500 ppm
I20260608 09:57:09.881852 25012 server_base.cc:861] Flag tcmalloc_max_total_thread_cache_bytes is not working since tcmalloc is not enabled.
I20260608 09:57:09.884140 25012 webserver.cc:533] Webserver started at http://127.24.109.62:42193/ using document root <none> and password file <none>
I20260608 09:57:09.884615 25012 fs_manager.cc:362] Metadata directory not provided
I20260608 09:57:09.884786 25012 fs_manager.cc:368] Using write-ahead log directory (fs_wal_dir) as metadata directory
I20260608 09:57:09.884995 25012 server_base.cc:909] This appears to be a new deployment of Kudu; creating new FS layout
I20260608 09:57:09.886044 25012 fs_manager.cc:1068] Generated new instance metadata in path /tmp/dist-test-taskRMuFxn/test-tmp/auto_rebalancer-test.0.AutoRebalancerTest.RangeAwareRebalancesNewRangeReplicas.1780912556378212-25012-0/minicluster-data/master-0-root/instance:
uuid: "8d0b3f7be8274ddc9980ecf532c592fe"
format_stamp: "Formatted at 2026-06-08 09:57:09 on dist-test-slave-mtz6"
I20260608 09:57:09.890664 25012 fs_manager.cc:696] Time spent creating directory manager: real 0.004s	user 0.006s	sys 0.000s
I20260608 09:57:09.894059 27864 log_block_manager.cc:4031] Time spent loading block containers with low live blocks: real 0.000s	user 0.000s	sys 0.000s
I20260608 09:57:09.894820 25012 fs_manager.cc:730] Time spent opening block manager: real 0.002s	user 0.002s	sys 0.000s
I20260608 09:57:09.895062 25012 fs_manager.cc:647] Opened local filesystem: /tmp/dist-test-taskRMuFxn/test-tmp/auto_rebalancer-test.0.AutoRebalancerTest.RangeAwareRebalancesNewRangeReplicas.1780912556378212-25012-0/minicluster-data/master-0-root
uuid: "8d0b3f7be8274ddc9980ecf532c592fe"
format_stamp: "Formatted at 2026-06-08 09:57:09 on dist-test-slave-mtz6"
I20260608 09:57:09.895288 25012 fs_report.cc:389] FS layout report
--------------------
wal directory: /tmp/dist-test-taskRMuFxn/test-tmp/auto_rebalancer-test.0.AutoRebalancerTest.RangeAwareRebalancesNewRangeReplicas.1780912556378212-25012-0/minicluster-data/master-0-root
metadata directory: /tmp/dist-test-taskRMuFxn/test-tmp/auto_rebalancer-test.0.AutoRebalancerTest.RangeAwareRebalancesNewRangeReplicas.1780912556378212-25012-0/minicluster-data/master-0-root
1 data directories: /tmp/dist-test-taskRMuFxn/test-tmp/auto_rebalancer-test.0.AutoRebalancerTest.RangeAwareRebalancesNewRangeReplicas.1780912556378212-25012-0/minicluster-data/master-0-root/data
Total live blocks: 0
Total live bytes: 0
Total live bytes (after alignment): 0
Total number of LBM containers: 0 (0 full)
Did not check for missing blocks
Did not check for orphaned blocks
Total full LBM containers with extra space: 0 (0 repaired)
Total full LBM container extra space in bytes: 0 (0 repaired)
Total incomplete LBM containers: 0 (0 repaired)
Total LBM partial records: 0 (0 repaired)
Total corrupted LBM metadata records in RocksDB: 0 (0 repaired)
I20260608 09:57:09.917594 25012 rpc_server.cc:225] running with OpenSSL 1.1.1  11 Sep 2018
I20260608 09:57:09.918573 25012 kserver.cc:163] Server-wide thread pool size limit: 3276
I20260608 09:57:09.955574 25012 rpc_server.cc:307] RPC server started. Bound to: 127.24.109.62:38393
I20260608 09:57:09.955689 27915 acceptor_pool.cc:272] collecting diagnostics on the listening RPC socket 127.24.109.62:38393 every 8 connection(s)
I20260608 09:57:09.959553 27916 data_dirs.cc:400] Could only allocate 1 dirs of requested 3 for tablet 00000000000000000000000000000000. 1 dirs total, 0 dirs full, 0 dirs failed
I20260608 09:57:09.969271 27916 tablet_bootstrap.cc:492] T 00000000000000000000000000000000 P 8d0b3f7be8274ddc9980ecf532c592fe: Bootstrap starting.
I20260608 09:57:09.973552 27916 tablet_bootstrap.cc:654] T 00000000000000000000000000000000 P 8d0b3f7be8274ddc9980ecf532c592fe: Neither blocks nor log segments found. Creating new log.
I20260608 09:57:09.977533 27916 tablet_bootstrap.cc:492] T 00000000000000000000000000000000 P 8d0b3f7be8274ddc9980ecf532c592fe: No bootstrap required, opened a new log
I20260608 09:57:09.979605 27916 raft_consensus.cc:359] T 00000000000000000000000000000000 P 8d0b3f7be8274ddc9980ecf532c592fe [term 0 FOLLOWER]: Replica starting. Triggering 0 pending ops. Active config: opid_index: -1 OBSOLETE_local: true peers { permanent_uuid: "8d0b3f7be8274ddc9980ecf532c592fe" member_type: VOTER }
I20260608 09:57:09.979976 27916 raft_consensus.cc:385] T 00000000000000000000000000000000 P 8d0b3f7be8274ddc9980ecf532c592fe [term 0 FOLLOWER]: Consensus starting up: Expiring failure detector timer to make a prompt election more likely
I20260608 09:57:09.980149 27916 raft_consensus.cc:740] T 00000000000000000000000000000000 P 8d0b3f7be8274ddc9980ecf532c592fe [term 0 FOLLOWER]: Becoming Follower/Learner. State: Replica: 8d0b3f7be8274ddc9980ecf532c592fe, State: Initialized, Role: FOLLOWER
I20260608 09:57:09.980744 27916 consensus_queue.cc:260] T 00000000000000000000000000000000 P 8d0b3f7be8274ddc9980ecf532c592fe [NON_LEADER]: Queue going to NON_LEADER mode. State: All replicated index: 0, Majority replicated index: 0, Committed index: 0, Last appended: 0.0, Last appended by leader: 0, Current term: 0, Majority size: -1, State: 0, Mode: NON_LEADER, active raft config: opid_index: -1 OBSOLETE_local: true peers { permanent_uuid: "8d0b3f7be8274ddc9980ecf532c592fe" member_type: VOTER }
I20260608 09:57:09.981137 27916 raft_consensus.cc:399] T 00000000000000000000000000000000 P 8d0b3f7be8274ddc9980ecf532c592fe [term 0 FOLLOWER]: Only one voter in the Raft config. Triggering election immediately
I20260608 09:57:09.981323 27916 raft_consensus.cc:493] T 00000000000000000000000000000000 P 8d0b3f7be8274ddc9980ecf532c592fe [term 0 FOLLOWER]: Starting leader election (initial election of a single-replica configuration)
I20260608 09:57:09.981531 27916 raft_consensus.cc:3060] T 00000000000000000000000000000000 P 8d0b3f7be8274ddc9980ecf532c592fe [term 0 FOLLOWER]: Advancing to term 1
I20260608 09:57:09.985634 27916 raft_consensus.cc:515] T 00000000000000000000000000000000 P 8d0b3f7be8274ddc9980ecf532c592fe [term 1 FOLLOWER]: Starting leader election with config: opid_index: -1 OBSOLETE_local: true peers { permanent_uuid: "8d0b3f7be8274ddc9980ecf532c592fe" member_type: VOTER }
I20260608 09:57:09.986094 27916 leader_election.cc:304] T 00000000000000000000000000000000 P 8d0b3f7be8274ddc9980ecf532c592fe [CANDIDATE]: Term 1 election: Election decided. Result: candidate won. Election summary: received 1 responses out of 1 voters: 1 yes votes; 0 no votes. yes voters: 8d0b3f7be8274ddc9980ecf532c592fe; no voters: 
I20260608 09:57:09.987164 27916 leader_election.cc:290] T 00000000000000000000000000000000 P 8d0b3f7be8274ddc9980ecf532c592fe [CANDIDATE]: Term 1 election: Requested vote from peers 
I20260608 09:57:09.987558 27919 raft_consensus.cc:2804] T 00000000000000000000000000000000 P 8d0b3f7be8274ddc9980ecf532c592fe [term 1 FOLLOWER]: Leader election won for term 1
I20260608 09:57:09.988929 27919 raft_consensus.cc:697] T 00000000000000000000000000000000 P 8d0b3f7be8274ddc9980ecf532c592fe [term 1 LEADER]: Becoming Leader. State: Replica: 8d0b3f7be8274ddc9980ecf532c592fe, State: Running, Role: LEADER
I20260608 09:57:09.989622 27919 consensus_queue.cc:237] T 00000000000000000000000000000000 P 8d0b3f7be8274ddc9980ecf532c592fe [LEADER]: Queue going to LEADER mode. State: All replicated index: 0, Majority replicated index: 0, Committed index: 0, Last appended: 0.0, Last appended by leader: 0, Current term: 1, Majority size: 1, State: 0, Mode: LEADER, active raft config: opid_index: -1 OBSOLETE_local: true peers { permanent_uuid: "8d0b3f7be8274ddc9980ecf532c592fe" member_type: VOTER }
I20260608 09:57:09.990384 27916 sys_catalog.cc:565] T 00000000000000000000000000000000 P 8d0b3f7be8274ddc9980ecf532c592fe [sys.catalog]: configured and running, proceeding with master startup.
I20260608 09:57:09.992635 27920 sys_catalog.cc:455] T 00000000000000000000000000000000 P 8d0b3f7be8274ddc9980ecf532c592fe [sys.catalog]: SysCatalogTable state changed. Reason: RaftConsensus started. Latest consensus state: current_term: 1 leader_uuid: "8d0b3f7be8274ddc9980ecf532c592fe" committed_config { opid_index: -1 OBSOLETE_local: true peers { permanent_uuid: "8d0b3f7be8274ddc9980ecf532c592fe" member_type: VOTER } }
I20260608 09:57:09.992690 27921 sys_catalog.cc:455] T 00000000000000000000000000000000 P 8d0b3f7be8274ddc9980ecf532c592fe [sys.catalog]: SysCatalogTable state changed. Reason: New leader 8d0b3f7be8274ddc9980ecf532c592fe. Latest consensus state: current_term: 1 leader_uuid: "8d0b3f7be8274ddc9980ecf532c592fe" committed_config { opid_index: -1 OBSOLETE_local: true peers { permanent_uuid: "8d0b3f7be8274ddc9980ecf532c592fe" member_type: VOTER } }
I20260608 09:57:09.993467 27921 sys_catalog.cc:458] T 00000000000000000000000000000000 P 8d0b3f7be8274ddc9980ecf532c592fe [sys.catalog]: This master's current role is: LEADER
I20260608 09:57:09.994005 27920 sys_catalog.cc:458] T 00000000000000000000000000000000 P 8d0b3f7be8274ddc9980ecf532c592fe [sys.catalog]: This master's current role is: LEADER
I20260608 09:57:09.997043 27925 catalog_manager.cc:1510] Loading table and tablet metadata into memory...
I20260608 09:57:10.001930 27925 catalog_manager.cc:1519] Initializing Kudu cluster ID...
I20260608 09:57:10.005563 25012 internal_mini_cluster.cc:184] Waiting to initialize catalog manager on master 0
I20260608 09:57:10.011505 27925 catalog_manager.cc:1382] Generated new cluster ID: 1950abe0a8174752aa21d9230ad79cc9
I20260608 09:57:10.011816 27925 catalog_manager.cc:1530] Initializing Kudu internal certificate authority...
I20260608 09:57:10.036155 27925 catalog_manager.cc:1405] Generated new certificate authority record
I20260608 09:57:10.037468 27925 catalog_manager.cc:1539] Loading token signing keys...
I20260608 09:57:10.055534 27925 catalog_manager.cc:6069] T 00000000000000000000000000000000 P 8d0b3f7be8274ddc9980ecf532c592fe: Generated new TSK 0
I20260608 09:57:10.056186 27925 catalog_manager.cc:1549] Initializing in-progress tserver states...
I20260608 09:57:10.072675 25012 file_cache.cc:492] Constructed file cache file cache with capacity 419430
W20260608 09:57:10.078550 27937 instance_detector.cc:116] could not retrieve AWS instance metadata: Network error: curl error: HTTP response code said error: The requested URL returned error: 404
W20260608 09:57:10.079466 27938 instance_detector.cc:116] could not retrieve Azure instance metadata: Network error: curl error: HTTP response code said error: The requested URL returned error: 404
W20260608 09:57:10.080960 27940 instance_detector.cc:116] could not retrieve OpenStack instance metadata: Network error: curl error: HTTP response code said error: The requested URL returned error: 404
I20260608 09:57:10.081308 25012 server_base.cc:1061] running on GCE node
I20260608 09:57:10.082160 25012 hybrid_clock.cc:584] initializing the hybrid clock with 'system_unsync' time source
W20260608 09:57:10.082355 25012 system_unsync_time.cc:38] NTP support is disabled. Clock error bounds will not be accurate. This configuration is not suitable for distributed clusters.
I20260608 09:57:10.082479 25012 hybrid_clock.cc:648] HybridClock initialized: now 1780912630082468 us; error 0 us; skew 500 ppm
I20260608 09:57:10.082975 25012 server_base.cc:861] Flag tcmalloc_max_total_thread_cache_bytes is not working since tcmalloc is not enabled.
I20260608 09:57:10.085314 25012 webserver.cc:533] Webserver started at http://127.24.109.1:34925/ using document root <none> and password file <none>
I20260608 09:57:10.085793 25012 fs_manager.cc:362] Metadata directory not provided
I20260608 09:57:10.085951 25012 fs_manager.cc:368] Using write-ahead log directory (fs_wal_dir) as metadata directory
I20260608 09:57:10.086174 25012 server_base.cc:909] This appears to be a new deployment of Kudu; creating new FS layout
I20260608 09:57:10.087237 25012 fs_manager.cc:1068] Generated new instance metadata in path /tmp/dist-test-taskRMuFxn/test-tmp/auto_rebalancer-test.0.AutoRebalancerTest.RangeAwareRebalancesNewRangeReplicas.1780912556378212-25012-0/minicluster-data/ts-0-root/instance:
uuid: "d1a19727bb944c4da3689941bea03ea9"
format_stamp: "Formatted at 2026-06-08 09:57:10 on dist-test-slave-mtz6"
I20260608 09:57:10.092348 25012 fs_manager.cc:696] Time spent creating directory manager: real 0.005s	user 0.001s	sys 0.003s
I20260608 09:57:10.095765 27945 log_block_manager.cc:4031] Time spent loading block containers with low live blocks: real 0.000s	user 0.000s	sys 0.000s
I20260608 09:57:10.096553 25012 fs_manager.cc:730] Time spent opening block manager: real 0.002s	user 0.002s	sys 0.001s
I20260608 09:57:10.096879 25012 fs_manager.cc:647] Opened local filesystem: /tmp/dist-test-taskRMuFxn/test-tmp/auto_rebalancer-test.0.AutoRebalancerTest.RangeAwareRebalancesNewRangeReplicas.1780912556378212-25012-0/minicluster-data/ts-0-root
uuid: "d1a19727bb944c4da3689941bea03ea9"
format_stamp: "Formatted at 2026-06-08 09:57:10 on dist-test-slave-mtz6"
I20260608 09:57:10.097218 25012 fs_report.cc:389] FS layout report
--------------------
wal directory: /tmp/dist-test-taskRMuFxn/test-tmp/auto_rebalancer-test.0.AutoRebalancerTest.RangeAwareRebalancesNewRangeReplicas.1780912556378212-25012-0/minicluster-data/ts-0-root
metadata directory: /tmp/dist-test-taskRMuFxn/test-tmp/auto_rebalancer-test.0.AutoRebalancerTest.RangeAwareRebalancesNewRangeReplicas.1780912556378212-25012-0/minicluster-data/ts-0-root
1 data directories: /tmp/dist-test-taskRMuFxn/test-tmp/auto_rebalancer-test.0.AutoRebalancerTest.RangeAwareRebalancesNewRangeReplicas.1780912556378212-25012-0/minicluster-data/ts-0-root/data
Total live blocks: 0
Total live bytes: 0
Total live bytes (after alignment): 0
Total number of LBM containers: 0 (0 full)
Did not check for missing blocks
Did not check for orphaned blocks
Total full LBM containers with extra space: 0 (0 repaired)
Total full LBM container extra space in bytes: 0 (0 repaired)
Total incomplete LBM containers: 0 (0 repaired)
Total LBM partial records: 0 (0 repaired)
Total corrupted LBM metadata records in RocksDB: 0 (0 repaired)
I20260608 09:57:10.108083 25012 rpc_server.cc:225] running with OpenSSL 1.1.1  11 Sep 2018
I20260608 09:57:10.109280 25012 kserver.cc:163] Server-wide thread pool size limit: 3276
I20260608 09:57:10.110759 25012 txn_system_client.cc:432] TxnSystemClient initialization is disabled...
I20260608 09:57:10.113278 25012 ts_tablet_manager.cc:585] Loaded tablet metadata (0 total tablets, 0 live tablets)
I20260608 09:57:10.113502 25012 ts_tablet_manager.cc:531] Time spent load tablet metadata: real 0.000s	user 0.000s	sys 0.000s
I20260608 09:57:10.113765 25012 ts_tablet_manager.cc:616] Registered 0 tablets
I20260608 09:57:10.113947 25012 ts_tablet_manager.cc:595] Time spent register tablets: real 0.000s	user 0.000s	sys 0.000s
I20260608 09:57:10.152345 25012 rpc_server.cc:307] RPC server started. Bound to: 127.24.109.1:46823
I20260608 09:57:10.152460 28007 acceptor_pool.cc:272] collecting diagnostics on the listening RPC socket 127.24.109.1:46823 every 8 connection(s)
I20260608 09:57:10.157591 25012 file_cache.cc:492] Constructed file cache file cache with capacity 419430
W20260608 09:57:10.165211 28012 instance_detector.cc:116] could not retrieve AWS instance metadata: Network error: curl error: HTTP response code said error: The requested URL returned error: 404
W20260608 09:57:10.167713 28013 instance_detector.cc:116] could not retrieve Azure instance metadata: Network error: curl error: HTTP response code said error: The requested URL returned error: 404
I20260608 09:57:10.170383 25012 server_base.cc:1061] running on GCE node
W20260608 09:57:10.170507 28015 instance_detector.cc:116] could not retrieve OpenStack instance metadata: Network error: curl error: HTTP response code said error: The requested URL returned error: 404
I20260608 09:57:10.171510 25012 hybrid_clock.cc:584] initializing the hybrid clock with 'system_unsync' time source
W20260608 09:57:10.171756 25012 system_unsync_time.cc:38] NTP support is disabled. Clock error bounds will not be accurate. This configuration is not suitable for distributed clusters.
I20260608 09:57:10.171937 25012 hybrid_clock.cc:648] HybridClock initialized: now 1780912630171901 us; error 0 us; skew 500 ppm
I20260608 09:57:10.172544 25012 server_base.cc:861] Flag tcmalloc_max_total_thread_cache_bytes is not working since tcmalloc is not enabled.
I20260608 09:57:10.175033 25012 webserver.cc:533] Webserver started at http://127.24.109.2:34229/ using document root <none> and password file <none>
I20260608 09:57:10.175704 25012 fs_manager.cc:362] Metadata directory not provided
I20260608 09:57:10.175959 25012 fs_manager.cc:368] Using write-ahead log directory (fs_wal_dir) as metadata directory
I20260608 09:57:10.176316 25012 server_base.cc:909] This appears to be a new deployment of Kudu; creating new FS layout
I20260608 09:57:10.177731 25012 fs_manager.cc:1068] Generated new instance metadata in path /tmp/dist-test-taskRMuFxn/test-tmp/auto_rebalancer-test.0.AutoRebalancerTest.RangeAwareRebalancesNewRangeReplicas.1780912556378212-25012-0/minicluster-data/ts-1-root/instance:
