I20260608 09:56:12.532274 13455 tablet_service.cc:1917] Received RequestConsensusVote() RPC: tablet_id: "00000000000000000000000000000000" candidate_uuid: "c0cacbbd729747a5a0d7b30d5f28a385" candidate_term: 1 candidate_status { last_received { term: 0 index: 0 } } ignore_live_leader: false dest_uuid: "8a67b7d5d8f544df84da6e2df9a4a6b0"
I20260608 09:56:12.532552 13520 tablet_service.cc:1917] Received RequestConsensusVote() RPC: tablet_id: "00000000000000000000000000000000" candidate_uuid: "c0cacbbd729747a5a0d7b30d5f28a385" candidate_term: 1 candidate_status { last_received { term: 0 index: 0 } } ignore_live_leader: false dest_uuid: "753b6c8e121c48549dc327b3775b6d62"
I20260608 09:56:12.532842 13455 raft_consensus.cc:3060] T 00000000000000000000000000000000 P 8a67b7d5d8f544df84da6e2df9a4a6b0 [term 0 FOLLOWER]: Advancing to term 1
I20260608 09:56:12.533102 13520 raft_consensus.cc:3060] T 00000000000000000000000000000000 P 753b6c8e121c48549dc327b3775b6d62 [term 0 FOLLOWER]: Advancing to term 1
I20260608 09:56:12.537767 13520 raft_consensus.cc:2468] T 00000000000000000000000000000000 P 753b6c8e121c48549dc327b3775b6d62 [term 1 FOLLOWER]: Leader election vote request: Granting yes vote for candidate c0cacbbd729747a5a0d7b30d5f28a385 in term 1.
I20260608 09:56:12.538241 13455 raft_consensus.cc:2468] T 00000000000000000000000000000000 P 8a67b7d5d8f544df84da6e2df9a4a6b0 [term 1 FOLLOWER]: Leader election vote request: Granting yes vote for candidate c0cacbbd729747a5a0d7b30d5f28a385 in term 1.
I20260608 09:56:12.539230 13367 leader_election.cc:304] T 00000000000000000000000000000000 P c0cacbbd729747a5a0d7b30d5f28a385 [CANDIDATE]: Term 1 election: Election decided. Result: candidate won. Election summary: received 2 responses out of 3 voters: 2 yes votes; 0 no votes. yes voters: 753b6c8e121c48549dc327b3775b6d62, c0cacbbd729747a5a0d7b30d5f28a385; no voters: 
W20260608 09:56:12.539788 13591 instance_detector.cc:116] could not retrieve AWS instance metadata: Network error: curl error: HTTP response code said error: The requested URL returned error: 404
I20260608 09:56:12.540417 13566 raft_consensus.cc:2804] T 00000000000000000000000000000000 P c0cacbbd729747a5a0d7b30d5f28a385 [term 1 FOLLOWER]: Leader election won for term 1
I20260608 09:56:12.541296 13566 raft_consensus.cc:697] T 00000000000000000000000000000000 P c0cacbbd729747a5a0d7b30d5f28a385 [term 1 LEADER]: Becoming Leader. State: Replica: c0cacbbd729747a5a0d7b30d5f28a385, State: Running, Role: LEADER
W20260608 09:56:12.542636 13592 instance_detector.cc:116] could not retrieve Azure instance metadata: Network error: curl error: HTTP response code said error: The requested URL returned error: 404
I20260608 09:56:12.542341 13566 consensus_queue.cc:237] T 00000000000000000000000000000000 P c0cacbbd729747a5a0d7b30d5f28a385 [LEADER]: Queue going to LEADER mode. State: All replicated index: 0, Majority replicated index: 0, Committed index: 0, Last appended: 0.0, Last appended by leader: 0, Current term: 1, Majority size: 2, State: 0, Mode: LEADER, active raft config: opid_index: -1 OBSOLETE_local: false peers { permanent_uuid: "c0cacbbd729747a5a0d7b30d5f28a385" member_type: VOTER last_known_addr { host: "127.11.251.254" port: 42191 } } peers { permanent_uuid: "8a67b7d5d8f544df84da6e2df9a4a6b0" member_type: VOTER last_known_addr { host: "127.11.251.253" port: 35703 } } peers { permanent_uuid: "753b6c8e121c48549dc327b3775b6d62" member_type: VOTER last_known_addr { host: "127.11.251.252" port: 39999 } }
W20260608 09:56:12.547106 13594 instance_detector.cc:116] could not retrieve OpenStack instance metadata: Network error: curl error: HTTP response code said error: The requested URL returned error: 404
I20260608 09:56:12.547268 12271 server_base.cc:1061] running on GCE node
I20260608 09:56:12.548580 12271 hybrid_clock.cc:584] initializing the hybrid clock with 'system_unsync' time source
W20260608 09:56:12.548926 12271 system_unsync_time.cc:38] NTP support is disabled. Clock error bounds will not be accurate. This configuration is not suitable for distributed clusters.
I20260608 09:56:12.549149 12271 hybrid_clock.cc:648] HybridClock initialized: now 1780912572549128 us; error 0 us; skew 500 ppm
I20260608 09:56:12.549077 13588 sys_catalog.cc:455] T 00000000000000000000000000000000 P c0cacbbd729747a5a0d7b30d5f28a385 [sys.catalog]: SysCatalogTable state changed. Reason: New leader c0cacbbd729747a5a0d7b30d5f28a385. Latest consensus state: current_term: 1 leader_uuid: "c0cacbbd729747a5a0d7b30d5f28a385" committed_config { opid_index: -1 OBSOLETE_local: false peers { permanent_uuid: "c0cacbbd729747a5a0d7b30d5f28a385" member_type: VOTER last_known_addr { host: "127.11.251.254" port: 42191 } } peers { permanent_uuid: "8a67b7d5d8f544df84da6e2df9a4a6b0" member_type: VOTER last_known_addr { host: "127.11.251.253" port: 35703 } } peers { permanent_uuid: "753b6c8e121c48549dc327b3775b6d62" member_type: VOTER last_known_addr { host: "127.11.251.252" port: 39999 } } }
I20260608 09:56:12.549989 12271 server_base.cc:861] Flag tcmalloc_max_total_thread_cache_bytes is not working since tcmalloc is not enabled.
I20260608 09:56:12.549934 13588 sys_catalog.cc:458] T 00000000000000000000000000000000 P c0cacbbd729747a5a0d7b30d5f28a385 [sys.catalog]: This master's current role is: LEADER
I20260608 09:56:12.551630 13597 catalog_manager.cc:1510] Loading table and tablet metadata into memory...
I20260608 09:56:12.552978 12271 webserver.cc:533] Webserver started at http://127.11.251.193:39631/ using document root <none> and password file <none>
I20260608 09:56:12.553537 12271 fs_manager.cc:362] Metadata directory not provided
I20260608 09:56:12.553731 12271 fs_manager.cc:368] Using write-ahead log directory (fs_wal_dir) as metadata directory
I20260608 09:56:12.554023 12271 server_base.cc:909] This appears to be a new deployment of Kudu; creating new FS layout
I20260608 09:56:12.555135 12271 fs_manager.cc:1068] Generated new instance metadata in path /tmp/dist-test-taskqaP8qB/test-tmp/auto_rebalancer-test.0.AutoRebalancerTest.NextLeaderResumesAutoRebalancing.1780912554845629-12271-0/minicluster-data/ts-0-root/instance:
uuid: "b6de4e3f260144389d0ce0d6902779b6"
format_stamp: "Formatted at 2026-06-08 09:56:12 on dist-test-slave-59th"
I20260608 09:56:12.556921 13597 catalog_manager.cc:1519] Initializing Kudu cluster ID...
I20260608 09:56:12.560282 12271 fs_manager.cc:696] Time spent creating directory manager: real 0.005s	user 0.004s	sys 0.003s
I20260608 09:56:12.565167 13603 log_block_manager.cc:4031] Time spent loading block containers with low live blocks: real 0.000s	user 0.000s	sys 0.000s
I20260608 09:56:12.566380 12271 fs_manager.cc:730] Time spent opening block manager: real 0.003s	user 0.004s	sys 0.000s
I20260608 09:56:12.566726 12271 fs_manager.cc:647] Opened local filesystem: /tmp/dist-test-taskqaP8qB/test-tmp/auto_rebalancer-test.0.AutoRebalancerTest.NextLeaderResumesAutoRebalancing.1780912554845629-12271-0/minicluster-data/ts-0-root
uuid: "b6de4e3f260144389d0ce0d6902779b6"
format_stamp: "Formatted at 2026-06-08 09:56:12 on dist-test-slave-59th"
I20260608 09:56:12.567317 13455 raft_consensus.cc:1275] T 00000000000000000000000000000000 P 8a67b7d5d8f544df84da6e2df9a4a6b0 [term 1 FOLLOWER]: Refusing update from remote peer c0cacbbd729747a5a0d7b30d5f28a385: Log matching property violated. Preceding OpId in replica: term: 0 index: 0. Preceding OpId from leader: term: 1 index: 2. (index mismatch)
I20260608 09:56:12.567117 12271 fs_report.cc:389] FS layout report
--------------------
wal directory: /tmp/dist-test-taskqaP8qB/test-tmp/auto_rebalancer-test.0.AutoRebalancerTest.NextLeaderResumesAutoRebalancing.1780912554845629-12271-0/minicluster-data/ts-0-root
metadata directory: /tmp/dist-test-taskqaP8qB/test-tmp/auto_rebalancer-test.0.AutoRebalancerTest.NextLeaderResumesAutoRebalancing.1780912554845629-12271-0/minicluster-data/ts-0-root
1 data directories: /tmp/dist-test-taskqaP8qB/test-tmp/auto_rebalancer-test.0.AutoRebalancerTest.NextLeaderResumesAutoRebalancing.1780912554845629-12271-0/minicluster-data/ts-0-root/data
Total live blocks: 0
Total live bytes: 0
Total live bytes (after alignment): 0
Total number of LBM containers: 0 (0 full)
Did not check for missing blocks
Did not check for orphaned blocks
Total full LBM containers with extra space: 0 (0 repaired)
Total full LBM container extra space in bytes: 0 (0 repaired)
Total incomplete LBM containers: 0 (0 repaired)
Total LBM partial records: 0 (0 repaired)
Total corrupted LBM metadata records in RocksDB: 0 (0 repaired)
I20260608 09:56:12.567492 13520 raft_consensus.cc:1275] T 00000000000000000000000000000000 P 753b6c8e121c48549dc327b3775b6d62 [term 1 FOLLOWER]: Refusing update from remote peer c0cacbbd729747a5a0d7b30d5f28a385: Log matching property violated. Preceding OpId in replica: term: 0 index: 0. Preceding OpId from leader: term: 1 index: 2. (index mismatch)
I20260608 09:56:12.568836 13588 consensus_queue.cc:1048] T 00000000000000000000000000000000 P c0cacbbd729747a5a0d7b30d5f28a385 [LEADER]: Connected to new peer: Peer: permanent_uuid: "8a67b7d5d8f544df84da6e2df9a4a6b0" member_type: VOTER last_known_addr { host: "127.11.251.253" port: 35703 }, Status: LMP_MISMATCH, Last received: 0.0, Next index: 1, Last known committed idx: 0, Time since last communication: 0.000s
I20260608 09:56:12.569505 13566 consensus_queue.cc:1048] T 00000000000000000000000000000000 P c0cacbbd729747a5a0d7b30d5f28a385 [LEADER]: Connected to new peer: Peer: permanent_uuid: "753b6c8e121c48549dc327b3775b6d62" member_type: VOTER last_known_addr { host: "127.11.251.252" port: 39999 }, Status: LMP_MISMATCH, Last received: 0.0, Next index: 1, Last known committed idx: 0, Time since last communication: 0.000s
I20260608 09:56:12.580897 13567 sys_catalog.cc:455] T 00000000000000000000000000000000 P 753b6c8e121c48549dc327b3775b6d62 [sys.catalog]: SysCatalogTable state changed. Reason: New leader c0cacbbd729747a5a0d7b30d5f28a385. Latest consensus state: current_term: 1 leader_uuid: "c0cacbbd729747a5a0d7b30d5f28a385" committed_config { opid_index: -1 OBSOLETE_local: false peers { permanent_uuid: "c0cacbbd729747a5a0d7b30d5f28a385" member_type: VOTER last_known_addr { host: "127.11.251.254" port: 42191 } } peers { permanent_uuid: "8a67b7d5d8f544df84da6e2df9a4a6b0" member_type: VOTER last_known_addr { host: "127.11.251.253" port: 35703 } } peers { permanent_uuid: "753b6c8e121c48549dc327b3775b6d62" member_type: VOTER last_known_addr { host: "127.11.251.252" port: 39999 } } }
I20260608 09:56:12.581681 13567 sys_catalog.cc:458] T 00000000000000000000000000000000 P 753b6c8e121c48549dc327b3775b6d62 [sys.catalog]: This master's current role is: FOLLOWER
I20260608 09:56:12.585314 13551 sys_catalog.cc:455] T 00000000000000000000000000000000 P 8a67b7d5d8f544df84da6e2df9a4a6b0 [sys.catalog]: SysCatalogTable state changed. Reason: New leader c0cacbbd729747a5a0d7b30d5f28a385. Latest consensus state: current_term: 1 leader_uuid: "c0cacbbd729747a5a0d7b30d5f28a385" committed_config { opid_index: -1 OBSOLETE_local: false peers { permanent_uuid: "c0cacbbd729747a5a0d7b30d5f28a385" member_type: VOTER last_known_addr { host: "127.11.251.254" port: 42191 } } peers { permanent_uuid: "8a67b7d5d8f544df84da6e2df9a4a6b0" member_type: VOTER last_known_addr { host: "127.11.251.253" port: 35703 } } peers { permanent_uuid: "753b6c8e121c48549dc327b3775b6d62" member_type: VOTER last_known_addr { host: "127.11.251.252" port: 39999 } } }
I20260608 09:56:12.586109 13551 sys_catalog.cc:458] T 00000000000000000000000000000000 P 8a67b7d5d8f544df84da6e2df9a4a6b0 [sys.catalog]: This master's current role is: FOLLOWER
I20260608 09:56:12.590022 12271 rpc_server.cc:225] running with OpenSSL 1.1.1  11 Sep 2018
I20260608 09:56:12.591266 13588 sys_catalog.cc:455] T 00000000000000000000000000000000 P c0cacbbd729747a5a0d7b30d5f28a385 [sys.catalog]: SysCatalogTable state changed. Reason: Peer health change. Latest consensus state: current_term: 1 leader_uuid: "c0cacbbd729747a5a0d7b30d5f28a385" committed_config { opid_index: -1 OBSOLETE_local: false peers { permanent_uuid: "c0cacbbd729747a5a0d7b30d5f28a385" member_type: VOTER last_known_addr { host: "127.11.251.254" port: 42191 } } peers { permanent_uuid: "8a67b7d5d8f544df84da6e2df9a4a6b0" member_type: VOTER last_known_addr { host: "127.11.251.253" port: 35703 } } peers { permanent_uuid: "753b6c8e121c48549dc327b3775b6d62" member_type: VOTER last_known_addr { host: "127.11.251.252" port: 39999 } } }
I20260608 09:56:12.592142 13588 sys_catalog.cc:458] T 00000000000000000000000000000000 P c0cacbbd729747a5a0d7b30d5f28a385 [sys.catalog]: This master's current role is: LEADER
I20260608 09:56:12.591833 12271 kserver.cc:163] Server-wide thread pool size limit: 3276
I20260608 09:56:12.593717 13567 sys_catalog.cc:455] T 00000000000000000000000000000000 P 753b6c8e121c48549dc327b3775b6d62 [sys.catalog]: SysCatalogTable state changed. Reason: Replicated consensus-only round. Latest consensus state: current_term: 1 leader_uuid: "c0cacbbd729747a5a0d7b30d5f28a385" committed_config { opid_index: -1 OBSOLETE_local: false peers { permanent_uuid: "c0cacbbd729747a5a0d7b30d5f28a385" member_type: VOTER last_known_addr { host: "127.11.251.254" port: 42191 } } peers { permanent_uuid: "8a67b7d5d8f544df84da6e2df9a4a6b0" member_type: VOTER last_known_addr { host: "127.11.251.253" port: 35703 } } peers { permanent_uuid: "753b6c8e121c48549dc327b3775b6d62" member_type: VOTER last_known_addr { host: "127.11.251.252" port: 39999 } } }
I20260608 09:56:12.595927 13567 sys_catalog.cc:458] T 00000000000000000000000000000000 P 753b6c8e121c48549dc327b3775b6d62 [sys.catalog]: This master's current role is: FOLLOWER
I20260608 09:56:12.596278 13597 catalog_manager.cc:1382] Generated new cluster ID: 626a5bfa08904a28a0c8e40e7c324e2a
I20260608 09:56:12.594950 13566 sys_catalog.cc:455] T 00000000000000000000000000000000 P c0cacbbd729747a5a0d7b30d5f28a385 [sys.catalog]: SysCatalogTable state changed. Reason: Peer health change. Latest consensus state: current_term: 1 leader_uuid: "c0cacbbd729747a5a0d7b30d5f28a385" committed_config { opid_index: -1 OBSOLETE_local: false peers { permanent_uuid: "c0cacbbd729747a5a0d7b30d5f28a385" member_type: VOTER last_known_addr { host: "127.11.251.254" port: 42191 } } peers { permanent_uuid: "8a67b7d5d8f544df84da6e2df9a4a6b0" member_type: VOTER last_known_addr { host: "127.11.251.253" port: 35703 } } peers { permanent_uuid: "753b6c8e121c48549dc327b3775b6d62" member_type: VOTER last_known_addr { host: "127.11.251.252" port: 39999 } } }
I20260608 09:56:12.596730 13597 catalog_manager.cc:1530] Initializing Kudu internal certificate authority...
I20260608 09:56:12.596874 13566 sys_catalog.cc:458] T 00000000000000000000000000000000 P c0cacbbd729747a5a0d7b30d5f28a385 [sys.catalog]: This master's current role is: LEADER
I20260608 09:56:12.622555 13551 sys_catalog.cc:455] T 00000000000000000000000000000000 P 8a67b7d5d8f544df84da6e2df9a4a6b0 [sys.catalog]: SysCatalogTable state changed. Reason: Replicated consensus-only round. Latest consensus state: current_term: 1 leader_uuid: "c0cacbbd729747a5a0d7b30d5f28a385" committed_config { opid_index: -1 OBSOLETE_local: false peers { permanent_uuid: "c0cacbbd729747a5a0d7b30d5f28a385" member_type: VOTER last_known_addr { host: "127.11.251.254" port: 42191 } } peers { permanent_uuid: "8a67b7d5d8f544df84da6e2df9a4a6b0" member_type: VOTER last_known_addr { host: "127.11.251.253" port: 35703 } } peers { permanent_uuid: "753b6c8e121c48549dc327b3775b6d62" member_type: VOTER last_known_addr { host: "127.11.251.252" port: 39999 } } }
I20260608 09:56:12.623667 13551 sys_catalog.cc:458] T 00000000000000000000000000000000 P 8a67b7d5d8f544df84da6e2df9a4a6b0 [sys.catalog]: This master's current role is: FOLLOWER
I20260608 09:56:12.628592 12271 txn_system_client.cc:432] TxnSystemClient initialization is disabled...
I20260608 09:56:12.631759 12271 ts_tablet_manager.cc:585] Loaded tablet metadata (0 total tablets, 0 live tablets)
I20260608 09:56:12.632030 12271 ts_tablet_manager.cc:531] Time spent load tablet metadata: real 0.000s	user 0.000s	sys 0.000s
I20260608 09:56:12.632292 12271 ts_tablet_manager.cc:616] Registered 0 tablets
I20260608 09:56:12.632481 12271 ts_tablet_manager.cc:595] Time spent register tablets: real 0.000s	user 0.000s	sys 0.000s
I20260608 09:56:12.664093 13597 catalog_manager.cc:1405] Generated new certificate authority record
I20260608 09:56:12.665868 13597 catalog_manager.cc:1539] Loading token signing keys...
I20260608 09:56:12.688400 13597 catalog_manager.cc:6069] T 00000000000000000000000000000000 P c0cacbbd729747a5a0d7b30d5f28a385: Generated new TSK 0
I20260608 09:56:12.689232 13597 catalog_manager.cc:1549] Initializing in-progress tserver states...
I20260608 09:56:12.708021 12271 rpc_server.cc:307] RPC server started. Bound to: 127.11.251.193:38689
I20260608 09:56:12.708129 13674 acceptor_pool.cc:272] collecting diagnostics on the listening RPC socket 127.11.251.193:38689 every 8 connection(s)
I20260608 09:56:12.741061 13675 heartbeater.cc:344] Connected to a master server at 127.11.251.252:39999
I20260608 09:56:12.741194 12271 file_cache.cc:492] Constructed file cache file cache with capacity 419430
I20260608 09:56:12.741484 13675 heartbeater.cc:461] Registering TS with master...
I20260608 09:56:12.742527 13675 heartbeater.cc:507] Master 127.11.251.252:39999 requested a full tablet report, sending...
I20260608 09:56:12.744189 13676 heartbeater.cc:344] Connected to a master server at 127.11.251.253:35703
I20260608 09:56:12.744632 13676 heartbeater.cc:461] Registering TS with master...
I20260608 09:56:12.745647 13676 heartbeater.cc:507] Master 127.11.251.253:35703 requested a full tablet report, sending...
I20260608 09:56:12.745822 13510 ts_manager.cc:194] Registered new tserver with Master: b6de4e3f260144389d0ce0d6902779b6 (127.11.251.193:38689)
I20260608 09:56:12.746410 13677 heartbeater.cc:344] Connected to a master server at 127.11.251.254:42191
I20260608 09:56:12.746763 13677 heartbeater.cc:461] Registering TS with master...
I20260608 09:56:12.747578 13677 heartbeater.cc:507] Master 127.11.251.254:42191 requested a full tablet report, sending...
I20260608 09:56:12.749583 13445 ts_manager.cc:194] Registered new tserver with Master: b6de4e3f260144389d0ce0d6902779b6 (127.11.251.193:38689)
I20260608 09:56:12.750576 13380 ts_manager.cc:194] Registered new tserver with Master: b6de4e3f260144389d0ce0d6902779b6 (127.11.251.193:38689)
W20260608 09:56:12.749583 13682 instance_detector.cc:116] could not retrieve AWS instance metadata: Network error: curl error: HTTP response code said error: The requested URL returned error: 404
I20260608 09:56:12.753343 13380 master_service.cc:502] Signed X509 certificate for tserver {username='slave'} at 127.0.0.1:56682
W20260608 09:56:12.754596 13683 instance_detector.cc:116] could not retrieve Azure instance metadata: Network error: curl error: HTTP response code said error: The requested URL returned error: 404
I20260608 09:56:12.756925 12271 server_base.cc:1061] running on GCE node
W20260608 09:56:12.758087 13686 instance_detector.cc:116] could not retrieve OpenStack instance metadata: Network error: curl error: HTTP response code said error: The requested URL returned error: 404
I20260608 09:56:12.759022 12271 hybrid_clock.cc:584] initializing the hybrid clock with 'system_unsync' time source
W20260608 09:56:12.759255 12271 system_unsync_time.cc:38] NTP support is disabled. Clock error bounds will not be accurate. This configuration is not suitable for distributed clusters.
I20260608 09:56:12.759464 12271 hybrid_clock.cc:648] HybridClock initialized: now 1780912572759446 us; error 0 us; skew 500 ppm
I20260608 09:56:12.760097 12271 server_base.cc:861] Flag tcmalloc_max_total_thread_cache_bytes is not working since tcmalloc is not enabled.
I20260608 09:56:12.762480 12271 webserver.cc:533] Webserver started at http://127.11.251.194:46541/ using document root <none> and password file <none>
I20260608 09:56:12.763044 12271 fs_manager.cc:362] Metadata directory not provided
I20260608 09:56:12.763258 12271 fs_manager.cc:368] Using write-ahead log directory (fs_wal_dir) as metadata directory
I20260608 09:56:12.763526 12271 server_base.cc:909] This appears to be a new deployment of Kudu; creating new FS layout
I20260608 09:56:12.764591 12271 fs_manager.cc:1068] Generated new instance metadata in path /tmp/dist-test-taskqaP8qB/test-tmp/auto_rebalancer-test.0.AutoRebalancerTest.NextLeaderResumesAutoRebalancing.1780912554845629-12271-0/minicluster-data/ts-1-root/instance:
uuid: "7bf6c107753a45d09eb71f84c81d36de"
format_stamp: "Formatted at 2026-06-08 09:56:12 on dist-test-slave-59th"
I20260608 09:56:12.769145 12271 fs_manager.cc:696] Time spent creating directory manager: real 0.004s	user 0.003s	sys 0.001s
I20260608 09:56:12.772615 13691 log_block_manager.cc:4031] Time spent loading block containers with low live blocks: real 0.000s	user 0.000s	sys 0.000s
I20260608 09:56:12.774107 12271 fs_manager.cc:730] Time spent opening block manager: real 0.003s	user 0.002s	sys 0.001s
I20260608 09:56:12.774425 12271 fs_manager.cc:647] Opened local filesystem: /tmp/dist-test-taskqaP8qB/test-tmp/auto_rebalancer-test.0.AutoRebalancerTest.NextLeaderResumesAutoRebalancing.1780912554845629-12271-0/minicluster-data/ts-1-root
uuid: "7bf6c107753a45d09eb71f84c81d36de"
format_stamp: "Formatted at 2026-06-08 09:56:12 on dist-test-slave-59th"
I20260608 09:56:12.774716 12271 fs_report.cc:389] FS layout report
--------------------
wal directory: /tmp/dist-test-taskqaP8qB/test-tmp/auto_rebalancer-test.0.AutoRebalancerTest.NextLeaderResumesAutoRebalancing.1780912554845629-12271-0/minicluster-data/ts-1-root
metadata directory: /tmp/dist-test-taskqaP8qB/test-tmp/auto_rebalancer-test.0.AutoRebalancerTest.NextLeaderResumesAutoRebalancing.1780912554845629-12271-0/minicluster-data/ts-1-root
1 data directories: /tmp/dist-test-taskqaP8qB/test-tmp/auto_rebalancer-test.0.AutoRebalancerTest.NextLeaderResumesAutoRebalancing.1780912554845629-12271-0/minicluster-data/ts-1-root/data
Total live blocks: 0
Total live bytes: 0
Total live bytes (after alignment): 0
Total number of LBM containers: 0 (0 full)
Did not check for missing blocks
Did not check for orphaned blocks
Total full LBM containers with extra space: 0 (0 repaired)
Total full LBM container extra space in bytes: 0 (0 repaired)
Total incomplete LBM containers: 0 (0 repaired)
Total LBM partial records: 0 (0 repaired)
Total corrupted LBM metadata records in RocksDB: 0 (0 repaired)
I20260608 09:56:12.811863 12271 rpc_server.cc:225] running with OpenSSL 1.1.1  11 Sep 2018
I20260608 09:56:12.813115 12271 kserver.cc:163] Server-wide thread pool size limit: 3276
I20260608 09:56:12.814625 12271 txn_system_client.cc:432] TxnSystemClient initialization is disabled...
I20260608 09:56:12.816941 12271 ts_tablet_manager.cc:585] Loaded tablet metadata (0 total tablets, 0 live tablets)
I20260608 09:56:12.817184 12271 ts_tablet_manager.cc:531] Time spent load tablet metadata: real 0.000s	user 0.000s	sys 0.000s
I20260608 09:56:12.817452 12271 ts_tablet_manager.cc:616] Registered 0 tablets
I20260608 09:56:12.817641 12271 ts_tablet_manager.cc:595] Time spent register tablets: real 0.000s	user 0.000s	sys 0.000s
I20260608 09:56:12.858361 12271 rpc_server.cc:307] RPC server started. Bound to: 127.11.251.194:45275
I20260608 09:56:12.858470 13754 acceptor_pool.cc:272] collecting diagnostics on the listening RPC socket 127.11.251.194:45275 every 8 connection(s)
I20260608 09:56:12.885742 12271 file_cache.cc:492] Constructed file cache file cache with capacity 419430
I20260608 09:56:12.885955 13755 heartbeater.cc:344] Connected to a master server at 127.11.251.252:39999
I20260608 09:56:12.886360 13755 heartbeater.cc:461] Registering TS with master...
I20260608 09:56:12.887266 13755 heartbeater.cc:507] Master 127.11.251.252:39999 requested a full tablet report, sending...
I20260608 09:56:12.889200 13756 heartbeater.cc:344] Connected to a master server at 127.11.251.253:35703
I20260608 09:56:12.889627 13756 heartbeater.cc:461] Registering TS with master...
I20260608 09:56:12.890563 13756 heartbeater.cc:507] Master 127.11.251.253:35703 requested a full tablet report, sending...
I20260608 09:56:12.890615 13510 ts_manager.cc:194] Registered new tserver with Master: 7bf6c107753a45d09eb71f84c81d36de (127.11.251.194:45275)
I20260608 09:56:12.891582 13757 heartbeater.cc:344] Connected to a master server at 127.11.251.254:42191
I20260608 09:56:12.891981 13757 heartbeater.cc:461] Registering TS with master...
I20260608 09:56:12.892910 13757 heartbeater.cc:507] Master 127.11.251.254:42191 requested a full tablet report, sending...
I20260608 09:56:12.894117 13445 ts_manager.cc:194] Registered new tserver with Master: 7bf6c107753a45d09eb71f84c81d36de (127.11.251.194:45275)
I20260608 09:56:12.895654 13380 ts_manager.cc:194] Registered new tserver with Master: 7bf6c107753a45d09eb71f84c81d36de (127.11.251.194:45275)
W20260608 09:56:12.895835 13763 instance_detector.cc:116] could not retrieve AWS instance metadata: Network error: curl error: HTTP response code said error: The requested URL returned error: 404
W20260608 09:56:12.896490 13764 instance_detector.cc:116] could not retrieve Azure instance metadata: Network error: curl error: HTTP response code said error: The requested URL returned error: 404
I20260608 09:56:12.897776 13380 master_service.cc:502] Signed X509 certificate for tserver {username='slave'} at 127.0.0.1:56692
I20260608 09:56:12.899298 12271 server_base.cc:1061] running on GCE node
W20260608 09:56:12.900844 13767 instance_detector.cc:116] could not retrieve OpenStack instance metadata: Network error: curl error: HTTP response code said error: The requested URL returned error: 404
I20260608 09:56:12.901748 12271 hybrid_clock.cc:584] initializing the hybrid clock with 'system_unsync' time source
W20260608 09:56:12.901979 12271 system_unsync_time.cc:38] NTP support is disabled. Clock error bounds will not be accurate. This configuration is not suitable for distributed clusters.
I20260608 09:56:12.902187 12271 hybrid_clock.cc:648] HybridClock initialized: now 1780912572902168 us; error 0 us; skew 500 ppm
I20260608 09:56:12.902827 12271 server_base.cc:861] Flag tcmalloc_max_total_thread_cache_bytes is not working since tcmalloc is not enabled.
I20260608 09:56:12.905591 12271 webserver.cc:533] Webserver started at http://127.11.251.195:33003/ using document root <none> and password file <none>
I20260608 09:56:12.906167 12271 fs_manager.cc:362] Metadata directory not provided
I20260608 09:56:12.906373 12271 fs_manager.cc:368] Using write-ahead log directory (fs_wal_dir) as metadata directory
I20260608 09:56:12.906685 12271 server_base.cc:909] This appears to be a new deployment of Kudu; creating new FS layout
I20260608 09:56:12.907881 12271 fs_manager.cc:1068] Generated new instance metadata in path /tmp/dist-test-taskqaP8qB/test-tmp/auto_rebalancer-test.0.AutoRebalancerTest.NextLeaderResumesAutoRebalancing.1780912554845629-12271-0/minicluster-data/ts-2-root/instance:
uuid: "e9da7255a48d481283328a81f60de002"
format_stamp: "Formatted at 2026-06-08 09:56:12 on dist-test-slave-59th"
I20260608 09:56:12.912940 12271 fs_manager.cc:696] Time spent creating directory manager: real 0.005s	user 0.007s	sys 0.000s
I20260608 09:56:12.916458 13771 log_block_manager.cc:4031] Time spent loading block containers with low live blocks: real 0.000s	user 0.000s	sys 0.000s
I20260608 09:56:12.917364 12271 fs_manager.cc:730] Time spent opening block manager: real 0.002s	user 0.003s	sys 0.000s
I20260608 09:56:12.917681 12271 fs_manager.cc:647] Opened local filesystem: /tmp/dist-test-taskqaP8qB/test-tmp/auto_rebalancer-test.0.AutoRebalancerTest.NextLeaderResumesAutoRebalancing.1780912554845629-12271-0/minicluster-data/ts-2-root
uuid: "e9da7255a48d481283328a81f60de002"
format_stamp: "Formatted at 2026-06-08 09:56:12 on dist-test-slave-59th"
I20260608 09:56:12.917958 12271 fs_report.cc:389] FS layout report
--------------------
wal directory: /tmp/dist-test-taskqaP8qB/test-tmp/auto_rebalancer-test.0.AutoRebalancerTest.NextLeaderResumesAutoRebalancing.1780912554845629-12271-0/minicluster-data/ts-2-root
metadata directory: /tmp/dist-test-taskqaP8qB/test-tmp/auto_rebalancer-test.0.AutoRebalancerTest.NextLeaderResumesAutoRebalancing.1780912554845629-12271-0/minicluster-data/ts-2-root
1 data directories: /tmp/dist-test-taskqaP8qB/test-tmp/auto_rebalancer-test.0.AutoRebalancerTest.NextLeaderResumesAutoRebalancing.1780912554845629-12271-0/minicluster-data/ts-2-root/data
Total live blocks: 0
Total live bytes: 0
Total live bytes (after alignment): 0
Total number of LBM containers: 0 (0 full)
Did not check for missing blocks
Did not check for orphaned blocks
Total full LBM containers with extra space: 0 (0 repaired)
Total full LBM container extra space in bytes: 0 (0 repaired)
Total incomplete LBM containers: 0 (0 repaired)
Total LBM partial records: 0 (0 repaired)
Total corrupted LBM metadata records in RocksDB: 0 (0 repaired)
I20260608 09:56:12.934253 12271 rpc_server.cc:225] running with OpenSSL 1.1.1  11 Sep 2018
I20260608 09:56:12.935546 12271 kserver.cc:163] Server-wide thread pool size limit: 3276
I20260608 09:56:12.937086 12271 txn_system_client.cc:432] TxnSystemClient initialization is disabled...
I20260608 09:56:12.939512 12271 ts_tablet_manager.cc:585] Loaded tablet metadata (0 total tablets, 0 live tablets)
I20260608 09:56:12.939697 12271 ts_tablet_manager.cc:531] Time spent load tablet metadata: real 0.000s	user 0.000s	sys 0.000s
I20260608 09:56:12.939977 12271 ts_tablet_manager.cc:616] Registered 0 tablets
I20260608 09:56:12.940140 12271 ts_tablet_manager.cc:595] Time spent register tablets: real 0.000s	user 0.000s	sys 0.000s
I20260608 09:56:12.982832 12271 rpc_server.cc:307] RPC server started. Bound to: 127.11.251.195:44583
I20260608 09:56:12.982944 13833 acceptor_pool.cc:272] collecting diagnostics on the listening RPC socket 127.11.251.195:44583 every 8 connection(s)
I20260608 09:56:13.008484 13835 heartbeater.cc:344] Connected to a master server at 127.11.251.253:35703
I20260608 09:56:13.009217 13835 heartbeater.cc:461] Registering TS with master...
I20260608 09:56:13.010568 13835 heartbeater.cc:507] Master 127.11.251.253:35703 requested a full tablet report, sending...
I20260608 09:56:13.015205 13445 ts_manager.cc:194] Registered new tserver with Master: e9da7255a48d481283328a81f60de002 (127.11.251.195:44583)
I20260608 09:56:13.020391 13834 heartbeater.cc:344] Connected to a master server at 127.11.251.252:39999
I20260608 09:56:13.020895 13834 heartbeater.cc:461] Registering TS with master...
I20260608 09:56:13.021685 13834 heartbeater.cc:507] Master 127.11.251.252:39999 requested a full tablet report, sending...
I20260608 09:56:13.021942 13836 heartbeater.cc:344] Connected to a master server at 127.11.251.254:42191
I20260608 09:56:13.022408 13836 heartbeater.cc:461] Registering TS with master...
I20260608 09:56:13.023228 13836 heartbeater.cc:507] Master 127.11.251.254:42191 requested a full tablet report, sending...
I20260608 09:56:13.024456 13510 ts_manager.cc:194] Registered new tserver with Master: e9da7255a48d481283328a81f60de002 (127.11.251.195:44583)
I20260608 09:56:13.026425 13380 ts_manager.cc:194] Registered new tserver with Master: e9da7255a48d481283328a81f60de002 (127.11.251.195:44583)
I20260608 09:56:13.026922 12271 internal_mini_cluster.cc:371] 3 TS(s) registered with all masters after 0.00779688s
I20260608 09:56:13.027832 13380 master_service.cc:502] Signed X509 certificate for tserver {username='slave'} at 127.0.0.1:56694
I20260608 09:56:13.504055 13565 catalog_manager.cc:1294] Loaded cluster ID: 626a5bfa08904a28a0c8e40e7c324e2a
I20260608 09:56:13.504395 13565 catalog_manager.cc:1587] T 00000000000000000000000000000000 P 8a67b7d5d8f544df84da6e2df9a4a6b0: loading cluster ID for follower catalog manager: success
I20260608 09:56:13.510422 13565 catalog_manager.cc:1609] T 00000000000000000000000000000000 P 8a67b7d5d8f544df84da6e2df9a4a6b0: acquiring CA information for follower catalog manager: success
I20260608 09:56:13.513633 13565 catalog_manager.cc:1637] T 00000000000000000000000000000000 P 8a67b7d5d8f544df84da6e2df9a4a6b0: importing token verification keys for follower catalog manager: success; most recent TSK sequence number 0
I20260608 09:56:13.533955 13590 catalog_manager.cc:1294] Loaded cluster ID: 626a5bfa08904a28a0c8e40e7c324e2a
I20260608 09:56:13.534291 13590 catalog_manager.cc:1587] T 00000000000000000000000000000000 P 753b6c8e121c48549dc327b3775b6d62: loading cluster ID for follower catalog manager: success
I20260608 09:56:13.538666 13590 catalog_manager.cc:1609] T 00000000000000000000000000000000 P 753b6c8e121c48549dc327b3775b6d62: acquiring CA information for follower catalog manager: success
I20260608 09:56:13.541872 13590 catalog_manager.cc:1637] T 00000000000000000000000000000000 P 753b6c8e121c48549dc327b3775b6d62: importing token verification keys for follower catalog manager: success; most recent TSK sequence number 0
I20260608 09:56:13.756888 13677 heartbeater.cc:499] Master 127.11.251.254:42191 was elected leader, sending a full tablet report...
I20260608 09:56:13.901329 13757 heartbeater.cc:499] Master 127.11.251.254:42191 was elected leader, sending a full tablet report...
I20260608 09:56:14.030467 13836 heartbeater.cc:499] Master 127.11.251.254:42191 was elected leader, sending a full tablet report...
I20260608 09:56:14.512782 13582 auto_leader_rebalancer.cc:451] All tables' leader rebalancing finished this round
I20260608 09:56:14.611871 13380 catalog_manager.cc:2282] Servicing CreateTable request from {username='slave'} at 127.0.0.1:39042:
name: "test-workload"
schema {
  columns {
    name: "key"
    type: INT32
    is_key: true
    is_nullable: false
    encoding: AUTO_ENCODING
    compression: DEFAULT_COMPRESSION
    cfile_block_size: 0
    immutable: false
  }
  columns {
    name: "int_val"
    type: INT32
    is_key: false
    is_nullable: false
    encoding: AUTO_ENCODING
    compression: DEFAULT_COMPRESSION
    cfile_block_size: 0
    immutable: false
  }
  columns {
    name: "string_val"
    type: STRING
    is_key: false
    is_nullable: true
    encoding: AUTO_ENCODING
    compression: DEFAULT_COMPRESSION
    cfile_block_size: 0
    immutable: false
  }
}
num_replicas: 1
split_rows_range_bounds {
  rows: "\004\001\000\252\252\252*\004\001\000TUUU""\004\001\000\252\252\252*\004\001\000TUUU"
  indirect_data: """"
}
partition_schema {
  range_schema {
    columns {
      name: "key"
    }
  }
}
I20260608 09:56:14.689679 13640 tablet_service.cc:1511] Processing CreateTablet for tablet af9f9ebafbc449e4bb13cf99738e41f6 (DEFAULT_TABLE table=test-workload [id=af6695c01692475987560ae300c3f696]), partition=RANGE (key) PARTITION 715827882 <= VALUES < 1431655764
I20260608 09:56:14.691185 13640 data_dirs.cc:400] Could only allocate 1 dirs of requested 3 for tablet af9f9ebafbc449e4bb13cf99738e41f6. 1 dirs total, 0 dirs full, 0 dirs failed
I20260608 09:56:14.693344 13719 tablet_service.cc:1511] Processing CreateTablet for tablet 2978960b958a41f995eff3e08c0c1bc8 (DEFAULT_TABLE table=test-workload [id=af6695c01692475987560ae300c3f696]), partition=RANGE (key) PARTITION VALUES < 715827882
I20260608 09:56:14.693517 13799 tablet_service.cc:1511] Processing CreateTablet for tablet 226e4612ede449a2b9451d866f1282cb (DEFAULT_TABLE table=test-workload [id=af6695c01692475987560ae300c3f696]), partition=RANGE (key) PARTITION 1431655764 <= VALUES
I20260608 09:56:14.694751 13799 data_dirs.cc:400] Could only allocate 1 dirs of requested 3 for tablet 226e4612ede449a2b9451d866f1282cb. 1 dirs total, 0 dirs full, 0 dirs failed
I20260608 09:56:14.694751 13719 data_dirs.cc:400] Could only allocate 1 dirs of requested 3 for tablet 2978960b958a41f995eff3e08c0c1bc8. 1 dirs total, 0 dirs full, 0 dirs failed
I20260608 09:56:14.704298 13871 tablet_bootstrap.cc:492] T af9f9ebafbc449e4bb13cf99738e41f6 P b6de4e3f260144389d0ce0d6902779b6: Bootstrap starting.
I20260608 09:56:14.710963 13871 tablet_bootstrap.cc:654] T af9f9ebafbc449e4bb13cf99738e41f6 P b6de4e3f260144389d0ce0d6902779b6: Neither blocks nor log segments found. Creating new log.
I20260608 09:56:14.712357 13872 tablet_bootstrap.cc:492] T 226e4612ede449a2b9451d866f1282cb P e9da7255a48d481283328a81f60de002: Bootstrap starting.
I20260608 09:56:14.715363 13873 tablet_bootstrap.cc:492] T 2978960b958a41f995eff3e08c0c1bc8 P 7bf6c107753a45d09eb71f84c81d36de: Bootstrap starting.
I20260608 09:56:14.719584 13871 tablet_bootstrap.cc:492] T af9f9ebafbc449e4bb13cf99738e41f6 P b6de4e3f260144389d0ce0d6902779b6: No bootstrap required, opened a new log
I20260608 09:56:14.720057 13872 tablet_bootstrap.cc:654] T 226e4612ede449a2b9451d866f1282cb P e9da7255a48d481283328a81f60de002: Neither blocks nor log segments found. Creating new log.
I20260608 09:56:14.720185 13871 ts_tablet_manager.cc:1403] T af9f9ebafbc449e4bb13cf99738e41f6 P b6de4e3f260144389d0ce0d6902779b6: Time spent bootstrapping tablet: real 0.016s	user 0.011s	sys 0.004s
I20260608 09:56:14.721259 13873 tablet_bootstrap.cc:654] T 2978960b958a41f995eff3e08c0c1bc8 P 7bf6c107753a45d09eb71f84c81d36de: Neither blocks nor log segments found. Creating new log.
I20260608 09:56:14.723709 13871 raft_consensus.cc:359] T af9f9ebafbc449e4bb13cf99738e41f6 P b6de4e3f260144389d0ce0d6902779b6 [term 0 FOLLOWER]: Replica starting. Triggering 0 pending ops. Active config: opid_index: -1 OBSOLETE_local: true peers { permanent_uuid: "b6de4e3f260144389d0ce0d6902779b6" member_type: VOTER last_known_addr { host: "127.11.251.193" port: 38689 } }
I20260608 09:56:14.724588 13871 raft_consensus.cc:385] T af9f9ebafbc449e4bb13cf99738e41f6 P b6de4e3f260144389d0ce0d6902779b6 [term 0 FOLLOWER]: Consensus starting up: Expiring failure detector timer to make a prompt election more likely
I20260608 09:56:14.725085 13871 raft_consensus.cc:740] T af9f9ebafbc449e4bb13cf99738e41f6 P b6de4e3f260144389d0ce0d6902779b6 [term 0 FOLLOWER]: Becoming Follower/Learner. State: Replica: b6de4e3f260144389d0ce0d6902779b6, State: Initialized, Role: FOLLOWER
I20260608 09:56:14.726311 13871 consensus_queue.cc:260] T af9f9ebafbc449e4bb13cf99738e41f6 P b6de4e3f260144389d0ce0d6902779b6 [NON_LEADER]: Queue going to NON_LEADER mode. State: All replicated index: 0, Majority replicated index: 0, Committed index: 0, Last appended: 0.0, Last appended by leader: 0, Current term: 0, Majority size: -1, State: 0, Mode: NON_LEADER, active raft config: opid_index: -1 OBSOLETE_local: true peers { permanent_uuid: "b6de4e3f260144389d0ce0d6902779b6" member_type: VOTER last_known_addr { host: "127.11.251.193" port: 38689 } }
I20260608 09:56:14.727308 13871 raft_consensus.cc:399] T af9f9ebafbc449e4bb13cf99738e41f6 P b6de4e3f260144389d0ce0d6902779b6 [term 0 FOLLOWER]: Only one voter in the Raft config. Triggering election immediately
I20260608 09:56:14.727782 13871 raft_consensus.cc:493] T af9f9ebafbc449e4bb13cf99738e41f6 P b6de4e3f260144389d0ce0d6902779b6 [term 0 FOLLOWER]: Starting leader election (initial election of a single-replica configuration)
I20260608 09:56:14.728235 13871 raft_consensus.cc:3060] T af9f9ebafbc449e4bb13cf99738e41f6 P b6de4e3f260144389d0ce0d6902779b6 [term 0 FOLLOWER]: Advancing to term 1
I20260608 09:56:14.729799 13872 tablet_bootstrap.cc:492] T 226e4612ede449a2b9451d866f1282cb P e9da7255a48d481283328a81f60de002: No bootstrap required, opened a new log
I20260608 09:56:14.730273 13872 ts_tablet_manager.cc:1403] T 226e4612ede449a2b9451d866f1282cb P e9da7255a48d481283328a81f60de002: Time spent bootstrapping tablet: real 0.018s	user 0.016s	sys 0.000s
I20260608 09:56:14.730314 13873 tablet_bootstrap.cc:492] T 2978960b958a41f995eff3e08c0c1bc8 P 7bf6c107753a45d09eb71f84c81d36de: No bootstrap required, opened a new log
I20260608 09:56:14.730865 13873 ts_tablet_manager.cc:1403] T 2978960b958a41f995eff3e08c0c1bc8 P 7bf6c107753a45d09eb71f84c81d36de: Time spent bootstrapping tablet: real 0.016s	user 0.013s	sys 0.000s
I20260608 09:56:14.732657 13872 raft_consensus.cc:359] T 226e4612ede449a2b9451d866f1282cb P e9da7255a48d481283328a81f60de002 [term 0 FOLLOWER]: Replica starting. Triggering 0 pending ops. Active config: opid_index: -1 OBSOLETE_local: true peers { permanent_uuid: "e9da7255a48d481283328a81f60de002" member_type: VOTER last_known_addr { host: "127.11.251.195" port: 44583 } }
I20260608 09:56:14.733193 13872 raft_consensus.cc:385] T 226e4612ede449a2b9451d866f1282cb P e9da7255a48d481283328a81f60de002 [term 0 FOLLOWER]: Consensus starting up: Expiring failure detector timer to make a prompt election more likely
I20260608 09:56:14.733480 13872 raft_consensus.cc:740] T 226e4612ede449a2b9451d866f1282cb P e9da7255a48d481283328a81f60de002 [term 0 FOLLOWER]: Becoming Follower/Learner. State: Replica: e9da7255a48d481283328a81f60de002, State: Initialized, Role: FOLLOWER
I20260608 09:56:14.733922 13873 raft_consensus.cc:359] T 2978960b958a41f995eff3e08c0c1bc8 P 7bf6c107753a45d09eb71f84c81d36de [term 0 FOLLOWER]: Replica starting. Triggering 0 pending ops. Active config: opid_index: -1 OBSOLETE_local: true peers { permanent_uuid: "7bf6c107753a45d09eb71f84c81d36de" member_type: VOTER last_known_addr { host: "127.11.251.194" port: 45275 } }
I20260608 09:56:14.734115 13872 consensus_queue.cc:260] T 226e4612ede449a2b9451d866f1282cb P e9da7255a48d481283328a81f60de002 [NON_LEADER]: Queue going to NON_LEADER mode. State: All replicated index: 0, Majority replicated index: 0, Committed index: 0, Last appended: 0.0, Last appended by leader: 0, Current term: 0, Majority size: -1, State: 0, Mode: NON_LEADER, active raft config: opid_index: -1 OBSOLETE_local: true peers { permanent_uuid: "e9da7255a48d481283328a81f60de002" member_type: VOTER last_known_addr { host: "127.11.251.195" port: 44583 } }
I20260608 09:56:14.734519 13873 raft_consensus.cc:385] T 2978960b958a41f995eff3e08c0c1bc8 P 7bf6c107753a45d09eb71f84c81d36de [term 0 FOLLOWER]: Consensus starting up: Expiring failure detector timer to make a prompt election more likely
I20260608 09:56:14.734804 13872 raft_consensus.cc:399] T 226e4612ede449a2b9451d866f1282cb P e9da7255a48d481283328a81f60de002 [term 0 FOLLOWER]: Only one voter in the Raft config. Triggering election immediately
I20260608 09:56:14.734879 13873 raft_consensus.cc:740] T 2978960b958a41f995eff3e08c0c1bc8 P 7bf6c107753a45d09eb71f84c81d36de [term 0 FOLLOWER]: Becoming Follower/Learner. State: Replica: 7bf6c107753a45d09eb71f84c81d36de, State: Initialized, Role: FOLLOWER
I20260608 09:56:14.735167 13872 raft_consensus.cc:493] T 226e4612ede449a2b9451d866f1282cb P e9da7255a48d481283328a81f60de002 [term 0 FOLLOWER]: Starting leader election (initial election of a single-replica configuration)
I20260608 09:56:14.735101 13871 raft_consensus.cc:515] T af9f9ebafbc449e4bb13cf99738e41f6 P b6de4e3f260144389d0ce0d6902779b6 [term 1 FOLLOWER]: Starting leader election with config: opid_index: -1 OBSOLETE_local: true peers { permanent_uuid: "b6de4e3f260144389d0ce0d6902779b6" member_type: VOTER last_known_addr { host: "127.11.251.193" port: 38689 } }
I20260608 09:56:14.735672 13872 raft_consensus.cc:3060] T 226e4612ede449a2b9451d866f1282cb P e9da7255a48d481283328a81f60de002 [term 0 FOLLOWER]: Advancing to term 1
I20260608 09:56:14.735978 13871 leader_election.cc:304] T af9f9ebafbc449e4bb13cf99738e41f6 P b6de4e3f260144389d0ce0d6902779b6 [CANDIDATE]: Term 1 election: Election decided. Result: candidate won. Election summary: received 1 responses out of 1 voters: 1 yes votes; 0 no votes. yes voters: b6de4e3f260144389d0ce0d6902779b6; no voters: 
I20260608 09:56:14.735888 13873 consensus_queue.cc:260] T 2978960b958a41f995eff3e08c0c1bc8 P 7bf6c107753a45d09eb71f84c81d36de [NON_LEADER]: Queue going to NON_LEADER mode. State: All replicated index: 0, Majority replicated index: 0, Committed index: 0, Last appended: 0.0, Last appended by leader: 0, Current term: 0, Majority size: -1, State: 0, Mode: NON_LEADER, active raft config: opid_index: -1 OBSOLETE_local: true peers { permanent_uuid: "7bf6c107753a45d09eb71f84c81d36de" member_type: VOTER last_known_addr { host: "127.11.251.194" port: 45275 } }
I20260608 09:56:14.736771 13873 raft_consensus.cc:399] T 2978960b958a41f995eff3e08c0c1bc8 P 7bf6c107753a45d09eb71f84c81d36de [term 0 FOLLOWER]: Only one voter in the Raft config. Triggering election immediately
I20260608 09:56:14.737217 13873 raft_consensus.cc:493] T 2978960b958a41f995eff3e08c0c1bc8 P 7bf6c107753a45d09eb71f84c81d36de [term 0 FOLLOWER]: Starting leader election (initial election of a single-replica configuration)
I20260608 09:56:14.737722 13873 raft_consensus.cc:3060] T 2978960b958a41f995eff3e08c0c1bc8 P 7bf6c107753a45d09eb71f84c81d36de [term 0 FOLLOWER]: Advancing to term 1
I20260608 09:56:14.737730 13871 leader_election.cc:290] T af9f9ebafbc449e4bb13cf99738e41f6 P b6de4e3f260144389d0ce0d6902779b6 [CANDIDATE]: Term 1 election: Requested vote from peers 
I20260608 09:56:14.738329 13877 raft_consensus.cc:2804] T af9f9ebafbc449e4bb13cf99738e41f6 P b6de4e3f260144389d0ce0d6902779b6 [term 1 FOLLOWER]: Leader election won for term 1
I20260608 09:56:14.742026 13872 raft_consensus.cc:515] T 226e4612ede449a2b9451d866f1282cb P e9da7255a48d481283328a81f60de002 [term 1 FOLLOWER]: Starting leader election with config: opid_index: -1 OBSOLETE_local: true peers { permanent_uuid: "e9da7255a48d481283328a81f60de002" member_type: VOTER last_known_addr { host: "127.11.251.195" port: 44583 } }
I20260608 09:56:14.742990 13872 leader_election.cc:304] T 226e4612ede449a2b9451d866f1282cb P e9da7255a48d481283328a81f60de002 [CANDIDATE]: Term 1 election: Election decided. Result: candidate won. Election summary: received 1 responses out of 1 voters: 1 yes votes; 0 no votes. yes voters: e9da7255a48d481283328a81f60de002; no voters: 
I20260608 09:56:14.746767 13873 raft_consensus.cc:515] T 2978960b958a41f995eff3e08c0c1bc8 P 7bf6c107753a45d09eb71f84c81d36de [term 1 FOLLOWER]: Starting leader election with config: opid_index: -1 OBSOLETE_local: true peers { permanent_uuid: "7bf6c107753a45d09eb71f84c81d36de" member_type: VOTER last_known_addr { host: "127.11.251.194" port: 45275 } }
I20260608 09:56:14.747411 13871 ts_tablet_manager.cc:1434] T af9f9ebafbc449e4bb13cf99738e41f6 P b6de4e3f260144389d0ce0d6902779b6: Time spent starting tablet: real 0.027s	user 0.024s	sys 0.000s
I20260608 09:56:14.747666 13873 leader_election.cc:304] T 2978960b958a41f995eff3e08c0c1bc8 P 7bf6c107753a45d09eb71f84c81d36de [CANDIDATE]: Term 1 election: Election decided. Result: candidate won. Election summary: received 1 responses out of 1 voters: 1 yes votes; 0 no votes. yes voters: 7bf6c107753a45d09eb71f84c81d36de; no voters: 
I20260608 09:56:14.750283 13877 raft_consensus.cc:697] T af9f9ebafbc449e4bb13cf99738e41f6 P b6de4e3f260144389d0ce0d6902779b6 [term 1 LEADER]: Becoming Leader. State: Replica: b6de4e3f260144389d0ce0d6902779b6, State: Running, Role: LEADER
I20260608 09:56:14.751117 13872 leader_election.cc:290] T 226e4612ede449a2b9451d866f1282cb P e9da7255a48d481283328a81f60de002 [CANDIDATE]: Term 1 election: Requested vote from peers 
I20260608 09:56:14.751212 13873 leader_election.cc:290] T 2978960b958a41f995eff3e08c0c1bc8 P 7bf6c107753a45d09eb71f84c81d36de [CANDIDATE]: Term 1 election: Requested vote from peers 
I20260608 09:56:14.751291 13877 consensus_queue.cc:237] T af9f9ebafbc449e4bb13cf99738e41f6 P b6de4e3f260144389d0ce0d6902779b6 [LEADER]: Queue going to LEADER mode. State: All replicated index: 0, Majority replicated index: 0, Committed index: 0, Last appended: 0.0, Last appended by leader: 0, Current term: 1, Majority size: 1, State: 0, Mode: LEADER, active raft config: opid_index: -1 OBSOLETE_local: true peers { permanent_uuid: "b6de4e3f260144389d0ce0d6902779b6" member_type: VOTER last_known_addr { host: "127.11.251.193" port: 38689 } }
I20260608 09:56:14.752156 13880 raft_consensus.cc:2804] T 226e4612ede449a2b9451d866f1282cb P e9da7255a48d481283328a81f60de002 [term 1 FOLLOWER]: Leader election won for term 1
I20260608 09:56:14.752535 13881 raft_consensus.cc:2804] T 2978960b958a41f995eff3e08c0c1bc8 P 7bf6c107753a45d09eb71f84c81d36de [term 1 FOLLOWER]: Leader election won for term 1
I20260608 09:56:14.756137 13873 ts_tablet_manager.cc:1434] T 2978960b958a41f995eff3e08c0c1bc8 P 7bf6c107753a45d09eb71f84c81d36de: Time spent starting tablet: real 0.025s	user 0.022s	sys 0.004s
I20260608 09:56:14.763839 13872 ts_tablet_manager.cc:1434] T 226e4612ede449a2b9451d866f1282cb P e9da7255a48d481283328a81f60de002: Time spent starting tablet: real 0.033s	user 0.012s	sys 0.014s
I20260608 09:56:14.767532 13881 raft_consensus.cc:697] T 2978960b958a41f995eff3e08c0c1bc8 P 7bf6c107753a45d09eb71f84c81d36de [term 1 LEADER]: Becoming Leader. State: Replica: 7bf6c107753a45d09eb71f84c81d36de, State: Running, Role: LEADER
I20260608 09:56:14.768592 13881 consensus_queue.cc:237] T 2978960b958a41f995eff3e08c0c1bc8 P 7bf6c107753a45d09eb71f84c81d36de [LEADER]: Queue going to LEADER mode. State: All replicated index: 0, Majority replicated index: 0, Committed index: 0, Last appended: 0.0, Last appended by leader: 0, Current term: 1, Majority size: 1, State: 0, Mode: LEADER, active raft config: opid_index: -1 OBSOLETE_local: true peers { permanent_uuid: "7bf6c107753a45d09eb71f84c81d36de" member_type: VOTER last_known_addr { host: "127.11.251.194" port: 45275 } }
I20260608 09:56:14.774691 13380 catalog_manager.cc:5696] T af9f9ebafbc449e4bb13cf99738e41f6 P b6de4e3f260144389d0ce0d6902779b6 reported cstate change: term changed from 0 to 1, leader changed from <none> to b6de4e3f260144389d0ce0d6902779b6 (127.11.251.193). New cstate: current_term: 1 leader_uuid: "b6de4e3f260144389d0ce0d6902779b6" committed_config { opid_index: -1 OBSOLETE_local: true peers { permanent_uuid: "b6de4e3f260144389d0ce0d6902779b6" member_type: VOTER last_known_addr { host: "127.11.251.193" port: 38689 } health_report { overall_health: HEALTHY } } }
