I20260608 09:57:23.207000 20033 rpc_server.cc:225] running with OpenSSL 1.1.1  11 Sep 2018
I20260608 09:57:23.208451 20033 kserver.cc:163] Server-wide thread pool size limit: 3276
I20260608 09:57:23.250694 20033 rpc_server.cc:307] RPC server started. Bound to: 127.19.144.126:34017
I20260608 09:57:23.250897 22599 acceptor_pool.cc:272] collecting diagnostics on the listening RPC socket 127.19.144.126:34017 every 8 connection(s)
I20260608 09:57:23.255491 22600 data_dirs.cc:400] Could only allocate 1 dirs of requested 3 for tablet 00000000000000000000000000000000. 1 dirs total, 0 dirs full, 0 dirs failed
I20260608 09:57:23.267802 22600 tablet_bootstrap.cc:492] T 00000000000000000000000000000000 P fd1a086d45464ca392aeddb02242398e: Bootstrap starting.
I20260608 09:57:23.273779 22600 tablet_bootstrap.cc:654] T 00000000000000000000000000000000 P fd1a086d45464ca392aeddb02242398e: Neither blocks nor log segments found. Creating new log.
I20260608 09:57:23.279065 22600 tablet_bootstrap.cc:492] T 00000000000000000000000000000000 P fd1a086d45464ca392aeddb02242398e: No bootstrap required, opened a new log
I20260608 09:57:23.281729 22600 raft_consensus.cc:359] T 00000000000000000000000000000000 P fd1a086d45464ca392aeddb02242398e [term 0 FOLLOWER]: Replica starting. Triggering 0 pending ops. Active config: opid_index: -1 OBSOLETE_local: true peers { permanent_uuid: "fd1a086d45464ca392aeddb02242398e" member_type: VOTER }
I20260608 09:57:23.282192 22600 raft_consensus.cc:385] T 00000000000000000000000000000000 P fd1a086d45464ca392aeddb02242398e [term 0 FOLLOWER]: Consensus starting up: Expiring failure detector timer to make a prompt election more likely
I20260608 09:57:23.282392 22600 raft_consensus.cc:740] T 00000000000000000000000000000000 P fd1a086d45464ca392aeddb02242398e [term 0 FOLLOWER]: Becoming Follower/Learner. State: Replica: fd1a086d45464ca392aeddb02242398e, State: Initialized, Role: FOLLOWER
I20260608 09:57:23.283053 22600 consensus_queue.cc:260] T 00000000000000000000000000000000 P fd1a086d45464ca392aeddb02242398e [NON_LEADER]: Queue going to NON_LEADER mode. State: All replicated index: 0, Majority replicated index: 0, Committed index: 0, Last appended: 0.0, Last appended by leader: 0, Current term: 0, Majority size: -1, State: 0, Mode: NON_LEADER, active raft config: opid_index: -1 OBSOLETE_local: true peers { permanent_uuid: "fd1a086d45464ca392aeddb02242398e" member_type: VOTER }
I20260608 09:57:23.283602 22600 raft_consensus.cc:399] T 00000000000000000000000000000000 P fd1a086d45464ca392aeddb02242398e [term 0 FOLLOWER]: Only one voter in the Raft config. Triggering election immediately
I20260608 09:57:23.283830 22600 raft_consensus.cc:493] T 00000000000000000000000000000000 P fd1a086d45464ca392aeddb02242398e [term 0 FOLLOWER]: Starting leader election (initial election of a single-replica configuration)
I20260608 09:57:23.284056 22600 raft_consensus.cc:3060] T 00000000000000000000000000000000 P fd1a086d45464ca392aeddb02242398e [term 0 FOLLOWER]: Advancing to term 1
I20260608 09:57:23.289026 22600 raft_consensus.cc:515] T 00000000000000000000000000000000 P fd1a086d45464ca392aeddb02242398e [term 1 FOLLOWER]: Starting leader election with config: opid_index: -1 OBSOLETE_local: true peers { permanent_uuid: "fd1a086d45464ca392aeddb02242398e" member_type: VOTER }
I20260608 09:57:23.289588 22600 leader_election.cc:304] T 00000000000000000000000000000000 P fd1a086d45464ca392aeddb02242398e [CANDIDATE]: Term 1 election: Election decided. Result: candidate won. Election summary: received 1 responses out of 1 voters: 1 yes votes; 0 no votes. yes voters: fd1a086d45464ca392aeddb02242398e; no voters: 
I20260608 09:57:23.290793 22600 leader_election.cc:290] T 00000000000000000000000000000000 P fd1a086d45464ca392aeddb02242398e [CANDIDATE]: Term 1 election: Requested vote from peers 
I20260608 09:57:23.291370 22603 raft_consensus.cc:2804] T 00000000000000000000000000000000 P fd1a086d45464ca392aeddb02242398e [term 1 FOLLOWER]: Leader election won for term 1
I20260608 09:57:23.293141 22603 raft_consensus.cc:697] T 00000000000000000000000000000000 P fd1a086d45464ca392aeddb02242398e [term 1 LEADER]: Becoming Leader. State: Replica: fd1a086d45464ca392aeddb02242398e, State: Running, Role: LEADER
I20260608 09:57:23.294049 22603 consensus_queue.cc:237] T 00000000000000000000000000000000 P fd1a086d45464ca392aeddb02242398e [LEADER]: Queue going to LEADER mode. State: All replicated index: 0, Majority replicated index: 0, Committed index: 0, Last appended: 0.0, Last appended by leader: 0, Current term: 1, Majority size: 1, State: 0, Mode: LEADER, active raft config: opid_index: -1 OBSOLETE_local: true peers { permanent_uuid: "fd1a086d45464ca392aeddb02242398e" member_type: VOTER }
I20260608 09:57:23.294476 22600 sys_catalog.cc:565] T 00000000000000000000000000000000 P fd1a086d45464ca392aeddb02242398e [sys.catalog]: configured and running, proceeding with master startup.
I20260608 09:57:23.299813 22605 sys_catalog.cc:455] T 00000000000000000000000000000000 P fd1a086d45464ca392aeddb02242398e [sys.catalog]: SysCatalogTable state changed. Reason: New leader fd1a086d45464ca392aeddb02242398e. Latest consensus state: current_term: 1 leader_uuid: "fd1a086d45464ca392aeddb02242398e" committed_config { opid_index: -1 OBSOLETE_local: true peers { permanent_uuid: "fd1a086d45464ca392aeddb02242398e" member_type: VOTER } }
I20260608 09:57:23.300683 22605 sys_catalog.cc:458] T 00000000000000000000000000000000 P fd1a086d45464ca392aeddb02242398e [sys.catalog]: This master's current role is: LEADER
I20260608 09:57:23.299813 22604 sys_catalog.cc:455] T 00000000000000000000000000000000 P fd1a086d45464ca392aeddb02242398e [sys.catalog]: SysCatalogTable state changed. Reason: RaftConsensus started. Latest consensus state: current_term: 1 leader_uuid: "fd1a086d45464ca392aeddb02242398e" committed_config { opid_index: -1 OBSOLETE_local: true peers { permanent_uuid: "fd1a086d45464ca392aeddb02242398e" member_type: VOTER } }
I20260608 09:57:23.301882 22604 sys_catalog.cc:458] T 00000000000000000000000000000000 P fd1a086d45464ca392aeddb02242398e [sys.catalog]: This master's current role is: LEADER
I20260608 09:57:23.303090 22609 catalog_manager.cc:1510] Loading table and tablet metadata into memory...
I20260608 09:57:23.309068 22609 catalog_manager.cc:1519] Initializing Kudu cluster ID...
I20260608 09:57:23.314163 20033 internal_mini_cluster.cc:184] Waiting to initialize catalog manager on master 0
I20260608 09:57:23.320771 22609 catalog_manager.cc:1382] Generated new cluster ID: 2a2ba932789c47cca11bdfe02b8ce0a6
I20260608 09:57:23.321142 22609 catalog_manager.cc:1530] Initializing Kudu internal certificate authority...
I20260608 09:57:23.347647 22609 catalog_manager.cc:1405] Generated new certificate authority record
I20260608 09:57:23.349188 22609 catalog_manager.cc:1539] Loading token signing keys...
I20260608 09:57:23.365325 22609 catalog_manager.cc:6069] T 00000000000000000000000000000000 P fd1a086d45464ca392aeddb02242398e: Generated new TSK 0
I20260608 09:57:23.366200 22609 catalog_manager.cc:1549] Initializing in-progress tserver states...
I20260608 09:57:23.381860 20033 file_cache.cc:492] Constructed file cache file cache with capacity 419430
W20260608 09:57:23.389442 22623 instance_detector.cc:116] could not retrieve Azure instance metadata: Network error: curl error: HTTP response code said error: The requested URL returned error: 404
W20260608 09:57:23.390343 22622 instance_detector.cc:116] could not retrieve AWS instance metadata: Network error: curl error: HTTP response code said error: The requested URL returned error: 404
I20260608 09:57:23.392119 20033 server_base.cc:1061] running on GCE node
W20260608 09:57:23.392592 22625 instance_detector.cc:116] could not retrieve OpenStack instance metadata: Network error: curl error: HTTP response code said error: The requested URL returned error: 404
I20260608 09:57:23.393601 20033 hybrid_clock.cc:584] initializing the hybrid clock with 'system_unsync' time source
W20260608 09:57:23.393853 20033 system_unsync_time.cc:38] NTP support is disabled. Clock error bounds will not be accurate. This configuration is not suitable for distributed clusters.
I20260608 09:57:23.394038 20033 hybrid_clock.cc:648] HybridClock initialized: now 1780912643394000 us; error 0 us; skew 500 ppm
I20260608 09:57:23.394672 20033 server_base.cc:861] Flag tcmalloc_max_total_thread_cache_bytes is not working since tcmalloc is not enabled.
I20260608 09:57:23.397405 20033 webserver.cc:533] Webserver started at http://127.19.144.65:40989/ using document root <none> and password file <none>
I20260608 09:57:23.397943 20033 fs_manager.cc:362] Metadata directory not provided
I20260608 09:57:23.398151 20033 fs_manager.cc:368] Using write-ahead log directory (fs_wal_dir) as metadata directory
I20260608 09:57:23.398444 20033 server_base.cc:909] This appears to be a new deployment of Kudu; creating new FS layout
I20260608 09:57:23.399720 20033 fs_manager.cc:1068] Generated new instance metadata in path /tmp/dist-test-taskZvRQqr/test-tmp/auto_rebalancer-test.0.AutoRebalancerTest.RangeAwareBuildClusterInfoGroupsByRange.1780912565232173-20033-0/minicluster-data/ts-0-root/instance:
uuid: "60ee645599aa4d5f8c56be39000d98e0"
format_stamp: "Formatted at 2026-06-08 09:57:23 on dist-test-slave-17vp"
I20260608 09:57:23.404688 20033 fs_manager.cc:696] Time spent creating directory manager: real 0.004s	user 0.002s	sys 0.003s
I20260608 09:57:23.408484 22630 log_block_manager.cc:4031] Time spent loading block containers with low live blocks: real 0.000s	user 0.000s	sys 0.000s
I20260608 09:57:23.409284 20033 fs_manager.cc:730] Time spent opening block manager: real 0.003s	user 0.003s	sys 0.001s
I20260608 09:57:23.409616 20033 fs_manager.cc:647] Opened local filesystem: /tmp/dist-test-taskZvRQqr/test-tmp/auto_rebalancer-test.0.AutoRebalancerTest.RangeAwareBuildClusterInfoGroupsByRange.1780912565232173-20033-0/minicluster-data/ts-0-root
uuid: "60ee645599aa4d5f8c56be39000d98e0"
format_stamp: "Formatted at 2026-06-08 09:57:23 on dist-test-slave-17vp"
I20260608 09:57:23.409946 20033 fs_report.cc:389] FS layout report
--------------------
wal directory: /tmp/dist-test-taskZvRQqr/test-tmp/auto_rebalancer-test.0.AutoRebalancerTest.RangeAwareBuildClusterInfoGroupsByRange.1780912565232173-20033-0/minicluster-data/ts-0-root
metadata directory: /tmp/dist-test-taskZvRQqr/test-tmp/auto_rebalancer-test.0.AutoRebalancerTest.RangeAwareBuildClusterInfoGroupsByRange.1780912565232173-20033-0/minicluster-data/ts-0-root
1 data directories: /tmp/dist-test-taskZvRQqr/test-tmp/auto_rebalancer-test.0.AutoRebalancerTest.RangeAwareBuildClusterInfoGroupsByRange.1780912565232173-20033-0/minicluster-data/ts-0-root/data
Total live blocks: 0
Total live bytes: 0
Total live bytes (after alignment): 0
Total number of LBM containers: 0 (0 full)
Did not check for missing blocks
Did not check for orphaned blocks
Total full LBM containers with extra space: 0 (0 repaired)
Total full LBM container extra space in bytes: 0 (0 repaired)
Total incomplete LBM containers: 0 (0 repaired)
Total LBM partial records: 0 (0 repaired)
Total corrupted LBM metadata records in RocksDB: 0 (0 repaired)
I20260608 09:57:23.426034 20033 rpc_server.cc:225] running with OpenSSL 1.1.1  11 Sep 2018
I20260608 09:57:23.427364 20033 kserver.cc:163] Server-wide thread pool size limit: 3276
I20260608 09:57:23.429003 20033 txn_system_client.cc:432] TxnSystemClient initialization is disabled...
I20260608 09:57:23.431612 20033 ts_tablet_manager.cc:585] Loaded tablet metadata (0 total tablets, 0 live tablets)
I20260608 09:57:23.431867 20033 ts_tablet_manager.cc:531] Time spent load tablet metadata: real 0.000s	user 0.000s	sys 0.000s
I20260608 09:57:23.432132 20033 ts_tablet_manager.cc:616] Registered 0 tablets
I20260608 09:57:23.432317 20033 ts_tablet_manager.cc:595] Time spent register tablets: real 0.000s	user 0.000s	sys 0.000s
I20260608 09:57:23.476835 20033 rpc_server.cc:307] RPC server started. Bound to: 127.19.144.65:41017
I20260608 09:57:23.476985 22692 acceptor_pool.cc:272] collecting diagnostics on the listening RPC socket 127.19.144.65:41017 every 8 connection(s)
I20260608 09:57:23.482795 20033 file_cache.cc:492] Constructed file cache file cache with capacity 419430
W20260608 09:57:23.490501 22697 instance_detector.cc:116] could not retrieve AWS instance metadata: Network error: curl error: HTTP response code said error: The requested URL returned error: 404
W20260608 09:57:23.492125 22698 instance_detector.cc:116] could not retrieve Azure instance metadata: Network error: curl error: HTTP response code said error: The requested URL returned error: 404
W20260608 09:57:23.494096 22700 instance_detector.cc:116] could not retrieve OpenStack instance metadata: Network error: curl error: HTTP response code said error: The requested URL returned error: 404
I20260608 09:57:23.495078 20033 server_base.cc:1061] running on GCE node
I20260608 09:57:23.496155 20033 hybrid_clock.cc:584] initializing the hybrid clock with 'system_unsync' time source
W20260608 09:57:23.496440 20033 system_unsync_time.cc:38] NTP support is disabled. Clock error bounds will not be accurate. This configuration is not suitable for distributed clusters.
I20260608 09:57:23.496637 20033 hybrid_clock.cc:648] HybridClock initialized: now 1780912643496620 us; error 0 us; skew 500 ppm
I20260608 09:57:23.497308 20033 server_base.cc:861] Flag tcmalloc_max_total_thread_cache_bytes is not working since tcmalloc is not enabled.
I20260608 09:57:23.500228 20033 webserver.cc:533] Webserver started at http://127.19.144.66:45529/ using document root <none> and password file <none>
I20260608 09:57:23.500603 22693 heartbeater.cc:344] Connected to a master server at 127.19.144.126:34017
I20260608 09:57:23.500840 20033 fs_manager.cc:362] Metadata directory not provided
I20260608 09:57:23.501025 22693 heartbeater.cc:461] Registering TS with master...
I20260608 09:57:23.501122 20033 fs_manager.cc:368] Using write-ahead log directory (fs_wal_dir) as metadata directory
I20260608 09:57:23.501555 20033 server_base.cc:909] This appears to be a new deployment of Kudu; creating new FS layout
I20260608 09:57:23.502049 22693 heartbeater.cc:507] Master 127.19.144.126:34017 requested a full tablet report, sending...
I20260608 09:57:23.502990 20033 fs_manager.cc:1068] Generated new instance metadata in path /tmp/dist-test-taskZvRQqr/test-tmp/auto_rebalancer-test.0.AutoRebalancerTest.RangeAwareBuildClusterInfoGroupsByRange.1780912565232173-20033-0/minicluster-data/ts-1-root/instance:
uuid: "c9fb573fd78f47de8e58a8c0a68354b1"
format_stamp: "Formatted at 2026-06-08 09:57:23 on dist-test-slave-17vp"
I20260608 09:57:23.504858 22565 ts_manager.cc:194] Registered new tserver with Master: 60ee645599aa4d5f8c56be39000d98e0 (127.19.144.65:41017)
I20260608 09:57:23.507697 22565 master_service.cc:502] Signed X509 certificate for tserver {username='slave'} at 127.0.0.1:49564
I20260608 09:57:23.510165 20033 fs_manager.cc:696] Time spent creating directory manager: real 0.007s	user 0.005s	sys 0.000s
I20260608 09:57:23.514433 22705 log_block_manager.cc:4031] Time spent loading block containers with low live blocks: real 0.000s	user 0.000s	sys 0.000s
I20260608 09:57:23.515327 20033 fs_manager.cc:730] Time spent opening block manager: real 0.003s	user 0.002s	sys 0.000s
I20260608 09:57:23.515698 20033 fs_manager.cc:647] Opened local filesystem: /tmp/dist-test-taskZvRQqr/test-tmp/auto_rebalancer-test.0.AutoRebalancerTest.RangeAwareBuildClusterInfoGroupsByRange.1780912565232173-20033-0/minicluster-data/ts-1-root
uuid: "c9fb573fd78f47de8e58a8c0a68354b1"
format_stamp: "Formatted at 2026-06-08 09:57:23 on dist-test-slave-17vp"
I20260608 09:57:23.516024 20033 fs_report.cc:389] FS layout report
--------------------
wal directory: /tmp/dist-test-taskZvRQqr/test-tmp/auto_rebalancer-test.0.AutoRebalancerTest.RangeAwareBuildClusterInfoGroupsByRange.1780912565232173-20033-0/minicluster-data/ts-1-root
metadata directory: /tmp/dist-test-taskZvRQqr/test-tmp/auto_rebalancer-test.0.AutoRebalancerTest.RangeAwareBuildClusterInfoGroupsByRange.1780912565232173-20033-0/minicluster-data/ts-1-root
1 data directories: /tmp/dist-test-taskZvRQqr/test-tmp/auto_rebalancer-test.0.AutoRebalancerTest.RangeAwareBuildClusterInfoGroupsByRange.1780912565232173-20033-0/minicluster-data/ts-1-root/data
Total live blocks: 0
Total live bytes: 0
Total live bytes (after alignment): 0
Total number of LBM containers: 0 (0 full)
Did not check for missing blocks
Did not check for orphaned blocks
Total full LBM containers with extra space: 0 (0 repaired)
Total full LBM container extra space in bytes: 0 (0 repaired)
Total incomplete LBM containers: 0 (0 repaired)
Total LBM partial records: 0 (0 repaired)
Total corrupted LBM metadata records in RocksDB: 0 (0 repaired)
I20260608 09:57:23.541989 20033 rpc_server.cc:225] running with OpenSSL 1.1.1  11 Sep 2018
I20260608 09:57:23.543304 20033 kserver.cc:163] Server-wide thread pool size limit: 3276
I20260608 09:57:23.544961 20033 txn_system_client.cc:432] TxnSystemClient initialization is disabled...
I20260608 09:57:23.547712 20033 ts_tablet_manager.cc:585] Loaded tablet metadata (0 total tablets, 0 live tablets)
I20260608 09:57:23.547964 20033 ts_tablet_manager.cc:531] Time spent load tablet metadata: real 0.000s	user 0.000s	sys 0.000s
I20260608 09:57:23.548267 20033 ts_tablet_manager.cc:616] Registered 0 tablets
I20260608 09:57:23.548449 20033 ts_tablet_manager.cc:595] Time spent register tablets: real 0.000s	user 0.000s	sys 0.000s
I20260608 09:57:23.596565 20033 rpc_server.cc:307] RPC server started. Bound to: 127.19.144.66:46041
I20260608 09:57:23.596709 22768 acceptor_pool.cc:272] collecting diagnostics on the listening RPC socket 127.19.144.66:46041 every 8 connection(s)
I20260608 09:57:23.602133 20033 file_cache.cc:492] Constructed file cache file cache with capacity 419430
W20260608 09:57:23.611886 22772 instance_detector.cc:116] could not retrieve AWS instance metadata: Network error: curl error: HTTP response code said error: The requested URL returned error: 404
W20260608 09:57:23.612584 22773 instance_detector.cc:116] could not retrieve Azure instance metadata: Network error: curl error: HTTP response code said error: The requested URL returned error: 404
W20260608 09:57:23.616357 22775 instance_detector.cc:116] could not retrieve OpenStack instance metadata: Network error: curl error: HTTP response code said error: The requested URL returned error: 404
I20260608 09:57:23.617442 20033 server_base.cc:1061] running on GCE node
I20260608 09:57:23.617803 22769 heartbeater.cc:344] Connected to a master server at 127.19.144.126:34017
I20260608 09:57:23.618249 22769 heartbeater.cc:461] Registering TS with master...
I20260608 09:57:23.618470 20033 hybrid_clock.cc:584] initializing the hybrid clock with 'system_unsync' time source
W20260608 09:57:23.618682 20033 system_unsync_time.cc:38] NTP support is disabled. Clock error bounds will not be accurate. This configuration is not suitable for distributed clusters.
I20260608 09:57:23.618844 20033 hybrid_clock.cc:648] HybridClock initialized: now 1780912643618829 us; error 0 us; skew 500 ppm
I20260608 09:57:23.619112 22769 heartbeater.cc:507] Master 127.19.144.126:34017 requested a full tablet report, sending...
I20260608 09:57:23.619437 20033 server_base.cc:861] Flag tcmalloc_max_total_thread_cache_bytes is not working since tcmalloc is not enabled.
I20260608 09:57:23.621791 22565 ts_manager.cc:194] Registered new tserver with Master: c9fb573fd78f47de8e58a8c0a68354b1 (127.19.144.66:46041)
I20260608 09:57:23.622644 20033 webserver.cc:533] Webserver started at http://127.19.144.67:41229/ using document root <none> and password file <none>
I20260608 09:57:23.623366 20033 fs_manager.cc:362] Metadata directory not provided
I20260608 09:57:23.623638 20033 fs_manager.cc:368] Using write-ahead log directory (fs_wal_dir) as metadata directory
I20260608 09:57:23.623982 20033 server_base.cc:909] This appears to be a new deployment of Kudu; creating new FS layout
I20260608 09:57:23.623920 22565 master_service.cc:502] Signed X509 certificate for tserver {username='slave'} at 127.0.0.1:49578
I20260608 09:57:23.625811 20033 fs_manager.cc:1068] Generated new instance metadata in path /tmp/dist-test-taskZvRQqr/test-tmp/auto_rebalancer-test.0.AutoRebalancerTest.RangeAwareBuildClusterInfoGroupsByRange.1780912565232173-20033-0/minicluster-data/ts-2-root/instance:
uuid: "391db098e0694957afc03f3d71b9b3e6"
format_stamp: "Formatted at 2026-06-08 09:57:23 on dist-test-slave-17vp"
I20260608 09:57:23.630898 20033 fs_manager.cc:696] Time spent creating directory manager: real 0.004s	user 0.006s	sys 0.000s
I20260608 09:57:23.634635 22780 log_block_manager.cc:4031] Time spent loading block containers with low live blocks: real 0.000s	user 0.000s	sys 0.000s
I20260608 09:57:23.635514 20033 fs_manager.cc:730] Time spent opening block manager: real 0.002s	user 0.002s	sys 0.000s
I20260608 09:57:23.635913 20033 fs_manager.cc:647] Opened local filesystem: /tmp/dist-test-taskZvRQqr/test-tmp/auto_rebalancer-test.0.AutoRebalancerTest.RangeAwareBuildClusterInfoGroupsByRange.1780912565232173-20033-0/minicluster-data/ts-2-root
uuid: "391db098e0694957afc03f3d71b9b3e6"
format_stamp: "Formatted at 2026-06-08 09:57:23 on dist-test-slave-17vp"
I20260608 09:57:23.636211 20033 fs_report.cc:389] FS layout report
--------------------
wal directory: /tmp/dist-test-taskZvRQqr/test-tmp/auto_rebalancer-test.0.AutoRebalancerTest.RangeAwareBuildClusterInfoGroupsByRange.1780912565232173-20033-0/minicluster-data/ts-2-root
metadata directory: /tmp/dist-test-taskZvRQqr/test-tmp/auto_rebalancer-test.0.AutoRebalancerTest.RangeAwareBuildClusterInfoGroupsByRange.1780912565232173-20033-0/minicluster-data/ts-2-root
1 data directories: /tmp/dist-test-taskZvRQqr/test-tmp/auto_rebalancer-test.0.AutoRebalancerTest.RangeAwareBuildClusterInfoGroupsByRange.1780912565232173-20033-0/minicluster-data/ts-2-root/data
Total live blocks: 0
Total live bytes: 0
Total live bytes (after alignment): 0
Total number of LBM containers: 0 (0 full)
Did not check for missing blocks
Did not check for orphaned blocks
Total full LBM containers with extra space: 0 (0 repaired)
Total full LBM container extra space in bytes: 0 (0 repaired)
Total incomplete LBM containers: 0 (0 repaired)
Total LBM partial records: 0 (0 repaired)
Total corrupted LBM metadata records in RocksDB: 0 (0 repaired)
I20260608 09:57:23.652601 20033 rpc_server.cc:225] running with OpenSSL 1.1.1  11 Sep 2018
I20260608 09:57:23.653918 20033 kserver.cc:163] Server-wide thread pool size limit: 3276
I20260608 09:57:23.655478 20033 txn_system_client.cc:432] TxnSystemClient initialization is disabled...
I20260608 09:57:23.658028 20033 ts_tablet_manager.cc:585] Loaded tablet metadata (0 total tablets, 0 live tablets)
I20260608 09:57:23.658279 20033 ts_tablet_manager.cc:531] Time spent load tablet metadata: real 0.000s	user 0.000s	sys 0.000s
I20260608 09:57:23.658545 20033 ts_tablet_manager.cc:616] Registered 0 tablets
I20260608 09:57:23.658735 20033 ts_tablet_manager.cc:595] Time spent register tablets: real 0.000s	user 0.000s	sys 0.000s
I20260608 09:57:23.701730 20033 rpc_server.cc:307] RPC server started. Bound to: 127.19.144.67:45913
I20260608 09:57:23.701879 22842 acceptor_pool.cc:272] collecting diagnostics on the listening RPC socket 127.19.144.67:45913 every 8 connection(s)
I20260608 09:57:23.717010 22843 heartbeater.cc:344] Connected to a master server at 127.19.144.126:34017
I20260608 09:57:23.717387 22843 heartbeater.cc:461] Registering TS with master...
I20260608 09:57:23.718312 22843 heartbeater.cc:507] Master 127.19.144.126:34017 requested a full tablet report, sending...
I20260608 09:57:23.720477 22565 ts_manager.cc:194] Registered new tserver with Master: 391db098e0694957afc03f3d71b9b3e6 (127.19.144.67:45913)
I20260608 09:57:23.721362 20033 internal_mini_cluster.cc:371] 3 TS(s) registered with all masters after 0.015827524s
I20260608 09:57:23.722096 22565 master_service.cc:502] Signed X509 certificate for tserver {username='slave'} at 127.0.0.1:49584
I20260608 09:57:24.511494 22693 heartbeater.cc:499] Master 127.19.144.126:34017 was elected leader, sending a full tablet report...
I20260608 09:57:24.627034 22769 heartbeater.cc:499] Master 127.19.144.126:34017 was elected leader, sending a full tablet report...
I20260608 09:57:24.724915 22843 heartbeater.cc:499] Master 127.19.144.126:34017 was elected leader, sending a full tablet report...
I20260608 09:57:24.780277 22565 catalog_manager.cc:2282] Servicing CreateTable request from {username='slave'} at 127.0.0.1:52206:
name: "range_aware_auto_rebalancer_test"
schema {
  columns {
    name: "key"
    type: INT32
    is_key: true
    is_nullable: false
    encoding: AUTO_ENCODING
    compression: DEFAULT_COMPRESSION
    cfile_block_size: 0
    immutable: false
  }
}
num_replicas: 3
split_rows_range_bounds {
  rows: "\006\001\000\000\000\000\007\001\n\000\000\000\006\001\n\000\000\000\007\001\024\000\000\000""\006\001\000\000\000\000\007\001\n\000\000\000\006\001\n\000\000\000\007\001\024\000\000\000"
  indirect_data: """"
}
partition_schema {
  hash_schema {
    columns {
      name: "key"
    }
    num_buckets: 2
    seed: 0
  }
  range_schema {
    columns {
      name: "key"
    }
  }
}
W20260608 09:57:24.783349 22565 catalog_manager.cc:7076] The number of live tablet servers is not enough to re-replicate a tablet replica of the newly created table range_aware_auto_rebalancer_test in case of a server failure: 4 tablet servers would be needed, 3 are available. Consider bringing up more tablet servers.
I20260608 09:57:24.849915 22733 tablet_service.cc:1511] Processing CreateTablet for tablet 0a32b2a4bb96457994181cb355aaef2d (DEFAULT_TABLE table=range_aware_auto_rebalancer_test [id=ab2b6dcbb89d4eefa865fc01bb1f304b]), partition=HASH (key) PARTITION 0, RANGE (key) PARTITION 0 <= VALUES < 10
I20260608 09:57:24.850704 22731 tablet_service.cc:1511] Processing CreateTablet for tablet 893750aef74a40f18d5923dc9df40d95 (DEFAULT_TABLE table=range_aware_auto_rebalancer_test [id=ab2b6dcbb89d4eefa865fc01bb1f304b]), partition=HASH (key) PARTITION 1, RANGE (key) PARTITION 0 <= VALUES < 10
I20260608 09:57:24.851841 22733 data_dirs.cc:400] Could only allocate 1 dirs of requested 3 for tablet 0a32b2a4bb96457994181cb355aaef2d. 1 dirs total, 0 dirs full, 0 dirs failed
I20260608 09:57:24.852658 22731 data_dirs.cc:400] Could only allocate 1 dirs of requested 3 for tablet 893750aef74a40f18d5923dc9df40d95. 1 dirs total, 0 dirs full, 0 dirs failed
I20260608 09:57:24.855386 22730 tablet_service.cc:1511] Processing CreateTablet for tablet 37f40b3058954c0188c32498e2b48f28 (DEFAULT_TABLE table=range_aware_auto_rebalancer_test [id=ab2b6dcbb89d4eefa865fc01bb1f304b]), partition=HASH (key) PARTITION 1, RANGE (key) PARTITION 10 <= VALUES < 20
I20260608 09:57:24.857295 22730 data_dirs.cc:400] Could only allocate 1 dirs of requested 3 for tablet 37f40b3058954c0188c32498e2b48f28. 1 dirs total, 0 dirs full, 0 dirs failed
I20260608 09:57:24.857023 22732 tablet_service.cc:1511] Processing CreateTablet for tablet 3e32539b093d431a907333e7e37610db (DEFAULT_TABLE table=range_aware_auto_rebalancer_test [id=ab2b6dcbb89d4eefa865fc01bb1f304b]), partition=HASH (key) PARTITION 0, RANGE (key) PARTITION 10 <= VALUES < 20
I20260608 09:57:24.858603 22732 data_dirs.cc:400] Could only allocate 1 dirs of requested 3 for tablet 3e32539b093d431a907333e7e37610db. 1 dirs total, 0 dirs full, 0 dirs failed
I20260608 09:57:24.868238 22656 tablet_service.cc:1511] Processing CreateTablet for tablet 893750aef74a40f18d5923dc9df40d95 (DEFAULT_TABLE table=range_aware_auto_rebalancer_test [id=ab2b6dcbb89d4eefa865fc01bb1f304b]), partition=HASH (key) PARTITION 1, RANGE (key) PARTITION 0 <= VALUES < 10
I20260608 09:57:24.868851 22657 tablet_service.cc:1511] Processing CreateTablet for tablet 3e32539b093d431a907333e7e37610db (DEFAULT_TABLE table=range_aware_auto_rebalancer_test [id=ab2b6dcbb89d4eefa865fc01bb1f304b]), partition=HASH (key) PARTITION 0, RANGE (key) PARTITION 10 <= VALUES < 20
I20260608 09:57:24.870034 22656 data_dirs.cc:400] Could only allocate 1 dirs of requested 3 for tablet 893750aef74a40f18d5923dc9df40d95. 1 dirs total, 0 dirs full, 0 dirs failed
I20260608 09:57:24.871563 22658 tablet_service.cc:1511] Processing CreateTablet for tablet 0a32b2a4bb96457994181cb355aaef2d (DEFAULT_TABLE table=range_aware_auto_rebalancer_test [id=ab2b6dcbb89d4eefa865fc01bb1f304b]), partition=HASH (key) PARTITION 0, RANGE (key) PARTITION 0 <= VALUES < 10
I20260608 09:57:24.871852 22808 tablet_service.cc:1511] Processing CreateTablet for tablet 0a32b2a4bb96457994181cb355aaef2d (DEFAULT_TABLE table=range_aware_auto_rebalancer_test [id=ab2b6dcbb89d4eefa865fc01bb1f304b]), partition=HASH (key) PARTITION 0, RANGE (key) PARTITION 0 <= VALUES < 10
I20260608 09:57:24.873282 22658 data_dirs.cc:400] Could only allocate 1 dirs of requested 3 for tablet 0a32b2a4bb96457994181cb355aaef2d. 1 dirs total, 0 dirs full, 0 dirs failed
I20260608 09:57:24.874583 22807 tablet_service.cc:1511] Processing CreateTablet for tablet 3e32539b093d431a907333e7e37610db (DEFAULT_TABLE table=range_aware_auto_rebalancer_test [id=ab2b6dcbb89d4eefa865fc01bb1f304b]), partition=HASH (key) PARTITION 0, RANGE (key) PARTITION 10 <= VALUES < 20
I20260608 09:57:24.876978 22805 tablet_service.cc:1511] Processing CreateTablet for tablet 37f40b3058954c0188c32498e2b48f28 (DEFAULT_TABLE table=range_aware_auto_rebalancer_test [id=ab2b6dcbb89d4eefa865fc01bb1f304b]), partition=HASH (key) PARTITION 1, RANGE (key) PARTITION 10 <= VALUES < 20
I20260608 09:57:24.876978 22655 tablet_service.cc:1511] Processing CreateTablet for tablet 37f40b3058954c0188c32498e2b48f28 (DEFAULT_TABLE table=range_aware_auto_rebalancer_test [id=ab2b6dcbb89d4eefa865fc01bb1f304b]), partition=HASH (key) PARTITION 1, RANGE (key) PARTITION 10 <= VALUES < 20
I20260608 09:57:24.879478 22806 tablet_service.cc:1511] Processing CreateTablet for tablet 893750aef74a40f18d5923dc9df40d95 (DEFAULT_TABLE table=range_aware_auto_rebalancer_test [id=ab2b6dcbb89d4eefa865fc01bb1f304b]), partition=HASH (key) PARTITION 1, RANGE (key) PARTITION 0 <= VALUES < 10
I20260608 09:57:24.881243 22657 data_dirs.cc:400] Could only allocate 1 dirs of requested 3 for tablet 3e32539b093d431a907333e7e37610db. 1 dirs total, 0 dirs full, 0 dirs failed
I20260608 09:57:24.873282 22808 data_dirs.cc:400] Could only allocate 1 dirs of requested 3 for tablet 0a32b2a4bb96457994181cb355aaef2d. 1 dirs total, 0 dirs full, 0 dirs failed
I20260608 09:57:24.883975 22655 data_dirs.cc:400] Could only allocate 1 dirs of requested 3 for tablet 37f40b3058954c0188c32498e2b48f28. 1 dirs total, 0 dirs full, 0 dirs failed
I20260608 09:57:24.888087 22805 data_dirs.cc:400] Could only allocate 1 dirs of requested 3 for tablet 37f40b3058954c0188c32498e2b48f28. 1 dirs total, 0 dirs full, 0 dirs failed
I20260608 09:57:24.892033 22806 data_dirs.cc:400] Could only allocate 1 dirs of requested 3 for tablet 893750aef74a40f18d5923dc9df40d95. 1 dirs total, 0 dirs full, 0 dirs failed
I20260608 09:57:24.896028 22807 data_dirs.cc:400] Could only allocate 1 dirs of requested 3 for tablet 3e32539b093d431a907333e7e37610db. 1 dirs total, 0 dirs full, 0 dirs failed
I20260608 09:57:24.901513 22863 tablet_bootstrap.cc:492] T 893750aef74a40f18d5923dc9df40d95 P c9fb573fd78f47de8e58a8c0a68354b1: Bootstrap starting.
I20260608 09:57:24.909047 22863 tablet_bootstrap.cc:654] T 893750aef74a40f18d5923dc9df40d95 P c9fb573fd78f47de8e58a8c0a68354b1: Neither blocks nor log segments found. Creating new log.
I20260608 09:57:24.954360 22863 tablet_bootstrap.cc:492] T 893750aef74a40f18d5923dc9df40d95 P c9fb573fd78f47de8e58a8c0a68354b1: No bootstrap required, opened a new log
I20260608 09:57:24.955118 22863 ts_tablet_manager.cc:1403] T 893750aef74a40f18d5923dc9df40d95 P c9fb573fd78f47de8e58a8c0a68354b1: Time spent bootstrapping tablet: real 0.054s	user 0.022s	sys 0.021s
I20260608 09:57:24.960492 22866 tablet_bootstrap.cc:492] T 0a32b2a4bb96457994181cb355aaef2d P 60ee645599aa4d5f8c56be39000d98e0: Bootstrap starting.
I20260608 09:57:24.961655 22863 raft_consensus.cc:359] T 893750aef74a40f18d5923dc9df40d95 P c9fb573fd78f47de8e58a8c0a68354b1 [term 0 FOLLOWER]: Replica starting. Triggering 0 pending ops. Active config: opid_index: -1 OBSOLETE_local: false peers { permanent_uuid: "60ee645599aa4d5f8c56be39000d98e0" member_type: VOTER last_known_addr { host: "127.19.144.65" port: 41017 } } peers { permanent_uuid: "c9fb573fd78f47de8e58a8c0a68354b1" member_type: VOTER last_known_addr { host: "127.19.144.66" port: 46041 } } peers { permanent_uuid: "391db098e0694957afc03f3d71b9b3e6" member_type: VOTER last_known_addr { host: "127.19.144.67" port: 45913 } }
I20260608 09:57:24.962471 22863 raft_consensus.cc:385] T 893750aef74a40f18d5923dc9df40d95 P c9fb573fd78f47de8e58a8c0a68354b1 [term 0 FOLLOWER]: Consensus starting up: Expiring failure detector timer to make a prompt election more likely
I20260608 09:57:24.962744 22863 raft_consensus.cc:740] T 893750aef74a40f18d5923dc9df40d95 P c9fb573fd78f47de8e58a8c0a68354b1 [term 0 FOLLOWER]: Becoming Follower/Learner. State: Replica: c9fb573fd78f47de8e58a8c0a68354b1, State: Initialized, Role: FOLLOWER
I20260608 09:57:24.963516 22863 consensus_queue.cc:260] T 893750aef74a40f18d5923dc9df40d95 P c9fb573fd78f47de8e58a8c0a68354b1 [NON_LEADER]: Queue going to NON_LEADER mode. State: All replicated index: 0, Majority replicated index: 0, Committed index: 0, Last appended: 0.0, Last appended by leader: 0, Current term: 0, Majority size: -1, State: 0, Mode: NON_LEADER, active raft config: opid_index: -1 OBSOLETE_local: false peers { permanent_uuid: "60ee645599aa4d5f8c56be39000d98e0" member_type: VOTER last_known_addr { host: "127.19.144.65" port: 41017 } } peers { permanent_uuid: "c9fb573fd78f47de8e58a8c0a68354b1" member_type: VOTER last_known_addr { host: "127.19.144.66" port: 46041 } } peers { permanent_uuid: "391db098e0694957afc03f3d71b9b3e6" member_type: VOTER last_known_addr { host: "127.19.144.67" port: 45913 } }
I20260608 09:57:24.964695 22865 tablet_bootstrap.cc:492] T 3e32539b093d431a907333e7e37610db P 391db098e0694957afc03f3d71b9b3e6: Bootstrap starting.
I20260608 09:57:24.970355 22866 tablet_bootstrap.cc:654] T 0a32b2a4bb96457994181cb355aaef2d P 60ee645599aa4d5f8c56be39000d98e0: Neither blocks nor log segments found. Creating new log.
I20260608 09:57:24.972644 22865 tablet_bootstrap.cc:654] T 3e32539b093d431a907333e7e37610db P 391db098e0694957afc03f3d71b9b3e6: Neither blocks nor log segments found. Creating new log.
I20260608 09:57:24.971168 22863 ts_tablet_manager.cc:1434] T 893750aef74a40f18d5923dc9df40d95 P c9fb573fd78f47de8e58a8c0a68354b1: Time spent starting tablet: real 0.015s	user 0.005s	sys 0.005s
I20260608 09:57:24.974231 22863 tablet_bootstrap.cc:492] T 0a32b2a4bb96457994181cb355aaef2d P c9fb573fd78f47de8e58a8c0a68354b1: Bootstrap starting.
I20260608 09:57:24.983072 22866 tablet_bootstrap.cc:492] T 0a32b2a4bb96457994181cb355aaef2d P 60ee645599aa4d5f8c56be39000d98e0: No bootstrap required, opened a new log
I20260608 09:57:24.983646 22866 ts_tablet_manager.cc:1403] T 0a32b2a4bb96457994181cb355aaef2d P 60ee645599aa4d5f8c56be39000d98e0: Time spent bootstrapping tablet: real 0.024s	user 0.014s	sys 0.007s
I20260608 09:57:24.984126 22863 tablet_bootstrap.cc:654] T 0a32b2a4bb96457994181cb355aaef2d P c9fb573fd78f47de8e58a8c0a68354b1: Neither blocks nor log segments found. Creating new log.
I20260608 09:57:24.987210 22866 raft_consensus.cc:359] T 0a32b2a4bb96457994181cb355aaef2d P 60ee645599aa4d5f8c56be39000d98e0 [term 0 FOLLOWER]: Replica starting. Triggering 0 pending ops. Active config: opid_index: -1 OBSOLETE_local: false peers { permanent_uuid: "391db098e0694957afc03f3d71b9b3e6" member_type: VOTER last_known_addr { host: "127.19.144.67" port: 45913 } } peers { permanent_uuid: "c9fb573fd78f47de8e58a8c0a68354b1" member_type: VOTER last_known_addr { host: "127.19.144.66" port: 46041 } } peers { permanent_uuid: "60ee645599aa4d5f8c56be39000d98e0" member_type: VOTER last_known_addr { host: "127.19.144.65" port: 41017 } }
I20260608 09:57:24.988059 22866 raft_consensus.cc:385] T 0a32b2a4bb96457994181cb355aaef2d P 60ee645599aa4d5f8c56be39000d98e0 [term 0 FOLLOWER]: Consensus starting up: Expiring failure detector timer to make a prompt election more likely
I20260608 09:57:24.988379 22866 raft_consensus.cc:740] T 0a32b2a4bb96457994181cb355aaef2d P 60ee645599aa4d5f8c56be39000d98e0 [term 0 FOLLOWER]: Becoming Follower/Learner. State: Replica: 60ee645599aa4d5f8c56be39000d98e0, State: Initialized, Role: FOLLOWER
I20260608 09:57:24.990965 22866 consensus_queue.cc:260] T 0a32b2a4bb96457994181cb355aaef2d P 60ee645599aa4d5f8c56be39000d98e0 [NON_LEADER]: Queue going to NON_LEADER mode. State: All replicated index: 0, Majority replicated index: 0, Committed index: 0, Last appended: 0.0, Last appended by leader: 0, Current term: 0, Majority size: -1, State: 0, Mode: NON_LEADER, active raft config: opid_index: -1 OBSOLETE_local: false peers { permanent_uuid: "391db098e0694957afc03f3d71b9b3e6" member_type: VOTER last_known_addr { host: "127.19.144.67" port: 45913 } } peers { permanent_uuid: "c9fb573fd78f47de8e58a8c0a68354b1" member_type: VOTER last_known_addr { host: "127.19.144.66" port: 46041 } } peers { permanent_uuid: "60ee645599aa4d5f8c56be39000d98e0" member_type: VOTER last_known_addr { host: "127.19.144.65" port: 41017 } }
I20260608 09:57:24.992980 22865 tablet_bootstrap.cc:492] T 3e32539b093d431a907333e7e37610db P 391db098e0694957afc03f3d71b9b3e6: No bootstrap required, opened a new log
I20260608 09:57:24.993582 22865 ts_tablet_manager.cc:1403] T 3e32539b093d431a907333e7e37610db P 391db098e0694957afc03f3d71b9b3e6: Time spent bootstrapping tablet: real 0.030s	user 0.015s	sys 0.009s
I20260608 09:57:24.994831 22863 tablet_bootstrap.cc:492] T 0a32b2a4bb96457994181cb355aaef2d P c9fb573fd78f47de8e58a8c0a68354b1: No bootstrap required, opened a new log
I20260608 09:57:24.995409 22863 ts_tablet_manager.cc:1403] T 0a32b2a4bb96457994181cb355aaef2d P c9fb573fd78f47de8e58a8c0a68354b1: Time spent bootstrapping tablet: real 0.021s	user 0.015s	sys 0.003s
I20260608 09:57:24.996172 22866 ts_tablet_manager.cc:1434] T 0a32b2a4bb96457994181cb355aaef2d P 60ee645599aa4d5f8c56be39000d98e0: Time spent starting tablet: real 0.012s	user 0.009s	sys 0.000s
I20260608 09:57:24.996826 22865 raft_consensus.cc:359] T 3e32539b093d431a907333e7e37610db P 391db098e0694957afc03f3d71b9b3e6 [term 0 FOLLOWER]: Replica starting. Triggering 0 pending ops. Active config: opid_index: -1 OBSOLETE_local: false peers { permanent_uuid: "60ee645599aa4d5f8c56be39000d98e0" member_type: VOTER last_known_addr { host: "127.19.144.65" port: 41017 } } peers { permanent_uuid: "c9fb573fd78f47de8e58a8c0a68354b1" member_type: VOTER last_known_addr { host: "127.19.144.66" port: 46041 } } peers { permanent_uuid: "391db098e0694957afc03f3d71b9b3e6" member_type: VOTER last_known_addr { host: "127.19.144.67" port: 45913 } }
I20260608 09:57:24.997483 22866 tablet_bootstrap.cc:492] T 37f40b3058954c0188c32498e2b48f28 P 60ee645599aa4d5f8c56be39000d98e0: Bootstrap starting.
I20260608 09:57:24.997728 22865 raft_consensus.cc:385] T 3e32539b093d431a907333e7e37610db P 391db098e0694957afc03f3d71b9b3e6 [term 0 FOLLOWER]: Consensus starting up: Expiring failure detector timer to make a prompt election more likely
I20260608 09:57:24.998080 22865 raft_consensus.cc:740] T 3e32539b093d431a907333e7e37610db P 391db098e0694957afc03f3d71b9b3e6 [term 0 FOLLOWER]: Becoming Follower/Learner. State: Replica: 391db098e0694957afc03f3d71b9b3e6, State: Initialized, Role: FOLLOWER
I20260608 09:57:24.999032 22863 raft_consensus.cc:359] T 0a32b2a4bb96457994181cb355aaef2d P c9fb573fd78f47de8e58a8c0a68354b1 [term 0 FOLLOWER]: Replica starting. Triggering 0 pending ops. Active config: opid_index: -1 OBSOLETE_local: false peers { permanent_uuid: "391db098e0694957afc03f3d71b9b3e6" member_type: VOTER last_known_addr { host: "127.19.144.67" port: 45913 } } peers { permanent_uuid: "c9fb573fd78f47de8e58a8c0a68354b1" member_type: VOTER last_known_addr { host: "127.19.144.66" port: 46041 } } peers { permanent_uuid: "60ee645599aa4d5f8c56be39000d98e0" member_type: VOTER last_known_addr { host: "127.19.144.65" port: 41017 } }
I20260608 09:57:24.999089 22865 consensus_queue.cc:260] T 3e32539b093d431a907333e7e37610db P 391db098e0694957afc03f3d71b9b3e6 [NON_LEADER]: Queue going to NON_LEADER mode. State: All replicated index: 0, Majority replicated index: 0, Committed index: 0, Last appended: 0.0, Last appended by leader: 0, Current term: 0, Majority size: -1, State: 0, Mode: NON_LEADER, active raft config: opid_index: -1 OBSOLETE_local: false peers { permanent_uuid: "60ee645599aa4d5f8c56be39000d98e0" member_type: VOTER last_known_addr { host: "127.19.144.65" port: 41017 } } peers { permanent_uuid: "c9fb573fd78f47de8e58a8c0a68354b1" member_type: VOTER last_known_addr { host: "127.19.144.66" port: 46041 } } peers { permanent_uuid: "391db098e0694957afc03f3d71b9b3e6" member_type: VOTER last_known_addr { host: "127.19.144.67" port: 45913 } }
I20260608 09:57:24.999997 22863 raft_consensus.cc:385] T 0a32b2a4bb96457994181cb355aaef2d P c9fb573fd78f47de8e58a8c0a68354b1 [term 0 FOLLOWER]: Consensus starting up: Expiring failure detector timer to make a prompt election more likely
I20260608 09:57:25.000380 22863 raft_consensus.cc:740] T 0a32b2a4bb96457994181cb355aaef2d P c9fb573fd78f47de8e58a8c0a68354b1 [term 0 FOLLOWER]: Becoming Follower/Learner. State: Replica: c9fb573fd78f47de8e58a8c0a68354b1, State: Initialized, Role: FOLLOWER
I20260608 09:57:25.001325 22863 consensus_queue.cc:260] T 0a32b2a4bb96457994181cb355aaef2d P c9fb573fd78f47de8e58a8c0a68354b1 [NON_LEADER]: Queue going to NON_LEADER mode. State: All replicated index: 0, Majority replicated index: 0, Committed index: 0, Last appended: 0.0, Last appended by leader: 0, Current term: 0, Majority size: -1, State: 0, Mode: NON_LEADER, active raft config: opid_index: -1 OBSOLETE_local: false peers { permanent_uuid: "391db098e0694957afc03f3d71b9b3e6" member_type: VOTER last_known_addr { host: "127.19.144.67" port: 45913 } } peers { permanent_uuid: "c9fb573fd78f47de8e58a8c0a68354b1" member_type: VOTER last_known_addr { host: "127.19.144.66" port: 46041 } } peers { permanent_uuid: "60ee645599aa4d5f8c56be39000d98e0" member_type: VOTER last_known_addr { host: "127.19.144.65" port: 41017 } }
I20260608 09:57:25.005767 22863 ts_tablet_manager.cc:1434] T 0a32b2a4bb96457994181cb355aaef2d P c9fb573fd78f47de8e58a8c0a68354b1: Time spent starting tablet: real 0.010s	user 0.006s	sys 0.000s
I20260608 09:57:25.007009 22863 tablet_bootstrap.cc:492] T 3e32539b093d431a907333e7e37610db P c9fb573fd78f47de8e58a8c0a68354b1: Bootstrap starting.
I20260608 09:57:25.008123 22866 tablet_bootstrap.cc:654] T 37f40b3058954c0188c32498e2b48f28 P 60ee645599aa4d5f8c56be39000d98e0: Neither blocks nor log segments found. Creating new log.
I20260608 09:57:25.014757 22863 tablet_bootstrap.cc:654] T 3e32539b093d431a907333e7e37610db P c9fb573fd78f47de8e58a8c0a68354b1: Neither blocks nor log segments found. Creating new log.
I20260608 09:57:25.024323 22865 ts_tablet_manager.cc:1434] T 3e32539b093d431a907333e7e37610db P 391db098e0694957afc03f3d71b9b3e6: Time spent starting tablet: real 0.030s	user 0.017s	sys 0.011s
I20260608 09:57:25.026032 22865 tablet_bootstrap.cc:492] T 893750aef74a40f18d5923dc9df40d95 P 391db098e0694957afc03f3d71b9b3e6: Bootstrap starting.
I20260608 09:57:25.037070 22865 tablet_bootstrap.cc:654] T 893750aef74a40f18d5923dc9df40d95 P 391db098e0694957afc03f3d71b9b3e6: Neither blocks nor log segments found. Creating new log.
I20260608 09:57:25.037083 22866 tablet_bootstrap.cc:492] T 37f40b3058954c0188c32498e2b48f28 P 60ee645599aa4d5f8c56be39000d98e0: No bootstrap required, opened a new log
I20260608 09:57:25.038038 22866 ts_tablet_manager.cc:1403] T 37f40b3058954c0188c32498e2b48f28 P 60ee645599aa4d5f8c56be39000d98e0: Time spent bootstrapping tablet: real 0.041s	user 0.029s	sys 0.008s
I20260608 09:57:25.038892 22863 tablet_bootstrap.cc:492] T 3e32539b093d431a907333e7e37610db P c9fb573fd78f47de8e58a8c0a68354b1: No bootstrap required, opened a new log
I20260608 09:57:25.039454 22863 ts_tablet_manager.cc:1403] T 3e32539b093d431a907333e7e37610db P c9fb573fd78f47de8e58a8c0a68354b1: Time spent bootstrapping tablet: real 0.033s	user 0.018s	sys 0.009s
I20260608 09:57:25.042927 22863 raft_consensus.cc:359] T 3e32539b093d431a907333e7e37610db P c9fb573fd78f47de8e58a8c0a68354b1 [term 0 FOLLOWER]: Replica starting. Triggering 0 pending ops. Active config: opid_index: -1 OBSOLETE_local: false peers { permanent_uuid: "60ee645599aa4d5f8c56be39000d98e0" member_type: VOTER last_known_addr { host: "127.19.144.65" port: 41017 } } peers { permanent_uuid: "c9fb573fd78f47de8e58a8c0a68354b1" member_type: VOTER last_known_addr { host: "127.19.144.66" port: 46041 } } peers { permanent_uuid: "391db098e0694957afc03f3d71b9b3e6" member_type: VOTER last_known_addr { host: "127.19.144.67" port: 45913 } }
I20260608 09:57:25.042752 22866 raft_consensus.cc:359] T 37f40b3058954c0188c32498e2b48f28 P 60ee645599aa4d5f8c56be39000d98e0 [term 0 FOLLOWER]: Replica starting. Triggering 0 pending ops. Active config: opid_index: -1 OBSOLETE_local: false peers { permanent_uuid: "60ee645599aa4d5f8c56be39000d98e0" member_type: VOTER last_known_addr { host: "127.19.144.65" port: 41017 } } peers { permanent_uuid: "c9fb573fd78f47de8e58a8c0a68354b1" member_type: VOTER last_known_addr { host: "127.19.144.66" port: 46041 } } peers { permanent_uuid: "391db098e0694957afc03f3d71b9b3e6" member_type: VOTER last_known_addr { host: "127.19.144.67" port: 45913 } }
I20260608 09:57:25.043643 22863 raft_consensus.cc:385] T 3e32539b093d431a907333e7e37610db P c9fb573fd78f47de8e58a8c0a68354b1 [term 0 FOLLOWER]: Consensus starting up: Expiring failure detector timer to make a prompt election more likely
I20260608 09:57:25.043728 22866 raft_consensus.cc:385] T 37f40b3058954c0188c32498e2b48f28 P 60ee645599aa4d5f8c56be39000d98e0 [term 0 FOLLOWER]: Consensus starting up: Expiring failure detector timer to make a prompt election more likely
I20260608 09:57:25.043942 22865 tablet_bootstrap.cc:492] T 893750aef74a40f18d5923dc9df40d95 P 391db098e0694957afc03f3d71b9b3e6: No bootstrap required, opened a new log
I20260608 09:57:25.044133 22863 raft_consensus.cc:740] T 3e32539b093d431a907333e7e37610db P c9fb573fd78f47de8e58a8c0a68354b1 [term 0 FOLLOWER]: Becoming Follower/Learner. State: Replica: c9fb573fd78f47de8e58a8c0a68354b1, State: Initialized, Role: FOLLOWER
I20260608 09:57:25.044282 22866 raft_consensus.cc:740] T 37f40b3058954c0188c32498e2b48f28 P 60ee645599aa4d5f8c56be39000d98e0 [term 0 FOLLOWER]: Becoming Follower/Learner. State: Replica: 60ee645599aa4d5f8c56be39000d98e0, State: Initialized, Role: FOLLOWER
I20260608 09:57:25.044575 22865 ts_tablet_manager.cc:1403] T 893750aef74a40f18d5923dc9df40d95 P 391db098e0694957afc03f3d71b9b3e6: Time spent bootstrapping tablet: real 0.019s	user 0.015s	sys 0.000s
I20260608 09:57:25.045258 22863 consensus_queue.cc:260] T 3e32539b093d431a907333e7e37610db P c9fb573fd78f47de8e58a8c0a68354b1 [NON_LEADER]: Queue going to NON_LEADER mode. State: All replicated index: 0, Majority replicated index: 0, Committed index: 0, Last appended: 0.0, Last appended by leader: 0, Current term: 0, Majority size: -1, State: 0, Mode: NON_LEADER, active raft config: opid_index: -1 OBSOLETE_local: false peers { permanent_uuid: "60ee645599aa4d5f8c56be39000d98e0" member_type: VOTER last_known_addr { host: "127.19.144.65" port: 41017 } } peers { permanent_uuid: "c9fb573fd78f47de8e58a8c0a68354b1" member_type: VOTER last_known_addr { host: "127.19.144.66" port: 46041 } } peers { permanent_uuid: "391db098e0694957afc03f3d71b9b3e6" member_type: VOTER last_known_addr { host: "127.19.144.67" port: 45913 } }
I20260608 09:57:25.045258 22866 consensus_queue.cc:260] T 37f40b3058954c0188c32498e2b48f28 P 60ee645599aa4d5f8c56be39000d98e0 [NON_LEADER]: Queue going to NON_LEADER mode. State: All replicated index: 0, Majority replicated index: 0, Committed index: 0, Last appended: 0.0, Last appended by leader: 0, Current term: 0, Majority size: -1, State: 0, Mode: NON_LEADER, active raft config: opid_index: -1 OBSOLETE_local: false peers { permanent_uuid: "60ee645599aa4d5f8c56be39000d98e0" member_type: VOTER last_known_addr { host: "127.19.144.65" port: 41017 } } peers { permanent_uuid: "c9fb573fd78f47de8e58a8c0a68354b1" member_type: VOTER last_known_addr { host: "127.19.144.66" port: 46041 } } peers { permanent_uuid: "391db098e0694957afc03f3d71b9b3e6" member_type: VOTER last_known_addr { host: "127.19.144.67" port: 45913 } }
I20260608 09:57:25.047977 22866 ts_tablet_manager.cc:1434] T 37f40b3058954c0188c32498e2b48f28 P 60ee645599aa4d5f8c56be39000d98e0: Time spent starting tablet: real 0.009s	user 0.006s	sys 0.002s
I20260608 09:57:25.047982 22863 ts_tablet_manager.cc:1434] T 3e32539b093d431a907333e7e37610db P c9fb573fd78f47de8e58a8c0a68354b1: Time spent starting tablet: real 0.008s	user 0.002s	sys 0.006s
I20260608 09:57:25.047916 22865 raft_consensus.cc:359] T 893750aef74a40f18d5923dc9df40d95 P 391db098e0694957afc03f3d71b9b3e6 [term 0 FOLLOWER]: Replica starting. Triggering 0 pending ops. Active config: opid_index: -1 OBSOLETE_local: false peers { permanent_uuid: "60ee645599aa4d5f8c56be39000d98e0" member_type: VOTER last_known_addr { host: "127.19.144.65" port: 41017 } } peers { permanent_uuid: "c9fb573fd78f47de8e58a8c0a68354b1" member_type: VOTER last_known_addr { host: "127.19.144.66" port: 46041 } } peers { permanent_uuid: "391db098e0694957afc03f3d71b9b3e6" member_type: VOTER last_known_addr { host: "127.19.144.67" port: 45913 } }
I20260608 09:57:25.048964 22865 raft_consensus.cc:385] T 893750aef74a40f18d5923dc9df40d95 P 391db098e0694957afc03f3d71b9b3e6 [term 0 FOLLOWER]: Consensus starting up: Expiring failure detector timer to make a prompt election more likely
