I20260608 09:56:09.561259 31725 tablet_bootstrap.cc:492] T a517c1bafa694f859b054f398c187e5f P 5eee5759f9c343a5892ba06e96cfc70e: Bootstrap replayed 1/1 log segments. Stats: ops{read=2 overwritten=0 applied=2 ignored=0} inserts{seen=0 ignored=0} mutations{seen=0 ignored=0} orphaned_commits=0. Pending: 0 replicates
I20260608 09:56:09.562228 31725 tablet_bootstrap.cc:492] T a517c1bafa694f859b054f398c187e5f P 5eee5759f9c343a5892ba06e96cfc70e: Bootstrap complete.
I20260608 09:56:09.562877 31725 ts_tablet_manager.cc:1403] T a517c1bafa694f859b054f398c187e5f P 5eee5759f9c343a5892ba06e96cfc70e: Time spent bootstrapping tablet: real 0.021s	user 0.008s	sys 0.011s
I20260608 09:56:09.565794 31725 raft_consensus.cc:359] T a517c1bafa694f859b054f398c187e5f P 5eee5759f9c343a5892ba06e96cfc70e [term 1 LEARNER]: Replica starting. Triggering 0 pending ops. Active config: opid_index: 2 OBSOLETE_local: false peers { permanent_uuid: "ef9937b05ff2496798a54cd4602b247a" member_type: VOTER last_known_addr { host: "127.29.241.65" port: 44565 } attrs { replace: true } } peers { permanent_uuid: "91f4e326a76740a2beef98bf8881efff" member_type: VOTER last_known_addr { host: "127.29.241.66" port: 42133 } } peers { permanent_uuid: "326930822787402aa6b43a5260b07164" member_type: VOTER last_known_addr { host: "127.29.241.67" port: 42817 } } peers { permanent_uuid: "5eee5759f9c343a5892ba06e96cfc70e" member_type: NON_VOTER last_known_addr { host: "127.29.241.68" port: 41615 } attrs { promote: true } }
I20260608 09:56:09.566453 31725 raft_consensus.cc:740] T a517c1bafa694f859b054f398c187e5f P 5eee5759f9c343a5892ba06e96cfc70e [term 1 LEARNER]: Becoming Follower/Learner. State: Replica: 5eee5759f9c343a5892ba06e96cfc70e, State: Initialized, Role: LEARNER
I20260608 09:56:09.567006 31725 consensus_queue.cc:260] T a517c1bafa694f859b054f398c187e5f P 5eee5759f9c343a5892ba06e96cfc70e [NON_LEADER]: Queue going to NON_LEADER mode. State: All replicated index: 0, Majority replicated index: 0, Committed index: 2, Last appended: 1.2, Last appended by leader: 2, Current term: 0, Majority size: -1, State: 0, Mode: NON_LEADER, active raft config: opid_index: 2 OBSOLETE_local: false peers { permanent_uuid: "ef9937b05ff2496798a54cd4602b247a" member_type: VOTER last_known_addr { host: "127.29.241.65" port: 44565 } attrs { replace: true } } peers { permanent_uuid: "91f4e326a76740a2beef98bf8881efff" member_type: VOTER last_known_addr { host: "127.29.241.66" port: 42133 } } peers { permanent_uuid: "326930822787402aa6b43a5260b07164" member_type: VOTER last_known_addr { host: "127.29.241.67" port: 42817 } } peers { permanent_uuid: "5eee5759f9c343a5892ba06e96cfc70e" member_type: NON_VOTER last_known_addr { host: "127.29.241.68" port: 41615 } attrs { promote: true } }
I20260608 09:56:09.569664 31725 ts_tablet_manager.cc:1434] T a517c1bafa694f859b054f398c187e5f P 5eee5759f9c343a5892ba06e96cfc70e: Time spent starting tablet: real 0.006s	user 0.003s	sys 0.005s
I20260608 09:56:09.571530 31488 tablet_copy_service.cc:342] P 326930822787402aa6b43a5260b07164: Request end of tablet copy session 5eee5759f9c343a5892ba06e96cfc70e-a517c1bafa694f859b054f398c187e5f received from {username='slave'} at 127.0.0.1:35536
I20260608 09:56:09.572042 31488 tablet_copy_service.cc:434] P 326930822787402aa6b43a5260b07164: ending tablet copy session 5eee5759f9c343a5892ba06e96cfc70e-a517c1bafa694f859b054f398c187e5f on tablet a517c1bafa694f859b054f398c187e5f with peer 5eee5759f9c343a5892ba06e96cfc70e
I20260608 09:56:09.576200 31731 ts_tablet_manager.cc:933] T 3c3e758c93ba486b87b61e11f0002381 P 5eee5759f9c343a5892ba06e96cfc70e: Initiating tablet copy from peer ef9937b05ff2496798a54cd4602b247a (127.29.241.65:44565)
I20260608 09:56:09.580570 31731 tablet_copy_client.cc:323] T 3c3e758c93ba486b87b61e11f0002381 P 5eee5759f9c343a5892ba06e96cfc70e: tablet copy: Beginning tablet copy session from remote peer at address 127.29.241.65:44565
I20260608 09:56:09.587832 31725 ts_tablet_manager.cc:933] T a20e37d4c46940b9a2fe3cc302c6ad82 P 5eee5759f9c343a5892ba06e96cfc70e: Initiating tablet copy from peer ef9937b05ff2496798a54cd4602b247a (127.29.241.65:44565)
I20260608 09:56:09.589967 31725 tablet_copy_client.cc:323] T a20e37d4c46940b9a2fe3cc302c6ad82 P 5eee5759f9c343a5892ba06e96cfc70e: tablet copy: Beginning tablet copy session from remote peer at address 127.29.241.65:44565
I20260608 09:56:09.593786 31339 tablet_copy_service.cc:140] P ef9937b05ff2496798a54cd4602b247a: Received BeginTabletCopySession request for tablet 3c3e758c93ba486b87b61e11f0002381 from peer 5eee5759f9c343a5892ba06e96cfc70e ({username='slave'} at 127.0.0.1:58010)
I20260608 09:56:09.594193 31338 tablet_copy_service.cc:140] P ef9937b05ff2496798a54cd4602b247a: Received BeginTabletCopySession request for tablet a20e37d4c46940b9a2fe3cc302c6ad82 from peer 5eee5759f9c343a5892ba06e96cfc70e ({username='slave'} at 127.0.0.1:58010)
I20260608 09:56:09.594341 31339 tablet_copy_service.cc:161] P ef9937b05ff2496798a54cd4602b247a: Beginning new tablet copy session on tablet 3c3e758c93ba486b87b61e11f0002381 from peer 5eee5759f9c343a5892ba06e96cfc70e at {username='slave'} at 127.0.0.1:58010: session id = 5eee5759f9c343a5892ba06e96cfc70e-3c3e758c93ba486b87b61e11f0002381
I20260608 09:56:09.595032 31338 tablet_copy_service.cc:161] P ef9937b05ff2496798a54cd4602b247a: Beginning new tablet copy session on tablet a20e37d4c46940b9a2fe3cc302c6ad82 from peer 5eee5759f9c343a5892ba06e96cfc70e at {username='slave'} at 127.0.0.1:58010: session id = 5eee5759f9c343a5892ba06e96cfc70e-a20e37d4c46940b9a2fe3cc302c6ad82
I20260608 09:56:09.600224 31339 tablet_copy_source_session.cc:215] T 3c3e758c93ba486b87b61e11f0002381 P ef9937b05ff2496798a54cd4602b247a: Tablet Copy: opened 0 blocks and 1 log segments
I20260608 09:56:09.602751 31338 tablet_copy_source_session.cc:215] T a20e37d4c46940b9a2fe3cc302c6ad82 P ef9937b05ff2496798a54cd4602b247a: Tablet Copy: opened 0 blocks and 1 log segments
I20260608 09:56:09.603367 31731 data_dirs.cc:400] Could only allocate 1 dirs of requested 3 for tablet 3c3e758c93ba486b87b61e11f0002381. 1 dirs total, 0 dirs full, 0 dirs failed
I20260608 09:56:09.606154 31725 data_dirs.cc:400] Could only allocate 1 dirs of requested 3 for tablet a20e37d4c46940b9a2fe3cc302c6ad82. 1 dirs total, 0 dirs full, 0 dirs failed
I20260608 09:56:09.614571 31731 tablet_copy_client.cc:806] T 3c3e758c93ba486b87b61e11f0002381 P 5eee5759f9c343a5892ba06e96cfc70e: tablet copy: Starting download of 0 data blocks...
I20260608 09:56:09.615200 31731 tablet_copy_client.cc:670] T 3c3e758c93ba486b87b61e11f0002381 P 5eee5759f9c343a5892ba06e96cfc70e: tablet copy: Starting download of 1 WAL segments...
I20260608 09:56:09.619191 31731 tablet_copy_client.cc:538] T 3c3e758c93ba486b87b61e11f0002381 P 5eee5759f9c343a5892ba06e96cfc70e: tablet copy: Tablet Copy complete. Replacing tablet superblock.
I20260608 09:56:09.621042 31725 tablet_copy_client.cc:806] T a20e37d4c46940b9a2fe3cc302c6ad82 P 5eee5759f9c343a5892ba06e96cfc70e: tablet copy: Starting download of 0 data blocks...
I20260608 09:56:09.621731 31725 tablet_copy_client.cc:670] T a20e37d4c46940b9a2fe3cc302c6ad82 P 5eee5759f9c343a5892ba06e96cfc70e: tablet copy: Starting download of 1 WAL segments...
I20260608 09:56:09.625993 31725 tablet_copy_client.cc:538] T a20e37d4c46940b9a2fe3cc302c6ad82 P 5eee5759f9c343a5892ba06e96cfc70e: tablet copy: Tablet Copy complete. Replacing tablet superblock.
I20260608 09:56:09.626705 31731 tablet_bootstrap.cc:492] T 3c3e758c93ba486b87b61e11f0002381 P 5eee5759f9c343a5892ba06e96cfc70e: Bootstrap starting.
I20260608 09:56:09.634713 31725 tablet_bootstrap.cc:492] T a20e37d4c46940b9a2fe3cc302c6ad82 P 5eee5759f9c343a5892ba06e96cfc70e: Bootstrap starting.
I20260608 09:56:09.645852 31731 tablet_bootstrap.cc:492] T 3c3e758c93ba486b87b61e11f0002381 P 5eee5759f9c343a5892ba06e96cfc70e: Bootstrap replayed 1/1 log segments. Stats: ops{read=2 overwritten=0 applied=2 ignored=0} inserts{seen=0 ignored=0} mutations{seen=0 ignored=0} orphaned_commits=0. Pending: 0 replicates
I20260608 09:56:09.646617 31731 tablet_bootstrap.cc:492] T 3c3e758c93ba486b87b61e11f0002381 P 5eee5759f9c343a5892ba06e96cfc70e: Bootstrap complete.
I20260608 09:56:09.647198 31731 ts_tablet_manager.cc:1403] T 3c3e758c93ba486b87b61e11f0002381 P 5eee5759f9c343a5892ba06e96cfc70e: Time spent bootstrapping tablet: real 0.021s	user 0.014s	sys 0.004s
I20260608 09:56:09.649700 31731 raft_consensus.cc:359] T 3c3e758c93ba486b87b61e11f0002381 P 5eee5759f9c343a5892ba06e96cfc70e [term 1 LEARNER]: Replica starting. Triggering 0 pending ops. Active config: opid_index: 2 OBSOLETE_local: false peers { permanent_uuid: "ef9937b05ff2496798a54cd4602b247a" member_type: VOTER last_known_addr { host: "127.29.241.65" port: 44565 } } peers { permanent_uuid: "91f4e326a76740a2beef98bf8881efff" member_type: VOTER last_known_addr { host: "127.29.241.66" port: 42133 } } peers { permanent_uuid: "326930822787402aa6b43a5260b07164" member_type: VOTER last_known_addr { host: "127.29.241.67" port: 42817 } attrs { replace: true } } peers { permanent_uuid: "5eee5759f9c343a5892ba06e96cfc70e" member_type: NON_VOTER last_known_addr { host: "127.29.241.68" port: 41615 } attrs { promote: true } }
I20260608 09:56:09.650339 31731 raft_consensus.cc:740] T 3c3e758c93ba486b87b61e11f0002381 P 5eee5759f9c343a5892ba06e96cfc70e [term 1 LEARNER]: Becoming Follower/Learner. State: Replica: 5eee5759f9c343a5892ba06e96cfc70e, State: Initialized, Role: LEARNER
I20260608 09:56:09.651134 31731 consensus_queue.cc:260] T 3c3e758c93ba486b87b61e11f0002381 P 5eee5759f9c343a5892ba06e96cfc70e [NON_LEADER]: Queue going to NON_LEADER mode. State: All replicated index: 0, Majority replicated index: 0, Committed index: 2, Last appended: 1.2, Last appended by leader: 2, Current term: 0, Majority size: -1, State: 0, Mode: NON_LEADER, active raft config: opid_index: 2 OBSOLETE_local: false peers { permanent_uuid: "ef9937b05ff2496798a54cd4602b247a" member_type: VOTER last_known_addr { host: "127.29.241.65" port: 44565 } } peers { permanent_uuid: "91f4e326a76740a2beef98bf8881efff" member_type: VOTER last_known_addr { host: "127.29.241.66" port: 42133 } } peers { permanent_uuid: "326930822787402aa6b43a5260b07164" member_type: VOTER last_known_addr { host: "127.29.241.67" port: 42817 } attrs { replace: true } } peers { permanent_uuid: "5eee5759f9c343a5892ba06e96cfc70e" member_type: NON_VOTER last_known_addr { host: "127.29.241.68" port: 41615 } attrs { promote: true } }
I20260608 09:56:09.653146 31731 ts_tablet_manager.cc:1434] T 3c3e758c93ba486b87b61e11f0002381 P 5eee5759f9c343a5892ba06e96cfc70e: Time spent starting tablet: real 0.006s	user 0.003s	sys 0.005s
I20260608 09:56:09.655442 31338 tablet_copy_service.cc:342] P ef9937b05ff2496798a54cd4602b247a: Request end of tablet copy session 5eee5759f9c343a5892ba06e96cfc70e-3c3e758c93ba486b87b61e11f0002381 received from {username='slave'} at 127.0.0.1:58010
I20260608 09:56:09.655890 31338 tablet_copy_service.cc:434] P ef9937b05ff2496798a54cd4602b247a: ending tablet copy session 5eee5759f9c343a5892ba06e96cfc70e-3c3e758c93ba486b87b61e11f0002381 on tablet 3c3e758c93ba486b87b61e11f0002381 with peer 5eee5759f9c343a5892ba06e96cfc70e
I20260608 09:56:09.661805 31725 tablet_bootstrap.cc:492] T a20e37d4c46940b9a2fe3cc302c6ad82 P 5eee5759f9c343a5892ba06e96cfc70e: Bootstrap replayed 1/1 log segments. Stats: ops{read=3 overwritten=0 applied=3 ignored=0} inserts{seen=0 ignored=0} mutations{seen=0 ignored=0} orphaned_commits=0. Pending: 0 replicates
I20260608 09:56:09.662712 31725 tablet_bootstrap.cc:492] T a20e37d4c46940b9a2fe3cc302c6ad82 P 5eee5759f9c343a5892ba06e96cfc70e: Bootstrap complete.
I20260608 09:56:09.663467 31725 ts_tablet_manager.cc:1403] T a20e37d4c46940b9a2fe3cc302c6ad82 P 5eee5759f9c343a5892ba06e96cfc70e: Time spent bootstrapping tablet: real 0.029s	user 0.024s	sys 0.002s
I20260608 09:56:09.666471 31725 raft_consensus.cc:359] T a20e37d4c46940b9a2fe3cc302c6ad82 P 5eee5759f9c343a5892ba06e96cfc70e [term 2 LEARNER]: Replica starting. Triggering 0 pending ops. Active config: opid_index: 3 OBSOLETE_local: false peers { permanent_uuid: "ef9937b05ff2496798a54cd4602b247a" member_type: VOTER last_known_addr { host: "127.29.241.65" port: 44565 } } peers { permanent_uuid: "91f4e326a76740a2beef98bf8881efff" member_type: VOTER last_known_addr { host: "127.29.241.66" port: 42133 } attrs { replace: true } } peers { permanent_uuid: "326930822787402aa6b43a5260b07164" member_type: VOTER last_known_addr { host: "127.29.241.67" port: 42817 } } peers { permanent_uuid: "5eee5759f9c343a5892ba06e96cfc70e" member_type: NON_VOTER last_known_addr { host: "127.29.241.68" port: 41615 } attrs { promote: true } }
I20260608 09:56:09.667061 31725 raft_consensus.cc:740] T a20e37d4c46940b9a2fe3cc302c6ad82 P 5eee5759f9c343a5892ba06e96cfc70e [term 2 LEARNER]: Becoming Follower/Learner. State: Replica: 5eee5759f9c343a5892ba06e96cfc70e, State: Initialized, Role: LEARNER
I20260608 09:56:09.667681 31725 consensus_queue.cc:260] T a20e37d4c46940b9a2fe3cc302c6ad82 P 5eee5759f9c343a5892ba06e96cfc70e [NON_LEADER]: Queue going to NON_LEADER mode. State: All replicated index: 0, Majority replicated index: 0, Committed index: 3, Last appended: 2.3, Last appended by leader: 3, Current term: 0, Majority size: -1, State: 0, Mode: NON_LEADER, active raft config: opid_index: 3 OBSOLETE_local: false peers { permanent_uuid: "ef9937b05ff2496798a54cd4602b247a" member_type: VOTER last_known_addr { host: "127.29.241.65" port: 44565 } } peers { permanent_uuid: "91f4e326a76740a2beef98bf8881efff" member_type: VOTER last_known_addr { host: "127.29.241.66" port: 42133 } attrs { replace: true } } peers { permanent_uuid: "326930822787402aa6b43a5260b07164" member_type: VOTER last_known_addr { host: "127.29.241.67" port: 42817 } } peers { permanent_uuid: "5eee5759f9c343a5892ba06e96cfc70e" member_type: NON_VOTER last_known_addr { host: "127.29.241.68" port: 41615 } attrs { promote: true } }
I20260608 09:56:09.669781 31725 ts_tablet_manager.cc:1434] T a20e37d4c46940b9a2fe3cc302c6ad82 P 5eee5759f9c343a5892ba06e96cfc70e: Time spent starting tablet: real 0.006s	user 0.005s	sys 0.000s
I20260608 09:56:09.671617 31338 tablet_copy_service.cc:342] P ef9937b05ff2496798a54cd4602b247a: Request end of tablet copy session 5eee5759f9c343a5892ba06e96cfc70e-a20e37d4c46940b9a2fe3cc302c6ad82 received from {username='slave'} at 127.0.0.1:58010
I20260608 09:56:09.672063 31338 tablet_copy_service.cc:434] P ef9937b05ff2496798a54cd4602b247a: ending tablet copy session 5eee5759f9c343a5892ba06e96cfc70e-a20e37d4c46940b9a2fe3cc302c6ad82 on tablet a20e37d4c46940b9a2fe3cc302c6ad82 with peer 5eee5759f9c343a5892ba06e96cfc70e
I20260608 09:56:09.719707 31725 ts_tablet_manager.cc:933] T 84e61eedf96d4c28bcb9dbb75dee2b29 P 5eee5759f9c343a5892ba06e96cfc70e: Initiating tablet copy from peer 326930822787402aa6b43a5260b07164 (127.29.241.67:42817)
I20260608 09:56:09.721477 31725 tablet_copy_client.cc:323] T 84e61eedf96d4c28bcb9dbb75dee2b29 P 5eee5759f9c343a5892ba06e96cfc70e: tablet copy: Beginning tablet copy session from remote peer at address 127.29.241.67:42817
I20260608 09:56:09.723210 31488 tablet_copy_service.cc:140] P 326930822787402aa6b43a5260b07164: Received BeginTabletCopySession request for tablet 84e61eedf96d4c28bcb9dbb75dee2b29 from peer 5eee5759f9c343a5892ba06e96cfc70e ({username='slave'} at 127.0.0.1:35536)
I20260608 09:56:09.723706 31488 tablet_copy_service.cc:161] P 326930822787402aa6b43a5260b07164: Beginning new tablet copy session on tablet 84e61eedf96d4c28bcb9dbb75dee2b29 from peer 5eee5759f9c343a5892ba06e96cfc70e at {username='slave'} at 127.0.0.1:35536: session id = 5eee5759f9c343a5892ba06e96cfc70e-84e61eedf96d4c28bcb9dbb75dee2b29
I20260608 09:56:09.728660 31488 tablet_copy_source_session.cc:215] T 84e61eedf96d4c28bcb9dbb75dee2b29 P 326930822787402aa6b43a5260b07164: Tablet Copy: opened 0 blocks and 1 log segments
I20260608 09:56:09.731832 31725 data_dirs.cc:400] Could only allocate 1 dirs of requested 3 for tablet 84e61eedf96d4c28bcb9dbb75dee2b29. 1 dirs total, 0 dirs full, 0 dirs failed
I20260608 09:56:09.747153 31725 tablet_copy_client.cc:806] T 84e61eedf96d4c28bcb9dbb75dee2b29 P 5eee5759f9c343a5892ba06e96cfc70e: tablet copy: Starting download of 0 data blocks...
I20260608 09:56:09.747776 31725 tablet_copy_client.cc:670] T 84e61eedf96d4c28bcb9dbb75dee2b29 P 5eee5759f9c343a5892ba06e96cfc70e: tablet copy: Starting download of 1 WAL segments...
I20260608 09:56:09.751535 31725 tablet_copy_client.cc:538] T 84e61eedf96d4c28bcb9dbb75dee2b29 P 5eee5759f9c343a5892ba06e96cfc70e: tablet copy: Tablet Copy complete. Replacing tablet superblock.
I20260608 09:56:09.759557 31725 tablet_bootstrap.cc:492] T 84e61eedf96d4c28bcb9dbb75dee2b29 P 5eee5759f9c343a5892ba06e96cfc70e: Bootstrap starting.
I20260608 09:56:09.778363 31725 tablet_bootstrap.cc:492] T 84e61eedf96d4c28bcb9dbb75dee2b29 P 5eee5759f9c343a5892ba06e96cfc70e: Bootstrap replayed 1/1 log segments. Stats: ops{read=2 overwritten=0 applied=2 ignored=0} inserts{seen=0 ignored=0} mutations{seen=0 ignored=0} orphaned_commits=0. Pending: 0 replicates
I20260608 09:56:09.779251 31725 tablet_bootstrap.cc:492] T 84e61eedf96d4c28bcb9dbb75dee2b29 P 5eee5759f9c343a5892ba06e96cfc70e: Bootstrap complete.
I20260608 09:56:09.779876 31725 ts_tablet_manager.cc:1403] T 84e61eedf96d4c28bcb9dbb75dee2b29 P 5eee5759f9c343a5892ba06e96cfc70e: Time spent bootstrapping tablet: real 0.021s	user 0.019s	sys 0.001s
I20260608 09:56:09.782608 31725 raft_consensus.cc:359] T 84e61eedf96d4c28bcb9dbb75dee2b29 P 5eee5759f9c343a5892ba06e96cfc70e [term 1 LEARNER]: Replica starting. Triggering 0 pending ops. Active config: opid_index: 2 OBSOLETE_local: false peers { permanent_uuid: "ef9937b05ff2496798a54cd4602b247a" member_type: VOTER last_known_addr { host: "127.29.241.65" port: 44565 } attrs { replace: true } } peers { permanent_uuid: "91f4e326a76740a2beef98bf8881efff" member_type: VOTER last_known_addr { host: "127.29.241.66" port: 42133 } } peers { permanent_uuid: "326930822787402aa6b43a5260b07164" member_type: VOTER last_known_addr { host: "127.29.241.67" port: 42817 } } peers { permanent_uuid: "5eee5759f9c343a5892ba06e96cfc70e" member_type: NON_VOTER last_known_addr { host: "127.29.241.68" port: 41615 } attrs { promote: true } }
I20260608 09:56:09.783465 31725 raft_consensus.cc:740] T 84e61eedf96d4c28bcb9dbb75dee2b29 P 5eee5759f9c343a5892ba06e96cfc70e [term 1 LEARNER]: Becoming Follower/Learner. State: Replica: 5eee5759f9c343a5892ba06e96cfc70e, State: Initialized, Role: LEARNER
I20260608 09:56:09.784142 31725 consensus_queue.cc:260] T 84e61eedf96d4c28bcb9dbb75dee2b29 P 5eee5759f9c343a5892ba06e96cfc70e [NON_LEADER]: Queue going to NON_LEADER mode. State: All replicated index: 0, Majority replicated index: 0, Committed index: 2, Last appended: 1.2, Last appended by leader: 2, Current term: 0, Majority size: -1, State: 0, Mode: NON_LEADER, active raft config: opid_index: 2 OBSOLETE_local: false peers { permanent_uuid: "ef9937b05ff2496798a54cd4602b247a" member_type: VOTER last_known_addr { host: "127.29.241.65" port: 44565 } attrs { replace: true } } peers { permanent_uuid: "91f4e326a76740a2beef98bf8881efff" member_type: VOTER last_known_addr { host: "127.29.241.66" port: 42133 } } peers { permanent_uuid: "326930822787402aa6b43a5260b07164" member_type: VOTER last_known_addr { host: "127.29.241.67" port: 42817 } } peers { permanent_uuid: "5eee5759f9c343a5892ba06e96cfc70e" member_type: NON_VOTER last_known_addr { host: "127.29.241.68" port: 41615 } attrs { promote: true } }
I20260608 09:56:09.786417 31725 ts_tablet_manager.cc:1434] T 84e61eedf96d4c28bcb9dbb75dee2b29 P 5eee5759f9c343a5892ba06e96cfc70e: Time spent starting tablet: real 0.006s	user 0.008s	sys 0.000s
I20260608 09:56:09.788295 31488 tablet_copy_service.cc:342] P 326930822787402aa6b43a5260b07164: Request end of tablet copy session 5eee5759f9c343a5892ba06e96cfc70e-84e61eedf96d4c28bcb9dbb75dee2b29 received from {username='slave'} at 127.0.0.1:35536
I20260608 09:56:09.788726 31488 tablet_copy_service.cc:434] P 326930822787402aa6b43a5260b07164: ending tablet copy session 5eee5759f9c343a5892ba06e96cfc70e-84e61eedf96d4c28bcb9dbb75dee2b29 on tablet 84e61eedf96d4c28bcb9dbb75dee2b29 with peer 5eee5759f9c343a5892ba06e96cfc70e
I20260608 09:56:09.855751 31280 auto_leader_rebalancer.cc:140] leader rebalance for table test-workload
I20260608 09:56:09.862912 31280 auto_leader_rebalancer.cc:388] table: test-workload, leader rebalance finish, leader transfer count: 0
I20260608 09:56:09.863453 31280 auto_leader_rebalancer.cc:451] All tables' leader rebalancing finished this round
I20260608 09:56:09.947603 31638 raft_consensus.cc:1217] T a517c1bafa694f859b054f398c187e5f P 5eee5759f9c343a5892ba06e96cfc70e [term 1 LEARNER]: Deduplicated request from leader. Original: 1.1->[1.2-1.2]   Dedup: 1.2->[]
I20260608 09:56:09.984277 31638 raft_consensus.cc:1217] T 3c3e758c93ba486b87b61e11f0002381 P 5eee5759f9c343a5892ba06e96cfc70e [term 1 LEARNER]: Deduplicated request from leader. Original: 1.1->[1.2-1.2]   Dedup: 1.2->[]
I20260608 09:56:10.030980 31638 raft_consensus.cc:1217] T a20e37d4c46940b9a2fe3cc302c6ad82 P 5eee5759f9c343a5892ba06e96cfc70e [term 2 LEARNER]: Deduplicated request from leader. Original: 2.2->[2.3-2.3]   Dedup: 2.3->[]
I20260608 09:56:10.081813 30661 tablet_server.cc:179] TabletServer@127.29.241.65:0 shutting down...
I20260608 09:56:10.114171 30661 ts_tablet_manager.cc:1507] Shutting down tablet manager...
I20260608 09:56:10.115123 30661 tablet_replica.cc:333] T 72f67bbc804241af90409a3b3c2be397 P ef9937b05ff2496798a54cd4602b247a: stopping tablet replica
I20260608 09:56:10.115960 30661 raft_consensus.cc:2243] T 72f67bbc804241af90409a3b3c2be397 P ef9937b05ff2496798a54cd4602b247a [term 2 LEADER]: Raft consensus shutting down.
I20260608 09:56:10.116827 30661 raft_consensus.cc:2272] T 72f67bbc804241af90409a3b3c2be397 P ef9937b05ff2496798a54cd4602b247a [term 2 FOLLOWER]: Raft consensus is shut down!
I20260608 09:56:10.119419 30661 tablet_replica.cc:333] T 84e61eedf96d4c28bcb9dbb75dee2b29 P ef9937b05ff2496798a54cd4602b247a: stopping tablet replica
I20260608 09:56:10.119985 30661 raft_consensus.cc:2243] T 84e61eedf96d4c28bcb9dbb75dee2b29 P ef9937b05ff2496798a54cd4602b247a [term 1 FOLLOWER]: Raft consensus shutting down.
I20260608 09:56:10.120457 30661 raft_consensus.cc:2272] T 84e61eedf96d4c28bcb9dbb75dee2b29 P ef9937b05ff2496798a54cd4602b247a [term 1 FOLLOWER]: Raft consensus is shut down!
I20260608 09:56:10.122809 30661 tablet_replica.cc:333] T 3c3e758c93ba486b87b61e11f0002381 P ef9937b05ff2496798a54cd4602b247a: stopping tablet replica
I20260608 09:56:10.123416 30661 raft_consensus.cc:2243] T 3c3e758c93ba486b87b61e11f0002381 P ef9937b05ff2496798a54cd4602b247a [term 1 LEADER]: Raft consensus shutting down.
I20260608 09:56:10.124370 30661 raft_consensus.cc:2272] T 3c3e758c93ba486b87b61e11f0002381 P ef9937b05ff2496798a54cd4602b247a [term 1 FOLLOWER]: Raft consensus is shut down!
I20260608 09:56:10.126847 30661 tablet_replica.cc:333] T a517c1bafa694f859b054f398c187e5f P ef9937b05ff2496798a54cd4602b247a: stopping tablet replica
I20260608 09:56:10.127393 30661 raft_consensus.cc:2243] T a517c1bafa694f859b054f398c187e5f P ef9937b05ff2496798a54cd4602b247a [term 1 FOLLOWER]: Raft consensus shutting down.
I20260608 09:56:10.127854 30661 raft_consensus.cc:2272] T a517c1bafa694f859b054f398c187e5f P ef9937b05ff2496798a54cd4602b247a [term 1 FOLLOWER]: Raft consensus is shut down!
I20260608 09:56:10.129645 30661 tablet_replica.cc:333] T b9eb23b2e66147598700de1899be722b P ef9937b05ff2496798a54cd4602b247a: stopping tablet replica
I20260608 09:56:10.130163 30661 raft_consensus.cc:2243] T b9eb23b2e66147598700de1899be722b P ef9937b05ff2496798a54cd4602b247a [term 1 FOLLOWER]: Raft consensus shutting down.
I20260608 09:56:10.130611 30661 raft_consensus.cc:2272] T b9eb23b2e66147598700de1899be722b P ef9937b05ff2496798a54cd4602b247a [term 1 FOLLOWER]: Raft consensus is shut down!
I20260608 09:56:10.132504 30661 tablet_replica.cc:333] T 4f5d041d68e64faf8444053fe15b6591 P ef9937b05ff2496798a54cd4602b247a: stopping tablet replica
I20260608 09:56:10.133256 30661 raft_consensus.cc:2243] T 4f5d041d68e64faf8444053fe15b6591 P ef9937b05ff2496798a54cd4602b247a [term 1 FOLLOWER]: Raft consensus shutting down.
I20260608 09:56:10.133801 30661 raft_consensus.cc:2272] T 4f5d041d68e64faf8444053fe15b6591 P ef9937b05ff2496798a54cd4602b247a [term 1 FOLLOWER]: Raft consensus is shut down!
I20260608 09:56:10.135731 30661 tablet_replica.cc:333] T a20e37d4c46940b9a2fe3cc302c6ad82 P ef9937b05ff2496798a54cd4602b247a: stopping tablet replica
I20260608 09:56:10.136250 30661 raft_consensus.cc:2243] T a20e37d4c46940b9a2fe3cc302c6ad82 P ef9937b05ff2496798a54cd4602b247a [term 2 LEADER]: Raft consensus shutting down.
I20260608 09:56:10.137241 30661 raft_consensus.cc:2272] T a20e37d4c46940b9a2fe3cc302c6ad82 P ef9937b05ff2496798a54cd4602b247a [term 2 FOLLOWER]: Raft consensus is shut down!
I20260608 09:56:10.139089 30661 tablet_replica.cc:333] T b62eeb745bd047babea7d31ec14b133a P ef9937b05ff2496798a54cd4602b247a: stopping tablet replica
I20260608 09:56:10.139593 30661 raft_consensus.cc:2243] T b62eeb745bd047babea7d31ec14b133a P ef9937b05ff2496798a54cd4602b247a [term 1 FOLLOWER]: Raft consensus shutting down.
I20260608 09:56:10.140013 30661 raft_consensus.cc:2272] T b62eeb745bd047babea7d31ec14b133a P ef9937b05ff2496798a54cd4602b247a [term 1 FOLLOWER]: Raft consensus is shut down!
I20260608 09:56:10.162726 30661 tablet_server.cc:196] TabletServer@127.29.241.65:0 shutdown complete.
W20260608 09:56:10.172081 31442 proxy.cc:239] Call had error, refreshing address and retrying: Network error: Client connection negotiation failed: client connection to 127.29.241.65:44565: connect: Connection refused (error 111) [suppressed 5 similar messages]
W20260608 09:56:10.179461 31442 consensus_peers.cc:597] T 84e61eedf96d4c28bcb9dbb75dee2b29 P 326930822787402aa6b43a5260b07164 -> Peer ef9937b05ff2496798a54cd4602b247a (127.29.241.65:44565): Couldn't send request to peer ef9937b05ff2496798a54cd4602b247a. Status: Network error: Client connection negotiation failed: client connection to 127.29.241.65:44565: connect: Connection refused (error 111). This is attempt 1: this message will repeat every 5th retry.
I20260608 09:56:10.187361 30661 tablet_server.cc:179] TabletServer@127.29.241.66:0 shutting down...
I20260608 09:56:10.220726 30661 ts_tablet_manager.cc:1507] Shutting down tablet manager...
I20260608 09:56:10.221658 30661 tablet_replica.cc:333] T a20e37d4c46940b9a2fe3cc302c6ad82 P 91f4e326a76740a2beef98bf8881efff: stopping tablet replica
I20260608 09:56:10.222644 30661 raft_consensus.cc:2243] T a20e37d4c46940b9a2fe3cc302c6ad82 P 91f4e326a76740a2beef98bf8881efff [term 2 FOLLOWER]: Raft consensus shutting down.
I20260608 09:56:10.223196 30661 raft_consensus.cc:2272] T a20e37d4c46940b9a2fe3cc302c6ad82 P 91f4e326a76740a2beef98bf8881efff [term 2 FOLLOWER]: Raft consensus is shut down!
I20260608 09:56:10.225293 30661 tablet_replica.cc:333] T 3c3e758c93ba486b87b61e11f0002381 P 91f4e326a76740a2beef98bf8881efff: stopping tablet replica
I20260608 09:56:10.225842 30661 raft_consensus.cc:2243] T 3c3e758c93ba486b87b61e11f0002381 P 91f4e326a76740a2beef98bf8881efff [term 1 FOLLOWER]: Raft consensus shutting down.
I20260608 09:56:10.226325 30661 raft_consensus.cc:2272] T 3c3e758c93ba486b87b61e11f0002381 P 91f4e326a76740a2beef98bf8881efff [term 1 FOLLOWER]: Raft consensus is shut down!
I20260608 09:56:10.228111 30661 tablet_replica.cc:333] T a517c1bafa694f859b054f398c187e5f P 91f4e326a76740a2beef98bf8881efff: stopping tablet replica
I20260608 09:56:10.228660 30661 raft_consensus.cc:2243] T a517c1bafa694f859b054f398c187e5f P 91f4e326a76740a2beef98bf8881efff [term 1 FOLLOWER]: Raft consensus shutting down.
I20260608 09:56:10.229202 30661 raft_consensus.cc:2272] T a517c1bafa694f859b054f398c187e5f P 91f4e326a76740a2beef98bf8881efff [term 1 FOLLOWER]: Raft consensus is shut down!
I20260608 09:56:10.231163 30661 tablet_replica.cc:333] T b9eb23b2e66147598700de1899be722b P 91f4e326a76740a2beef98bf8881efff: stopping tablet replica
I20260608 09:56:10.231695 30661 raft_consensus.cc:2243] T b9eb23b2e66147598700de1899be722b P 91f4e326a76740a2beef98bf8881efff [term 1 LEADER]: Raft consensus shutting down.
I20260608 09:56:10.232519 30661 raft_consensus.cc:2272] T b9eb23b2e66147598700de1899be722b P 91f4e326a76740a2beef98bf8881efff [term 1 FOLLOWER]: Raft consensus is shut down!
I20260608 09:56:10.235190 30661 tablet_replica.cc:333] T 4f5d041d68e64faf8444053fe15b6591 P 91f4e326a76740a2beef98bf8881efff: stopping tablet replica
I20260608 09:56:10.235724 30661 raft_consensus.cc:2243] T 4f5d041d68e64faf8444053fe15b6591 P 91f4e326a76740a2beef98bf8881efff [term 1 LEADER]: Raft consensus shutting down.
I20260608 09:56:10.236512 30661 raft_consensus.cc:2272] T 4f5d041d68e64faf8444053fe15b6591 P 91f4e326a76740a2beef98bf8881efff [term 1 FOLLOWER]: Raft consensus is shut down!
I20260608 09:56:10.238400 30661 tablet_replica.cc:333] T b62eeb745bd047babea7d31ec14b133a P 91f4e326a76740a2beef98bf8881efff: stopping tablet replica
I20260608 09:56:10.238921 30661 raft_consensus.cc:2243] T b62eeb745bd047babea7d31ec14b133a P 91f4e326a76740a2beef98bf8881efff [term 1 FOLLOWER]: Raft consensus shutting down.
I20260608 09:56:10.239351 30661 raft_consensus.cc:2272] T b62eeb745bd047babea7d31ec14b133a P 91f4e326a76740a2beef98bf8881efff [term 1 FOLLOWER]: Raft consensus is shut down!
I20260608 09:56:10.241344 30661 tablet_replica.cc:333] T 72f67bbc804241af90409a3b3c2be397 P 91f4e326a76740a2beef98bf8881efff: stopping tablet replica
I20260608 09:56:10.241920 30661 raft_consensus.cc:2243] T 72f67bbc804241af90409a3b3c2be397 P 91f4e326a76740a2beef98bf8881efff [term 2 FOLLOWER]: Raft consensus shutting down.
I20260608 09:56:10.242457 30661 raft_consensus.cc:2272] T 72f67bbc804241af90409a3b3c2be397 P 91f4e326a76740a2beef98bf8881efff [term 2 FOLLOWER]: Raft consensus is shut down!
I20260608 09:56:10.244366 30661 tablet_replica.cc:333] T 84e61eedf96d4c28bcb9dbb75dee2b29 P 91f4e326a76740a2beef98bf8881efff: stopping tablet replica
I20260608 09:56:10.244935 30661 raft_consensus.cc:2243] T 84e61eedf96d4c28bcb9dbb75dee2b29 P 91f4e326a76740a2beef98bf8881efff [term 1 FOLLOWER]: Raft consensus shutting down.
I20260608 09:56:10.245486 30661 raft_consensus.cc:2272] T 84e61eedf96d4c28bcb9dbb75dee2b29 P 91f4e326a76740a2beef98bf8881efff [term 1 FOLLOWER]: Raft consensus is shut down!
I20260608 09:56:10.275328 30661 tablet_server.cc:196] TabletServer@127.29.241.66:0 shutdown complete.
W20260608 09:56:10.300974 31442 consensus_peers.cc:597] T 84e61eedf96d4c28bcb9dbb75dee2b29 P 326930822787402aa6b43a5260b07164 -> Peer 91f4e326a76740a2beef98bf8881efff (127.29.241.66:42133): Couldn't send request to peer 91f4e326a76740a2beef98bf8881efff. Status: Network error: Client connection negotiation failed: client connection to 127.29.241.66:42133: connect: Connection refused (error 111). This is attempt 1: this message will repeat every 5th retry.
I20260608 09:56:10.303653 30661 tablet_server.cc:179] TabletServer@127.29.241.67:0 shutting down...
I20260608 09:56:10.335497 30661 ts_tablet_manager.cc:1507] Shutting down tablet manager...
I20260608 09:56:10.336527 30661 tablet_replica.cc:333] T 3c3e758c93ba486b87b61e11f0002381 P 326930822787402aa6b43a5260b07164: stopping tablet replica
I20260608 09:56:10.336979 31638 raft_consensus.cc:1217] T 84e61eedf96d4c28bcb9dbb75dee2b29 P 5eee5759f9c343a5892ba06e96cfc70e [term 1 LEARNER]: Deduplicated request from leader. Original: 1.1->[1.2-1.2]   Dedup: 1.2->[]
I20260608 09:56:10.337414 30661 raft_consensus.cc:2243] T 3c3e758c93ba486b87b61e11f0002381 P 326930822787402aa6b43a5260b07164 [term 1 FOLLOWER]: Raft consensus shutting down.
I20260608 09:56:10.338022 30661 raft_consensus.cc:2272] T 3c3e758c93ba486b87b61e11f0002381 P 326930822787402aa6b43a5260b07164 [term 1 FOLLOWER]: Raft consensus is shut down!
I20260608 09:56:10.340401 30661 tablet_replica.cc:333] T a517c1bafa694f859b054f398c187e5f P 326930822787402aa6b43a5260b07164: stopping tablet replica
I20260608 09:56:10.341158 30661 raft_consensus.cc:2243] T a517c1bafa694f859b054f398c187e5f P 326930822787402aa6b43a5260b07164 [term 1 LEADER]: Raft consensus shutting down.
I20260608 09:56:10.342309 30661 raft_consensus.cc:2272] T a517c1bafa694f859b054f398c187e5f P 326930822787402aa6b43a5260b07164 [term 1 FOLLOWER]: Raft consensus is shut down!
I20260608 09:56:10.344666 30661 tablet_replica.cc:333] T b9eb23b2e66147598700de1899be722b P 326930822787402aa6b43a5260b07164: stopping tablet replica
I20260608 09:56:10.345314 30661 raft_consensus.cc:2243] T b9eb23b2e66147598700de1899be722b P 326930822787402aa6b43a5260b07164 [term 1 FOLLOWER]: Raft consensus shutting down.
I20260608 09:56:10.345788 30661 raft_consensus.cc:2272] T b9eb23b2e66147598700de1899be722b P 326930822787402aa6b43a5260b07164 [term 1 FOLLOWER]: Raft consensus is shut down!
I20260608 09:56:10.347755 30661 tablet_replica.cc:333] T a20e37d4c46940b9a2fe3cc302c6ad82 P 326930822787402aa6b43a5260b07164: stopping tablet replica
I20260608 09:56:10.348362 30661 raft_consensus.cc:2243] T a20e37d4c46940b9a2fe3cc302c6ad82 P 326930822787402aa6b43a5260b07164 [term 2 FOLLOWER]: Raft consensus shutting down.
I20260608 09:56:10.348845 30661 raft_consensus.cc:2272] T a20e37d4c46940b9a2fe3cc302c6ad82 P 326930822787402aa6b43a5260b07164 [term 2 FOLLOWER]: Raft consensus is shut down!
I20260608 09:56:10.350827 30661 tablet_replica.cc:333] T 4f5d041d68e64faf8444053fe15b6591 P 326930822787402aa6b43a5260b07164: stopping tablet replica
I20260608 09:56:10.351622 30661 raft_consensus.cc:2243] T 4f5d041d68e64faf8444053fe15b6591 P 326930822787402aa6b43a5260b07164 [term 1 FOLLOWER]: Raft consensus shutting down.
I20260608 09:56:10.352077 30661 raft_consensus.cc:2272] T 4f5d041d68e64faf8444053fe15b6591 P 326930822787402aa6b43a5260b07164 [term 1 FOLLOWER]: Raft consensus is shut down!
I20260608 09:56:10.354051 30661 tablet_replica.cc:333] T 84e61eedf96d4c28bcb9dbb75dee2b29 P 326930822787402aa6b43a5260b07164: stopping tablet replica
I20260608 09:56:10.354570 30661 raft_consensus.cc:2243] T 84e61eedf96d4c28bcb9dbb75dee2b29 P 326930822787402aa6b43a5260b07164 [term 1 LEADER]: Raft consensus shutting down.
I20260608 09:56:10.355530 30661 raft_consensus.cc:2272] T 84e61eedf96d4c28bcb9dbb75dee2b29 P 326930822787402aa6b43a5260b07164 [term 1 FOLLOWER]: Raft consensus is shut down!
I20260608 09:56:10.357479 30661 tablet_replica.cc:333] T 72f67bbc804241af90409a3b3c2be397 P 326930822787402aa6b43a5260b07164: stopping tablet replica
I20260608 09:56:10.358034 30661 raft_consensus.cc:2243] T 72f67bbc804241af90409a3b3c2be397 P 326930822787402aa6b43a5260b07164 [term 2 FOLLOWER]: Raft consensus shutting down.
I20260608 09:56:10.358467 30661 raft_consensus.cc:2272] T 72f67bbc804241af90409a3b3c2be397 P 326930822787402aa6b43a5260b07164 [term 2 FOLLOWER]: Raft consensus is shut down!
I20260608 09:56:10.360468 30661 tablet_replica.cc:333] T b62eeb745bd047babea7d31ec14b133a P 326930822787402aa6b43a5260b07164: stopping tablet replica
I20260608 09:56:10.361027 30661 raft_consensus.cc:2243] T b62eeb745bd047babea7d31ec14b133a P 326930822787402aa6b43a5260b07164 [term 1 LEADER]: Raft consensus shutting down.
I20260608 09:56:10.361826 30661 raft_consensus.cc:2272] T b62eeb745bd047babea7d31ec14b133a P 326930822787402aa6b43a5260b07164 [term 1 FOLLOWER]: Raft consensus is shut down!
I20260608 09:56:10.383440 30661 tablet_server.cc:196] TabletServer@127.29.241.67:0 shutdown complete.
I20260608 09:56:10.411387 30661 tablet_server.cc:179] TabletServer@127.29.241.68:0 shutting down...
I20260608 09:56:10.435132 30661 ts_tablet_manager.cc:1507] Shutting down tablet manager...
I20260608 09:56:10.435890 30661 tablet_replica.cc:333] T a20e37d4c46940b9a2fe3cc302c6ad82 P 5eee5759f9c343a5892ba06e96cfc70e: stopping tablet replica
I20260608 09:56:10.436452 30661 raft_consensus.cc:2243] T a20e37d4c46940b9a2fe3cc302c6ad82 P 5eee5759f9c343a5892ba06e96cfc70e [term 2 LEARNER]: Raft consensus shutting down.
I20260608 09:56:10.436858 30661 raft_consensus.cc:2272] T a20e37d4c46940b9a2fe3cc302c6ad82 P 5eee5759f9c343a5892ba06e96cfc70e [term 2 LEARNER]: Raft consensus is shut down!
I20260608 09:56:10.438692 30661 tablet_replica.cc:333] T 3c3e758c93ba486b87b61e11f0002381 P 5eee5759f9c343a5892ba06e96cfc70e: stopping tablet replica
I20260608 09:56:10.439203 30661 raft_consensus.cc:2243] T 3c3e758c93ba486b87b61e11f0002381 P 5eee5759f9c343a5892ba06e96cfc70e [term 1 LEARNER]: Raft consensus shutting down.
I20260608 09:56:10.439587 30661 raft_consensus.cc:2272] T 3c3e758c93ba486b87b61e11f0002381 P 5eee5759f9c343a5892ba06e96cfc70e [term 1 LEARNER]: Raft consensus is shut down!
I20260608 09:56:10.441313 30661 tablet_replica.cc:333] T 84e61eedf96d4c28bcb9dbb75dee2b29 P 5eee5759f9c343a5892ba06e96cfc70e: stopping tablet replica
I20260608 09:56:10.441783 30661 raft_consensus.cc:2243] T 84e61eedf96d4c28bcb9dbb75dee2b29 P 5eee5759f9c343a5892ba06e96cfc70e [term 1 LEARNER]: Raft consensus shutting down.
I20260608 09:56:10.442159 30661 raft_consensus.cc:2272] T 84e61eedf96d4c28bcb9dbb75dee2b29 P 5eee5759f9c343a5892ba06e96cfc70e [term 1 LEARNER]: Raft consensus is shut down!
I20260608 09:56:10.443943 30661 tablet_replica.cc:333] T a517c1bafa694f859b054f398c187e5f P 5eee5759f9c343a5892ba06e96cfc70e: stopping tablet replica
I20260608 09:56:10.444408 30661 raft_consensus.cc:2243] T a517c1bafa694f859b054f398c187e5f P 5eee5759f9c343a5892ba06e96cfc70e [term 1 LEARNER]: Raft consensus shutting down.
I20260608 09:56:10.444767 30661 raft_consensus.cc:2272] T a517c1bafa694f859b054f398c187e5f P 5eee5759f9c343a5892ba06e96cfc70e [term 1 LEARNER]: Raft consensus is shut down!
I20260608 09:56:10.500278 30661 tablet_server.cc:196] TabletServer@127.29.241.68:0 shutdown complete.
I20260608 09:56:10.517021 30661 master.cc:562] Master@127.29.241.126:41875 shutting down...
W20260608 09:56:10.542222 31275 auto_rebalancer.cc:835] Removing replace marker failed: Catalog manager is not initialized. State: Closing
W20260608 09:56:10.542474 31275 auto_rebalancer.cc:863] Could not move replica: Service unavailable: Catalog manager is not initialized. State: Closing
W20260608 09:56:10.542640 31275 auto_rebalancer.cc:301] scheduled replica move failed to complete: Service unavailable: Catalog manager is not initialized. State: Closing
I20260608 09:56:10.543642 30661 raft_consensus.cc:2243] T 00000000000000000000000000000000 P 9e65cb89cc104375a8ad463195526545 [term 1 LEADER]: Raft consensus shutting down.
I20260608 09:56:10.544181 30661 raft_consensus.cc:2272] T 00000000000000000000000000000000 P 9e65cb89cc104375a8ad463195526545 [term 1 FOLLOWER]: Raft consensus is shut down!
I20260608 09:56:10.544538 30661 tablet_replica.cc:333] T 00000000000000000000000000000000 P 9e65cb89cc104375a8ad463195526545: stopping tablet replica
I20260608 09:56:10.563796 30661 master.cc:584] Master@127.29.241.126:41875 shutdown complete.
[       OK ] AutoRebalancerTest.AutoRebalancingTurnOffAndOn (10938 ms)
[ RUN      ] AutoRebalancerTest.NextLeaderResumesAutoRebalancing
I20260608 09:56:10.609336 30661 internal_mini_cluster.cc:156] Creating distributed mini masters. Addrs: 127.29.241.126:36359,127.29.241.125:46331,127.29.241.124:36735
I20260608 09:56:10.610833 30661 file_cache.cc:492] Constructed file cache file cache with capacity 419430
W20260608 09:56:10.617188 31747 instance_detector.cc:116] could not retrieve Azure instance metadata: Network error: curl error: HTTP response code said error: The requested URL returned error: 404
W20260608 09:56:10.617447 31746 instance_detector.cc:116] could not retrieve AWS instance metadata: Network error: curl error: HTTP response code said error: The requested URL returned error: 404
W20260608 09:56:10.618265 31749 instance_detector.cc:116] could not retrieve OpenStack instance metadata: Network error: curl error: HTTP response code said error: The requested URL returned error: 404
I20260608 09:56:10.618646 30661 server_base.cc:1061] running on GCE node
I20260608 09:56:10.619592 30661 hybrid_clock.cc:584] initializing the hybrid clock with 'system_unsync' time source
W20260608 09:56:10.619786 30661 system_unsync_time.cc:38] NTP support is disabled. Clock error bounds will not be accurate. This configuration is not suitable for distributed clusters.
I20260608 09:56:10.619904 30661 hybrid_clock.cc:648] HybridClock initialized: now 1780912570619893 us; error 0 us; skew 500 ppm
I20260608 09:56:10.620493 30661 server_base.cc:861] Flag tcmalloc_max_total_thread_cache_bytes is not working since tcmalloc is not enabled.
I20260608 09:56:10.623005 30661 webserver.cc:533] Webserver started at http://127.29.241.126:38929/ using document root <none> and password file <none>
I20260608 09:56:10.623492 30661 fs_manager.cc:362] Metadata directory not provided
I20260608 09:56:10.623649 30661 fs_manager.cc:368] Using write-ahead log directory (fs_wal_dir) as metadata directory
I20260608 09:56:10.623895 30661 server_base.cc:909] This appears to be a new deployment of Kudu; creating new FS layout
I20260608 09:56:10.625108 30661 fs_manager.cc:1068] Generated new instance metadata in path /tmp/dist-test-taskWK8eKt/test-tmp/auto_rebalancer-test.0.AutoRebalancerTest.NextLeaderResumesAutoRebalancing.1780912554527113-30661-0/minicluster-data/master-0-root/instance:
uuid: "f651a1f586154b96b69501482c889bd9"
format_stamp: "Formatted at 2026-06-08 09:56:10 on dist-test-slave-jxbb"
I20260608 09:56:10.630007 30661 fs_manager.cc:696] Time spent creating directory manager: real 0.004s	user 0.001s	sys 0.003s
I20260608 09:56:10.633831 31754 log_block_manager.cc:4031] Time spent loading block containers with low live blocks: real 0.000s	user 0.000s	sys 0.000s
I20260608 09:56:10.634862 30661 fs_manager.cc:730] Time spent opening block manager: real 0.003s	user 0.000s	sys 0.004s
I20260608 09:56:10.635226 30661 fs_manager.cc:647] Opened local filesystem: /tmp/dist-test-taskWK8eKt/test-tmp/auto_rebalancer-test.0.AutoRebalancerTest.NextLeaderResumesAutoRebalancing.1780912554527113-30661-0/minicluster-data/master-0-root
uuid: "f651a1f586154b96b69501482c889bd9"
format_stamp: "Formatted at 2026-06-08 09:56:10 on dist-test-slave-jxbb"
I20260608 09:56:10.635545 30661 fs_report.cc:389] FS layout report
--------------------
wal directory: /tmp/dist-test-taskWK8eKt/test-tmp/auto_rebalancer-test.0.AutoRebalancerTest.NextLeaderResumesAutoRebalancing.1780912554527113-30661-0/minicluster-data/master-0-root
metadata directory: /tmp/dist-test-taskWK8eKt/test-tmp/auto_rebalancer-test.0.AutoRebalancerTest.NextLeaderResumesAutoRebalancing.1780912554527113-30661-0/minicluster-data/master-0-root
1 data directories: /tmp/dist-test-taskWK8eKt/test-tmp/auto_rebalancer-test.0.AutoRebalancerTest.NextLeaderResumesAutoRebalancing.1780912554527113-30661-0/minicluster-data/master-0-root/data
Total live blocks: 0
Total live bytes: 0
Total live bytes (after alignment): 0
Total number of LBM containers: 0 (0 full)
Did not check for missing blocks
Did not check for orphaned blocks
Total full LBM containers with extra space: 0 (0 repaired)
Total full LBM container extra space in bytes: 0 (0 repaired)
Total incomplete LBM containers: 0 (0 repaired)
Total LBM partial records: 0 (0 repaired)
Total corrupted LBM metadata records in RocksDB: 0 (0 repaired)
I20260608 09:56:10.657994 30661 rpc_server.cc:225] running with OpenSSL 1.1.1  11 Sep 2018
I20260608 09:56:10.659319 30661 kserver.cc:163] Server-wide thread pool size limit: 3276
I20260608 09:56:10.698796 30661 rpc_server.cc:307] RPC server started. Bound to: 127.29.241.126:36359
I20260608 09:56:10.698933 31805 acceptor_pool.cc:272] collecting diagnostics on the listening RPC socket 127.29.241.126:36359 every 8 connection(s)
I20260608 09:56:10.703267 30661 file_cache.cc:492] Constructed file cache file cache with capacity 419430
I20260608 09:56:10.703300 31806 data_dirs.cc:400] Could only allocate 1 dirs of requested 3 for tablet 00000000000000000000000000000000. 1 dirs total, 0 dirs full, 0 dirs failed
W20260608 09:56:10.709239 31808 instance_detector.cc:116] could not retrieve AWS instance metadata: Network error: curl error: HTTP response code said error: The requested URL returned error: 404
W20260608 09:56:10.711815 31809 instance_detector.cc:116] could not retrieve Azure instance metadata: Network error: curl error: HTTP response code said error: The requested URL returned error: 404
I20260608 09:56:10.712122 31806 sys_catalog.cc:422] member_type: VOTER last_known_addr { host: "127.29.241.126" port: 36359 } has no permanent_uuid. Determining permanent_uuid...
I20260608 09:56:10.713855 30661 server_base.cc:1061] running on GCE node
W20260608 09:56:10.713887 31811 instance_detector.cc:116] could not retrieve OpenStack instance metadata: Network error: curl error: HTTP response code said error: The requested URL returned error: 404
I20260608 09:56:10.715068 30661 hybrid_clock.cc:584] initializing the hybrid clock with 'system_unsync' time source
W20260608 09:56:10.715322 30661 system_unsync_time.cc:38] NTP support is disabled. Clock error bounds will not be accurate. This configuration is not suitable for distributed clusters.
I20260608 09:56:10.715528 30661 hybrid_clock.cc:648] HybridClock initialized: now 1780912570715509 us; error 0 us; skew 500 ppm
I20260608 09:56:10.716156 30661 server_base.cc:861] Flag tcmalloc_max_total_thread_cache_bytes is not working since tcmalloc is not enabled.
I20260608 09:56:10.719383 30661 webserver.cc:533] Webserver started at http://127.29.241.125:33947/ using document root <none> and password file <none>
I20260608 09:56:10.719969 30661 fs_manager.cc:362] Metadata directory not provided
I20260608 09:56:10.720191 30661 fs_manager.cc:368] Using write-ahead log directory (fs_wal_dir) as metadata directory
I20260608 09:56:10.720546 30661 server_base.cc:909] This appears to be a new deployment of Kudu; creating new FS layout
I20260608 09:56:10.722055 30661 fs_manager.cc:1068] Generated new instance metadata in path /tmp/dist-test-taskWK8eKt/test-tmp/auto_rebalancer-test.0.AutoRebalancerTest.NextLeaderResumesAutoRebalancing.1780912554527113-30661-0/minicluster-data/master-1-root/instance:
uuid: "7cbb385081e848a880969be27c0b9592"
format_stamp: "Formatted at 2026-06-08 09:56:10 on dist-test-slave-jxbb"
I20260608 09:56:10.728382 30661 fs_manager.cc:696] Time spent creating directory manager: real 0.006s	user 0.006s	sys 0.001s
I20260608 09:56:10.728459 31806 sys_catalog.cc:422] member_type: VOTER last_known_addr { host: "127.29.241.125" port: 46331 } has no permanent_uuid. Determining permanent_uuid...
I20260608 09:56:10.733424 31819 log_block_manager.cc:4031] Time spent loading block containers with low live blocks: real 0.000s	user 0.000s	sys 0.000s
I20260608 09:56:10.734567 30661 fs_manager.cc:730] Time spent opening block manager: real 0.004s	user 0.004s	sys 0.000s
I20260608 09:56:10.734941 30661 fs_manager.cc:647] Opened local filesystem: /tmp/dist-test-taskWK8eKt/test-tmp/auto_rebalancer-test.0.AutoRebalancerTest.NextLeaderResumesAutoRebalancing.1780912554527113-30661-0/minicluster-data/master-1-root
uuid: "7cbb385081e848a880969be27c0b9592"
format_stamp: "Formatted at 2026-06-08 09:56:10 on dist-test-slave-jxbb"
I20260608 09:56:10.735265 30661 fs_report.cc:389] FS layout report
--------------------
wal directory: /tmp/dist-test-taskWK8eKt/test-tmp/auto_rebalancer-test.0.AutoRebalancerTest.NextLeaderResumesAutoRebalancing.1780912554527113-30661-0/minicluster-data/master-1-root
metadata directory: /tmp/dist-test-taskWK8eKt/test-tmp/auto_rebalancer-test.0.AutoRebalancerTest.NextLeaderResumesAutoRebalancing.1780912554527113-30661-0/minicluster-data/master-1-root
1 data directories: /tmp/dist-test-taskWK8eKt/test-tmp/auto_rebalancer-test.0.AutoRebalancerTest.NextLeaderResumesAutoRebalancing.1780912554527113-30661-0/minicluster-data/master-1-root/data
Total live blocks: 0
Total live bytes: 0
Total live bytes (after alignment): 0
Total number of LBM containers: 0 (0 full)
Did not check for missing blocks
Did not check for orphaned blocks
Total full LBM containers with extra space: 0 (0 repaired)
Total full LBM container extra space in bytes: 0 (0 repaired)
Total incomplete LBM containers: 0 (0 repaired)
Total LBM partial records: 0 (0 repaired)
Total corrupted LBM metadata records in RocksDB: 0 (0 repaired)
W20260608 09:56:10.735792 31806 consensus_peers.cc:760] Error getting permanent uuid from config peer 127.29.241.125:46331: Network error: Client connection negotiation failed: client connection to 127.29.241.125:46331: connect: Connection refused (error 111)
I20260608 09:56:10.753703 30661 rpc_server.cc:225] running with OpenSSL 1.1.1  11 Sep 2018
I20260608 09:56:10.755044 30661 kserver.cc:163] Server-wide thread pool size limit: 3276
I20260608 09:56:10.755316 31806 consensus_peers.cc:770] Retrying to get permanent uuid for remote peer: member_type: VOTER last_known_addr { host: "127.29.241.125" port: 46331 } attempt: 1
W20260608 09:56:10.760704 31806 consensus_peers.cc:760] Error getting permanent uuid from config peer 127.29.241.125:46331: Network error: Client connection negotiation failed: client connection to 127.29.241.125:46331: connect: Connection refused (error 111)
I20260608 09:56:10.795984 30661 rpc_server.cc:307] RPC server started. Bound to: 127.29.241.125:46331
I20260608 09:56:10.796096 31870 acceptor_pool.cc:272] collecting diagnostics on the listening RPC socket 127.29.241.125:46331 every 8 connection(s)
I20260608 09:56:10.800119 30661 file_cache.cc:492] Constructed file cache file cache with capacity 419430
I20260608 09:56:10.800660 31871 data_dirs.cc:400] Could only allocate 1 dirs of requested 3 for tablet 00000000000000000000000000000000. 1 dirs total, 0 dirs full, 0 dirs failed
W20260608 09:56:10.806416 31873 instance_detector.cc:116] could not retrieve AWS instance metadata: Network error: curl error: HTTP response code said error: The requested URL returned error: 404
