I20260608 09:57:20.865108  3853 raft_consensus.cc:740] T 98b2c4f994b14beab1077f70482c54e1 P 3337ecfba7064ca3920b320e137882a2 [term 0 FOLLOWER]: Becoming Follower/Learner. State: Replica: 3337ecfba7064ca3920b320e137882a2, State: Initialized, Role: FOLLOWER
I20260608 09:57:20.865850  3852 ts_tablet_manager.cc:1434] T 77309e97d64c4abd9bd113230991af4d P bd702bc369a04c1da1ae9f76e90ec1c4: Time spent starting tablet: real 0.008s	user 0.007s	sys 0.000s
I20260608 09:57:20.866030  3851 tablet_bootstrap.cc:492] T 98b2c4f994b14beab1077f70482c54e1 P 8a8fc56a761d4a12a46bdb04a82a89c9: No bootstrap required, opened a new log
I20260608 09:57:20.866024  3853 consensus_queue.cc:260] T 98b2c4f994b14beab1077f70482c54e1 P 3337ecfba7064ca3920b320e137882a2 [NON_LEADER]: Queue going to NON_LEADER mode. State: All replicated index: 0, Majority replicated index: 0, Committed index: 0, Last appended: 0.0, Last appended by leader: 0, Current term: 0, Majority size: -1, State: 0, Mode: NON_LEADER, active raft config: opid_index: -1 OBSOLETE_local: false peers { permanent_uuid: "8a8fc56a761d4a12a46bdb04a82a89c9" member_type: VOTER last_known_addr { host: "127.0.158.194" port: 45391 } } peers { permanent_uuid: "3337ecfba7064ca3920b320e137882a2" member_type: VOTER last_known_addr { host: "127.0.158.193" port: 41521 } } peers { permanent_uuid: "bd702bc369a04c1da1ae9f76e90ec1c4" member_type: VOTER last_known_addr { host: "127.0.158.195" port: 41525 } }
I20260608 09:57:20.866791  3852 tablet_bootstrap.cc:492] T dc80f99fdbbb43d1aa12851ee6e33573 P bd702bc369a04c1da1ae9f76e90ec1c4: Bootstrap starting.
I20260608 09:57:20.866781  3851 ts_tablet_manager.cc:1403] T 98b2c4f994b14beab1077f70482c54e1 P 8a8fc56a761d4a12a46bdb04a82a89c9: Time spent bootstrapping tablet: real 0.018s	user 0.010s	sys 0.004s
I20260608 09:57:20.868638  3853 ts_tablet_manager.cc:1434] T 98b2c4f994b14beab1077f70482c54e1 P 3337ecfba7064ca3920b320e137882a2: Time spent starting tablet: real 0.008s	user 0.006s	sys 0.000s
I20260608 09:57:20.869693  3853 tablet_bootstrap.cc:492] T 35ee7b6a2675476ca4b80e61e5f67c53 P 3337ecfba7064ca3920b320e137882a2: Bootstrap starting.
I20260608 09:57:20.870076  3851 raft_consensus.cc:359] T 98b2c4f994b14beab1077f70482c54e1 P 8a8fc56a761d4a12a46bdb04a82a89c9 [term 0 FOLLOWER]: Replica starting. Triggering 0 pending ops. Active config: opid_index: -1 OBSOLETE_local: false peers { permanent_uuid: "8a8fc56a761d4a12a46bdb04a82a89c9" member_type: VOTER last_known_addr { host: "127.0.158.194" port: 45391 } } peers { permanent_uuid: "3337ecfba7064ca3920b320e137882a2" member_type: VOTER last_known_addr { host: "127.0.158.193" port: 41521 } } peers { permanent_uuid: "bd702bc369a04c1da1ae9f76e90ec1c4" member_type: VOTER last_known_addr { host: "127.0.158.195" port: 41525 } }
I20260608 09:57:20.870822  3851 raft_consensus.cc:385] T 98b2c4f994b14beab1077f70482c54e1 P 8a8fc56a761d4a12a46bdb04a82a89c9 [term 0 FOLLOWER]: Consensus starting up: Expiring failure detector timer to make a prompt election more likely
I20260608 09:57:20.871202  3851 raft_consensus.cc:740] T 98b2c4f994b14beab1077f70482c54e1 P 8a8fc56a761d4a12a46bdb04a82a89c9 [term 0 FOLLOWER]: Becoming Follower/Learner. State: Replica: 8a8fc56a761d4a12a46bdb04a82a89c9, State: Initialized, Role: FOLLOWER
I20260608 09:57:20.872184  3851 consensus_queue.cc:260] T 98b2c4f994b14beab1077f70482c54e1 P 8a8fc56a761d4a12a46bdb04a82a89c9 [NON_LEADER]: Queue going to NON_LEADER mode. State: All replicated index: 0, Majority replicated index: 0, Committed index: 0, Last appended: 0.0, Last appended by leader: 0, Current term: 0, Majority size: -1, State: 0, Mode: NON_LEADER, active raft config: opid_index: -1 OBSOLETE_local: false peers { permanent_uuid: "8a8fc56a761d4a12a46bdb04a82a89c9" member_type: VOTER last_known_addr { host: "127.0.158.194" port: 45391 } } peers { permanent_uuid: "3337ecfba7064ca3920b320e137882a2" member_type: VOTER last_known_addr { host: "127.0.158.193" port: 41521 } } peers { permanent_uuid: "bd702bc369a04c1da1ae9f76e90ec1c4" member_type: VOTER last_known_addr { host: "127.0.158.195" port: 41525 } }
I20260608 09:57:20.875934  3852 tablet_bootstrap.cc:654] T dc80f99fdbbb43d1aa12851ee6e33573 P bd702bc369a04c1da1ae9f76e90ec1c4: Neither blocks nor log segments found. Creating new log.
I20260608 09:57:20.876742  3853 tablet_bootstrap.cc:654] T 35ee7b6a2675476ca4b80e61e5f67c53 P 3337ecfba7064ca3920b320e137882a2: Neither blocks nor log segments found. Creating new log.
I20260608 09:57:20.884539  3851 ts_tablet_manager.cc:1434] T 98b2c4f994b14beab1077f70482c54e1 P 8a8fc56a761d4a12a46bdb04a82a89c9: Time spent starting tablet: real 0.017s	user 0.006s	sys 0.000s
I20260608 09:57:20.894479  3853 tablet_bootstrap.cc:492] T 35ee7b6a2675476ca4b80e61e5f67c53 P 3337ecfba7064ca3920b320e137882a2: No bootstrap required, opened a new log
I20260608 09:57:20.895045  3853 ts_tablet_manager.cc:1403] T 35ee7b6a2675476ca4b80e61e5f67c53 P 3337ecfba7064ca3920b320e137882a2: Time spent bootstrapping tablet: real 0.026s	user 0.007s	sys 0.016s
I20260608 09:57:20.895859  3851 tablet_bootstrap.cc:492] T 77309e97d64c4abd9bd113230991af4d P 8a8fc56a761d4a12a46bdb04a82a89c9: Bootstrap starting.
I20260608 09:57:20.898025  3853 raft_consensus.cc:359] T 35ee7b6a2675476ca4b80e61e5f67c53 P 3337ecfba7064ca3920b320e137882a2 [term 0 FOLLOWER]: Replica starting. Triggering 0 pending ops. Active config: opid_index: -1 OBSOLETE_local: false peers { permanent_uuid: "3337ecfba7064ca3920b320e137882a2" member_type: VOTER last_known_addr { host: "127.0.158.193" port: 41521 } } peers { permanent_uuid: "8a8fc56a761d4a12a46bdb04a82a89c9" member_type: VOTER last_known_addr { host: "127.0.158.194" port: 45391 } } peers { permanent_uuid: "bd702bc369a04c1da1ae9f76e90ec1c4" member_type: VOTER last_known_addr { host: "127.0.158.195" port: 41525 } }
I20260608 09:57:20.898788  3853 raft_consensus.cc:385] T 35ee7b6a2675476ca4b80e61e5f67c53 P 3337ecfba7064ca3920b320e137882a2 [term 0 FOLLOWER]: Consensus starting up: Expiring failure detector timer to make a prompt election more likely
I20260608 09:57:20.899106  3853 raft_consensus.cc:740] T 35ee7b6a2675476ca4b80e61e5f67c53 P 3337ecfba7064ca3920b320e137882a2 [term 0 FOLLOWER]: Becoming Follower/Learner. State: Replica: 3337ecfba7064ca3920b320e137882a2, State: Initialized, Role: FOLLOWER
I20260608 09:57:20.899591  3852 tablet_bootstrap.cc:492] T dc80f99fdbbb43d1aa12851ee6e33573 P bd702bc369a04c1da1ae9f76e90ec1c4: No bootstrap required, opened a new log
I20260608 09:57:20.900053  3852 ts_tablet_manager.cc:1403] T dc80f99fdbbb43d1aa12851ee6e33573 P bd702bc369a04c1da1ae9f76e90ec1c4: Time spent bootstrapping tablet: real 0.033s	user 0.011s	sys 0.018s
I20260608 09:57:20.899886  3853 consensus_queue.cc:260] T 35ee7b6a2675476ca4b80e61e5f67c53 P 3337ecfba7064ca3920b320e137882a2 [NON_LEADER]: Queue going to NON_LEADER mode. State: All replicated index: 0, Majority replicated index: 0, Committed index: 0, Last appended: 0.0, Last appended by leader: 0, Current term: 0, Majority size: -1, State: 0, Mode: NON_LEADER, active raft config: opid_index: -1 OBSOLETE_local: false peers { permanent_uuid: "3337ecfba7064ca3920b320e137882a2" member_type: VOTER last_known_addr { host: "127.0.158.193" port: 41521 } } peers { permanent_uuid: "8a8fc56a761d4a12a46bdb04a82a89c9" member_type: VOTER last_known_addr { host: "127.0.158.194" port: 45391 } } peers { permanent_uuid: "bd702bc369a04c1da1ae9f76e90ec1c4" member_type: VOTER last_known_addr { host: "127.0.158.195" port: 41525 } }
I20260608 09:57:20.902266  3853 ts_tablet_manager.cc:1434] T 35ee7b6a2675476ca4b80e61e5f67c53 P 3337ecfba7064ca3920b320e137882a2: Time spent starting tablet: real 0.007s	user 0.006s	sys 0.002s
I20260608 09:57:20.902684  3851 tablet_bootstrap.cc:654] T 77309e97d64c4abd9bd113230991af4d P 8a8fc56a761d4a12a46bdb04a82a89c9: Neither blocks nor log segments found. Creating new log.
I20260608 09:57:20.903312  3853 tablet_bootstrap.cc:492] T 77309e97d64c4abd9bd113230991af4d P 3337ecfba7064ca3920b320e137882a2: Bootstrap starting.
I20260608 09:57:20.902997  3852 raft_consensus.cc:359] T dc80f99fdbbb43d1aa12851ee6e33573 P bd702bc369a04c1da1ae9f76e90ec1c4 [term 0 FOLLOWER]: Replica starting. Triggering 0 pending ops. Active config: opid_index: -1 OBSOLETE_local: false peers { permanent_uuid: "3337ecfba7064ca3920b320e137882a2" member_type: VOTER last_known_addr { host: "127.0.158.193" port: 41521 } } peers { permanent_uuid: "8a8fc56a761d4a12a46bdb04a82a89c9" member_type: VOTER last_known_addr { host: "127.0.158.194" port: 45391 } } peers { permanent_uuid: "bd702bc369a04c1da1ae9f76e90ec1c4" member_type: VOTER last_known_addr { host: "127.0.158.195" port: 41525 } }
I20260608 09:57:20.903723  3852 raft_consensus.cc:385] T dc80f99fdbbb43d1aa12851ee6e33573 P bd702bc369a04c1da1ae9f76e90ec1c4 [term 0 FOLLOWER]: Consensus starting up: Expiring failure detector timer to make a prompt election more likely
I20260608 09:57:20.904024  3852 raft_consensus.cc:740] T dc80f99fdbbb43d1aa12851ee6e33573 P bd702bc369a04c1da1ae9f76e90ec1c4 [term 0 FOLLOWER]: Becoming Follower/Learner. State: Replica: bd702bc369a04c1da1ae9f76e90ec1c4, State: Initialized, Role: FOLLOWER
I20260608 09:57:20.904913  3852 consensus_queue.cc:260] T dc80f99fdbbb43d1aa12851ee6e33573 P bd702bc369a04c1da1ae9f76e90ec1c4 [NON_LEADER]: Queue going to NON_LEADER mode. State: All replicated index: 0, Majority replicated index: 0, Committed index: 0, Last appended: 0.0, Last appended by leader: 0, Current term: 0, Majority size: -1, State: 0, Mode: NON_LEADER, active raft config: opid_index: -1 OBSOLETE_local: false peers { permanent_uuid: "3337ecfba7064ca3920b320e137882a2" member_type: VOTER last_known_addr { host: "127.0.158.193" port: 41521 } } peers { permanent_uuid: "8a8fc56a761d4a12a46bdb04a82a89c9" member_type: VOTER last_known_addr { host: "127.0.158.194" port: 45391 } } peers { permanent_uuid: "bd702bc369a04c1da1ae9f76e90ec1c4" member_type: VOTER last_known_addr { host: "127.0.158.195" port: 41525 } }
I20260608 09:57:20.909554  3852 ts_tablet_manager.cc:1434] T dc80f99fdbbb43d1aa12851ee6e33573 P bd702bc369a04c1da1ae9f76e90ec1c4: Time spent starting tablet: real 0.009s	user 0.008s	sys 0.000s
I20260608 09:57:20.910764  3852 tablet_bootstrap.cc:492] T 98b2c4f994b14beab1077f70482c54e1 P bd702bc369a04c1da1ae9f76e90ec1c4: Bootstrap starting.
I20260608 09:57:20.911737  3853 tablet_bootstrap.cc:654] T 77309e97d64c4abd9bd113230991af4d P 3337ecfba7064ca3920b320e137882a2: Neither blocks nor log segments found. Creating new log.
I20260608 09:57:20.917752  3852 tablet_bootstrap.cc:654] T 98b2c4f994b14beab1077f70482c54e1 P bd702bc369a04c1da1ae9f76e90ec1c4: Neither blocks nor log segments found. Creating new log.
I20260608 09:57:20.923597  3851 tablet_bootstrap.cc:492] T 77309e97d64c4abd9bd113230991af4d P 8a8fc56a761d4a12a46bdb04a82a89c9: No bootstrap required, opened a new log
I20260608 09:57:20.924140  3851 ts_tablet_manager.cc:1403] T 77309e97d64c4abd9bd113230991af4d P 8a8fc56a761d4a12a46bdb04a82a89c9: Time spent bootstrapping tablet: real 0.029s	user 0.022s	sys 0.004s
I20260608 09:57:20.927229  3851 raft_consensus.cc:359] T 77309e97d64c4abd9bd113230991af4d P 8a8fc56a761d4a12a46bdb04a82a89c9 [term 0 FOLLOWER]: Replica starting. Triggering 0 pending ops. Active config: opid_index: -1 OBSOLETE_local: false peers { permanent_uuid: "8a8fc56a761d4a12a46bdb04a82a89c9" member_type: VOTER last_known_addr { host: "127.0.158.194" port: 45391 } } peers { permanent_uuid: "3337ecfba7064ca3920b320e137882a2" member_type: VOTER last_known_addr { host: "127.0.158.193" port: 41521 } } peers { permanent_uuid: "bd702bc369a04c1da1ae9f76e90ec1c4" member_type: VOTER last_known_addr { host: "127.0.158.195" port: 41525 } }
I20260608 09:57:20.928005  3851 raft_consensus.cc:385] T 77309e97d64c4abd9bd113230991af4d P 8a8fc56a761d4a12a46bdb04a82a89c9 [term 0 FOLLOWER]: Consensus starting up: Expiring failure detector timer to make a prompt election more likely
I20260608 09:57:20.928376  3851 raft_consensus.cc:740] T 77309e97d64c4abd9bd113230991af4d P 8a8fc56a761d4a12a46bdb04a82a89c9 [term 0 FOLLOWER]: Becoming Follower/Learner. State: Replica: 8a8fc56a761d4a12a46bdb04a82a89c9, State: Initialized, Role: FOLLOWER
I20260608 09:57:20.929271  3851 consensus_queue.cc:260] T 77309e97d64c4abd9bd113230991af4d P 8a8fc56a761d4a12a46bdb04a82a89c9 [NON_LEADER]: Queue going to NON_LEADER mode. State: All replicated index: 0, Majority replicated index: 0, Committed index: 0, Last appended: 0.0, Last appended by leader: 0, Current term: 0, Majority size: -1, State: 0, Mode: NON_LEADER, active raft config: opid_index: -1 OBSOLETE_local: false peers { permanent_uuid: "8a8fc56a761d4a12a46bdb04a82a89c9" member_type: VOTER last_known_addr { host: "127.0.158.194" port: 45391 } } peers { permanent_uuid: "3337ecfba7064ca3920b320e137882a2" member_type: VOTER last_known_addr { host: "127.0.158.193" port: 41521 } } peers { permanent_uuid: "bd702bc369a04c1da1ae9f76e90ec1c4" member_type: VOTER last_known_addr { host: "127.0.158.195" port: 41525 } }
I20260608 09:57:20.930420  3853 tablet_bootstrap.cc:492] T 77309e97d64c4abd9bd113230991af4d P 3337ecfba7064ca3920b320e137882a2: No bootstrap required, opened a new log
I20260608 09:57:20.930420  3852 tablet_bootstrap.cc:492] T 98b2c4f994b14beab1077f70482c54e1 P bd702bc369a04c1da1ae9f76e90ec1c4: No bootstrap required, opened a new log
I20260608 09:57:20.931164  3853 ts_tablet_manager.cc:1403] T 77309e97d64c4abd9bd113230991af4d P 3337ecfba7064ca3920b320e137882a2: Time spent bootstrapping tablet: real 0.028s	user 0.016s	sys 0.009s
I20260608 09:57:20.931165  3852 ts_tablet_manager.cc:1403] T 98b2c4f994b14beab1077f70482c54e1 P bd702bc369a04c1da1ae9f76e90ec1c4: Time spent bootstrapping tablet: real 0.021s	user 0.006s	sys 0.013s
I20260608 09:57:20.931322  3851 ts_tablet_manager.cc:1434] T 77309e97d64c4abd9bd113230991af4d P 8a8fc56a761d4a12a46bdb04a82a89c9: Time spent starting tablet: real 0.007s	user 0.007s	sys 0.000s
I20260608 09:57:20.932544  3851 tablet_bootstrap.cc:492] T 35ee7b6a2675476ca4b80e61e5f67c53 P 8a8fc56a761d4a12a46bdb04a82a89c9: Bootstrap starting.
I20260608 09:57:20.934562  3853 raft_consensus.cc:359] T 77309e97d64c4abd9bd113230991af4d P 3337ecfba7064ca3920b320e137882a2 [term 0 FOLLOWER]: Replica starting. Triggering 0 pending ops. Active config: opid_index: -1 OBSOLETE_local: false peers { permanent_uuid: "8a8fc56a761d4a12a46bdb04a82a89c9" member_type: VOTER last_known_addr { host: "127.0.158.194" port: 45391 } } peers { permanent_uuid: "3337ecfba7064ca3920b320e137882a2" member_type: VOTER last_known_addr { host: "127.0.158.193" port: 41521 } } peers { permanent_uuid: "bd702bc369a04c1da1ae9f76e90ec1c4" member_type: VOTER last_known_addr { host: "127.0.158.195" port: 41525 } }
I20260608 09:57:20.934772  3852 raft_consensus.cc:359] T 98b2c4f994b14beab1077f70482c54e1 P bd702bc369a04c1da1ae9f76e90ec1c4 [term 0 FOLLOWER]: Replica starting. Triggering 0 pending ops. Active config: opid_index: -1 OBSOLETE_local: false peers { permanent_uuid: "8a8fc56a761d4a12a46bdb04a82a89c9" member_type: VOTER last_known_addr { host: "127.0.158.194" port: 45391 } } peers { permanent_uuid: "3337ecfba7064ca3920b320e137882a2" member_type: VOTER last_known_addr { host: "127.0.158.193" port: 41521 } } peers { permanent_uuid: "bd702bc369a04c1da1ae9f76e90ec1c4" member_type: VOTER last_known_addr { host: "127.0.158.195" port: 41525 } }
I20260608 09:57:20.935297  3853 raft_consensus.cc:385] T 77309e97d64c4abd9bd113230991af4d P 3337ecfba7064ca3920b320e137882a2 [term 0 FOLLOWER]: Consensus starting up: Expiring failure detector timer to make a prompt election more likely
I20260608 09:57:20.935441  3852 raft_consensus.cc:385] T 98b2c4f994b14beab1077f70482c54e1 P bd702bc369a04c1da1ae9f76e90ec1c4 [term 0 FOLLOWER]: Consensus starting up: Expiring failure detector timer to make a prompt election more likely
I20260608 09:57:20.935644  3853 raft_consensus.cc:740] T 77309e97d64c4abd9bd113230991af4d P 3337ecfba7064ca3920b320e137882a2 [term 0 FOLLOWER]: Becoming Follower/Learner. State: Replica: 3337ecfba7064ca3920b320e137882a2, State: Initialized, Role: FOLLOWER
I20260608 09:57:20.935751  3852 raft_consensus.cc:740] T 98b2c4f994b14beab1077f70482c54e1 P bd702bc369a04c1da1ae9f76e90ec1c4 [term 0 FOLLOWER]: Becoming Follower/Learner. State: Replica: bd702bc369a04c1da1ae9f76e90ec1c4, State: Initialized, Role: FOLLOWER
I20260608 09:57:20.936630  3852 consensus_queue.cc:260] T 98b2c4f994b14beab1077f70482c54e1 P bd702bc369a04c1da1ae9f76e90ec1c4 [NON_LEADER]: Queue going to NON_LEADER mode. State: All replicated index: 0, Majority replicated index: 0, Committed index: 0, Last appended: 0.0, Last appended by leader: 0, Current term: 0, Majority size: -1, State: 0, Mode: NON_LEADER, active raft config: opid_index: -1 OBSOLETE_local: false peers { permanent_uuid: "8a8fc56a761d4a12a46bdb04a82a89c9" member_type: VOTER last_known_addr { host: "127.0.158.194" port: 45391 } } peers { permanent_uuid: "3337ecfba7064ca3920b320e137882a2" member_type: VOTER last_known_addr { host: "127.0.158.193" port: 41521 } } peers { permanent_uuid: "bd702bc369a04c1da1ae9f76e90ec1c4" member_type: VOTER last_known_addr { host: "127.0.158.195" port: 41525 } }
I20260608 09:57:20.936762  3853 consensus_queue.cc:260] T 77309e97d64c4abd9bd113230991af4d P 3337ecfba7064ca3920b320e137882a2 [NON_LEADER]: Queue going to NON_LEADER mode. State: All replicated index: 0, Majority replicated index: 0, Committed index: 0, Last appended: 0.0, Last appended by leader: 0, Current term: 0, Majority size: -1, State: 0, Mode: NON_LEADER, active raft config: opid_index: -1 OBSOLETE_local: false peers { permanent_uuid: "8a8fc56a761d4a12a46bdb04a82a89c9" member_type: VOTER last_known_addr { host: "127.0.158.194" port: 45391 } } peers { permanent_uuid: "3337ecfba7064ca3920b320e137882a2" member_type: VOTER last_known_addr { host: "127.0.158.193" port: 41521 } } peers { permanent_uuid: "bd702bc369a04c1da1ae9f76e90ec1c4" member_type: VOTER last_known_addr { host: "127.0.158.195" port: 41525 } }
I20260608 09:57:20.939006  3852 ts_tablet_manager.cc:1434] T 98b2c4f994b14beab1077f70482c54e1 P bd702bc369a04c1da1ae9f76e90ec1c4: Time spent starting tablet: real 0.007s	user 0.005s	sys 0.000s
I20260608 09:57:20.939025  3853 ts_tablet_manager.cc:1434] T 77309e97d64c4abd9bd113230991af4d P 3337ecfba7064ca3920b320e137882a2: Time spent starting tablet: real 0.007s	user 0.008s	sys 0.000s
I20260608 09:57:20.940179  3852 tablet_bootstrap.cc:492] T 35ee7b6a2675476ca4b80e61e5f67c53 P bd702bc369a04c1da1ae9f76e90ec1c4: Bootstrap starting.
I20260608 09:57:20.940716  3853 tablet_bootstrap.cc:492] T 2aba95d8395242b99ac38f7ea79883e6 P 3337ecfba7064ca3920b320e137882a2: Bootstrap starting.
I20260608 09:57:20.941994  3851 tablet_bootstrap.cc:654] T 35ee7b6a2675476ca4b80e61e5f67c53 P 8a8fc56a761d4a12a46bdb04a82a89c9: Neither blocks nor log segments found. Creating new log.
I20260608 09:57:20.947763  3853 tablet_bootstrap.cc:654] T 2aba95d8395242b99ac38f7ea79883e6 P 3337ecfba7064ca3920b320e137882a2: Neither blocks nor log segments found. Creating new log.
I20260608 09:57:20.947763  3852 tablet_bootstrap.cc:654] T 35ee7b6a2675476ca4b80e61e5f67c53 P bd702bc369a04c1da1ae9f76e90ec1c4: Neither blocks nor log segments found. Creating new log.
I20260608 09:57:20.984938  3852 tablet_bootstrap.cc:492] T 35ee7b6a2675476ca4b80e61e5f67c53 P bd702bc369a04c1da1ae9f76e90ec1c4: No bootstrap required, opened a new log
I20260608 09:57:20.985494  3852 ts_tablet_manager.cc:1403] T 35ee7b6a2675476ca4b80e61e5f67c53 P bd702bc369a04c1da1ae9f76e90ec1c4: Time spent bootstrapping tablet: real 0.046s	user 0.018s	sys 0.020s
I20260608 09:57:20.985802  3851 tablet_bootstrap.cc:492] T 35ee7b6a2675476ca4b80e61e5f67c53 P 8a8fc56a761d4a12a46bdb04a82a89c9: No bootstrap required, opened a new log
I20260608 09:57:20.986027  3853 tablet_bootstrap.cc:492] T 2aba95d8395242b99ac38f7ea79883e6 P 3337ecfba7064ca3920b320e137882a2: No bootstrap required, opened a new log
I20260608 09:57:20.986275  3851 ts_tablet_manager.cc:1403] T 35ee7b6a2675476ca4b80e61e5f67c53 P 8a8fc56a761d4a12a46bdb04a82a89c9: Time spent bootstrapping tablet: real 0.054s	user 0.020s	sys 0.029s
I20260608 09:57:20.986539  3853 ts_tablet_manager.cc:1403] T 2aba95d8395242b99ac38f7ea79883e6 P 3337ecfba7064ca3920b320e137882a2: Time spent bootstrapping tablet: real 0.046s	user 0.011s	sys 0.031s
I20260608 09:57:20.988605  3851 raft_consensus.cc:359] T 35ee7b6a2675476ca4b80e61e5f67c53 P 8a8fc56a761d4a12a46bdb04a82a89c9 [term 0 FOLLOWER]: Replica starting. Triggering 0 pending ops. Active config: opid_index: -1 OBSOLETE_local: false peers { permanent_uuid: "3337ecfba7064ca3920b320e137882a2" member_type: VOTER last_known_addr { host: "127.0.158.193" port: 41521 } } peers { permanent_uuid: "8a8fc56a761d4a12a46bdb04a82a89c9" member_type: VOTER last_known_addr { host: "127.0.158.194" port: 45391 } } peers { permanent_uuid: "bd702bc369a04c1da1ae9f76e90ec1c4" member_type: VOTER last_known_addr { host: "127.0.158.195" port: 41525 } }
I20260608 09:57:20.988538  3852 raft_consensus.cc:359] T 35ee7b6a2675476ca4b80e61e5f67c53 P bd702bc369a04c1da1ae9f76e90ec1c4 [term 0 FOLLOWER]: Replica starting. Triggering 0 pending ops. Active config: opid_index: -1 OBSOLETE_local: false peers { permanent_uuid: "3337ecfba7064ca3920b320e137882a2" member_type: VOTER last_known_addr { host: "127.0.158.193" port: 41521 } } peers { permanent_uuid: "8a8fc56a761d4a12a46bdb04a82a89c9" member_type: VOTER last_known_addr { host: "127.0.158.194" port: 45391 } } peers { permanent_uuid: "bd702bc369a04c1da1ae9f76e90ec1c4" member_type: VOTER last_known_addr { host: "127.0.158.195" port: 41525 } }
I20260608 09:57:20.989362  3851 raft_consensus.cc:385] T 35ee7b6a2675476ca4b80e61e5f67c53 P 8a8fc56a761d4a12a46bdb04a82a89c9 [term 0 FOLLOWER]: Consensus starting up: Expiring failure detector timer to make a prompt election more likely
I20260608 09:57:20.989429  3852 raft_consensus.cc:385] T 35ee7b6a2675476ca4b80e61e5f67c53 P bd702bc369a04c1da1ae9f76e90ec1c4 [term 0 FOLLOWER]: Consensus starting up: Expiring failure detector timer to make a prompt election more likely
I20260608 09:57:20.989691  3851 raft_consensus.cc:740] T 35ee7b6a2675476ca4b80e61e5f67c53 P 8a8fc56a761d4a12a46bdb04a82a89c9 [term 0 FOLLOWER]: Becoming Follower/Learner. State: Replica: 8a8fc56a761d4a12a46bdb04a82a89c9, State: Initialized, Role: FOLLOWER
I20260608 09:57:20.989895  3852 raft_consensus.cc:740] T 35ee7b6a2675476ca4b80e61e5f67c53 P bd702bc369a04c1da1ae9f76e90ec1c4 [term 0 FOLLOWER]: Becoming Follower/Learner. State: Replica: bd702bc369a04c1da1ae9f76e90ec1c4, State: Initialized, Role: FOLLOWER
I20260608 09:57:20.989519  3853 raft_consensus.cc:359] T 2aba95d8395242b99ac38f7ea79883e6 P 3337ecfba7064ca3920b320e137882a2 [term 0 FOLLOWER]: Replica starting. Triggering 0 pending ops. Active config: opid_index: -1 OBSOLETE_local: false peers { permanent_uuid: "3337ecfba7064ca3920b320e137882a2" member_type: VOTER last_known_addr { host: "127.0.158.193" port: 41521 } } peers { permanent_uuid: "8a8fc56a761d4a12a46bdb04a82a89c9" member_type: VOTER last_known_addr { host: "127.0.158.194" port: 45391 } } peers { permanent_uuid: "bd702bc369a04c1da1ae9f76e90ec1c4" member_type: VOTER last_known_addr { host: "127.0.158.195" port: 41525 } }
I20260608 09:57:20.990398  3853 raft_consensus.cc:385] T 2aba95d8395242b99ac38f7ea79883e6 P 3337ecfba7064ca3920b320e137882a2 [term 0 FOLLOWER]: Consensus starting up: Expiring failure detector timer to make a prompt election more likely
I20260608 09:57:20.990705  3853 raft_consensus.cc:740] T 2aba95d8395242b99ac38f7ea79883e6 P 3337ecfba7064ca3920b320e137882a2 [term 0 FOLLOWER]: Becoming Follower/Learner. State: Replica: 3337ecfba7064ca3920b320e137882a2, State: Initialized, Role: FOLLOWER
I20260608 09:57:20.990664  3851 consensus_queue.cc:260] T 35ee7b6a2675476ca4b80e61e5f67c53 P 8a8fc56a761d4a12a46bdb04a82a89c9 [NON_LEADER]: Queue going to NON_LEADER mode. State: All replicated index: 0, Majority replicated index: 0, Committed index: 0, Last appended: 0.0, Last appended by leader: 0, Current term: 0, Majority size: -1, State: 0, Mode: NON_LEADER, active raft config: opid_index: -1 OBSOLETE_local: false peers { permanent_uuid: "3337ecfba7064ca3920b320e137882a2" member_type: VOTER last_known_addr { host: "127.0.158.193" port: 41521 } } peers { permanent_uuid: "8a8fc56a761d4a12a46bdb04a82a89c9" member_type: VOTER last_known_addr { host: "127.0.158.194" port: 45391 } } peers { permanent_uuid: "bd702bc369a04c1da1ae9f76e90ec1c4" member_type: VOTER last_known_addr { host: "127.0.158.195" port: 41525 } }
I20260608 09:57:20.990761  3852 consensus_queue.cc:260] T 35ee7b6a2675476ca4b80e61e5f67c53 P bd702bc369a04c1da1ae9f76e90ec1c4 [NON_LEADER]: Queue going to NON_LEADER mode. State: All replicated index: 0, Majority replicated index: 0, Committed index: 0, Last appended: 0.0, Last appended by leader: 0, Current term: 0, Majority size: -1, State: 0, Mode: NON_LEADER, active raft config: opid_index: -1 OBSOLETE_local: false peers { permanent_uuid: "3337ecfba7064ca3920b320e137882a2" member_type: VOTER last_known_addr { host: "127.0.158.193" port: 41521 } } peers { permanent_uuid: "8a8fc56a761d4a12a46bdb04a82a89c9" member_type: VOTER last_known_addr { host: "127.0.158.194" port: 45391 } } peers { permanent_uuid: "bd702bc369a04c1da1ae9f76e90ec1c4" member_type: VOTER last_known_addr { host: "127.0.158.195" port: 41525 } }
I20260608 09:57:20.991707  3853 consensus_queue.cc:260] T 2aba95d8395242b99ac38f7ea79883e6 P 3337ecfba7064ca3920b320e137882a2 [NON_LEADER]: Queue going to NON_LEADER mode. State: All replicated index: 0, Majority replicated index: 0, Committed index: 0, Last appended: 0.0, Last appended by leader: 0, Current term: 0, Majority size: -1, State: 0, Mode: NON_LEADER, active raft config: opid_index: -1 OBSOLETE_local: false peers { permanent_uuid: "3337ecfba7064ca3920b320e137882a2" member_type: VOTER last_known_addr { host: "127.0.158.193" port: 41521 } } peers { permanent_uuid: "8a8fc56a761d4a12a46bdb04a82a89c9" member_type: VOTER last_known_addr { host: "127.0.158.194" port: 45391 } } peers { permanent_uuid: "bd702bc369a04c1da1ae9f76e90ec1c4" member_type: VOTER last_known_addr { host: "127.0.158.195" port: 41525 } }
I20260608 09:57:20.993945  3851 ts_tablet_manager.cc:1434] T 35ee7b6a2675476ca4b80e61e5f67c53 P 8a8fc56a761d4a12a46bdb04a82a89c9: Time spent starting tablet: real 0.007s	user 0.008s	sys 0.000s
I20260608 09:57:20.994972  3851 tablet_bootstrap.cc:492] T dc80f99fdbbb43d1aa12851ee6e33573 P 8a8fc56a761d4a12a46bdb04a82a89c9: Bootstrap starting.
I20260608 09:57:20.997772  3852 ts_tablet_manager.cc:1434] T 35ee7b6a2675476ca4b80e61e5f67c53 P bd702bc369a04c1da1ae9f76e90ec1c4: Time spent starting tablet: real 0.012s	user 0.005s	sys 0.003s
I20260608 09:57:20.998900  3852 tablet_bootstrap.cc:492] T fa8de087a7b24ed493b54531f19db9fc P bd702bc369a04c1da1ae9f76e90ec1c4: Bootstrap starting.
I20260608 09:57:20.999493  3853 ts_tablet_manager.cc:1434] T 2aba95d8395242b99ac38f7ea79883e6 P 3337ecfba7064ca3920b320e137882a2: Time spent starting tablet: real 0.013s	user 0.005s	sys 0.004s
I20260608 09:57:20.999979  3861 raft_consensus.cc:493] T 98b2c4f994b14beab1077f70482c54e1 P bd702bc369a04c1da1ae9f76e90ec1c4 [term 0 FOLLOWER]: Starting pre-election (no leader contacted us within the election timeout)
I20260608 09:57:21.000629  3853 tablet_bootstrap.cc:492] T 0cef02f763c846e8a20748ff4e9de7a5 P 3337ecfba7064ca3920b320e137882a2: Bootstrap starting.
I20260608 09:57:21.000473  3861 raft_consensus.cc:515] T 98b2c4f994b14beab1077f70482c54e1 P bd702bc369a04c1da1ae9f76e90ec1c4 [term 0 FOLLOWER]: Starting pre-election with config: opid_index: -1 OBSOLETE_local: false peers { permanent_uuid: "8a8fc56a761d4a12a46bdb04a82a89c9" member_type: VOTER last_known_addr { host: "127.0.158.194" port: 45391 } } peers { permanent_uuid: "3337ecfba7064ca3920b320e137882a2" member_type: VOTER last_known_addr { host: "127.0.158.193" port: 41521 } } peers { permanent_uuid: "bd702bc369a04c1da1ae9f76e90ec1c4" member_type: VOTER last_known_addr { host: "127.0.158.195" port: 41525 } }
I20260608 09:57:21.001514  3851 tablet_bootstrap.cc:654] T dc80f99fdbbb43d1aa12851ee6e33573 P 8a8fc56a761d4a12a46bdb04a82a89c9: Neither blocks nor log segments found. Creating new log.
I20260608 09:57:21.002890  3861 leader_election.cc:290] T 98b2c4f994b14beab1077f70482c54e1 P bd702bc369a04c1da1ae9f76e90ec1c4 [CANDIDATE]: Term 1 pre-election: Requested pre-vote from peers 8a8fc56a761d4a12a46bdb04a82a89c9 (127.0.158.194:45391), 3337ecfba7064ca3920b320e137882a2 (127.0.158.193:41521)
I20260608 09:57:21.005637  3732 tablet_service.cc:1917] Received RequestConsensusVote() RPC: tablet_id: "98b2c4f994b14beab1077f70482c54e1" candidate_uuid: "bd702bc369a04c1da1ae9f76e90ec1c4" candidate_term: 1 candidate_status { last_received { term: 0 index: 0 } } ignore_live_leader: false dest_uuid: "8a8fc56a761d4a12a46bdb04a82a89c9" is_pre_election: true
I20260608 09:57:21.006086  3863 raft_consensus.cc:493] T 98b2c4f994b14beab1077f70482c54e1 P 3337ecfba7064ca3920b320e137882a2 [term 0 FOLLOWER]: Starting pre-election (no leader contacted us within the election timeout)
I20260608 09:57:21.006460  3732 raft_consensus.cc:2468] T 98b2c4f994b14beab1077f70482c54e1 P 8a8fc56a761d4a12a46bdb04a82a89c9 [term 0 FOLLOWER]: Leader pre-election vote request: Granting yes vote for candidate bd702bc369a04c1da1ae9f76e90ec1c4 in term 0.
I20260608 09:57:21.006639  3863 raft_consensus.cc:515] T 98b2c4f994b14beab1077f70482c54e1 P 3337ecfba7064ca3920b320e137882a2 [term 0 FOLLOWER]: Starting pre-election with config: opid_index: -1 OBSOLETE_local: false peers { permanent_uuid: "8a8fc56a761d4a12a46bdb04a82a89c9" member_type: VOTER last_known_addr { host: "127.0.158.194" port: 45391 } } peers { permanent_uuid: "3337ecfba7064ca3920b320e137882a2" member_type: VOTER last_known_addr { host: "127.0.158.193" port: 41521 } } peers { permanent_uuid: "bd702bc369a04c1da1ae9f76e90ec1c4" member_type: VOTER last_known_addr { host: "127.0.158.195" port: 41525 } }
I20260608 09:57:21.007941  3657 tablet_service.cc:1917] Received RequestConsensusVote() RPC: tablet_id: "98b2c4f994b14beab1077f70482c54e1" candidate_uuid: "bd702bc369a04c1da1ae9f76e90ec1c4" candidate_term: 1 candidate_status { last_received { term: 0 index: 0 } } ignore_live_leader: false dest_uuid: "3337ecfba7064ca3920b320e137882a2" is_pre_election: true
I20260608 09:57:21.008464  3853 tablet_bootstrap.cc:654] T 0cef02f763c846e8a20748ff4e9de7a5 P 3337ecfba7064ca3920b320e137882a2: Neither blocks nor log segments found. Creating new log.
I20260608 09:57:21.009876  3770 leader_election.cc:304] T 98b2c4f994b14beab1077f70482c54e1 P bd702bc369a04c1da1ae9f76e90ec1c4 [CANDIDATE]: Term 1 pre-election: Election decided. Result: candidate won. Election summary: received 2 responses out of 3 voters: 2 yes votes; 0 no votes. yes voters: 8a8fc56a761d4a12a46bdb04a82a89c9, bd702bc369a04c1da1ae9f76e90ec1c4; no voters: 
I20260608 09:57:21.008770  3657 raft_consensus.cc:2468] T 98b2c4f994b14beab1077f70482c54e1 P 3337ecfba7064ca3920b320e137882a2 [term 0 FOLLOWER]: Leader pre-election vote request: Granting yes vote for candidate bd702bc369a04c1da1ae9f76e90ec1c4 in term 0.
I20260608 09:57:21.011052  3858 raft_consensus.cc:493] T 35ee7b6a2675476ca4b80e61e5f67c53 P 8a8fc56a761d4a12a46bdb04a82a89c9 [term 0 FOLLOWER]: Starting pre-election (no leader contacted us within the election timeout)
I20260608 09:57:21.011539  3858 raft_consensus.cc:515] T 35ee7b6a2675476ca4b80e61e5f67c53 P 8a8fc56a761d4a12a46bdb04a82a89c9 [term 0 FOLLOWER]: Starting pre-election with config: opid_index: -1 OBSOLETE_local: false peers { permanent_uuid: "3337ecfba7064ca3920b320e137882a2" member_type: VOTER last_known_addr { host: "127.0.158.193" port: 41521 } } peers { permanent_uuid: "8a8fc56a761d4a12a46bdb04a82a89c9" member_type: VOTER last_known_addr { host: "127.0.158.194" port: 45391 } } peers { permanent_uuid: "bd702bc369a04c1da1ae9f76e90ec1c4" member_type: VOTER last_known_addr { host: "127.0.158.195" port: 41525 } }
I20260608 09:57:21.013024  3863 leader_election.cc:290] T 98b2c4f994b14beab1077f70482c54e1 P 3337ecfba7064ca3920b320e137882a2 [CANDIDATE]: Term 1 pre-election: Requested pre-vote from peers 8a8fc56a761d4a12a46bdb04a82a89c9 (127.0.158.194:45391), bd702bc369a04c1da1ae9f76e90ec1c4 (127.0.158.195:41525)
I20260608 09:57:21.014263  3858 leader_election.cc:290] T 35ee7b6a2675476ca4b80e61e5f67c53 P 8a8fc56a761d4a12a46bdb04a82a89c9 [CANDIDATE]: Term 1 pre-election: Requested pre-vote from peers 3337ecfba7064ca3920b320e137882a2 (127.0.158.193:41521), bd702bc369a04c1da1ae9f76e90ec1c4 (127.0.158.195:41525)
I20260608 09:57:21.015410  3861 raft_consensus.cc:2804] T 98b2c4f994b14beab1077f70482c54e1 P bd702bc369a04c1da1ae9f76e90ec1c4 [term 0 FOLLOWER]: Leader pre-election won for term 1
I20260608 09:57:21.015923  3861 raft_consensus.cc:493] T 98b2c4f994b14beab1077f70482c54e1 P bd702bc369a04c1da1ae9f76e90ec1c4 [term 0 FOLLOWER]: Starting leader election (no leader contacted us within the election timeout)
I20260608 09:57:21.016366  3861 raft_consensus.cc:3060] T 98b2c4f994b14beab1077f70482c54e1 P bd702bc369a04c1da1ae9f76e90ec1c4 [term 0 FOLLOWER]: Advancing to term 1
I20260608 09:57:21.034509  3861 raft_consensus.cc:515] T 98b2c4f994b14beab1077f70482c54e1 P bd702bc369a04c1da1ae9f76e90ec1c4 [term 1 FOLLOWER]: Starting leader election with config: opid_index: -1 OBSOLETE_local: false peers { permanent_uuid: "8a8fc56a761d4a12a46bdb04a82a89c9" member_type: VOTER last_known_addr { host: "127.0.158.194" port: 45391 } } peers { permanent_uuid: "3337ecfba7064ca3920b320e137882a2" member_type: VOTER last_known_addr { host: "127.0.158.193" port: 41521 } } peers { permanent_uuid: "bd702bc369a04c1da1ae9f76e90ec1c4" member_type: VOTER last_known_addr { host: "127.0.158.195" port: 41525 } }
I20260608 09:57:21.038394  3732 tablet_service.cc:1917] Received RequestConsensusVote() RPC: tablet_id: "98b2c4f994b14beab1077f70482c54e1" candidate_uuid: "bd702bc369a04c1da1ae9f76e90ec1c4" candidate_term: 1 candidate_status { last_received { term: 0 index: 0 } } ignore_live_leader: false dest_uuid: "8a8fc56a761d4a12a46bdb04a82a89c9"
I20260608 09:57:21.039196  3732 raft_consensus.cc:3060] T 98b2c4f994b14beab1077f70482c54e1 P 8a8fc56a761d4a12a46bdb04a82a89c9 [term 0 FOLLOWER]: Advancing to term 1
I20260608 09:57:21.050087  3852 tablet_bootstrap.cc:654] T fa8de087a7b24ed493b54531f19db9fc P bd702bc369a04c1da1ae9f76e90ec1c4: Neither blocks nor log segments found. Creating new log.
W20260608 09:57:21.051762  3603 auto_rebalancer.cc:259] Could not retrieve cluster info: Service unavailable: Tablet not running
I20260608 09:57:21.054105  3732 raft_consensus.cc:2468] T 98b2c4f994b14beab1077f70482c54e1 P 8a8fc56a761d4a12a46bdb04a82a89c9 [term 1 FOLLOWER]: Leader election vote request: Granting yes vote for candidate bd702bc369a04c1da1ae9f76e90ec1c4 in term 1.
I20260608 09:57:21.054790  3608 auto_leader_rebalancer.cc:140] leader rebalance for table range_aware_rebalance_new_range
I20260608 09:57:21.055497  3770 leader_election.cc:304] T 98b2c4f994b14beab1077f70482c54e1 P bd702bc369a04c1da1ae9f76e90ec1c4 [CANDIDATE]: Term 1 election: Election decided. Result: candidate won. Election summary: received 2 responses out of 3 voters: 2 yes votes; 0 no votes. yes voters: 8a8fc56a761d4a12a46bdb04a82a89c9, bd702bc369a04c1da1ae9f76e90ec1c4; no voters: 
W20260608 09:57:21.055805  3608 auto_leader_rebalancer.cc:460] the master instance isn't leader: Service unavailable: Tablet not running
I20260608 09:57:21.056378  3856 raft_consensus.cc:2804] T 98b2c4f994b14beab1077f70482c54e1 P bd702bc369a04c1da1ae9f76e90ec1c4 [term 1 FOLLOWER]: Leader election won for term 1
I20260608 09:57:21.062503  3861 leader_election.cc:290] T 98b2c4f994b14beab1077f70482c54e1 P bd702bc369a04c1da1ae9f76e90ec1c4 [CANDIDATE]: Term 1 election: Requested vote from peers 8a8fc56a761d4a12a46bdb04a82a89c9 (127.0.158.194:45391), 3337ecfba7064ca3920b320e137882a2 (127.0.158.193:41521)
I20260608 09:57:21.072151  3856 raft_consensus.cc:697] T 98b2c4f994b14beab1077f70482c54e1 P bd702bc369a04c1da1ae9f76e90ec1c4 [term 1 LEADER]: Becoming Leader. State: Replica: bd702bc369a04c1da1ae9f76e90ec1c4, State: Running, Role: LEADER
I20260608 09:57:21.073489  3856 consensus_queue.cc:237] T 98b2c4f994b14beab1077f70482c54e1 P bd702bc369a04c1da1ae9f76e90ec1c4 [LEADER]: Queue going to LEADER mode. State: All replicated index: 0, Majority replicated index: 0, Committed index: 0, Last appended: 0.0, Last appended by leader: 0, Current term: 1, Majority size: 2, State: 0, Mode: LEADER, active raft config: opid_index: -1 OBSOLETE_local: false peers { permanent_uuid: "8a8fc56a761d4a12a46bdb04a82a89c9" member_type: VOTER last_known_addr { host: "127.0.158.194" port: 45391 } } peers { permanent_uuid: "3337ecfba7064ca3920b320e137882a2" member_type: VOTER last_known_addr { host: "127.0.158.193" port: 41521 } } peers { permanent_uuid: "bd702bc369a04c1da1ae9f76e90ec1c4" member_type: VOTER last_known_addr { host: "127.0.158.195" port: 41525 } }
I20260608 09:57:21.077567  3657 tablet_service.cc:1917] Received RequestConsensusVote() RPC: tablet_id: "98b2c4f994b14beab1077f70482c54e1" candidate_uuid: "bd702bc369a04c1da1ae9f76e90ec1c4" candidate_term: 1 candidate_status { last_received { term: 0 index: 0 } } ignore_live_leader: false dest_uuid: "3337ecfba7064ca3920b320e137882a2"
I20260608 09:57:21.078388  3657 raft_consensus.cc:3060] T 98b2c4f994b14beab1077f70482c54e1 P 3337ecfba7064ca3920b320e137882a2 [term 0 FOLLOWER]: Advancing to term 1
I20260608 09:57:21.088069  3657 raft_consensus.cc:2468] T 98b2c4f994b14beab1077f70482c54e1 P 3337ecfba7064ca3920b320e137882a2 [term 1 FOLLOWER]: Leader election vote request: Granting yes vote for candidate bd702bc369a04c1da1ae9f76e90ec1c4 in term 1.
I20260608 09:57:21.097538  3863 raft_consensus.cc:493] T 2aba95d8395242b99ac38f7ea79883e6 P 3337ecfba7064ca3920b320e137882a2 [term 0 FOLLOWER]: Starting pre-election (no leader contacted us within the election timeout)
I20260608 09:57:21.098213  3863 raft_consensus.cc:515] T 2aba95d8395242b99ac38f7ea79883e6 P 3337ecfba7064ca3920b320e137882a2 [term 0 FOLLOWER]: Starting pre-election with config: opid_index: -1 OBSOLETE_local: false peers { permanent_uuid: "3337ecfba7064ca3920b320e137882a2" member_type: VOTER last_known_addr { host: "127.0.158.193" port: 41521 } } peers { permanent_uuid: "8a8fc56a761d4a12a46bdb04a82a89c9" member_type: VOTER last_known_addr { host: "127.0.158.194" port: 45391 } } peers { permanent_uuid: "bd702bc369a04c1da1ae9f76e90ec1c4" member_type: VOTER last_known_addr { host: "127.0.158.195" port: 41525 } }
I20260608 09:57:21.100109  3553 catalog_manager.cc:5696] T 98b2c4f994b14beab1077f70482c54e1 P bd702bc369a04c1da1ae9f76e90ec1c4 reported cstate change: term changed from 0 to 1, leader changed from <none> to bd702bc369a04c1da1ae9f76e90ec1c4 (127.0.158.195). New cstate: current_term: 1 leader_uuid: "bd702bc369a04c1da1ae9f76e90ec1c4" committed_config { opid_index: -1 OBSOLETE_local: false peers { permanent_uuid: "8a8fc56a761d4a12a46bdb04a82a89c9" member_type: VOTER last_known_addr { host: "127.0.158.194" port: 45391 } health_report { overall_health: UNKNOWN } } peers { permanent_uuid: "3337ecfba7064ca3920b320e137882a2" member_type: VOTER last_known_addr { host: "127.0.158.193" port: 41521 } health_report { overall_health: UNKNOWN } } peers { permanent_uuid: "bd702bc369a04c1da1ae9f76e90ec1c4" member_type: VOTER last_known_addr { host: "127.0.158.195" port: 41525 } health_report { overall_health: HEALTHY } } }
I20260608 09:57:21.101298  3863 leader_election.cc:290] T 2aba95d8395242b99ac38f7ea79883e6 P 3337ecfba7064ca3920b320e137882a2 [CANDIDATE]: Term 1 pre-election: Requested pre-vote from peers 8a8fc56a761d4a12a46bdb04a82a89c9 (127.0.158.194:45391), bd702bc369a04c1da1ae9f76e90ec1c4 (127.0.158.195:41525)
I20260608 09:57:21.114027  3863 raft_consensus.cc:493] T 77309e97d64c4abd9bd113230991af4d P 3337ecfba7064ca3920b320e137882a2 [term 0 FOLLOWER]: Starting pre-election (no leader contacted us within the election timeout)
I20260608 09:57:21.114672  3863 raft_consensus.cc:515] T 77309e97d64c4abd9bd113230991af4d P 3337ecfba7064ca3920b320e137882a2 [term 0 FOLLOWER]: Starting pre-election with config: opid_index: -1 OBSOLETE_local: false peers { permanent_uuid: "8a8fc56a761d4a12a46bdb04a82a89c9" member_type: VOTER last_known_addr { host: "127.0.158.194" port: 45391 } } peers { permanent_uuid: "3337ecfba7064ca3920b320e137882a2" member_type: VOTER last_known_addr { host: "127.0.158.193" port: 41521 } } peers { permanent_uuid: "bd702bc369a04c1da1ae9f76e90ec1c4" member_type: VOTER last_known_addr { host: "127.0.158.195" port: 41525 } }
I20260608 09:57:21.115991  3852 tablet_bootstrap.cc:492] T fa8de087a7b24ed493b54531f19db9fc P bd702bc369a04c1da1ae9f76e90ec1c4: No bootstrap required, opened a new log
I20260608 09:57:21.117378  3852 ts_tablet_manager.cc:1403] T fa8de087a7b24ed493b54531f19db9fc P bd702bc369a04c1da1ae9f76e90ec1c4: Time spent bootstrapping tablet: real 0.119s	user 0.007s	sys 0.011s
I20260608 09:57:21.120309  3806 tablet_service.cc:1917] Received RequestConsensusVote() RPC: tablet_id: "35ee7b6a2675476ca4b80e61e5f67c53" candidate_uuid: "8a8fc56a761d4a12a46bdb04a82a89c9" candidate_term: 1 candidate_status { last_received { term: 0 index: 0 } } ignore_live_leader: false dest_uuid: "bd702bc369a04c1da1ae9f76e90ec1c4" is_pre_election: true
I20260608 09:57:21.120740  3856 raft_consensus.cc:493] T dc80f99fdbbb43d1aa12851ee6e33573 P bd702bc369a04c1da1ae9f76e90ec1c4 [term 0 FOLLOWER]: Starting pre-election (no leader contacted us within the election timeout)
I20260608 09:57:21.121251  3806 raft_consensus.cc:2468] T 35ee7b6a2675476ca4b80e61e5f67c53 P bd702bc369a04c1da1ae9f76e90ec1c4 [term 0 FOLLOWER]: Leader pre-election vote request: Granting yes vote for candidate 8a8fc56a761d4a12a46bdb04a82a89c9 in term 0.
I20260608 09:57:21.121522  3856 raft_consensus.cc:515] T dc80f99fdbbb43d1aa12851ee6e33573 P bd702bc369a04c1da1ae9f76e90ec1c4 [term 0 FOLLOWER]: Starting pre-election with config: opid_index: -1 OBSOLETE_local: false peers { permanent_uuid: "3337ecfba7064ca3920b320e137882a2" member_type: VOTER last_known_addr { host: "127.0.158.193" port: 41521 } } peers { permanent_uuid: "8a8fc56a761d4a12a46bdb04a82a89c9" member_type: VOTER last_known_addr { host: "127.0.158.194" port: 45391 } } peers { permanent_uuid: "bd702bc369a04c1da1ae9f76e90ec1c4" member_type: VOTER last_known_addr { host: "127.0.158.195" port: 41525 } }
I20260608 09:57:21.124418  3856 leader_election.cc:290] T dc80f99fdbbb43d1aa12851ee6e33573 P bd702bc369a04c1da1ae9f76e90ec1c4 [CANDIDATE]: Term 1 pre-election: Requested pre-vote from peers 3337ecfba7064ca3920b320e137882a2 (127.0.158.193:41521), 8a8fc56a761d4a12a46bdb04a82a89c9 (127.0.158.194:45391)
I20260608 09:57:21.126438  3852 raft_consensus.cc:359] T fa8de087a7b24ed493b54531f19db9fc P bd702bc369a04c1da1ae9f76e90ec1c4 [term 0 FOLLOWER]: Replica starting. Triggering 0 pending ops. Active config: opid_index: -1 OBSOLETE_local: false peers { permanent_uuid: "3337ecfba7064ca3920b320e137882a2" member_type: VOTER last_known_addr { host: "127.0.158.193" port: 41521 } } peers { permanent_uuid: "8a8fc56a761d4a12a46bdb04a82a89c9" member_type: VOTER last_known_addr { host: "127.0.158.194" port: 45391 } } peers { permanent_uuid: "bd702bc369a04c1da1ae9f76e90ec1c4" member_type: VOTER last_known_addr { host: "127.0.158.195" port: 41525 } }
I20260608 09:57:21.127420  3852 raft_consensus.cc:385] T fa8de087a7b24ed493b54531f19db9fc P bd702bc369a04c1da1ae9f76e90ec1c4 [term 0 FOLLOWER]: Consensus starting up: Expiring failure detector timer to make a prompt election more likely
I20260608 09:57:21.127796  3852 raft_consensus.cc:740] T fa8de087a7b24ed493b54531f19db9fc P bd702bc369a04c1da1ae9f76e90ec1c4 [term 0 FOLLOWER]: Becoming Follower/Learner. State: Replica: bd702bc369a04c1da1ae9f76e90ec1c4, State: Initialized, Role: FOLLOWER
I20260608 09:57:21.135969  3732 tablet_service.cc:1917] Received RequestConsensusVote() RPC: tablet_id: "98b2c4f994b14beab1077f70482c54e1" candidate_uuid: "3337ecfba7064ca3920b320e137882a2" candidate_term: 1 candidate_status { last_received { term: 0 index: 0 } } ignore_live_leader: false dest_uuid: "8a8fc56a761d4a12a46bdb04a82a89c9" is_pre_election: true
I20260608 09:57:21.136399  3731 tablet_service.cc:1917] Received RequestConsensusVote() RPC: tablet_id: "2aba95d8395242b99ac38f7ea79883e6" candidate_uuid: "3337ecfba7064ca3920b320e137882a2" candidate_term: 1 candidate_status { last_received { term: 0 index: 0 } } ignore_live_leader: false dest_uuid: "8a8fc56a761d4a12a46bdb04a82a89c9" is_pre_election: true
I20260608 09:57:21.136806  3732 raft_consensus.cc:2393] T 98b2c4f994b14beab1077f70482c54e1 P 8a8fc56a761d4a12a46bdb04a82a89c9 [term 1 FOLLOWER]: Leader pre-election vote request: Denying vote to candidate 3337ecfba7064ca3920b320e137882a2 in current term 1: Already voted for candidate bd702bc369a04c1da1ae9f76e90ec1c4 in this term.
I20260608 09:57:21.138424  3730 tablet_service.cc:1917] Received RequestConsensusVote() RPC: tablet_id: "77309e97d64c4abd9bd113230991af4d" candidate_uuid: "3337ecfba7064ca3920b320e137882a2" candidate_term: 1 candidate_status { last_received { term: 0 index: 0 } } ignore_live_leader: false dest_uuid: "8a8fc56a761d4a12a46bdb04a82a89c9" is_pre_election: true
I20260608 09:57:21.139685  3730 raft_consensus.cc:2468] T 77309e97d64c4abd9bd113230991af4d P 8a8fc56a761d4a12a46bdb04a82a89c9 [term 0 FOLLOWER]: Leader pre-election vote request: Granting yes vote for candidate 3337ecfba7064ca3920b320e137882a2 in term 0.
I20260608 09:57:21.129717  3863 leader_election.cc:290] T 77309e97d64c4abd9bd113230991af4d P 3337ecfba7064ca3920b320e137882a2 [CANDIDATE]: Term 1 pre-election: Requested pre-vote from peers 8a8fc56a761d4a12a46bdb04a82a89c9 (127.0.158.194:45391), bd702bc369a04c1da1ae9f76e90ec1c4 (127.0.158.195:41525)
I20260608 09:57:21.141175  3696 leader_election.cc:304] T 35ee7b6a2675476ca4b80e61e5f67c53 P 8a8fc56a761d4a12a46bdb04a82a89c9 [CANDIDATE]: Term 1 pre-election: Election decided. Result: candidate won. Election summary: received 2 responses out of 3 voters: 2 yes votes; 0 no votes. yes voters: 8a8fc56a761d4a12a46bdb04a82a89c9, bd702bc369a04c1da1ae9f76e90ec1c4; no voters: 
I20260608 09:57:21.142148  3858 raft_consensus.cc:2804] T 35ee7b6a2675476ca4b80e61e5f67c53 P 8a8fc56a761d4a12a46bdb04a82a89c9 [term 0 FOLLOWER]: Leader pre-election won for term 1
I20260608 09:57:21.142500  3858 raft_consensus.cc:493] T 35ee7b6a2675476ca4b80e61e5f67c53 P 8a8fc56a761d4a12a46bdb04a82a89c9 [term 0 FOLLOWER]: Starting leader election (no leader contacted us within the election timeout)
I20260608 09:57:21.142832  3858 raft_consensus.cc:3060] T 35ee7b6a2675476ca4b80e61e5f67c53 P 8a8fc56a761d4a12a46bdb04a82a89c9 [term 0 FOLLOWER]: Advancing to term 1
I20260608 09:57:21.141371  3730 tablet_service.cc:1917] Received RequestConsensusVote() RPC: tablet_id: "dc80f99fdbbb43d1aa12851ee6e33573" candidate_uuid: "bd702bc369a04c1da1ae9f76e90ec1c4" candidate_term: 1 candidate_status { last_received { term: 0 index: 0 } } ignore_live_leader: false dest_uuid: "8a8fc56a761d4a12a46bdb04a82a89c9" is_pre_election: true
W20260608 09:57:21.145210  3621 leader_election.cc:343] T 2aba95d8395242b99ac38f7ea79883e6 P 3337ecfba7064ca3920b320e137882a2 [CANDIDATE]: Term 1 pre-election: Tablet error from VoteRequest() call to peer 8a8fc56a761d4a12a46bdb04a82a89c9 (127.0.158.194:45391): Illegal state: must be running to vote when last-logged opid is not known
I20260608 09:57:21.146142  3621 leader_election.cc:304] T 77309e97d64c4abd9bd113230991af4d P 3337ecfba7064ca3920b320e137882a2 [CANDIDATE]: Term 1 pre-election: Election decided. Result: candidate won. Election summary: received 2 responses out of 3 voters: 2 yes votes; 0 no votes. yes voters: 3337ecfba7064ca3920b320e137882a2, 8a8fc56a761d4a12a46bdb04a82a89c9; no voters: 
I20260608 09:57:21.147593  3863 raft_consensus.cc:2804] T 77309e97d64c4abd9bd113230991af4d P 3337ecfba7064ca3920b320e137882a2 [term 0 FOLLOWER]: Leader pre-election won for term 1
I20260608 09:57:21.147951  3863 raft_consensus.cc:493] T 77309e97d64c4abd9bd113230991af4d P 3337ecfba7064ca3920b320e137882a2 [term 0 FOLLOWER]: Starting leader election (no leader contacted us within the election timeout)
I20260608 09:57:21.139418  3852 consensus_queue.cc:260] T fa8de087a7b24ed493b54531f19db9fc P bd702bc369a04c1da1ae9f76e90ec1c4 [NON_LEADER]: Queue going to NON_LEADER mode. State: All replicated index: 0, Majority replicated index: 0, Committed index: 0, Last appended: 0.0, Last appended by leader: 0, Current term: 0, Majority size: -1, State: 0, Mode: NON_LEADER, active raft config: opid_index: -1 OBSOLETE_local: false peers { permanent_uuid: "3337ecfba7064ca3920b320e137882a2" member_type: VOTER last_known_addr { host: "127.0.158.193" port: 41521 } } peers { permanent_uuid: "8a8fc56a761d4a12a46bdb04a82a89c9" member_type: VOTER last_known_addr { host: "127.0.158.194" port: 45391 } } peers { permanent_uuid: "bd702bc369a04c1da1ae9f76e90ec1c4" member_type: VOTER last_known_addr { host: "127.0.158.195" port: 41525 } }
I20260608 09:57:21.148276  3863 raft_consensus.cc:3060] T 77309e97d64c4abd9bd113230991af4d P 3337ecfba7064ca3920b320e137882a2 [term 0 FOLLOWER]: Advancing to term 1
I20260608 09:57:21.149055  3853 tablet_bootstrap.cc:492] T 0cef02f763c846e8a20748ff4e9de7a5 P 3337ecfba7064ca3920b320e137882a2: No bootstrap required, opened a new log
I20260608 09:57:21.149688  3853 ts_tablet_manager.cc:1403] T 0cef02f763c846e8a20748ff4e9de7a5 P 3337ecfba7064ca3920b320e137882a2: Time spent bootstrapping tablet: real 0.149s	user 0.062s	sys 0.071s
