I20260608 09:57:21.401028 23256 raft_consensus.cc:515] T 188f283de5dc4eefbd4e9d8999b023cd P 763051907fc04ca5ae7f67b48635e335 [term 1 FOLLOWER]: Starting leader election with config: opid_index: -1 OBSOLETE_local: false peers { permanent_uuid: "17c4a3e1f0264329a0a0ca7fda8f6edb" member_type: VOTER last_known_addr { host: "127.18.210.195" port: 44867 } } peers { permanent_uuid: "c17f348decea40dd8190ee3a78f736bf" member_type: VOTER last_known_addr { host: "127.18.210.194" port: 34549 } } peers { permanent_uuid: "763051907fc04ca5ae7f67b48635e335" member_type: VOTER last_known_addr { host: "127.18.210.196" port: 33227 } }
I20260608 09:57:21.401664 23258 leader_election.cc:290] T 188f283de5dc4eefbd4e9d8999b023cd P c17f348decea40dd8190ee3a78f736bf [CANDIDATE]: Term 1 election: Requested vote from peers 17c4a3e1f0264329a0a0ca7fda8f6edb (127.18.210.195:44867), 763051907fc04ca5ae7f67b48635e335 (127.18.210.196:33227)
I20260608 09:57:21.402011 23203 tablet_service.cc:1917] Received RequestConsensusVote() RPC: tablet_id: "188f283de5dc4eefbd4e9d8999b023cd" candidate_uuid: "c17f348decea40dd8190ee3a78f736bf" candidate_term: 1 candidate_status { last_received { term: 0 index: 0 } } ignore_live_leader: false dest_uuid: "763051907fc04ca5ae7f67b48635e335"
I20260608 09:57:21.402923 23203 raft_consensus.cc:2393] T 188f283de5dc4eefbd4e9d8999b023cd P 763051907fc04ca5ae7f67b48635e335 [term 1 FOLLOWER]: Leader election vote request: Denying vote to candidate c17f348decea40dd8190ee3a78f736bf in current term 1: Already voted for candidate 763051907fc04ca5ae7f67b48635e335 in this term.
I20260608 09:57:21.403378 23256 leader_election.cc:290] T 188f283de5dc4eefbd4e9d8999b023cd P 763051907fc04ca5ae7f67b48635e335 [CANDIDATE]: Term 1 election: Requested vote from peers 17c4a3e1f0264329a0a0ca7fda8f6edb (127.18.210.195:44867), c17f348decea40dd8190ee3a78f736bf (127.18.210.194:34549)
I20260608 09:57:21.404322 23128 tablet_service.cc:1917] Received RequestConsensusVote() RPC: tablet_id: "188f283de5dc4eefbd4e9d8999b023cd" candidate_uuid: "763051907fc04ca5ae7f67b48635e335" candidate_term: 1 candidate_status { last_received { term: 0 index: 0 } } ignore_live_leader: false dest_uuid: "17c4a3e1f0264329a0a0ca7fda8f6edb"
I20260608 09:57:21.405243 23055 tablet_service.cc:1917] Received RequestConsensusVote() RPC: tablet_id: "188f283de5dc4eefbd4e9d8999b023cd" candidate_uuid: "763051907fc04ca5ae7f67b48635e335" candidate_term: 1 candidate_status { last_received { term: 0 index: 0 } } ignore_live_leader: false dest_uuid: "c17f348decea40dd8190ee3a78f736bf"
I20260608 09:57:21.405737 23129 raft_consensus.cc:2468] T 188f283de5dc4eefbd4e9d8999b023cd P 17c4a3e1f0264329a0a0ca7fda8f6edb [term 1 FOLLOWER]: Leader election vote request: Granting yes vote for candidate c17f348decea40dd8190ee3a78f736bf in term 1.
I20260608 09:57:21.406059 23055 raft_consensus.cc:2393] T 188f283de5dc4eefbd4e9d8999b023cd P c17f348decea40dd8190ee3a78f736bf [term 1 FOLLOWER]: Leader election vote request: Denying vote to candidate 763051907fc04ca5ae7f67b48635e335 in current term 1: Already voted for candidate c17f348decea40dd8190ee3a78f736bf in this term.
I20260608 09:57:21.406903 23018 leader_election.cc:304] T 188f283de5dc4eefbd4e9d8999b023cd P c17f348decea40dd8190ee3a78f736bf [CANDIDATE]: Term 1 election: Election decided. Result: candidate won. Election summary: received 3 responses out of 3 voters: 2 yes votes; 1 no votes. yes voters: 17c4a3e1f0264329a0a0ca7fda8f6edb, c17f348decea40dd8190ee3a78f736bf; no voters: 763051907fc04ca5ae7f67b48635e335
I20260608 09:57:21.407166 23166 leader_election.cc:304] T 188f283de5dc4eefbd4e9d8999b023cd P 763051907fc04ca5ae7f67b48635e335 [CANDIDATE]: Term 1 election: Election decided. Result: candidate lost. Election summary: received 3 responses out of 3 voters: 1 yes votes; 2 no votes. yes voters: 763051907fc04ca5ae7f67b48635e335; no voters: 17c4a3e1f0264329a0a0ca7fda8f6edb, c17f348decea40dd8190ee3a78f736bf
I20260608 09:57:21.407758 23258 raft_consensus.cc:2804] T 188f283de5dc4eefbd4e9d8999b023cd P c17f348decea40dd8190ee3a78f736bf [term 1 FOLLOWER]: Leader election won for term 1
I20260608 09:57:21.407979 23256 raft_consensus.cc:2749] T 188f283de5dc4eefbd4e9d8999b023cd P 763051907fc04ca5ae7f67b48635e335 [term 1 FOLLOWER]: Leader election lost for term 1. Reason: could not achieve majority
I20260608 09:57:21.409000 23258 raft_consensus.cc:697] T 188f283de5dc4eefbd4e9d8999b023cd P c17f348decea40dd8190ee3a78f736bf [term 1 LEADER]: Becoming Leader. State: Replica: c17f348decea40dd8190ee3a78f736bf, State: Running, Role: LEADER
I20260608 09:57:21.409768 23258 consensus_queue.cc:237] T 188f283de5dc4eefbd4e9d8999b023cd P c17f348decea40dd8190ee3a78f736bf [LEADER]: Queue going to LEADER mode. State: All replicated index: 0, Majority replicated index: 0, Committed index: 0, Last appended: 0.0, Last appended by leader: 0, Current term: 1, Majority size: 2, State: 0, Mode: LEADER, active raft config: opid_index: -1 OBSOLETE_local: false peers { permanent_uuid: "17c4a3e1f0264329a0a0ca7fda8f6edb" member_type: VOTER last_known_addr { host: "127.18.210.195" port: 44867 } } peers { permanent_uuid: "c17f348decea40dd8190ee3a78f736bf" member_type: VOTER last_known_addr { host: "127.18.210.194" port: 34549 } } peers { permanent_uuid: "763051907fc04ca5ae7f67b48635e335" member_type: VOTER last_known_addr { host: "127.18.210.196" port: 33227 } }
I20260608 09:57:21.417054 22878 catalog_manager.cc:5696] T 188f283de5dc4eefbd4e9d8999b023cd P c17f348decea40dd8190ee3a78f736bf reported cstate change: term changed from 0 to 1, leader changed from <none> to c17f348decea40dd8190ee3a78f736bf (127.18.210.194). New cstate: current_term: 1 leader_uuid: "c17f348decea40dd8190ee3a78f736bf" committed_config { opid_index: -1 OBSOLETE_local: false peers { permanent_uuid: "17c4a3e1f0264329a0a0ca7fda8f6edb" member_type: VOTER last_known_addr { host: "127.18.210.195" port: 44867 } health_report { overall_health: UNKNOWN } } peers { permanent_uuid: "c17f348decea40dd8190ee3a78f736bf" member_type: VOTER last_known_addr { host: "127.18.210.194" port: 34549 } health_report { overall_health: HEALTHY } } peers { permanent_uuid: "763051907fc04ca5ae7f67b48635e335" member_type: VOTER last_known_addr { host: "127.18.210.196" port: 33227 } health_report { overall_health: UNKNOWN } } }
I20260608 09:57:21.799532 23258 consensus_queue.cc:1048] T 188f283de5dc4eefbd4e9d8999b023cd P c17f348decea40dd8190ee3a78f736bf [LEADER]: Connected to new peer: Peer: permanent_uuid: "763051907fc04ca5ae7f67b48635e335" member_type: VOTER last_known_addr { host: "127.18.210.196" port: 33227 }, Status: LMP_MISMATCH, Last received: 0.0, Next index: 1, Last known committed idx: 0, Time since last communication: 0.000s
I20260608 09:57:21.812767 23269 consensus_queue.cc:1048] T 188f283de5dc4eefbd4e9d8999b023cd P c17f348decea40dd8190ee3a78f736bf [LEADER]: Connected to new peer: Peer: permanent_uuid: "17c4a3e1f0264329a0a0ca7fda8f6edb" member_type: VOTER last_known_addr { host: "127.18.210.195" port: 44867 }, Status: LMP_MISMATCH, Last received: 0.0, Next index: 1, Last known committed idx: 0, Time since last communication: 0.000s
I20260608 09:57:22.017166 22931 auto_leader_rebalancer.cc:140] leader rebalance for table test-workload
I20260608 09:57:22.019295 22931 auto_leader_rebalancer.cc:388] table: test-workload, leader rebalance finish, leader transfer count: 0
I20260608 09:57:22.019740 22931 auto_leader_rebalancer.cc:451] All tables' leader rebalancing finished this round
I20260608 09:57:24.020780 22931 auto_leader_rebalancer.cc:140] leader rebalance for table test-workload
I20260608 09:57:24.022331 22931 auto_leader_rebalancer.cc:388] table: test-workload, leader rebalance finish, leader transfer count: 0
I20260608 09:57:24.022650 22931 auto_leader_rebalancer.cc:451] All tables' leader rebalancing finished this round
I20260608 09:57:26.023550 22931 auto_leader_rebalancer.cc:140] leader rebalance for table test-workload
I20260608 09:57:26.025385 22931 auto_leader_rebalancer.cc:388] table: test-workload, leader rebalance finish, leader transfer count: 0
I20260608 09:57:26.025691 22931 auto_leader_rebalancer.cc:451] All tables' leader rebalancing finished this round
W20260608 09:57:27.639026 23001 debug-util.cc:398] Leaking SignalData structure 0x7b080022ace0 after lost signal to thread 19278
W20260608 09:57:27.639967 23001 debug-util.cc:398] Leaking SignalData structure 0x7b080022d9a0 after lost signal to thread 22912
W20260608 09:57:27.641114 23001 debug-util.cc:398] Leaking SignalData structure 0x7b080002f500 after lost signal to thread 23004
W20260608 09:57:27.641914 23001 debug-util.cc:398] Leaking SignalData structure 0x7b08001c4d60 after lost signal to thread 23079
W20260608 09:57:27.642854 23001 debug-util.cc:398] Leaking SignalData structure 0x7b08000c04c0 after lost signal to thread 23153
W20260608 09:57:27.643647 23001 debug-util.cc:398] Leaking SignalData structure 0x7b0800160660 after lost signal to thread 23227
I20260608 09:57:28.026726 22931 auto_leader_rebalancer.cc:140] leader rebalance for table test-workload
I20260608 09:57:28.028239 22931 auto_leader_rebalancer.cc:388] table: test-workload, leader rebalance finish, leader transfer count: 0
I20260608 09:57:28.028625 22931 auto_leader_rebalancer.cc:451] All tables' leader rebalancing finished this round
I20260608 09:57:30.029687 22931 auto_leader_rebalancer.cc:140] leader rebalance for table test-workload
I20260608 09:57:30.031211 22931 auto_leader_rebalancer.cc:388] table: test-workload, leader rebalance finish, leader transfer count: 0
I20260608 09:57:30.031536 22931 auto_leader_rebalancer.cc:451] All tables' leader rebalancing finished this round
I20260608 09:57:32.032728 22931 auto_leader_rebalancer.cc:140] leader rebalance for table test-workload
I20260608 09:57:32.034250 22931 auto_leader_rebalancer.cc:388] table: test-workload, leader rebalance finish, leader transfer count: 0
I20260608 09:57:32.034554 22931 auto_leader_rebalancer.cc:451] All tables' leader rebalancing finished this round
I20260608 09:57:32.598912 19275 tablet_server.cc:179] TabletServer@127.18.210.193:0 shutting down...
I20260608 09:57:32.628842 19275 ts_tablet_manager.cc:1507] Shutting down tablet manager...
I20260608 09:57:32.665184 19275 tablet_server.cc:196] TabletServer@127.18.210.193:0 shutdown complete.
I20260608 09:57:32.676180 19275 tablet_server.cc:179] TabletServer@127.18.210.194:0 shutting down...
I20260608 09:57:32.701227 19275 ts_tablet_manager.cc:1507] Shutting down tablet manager...
I20260608 09:57:32.702019 19275 tablet_replica.cc:333] T 188f283de5dc4eefbd4e9d8999b023cd P c17f348decea40dd8190ee3a78f736bf: stopping tablet replica
I20260608 09:57:32.702692 19275 raft_consensus.cc:2243] T 188f283de5dc4eefbd4e9d8999b023cd P c17f348decea40dd8190ee3a78f736bf [term 1 LEADER]: Raft consensus shutting down.
I20260608 09:57:32.703774 19275 raft_consensus.cc:2272] T 188f283de5dc4eefbd4e9d8999b023cd P c17f348decea40dd8190ee3a78f736bf [term 1 FOLLOWER]: Raft consensus is shut down!
I20260608 09:57:32.724648 19275 tablet_server.cc:196] TabletServer@127.18.210.194:0 shutdown complete.
I20260608 09:57:32.736305 19275 tablet_server.cc:179] TabletServer@127.18.210.195:0 shutting down...
I20260608 09:57:32.762665 19275 ts_tablet_manager.cc:1507] Shutting down tablet manager...
I20260608 09:57:32.763386 19275 tablet_replica.cc:333] T 188f283de5dc4eefbd4e9d8999b023cd P 17c4a3e1f0264329a0a0ca7fda8f6edb: stopping tablet replica
I20260608 09:57:32.763926 19275 raft_consensus.cc:2243] T 188f283de5dc4eefbd4e9d8999b023cd P 17c4a3e1f0264329a0a0ca7fda8f6edb [term 1 FOLLOWER]: Raft consensus shutting down.
I20260608 09:57:32.764413 19275 raft_consensus.cc:2272] T 188f283de5dc4eefbd4e9d8999b023cd P 17c4a3e1f0264329a0a0ca7fda8f6edb [term 1 FOLLOWER]: Raft consensus is shut down!
I20260608 09:57:32.784484 19275 tablet_server.cc:196] TabletServer@127.18.210.195:0 shutdown complete.
I20260608 09:57:32.796001 19275 tablet_server.cc:179] TabletServer@127.18.210.196:0 shutting down...
I20260608 09:57:32.816181 19275 ts_tablet_manager.cc:1507] Shutting down tablet manager...
I20260608 09:57:32.816929 19275 tablet_replica.cc:333] T 188f283de5dc4eefbd4e9d8999b023cd P 763051907fc04ca5ae7f67b48635e335: stopping tablet replica
I20260608 09:57:32.817466 19275 raft_consensus.cc:2243] T 188f283de5dc4eefbd4e9d8999b023cd P 763051907fc04ca5ae7f67b48635e335 [term 1 FOLLOWER]: Raft consensus shutting down.
I20260608 09:57:32.817922 19275 raft_consensus.cc:2272] T 188f283de5dc4eefbd4e9d8999b023cd P 763051907fc04ca5ae7f67b48635e335 [term 1 FOLLOWER]: Raft consensus is shut down!
I20260608 09:57:32.837266 19275 tablet_server.cc:196] TabletServer@127.18.210.196:0 shutdown complete.
I20260608 09:57:32.848472 19275 master.cc:562] Master@127.18.210.254:35623 shutting down...
I20260608 09:57:32.872773 19275 raft_consensus.cc:2243] T 00000000000000000000000000000000 P 37be82f66931406e9693debdbb4610e8 [term 1 LEADER]: Raft consensus shutting down.
I20260608 09:57:32.873481 19275 raft_consensus.cc:2272] T 00000000000000000000000000000000 P 37be82f66931406e9693debdbb4610e8 [term 1 FOLLOWER]: Raft consensus is shut down!
I20260608 09:57:32.873839 19275 tablet_replica.cc:333] T 00000000000000000000000000000000 P 37be82f66931406e9693debdbb4610e8: stopping tablet replica
I20260608 09:57:32.892882 19275 master.cc:584] Master@127.18.210.254:35623 shutdown complete.
[       OK ] AutoRebalancerTest.NoReplicaMovesIfLocationLoadSkewedByOne (13067 ms)
[ RUN      ] AutoRebalancerTest.NoReplicaMovesIfCannotFixPlacementPolicy
I20260608 09:57:32.932686 19275 internal_mini_cluster.cc:156] Creating distributed mini masters. Addrs: 127.18.210.254:43247
I20260608 09:57:32.934283 19275 file_cache.cc:492] Constructed file cache file cache with capacity 419430
W20260608 09:57:32.940454 23278 instance_detector.cc:116] could not retrieve Azure instance metadata: Network error: curl error: HTTP response code said error: The requested URL returned error: 404
W20260608 09:57:32.940450 23277 instance_detector.cc:116] could not retrieve AWS instance metadata: Network error: curl error: HTTP response code said error: The requested URL returned error: 404
W20260608 09:57:32.941004 23280 instance_detector.cc:116] could not retrieve OpenStack instance metadata: Network error: curl error: HTTP response code said error: The requested URL returned error: 404
I20260608 09:57:32.942559 19275 server_base.cc:1061] running on GCE node
I20260608 09:57:32.943425 19275 hybrid_clock.cc:584] initializing the hybrid clock with 'system_unsync' time source
W20260608 09:57:32.943601 19275 system_unsync_time.cc:38] NTP support is disabled. Clock error bounds will not be accurate. This configuration is not suitable for distributed clusters.
I20260608 09:57:32.943790 19275 hybrid_clock.cc:648] HybridClock initialized: now 1780912652943758 us; error 0 us; skew 500 ppm
I20260608 09:57:32.944401 19275 server_base.cc:861] Flag tcmalloc_max_total_thread_cache_bytes is not working since tcmalloc is not enabled.
I20260608 09:57:32.947053 19275 webserver.cc:533] Webserver started at http://127.18.210.254:45563/ using document root <none> and password file <none>
I20260608 09:57:32.947582 19275 fs_manager.cc:362] Metadata directory not provided
I20260608 09:57:32.947782 19275 fs_manager.cc:368] Using write-ahead log directory (fs_wal_dir) as metadata directory
I20260608 09:57:32.948062 19275 server_base.cc:909] This appears to be a new deployment of Kudu; creating new FS layout
I20260608 09:57:32.949561 19275 fs_manager.cc:1068] Generated new instance metadata in path /tmp/dist-test-taskSQ9wH6/test-tmp/auto_rebalancer-test.0.AutoRebalancerTest.NoReplicaMovesIfCannotFixPlacementPolicy.1780912550535572-19275-0/minicluster-data/master-0-root/instance:
uuid: "f40efbc96c744c4ebfbc717309e54381"
format_stamp: "Formatted at 2026-06-08 09:57:32 on dist-test-slave-7lqj"
I20260608 09:57:32.954365 19275 fs_manager.cc:696] Time spent creating directory manager: real 0.004s	user 0.006s	sys 0.000s
I20260608 09:57:32.957963 23285 log_block_manager.cc:4031] Time spent loading block containers with low live blocks: real 0.000s	user 0.000s	sys 0.000s
I20260608 09:57:32.958856 19275 fs_manager.cc:730] Time spent opening block manager: real 0.002s	user 0.003s	sys 0.000s
I20260608 09:57:32.959160 19275 fs_manager.cc:647] Opened local filesystem: /tmp/dist-test-taskSQ9wH6/test-tmp/auto_rebalancer-test.0.AutoRebalancerTest.NoReplicaMovesIfCannotFixPlacementPolicy.1780912550535572-19275-0/minicluster-data/master-0-root
uuid: "f40efbc96c744c4ebfbc717309e54381"
format_stamp: "Formatted at 2026-06-08 09:57:32 on dist-test-slave-7lqj"
I20260608 09:57:32.959427 19275 fs_report.cc:389] FS layout report
--------------------
wal directory: /tmp/dist-test-taskSQ9wH6/test-tmp/auto_rebalancer-test.0.AutoRebalancerTest.NoReplicaMovesIfCannotFixPlacementPolicy.1780912550535572-19275-0/minicluster-data/master-0-root
metadata directory: /tmp/dist-test-taskSQ9wH6/test-tmp/auto_rebalancer-test.0.AutoRebalancerTest.NoReplicaMovesIfCannotFixPlacementPolicy.1780912550535572-19275-0/minicluster-data/master-0-root
1 data directories: /tmp/dist-test-taskSQ9wH6/test-tmp/auto_rebalancer-test.0.AutoRebalancerTest.NoReplicaMovesIfCannotFixPlacementPolicy.1780912550535572-19275-0/minicluster-data/master-0-root/data
Total live blocks: 0
Total live bytes: 0
Total live bytes (after alignment): 0
Total number of LBM containers: 0 (0 full)
Did not check for missing blocks
Did not check for orphaned blocks
Total full LBM containers with extra space: 0 (0 repaired)
Total full LBM container extra space in bytes: 0 (0 repaired)
Total incomplete LBM containers: 0 (0 repaired)
Total LBM partial records: 0 (0 repaired)
Total corrupted LBM metadata records in RocksDB: 0 (0 repaired)
I20260608 09:57:32.984575 19275 rpc_server.cc:225] running with OpenSSL 1.1.1  11 Sep 2018
I20260608 09:57:32.985829 19275 kserver.cc:163] Server-wide thread pool size limit: 3276
I20260608 09:57:33.025677 19275 rpc_server.cc:307] RPC server started. Bound to: 127.18.210.254:43247
I20260608 09:57:33.025810 23336 acceptor_pool.cc:272] collecting diagnostics on the listening RPC socket 127.18.210.254:43247 every 8 connection(s)
I20260608 09:57:33.030086 23337 data_dirs.cc:400] Could only allocate 1 dirs of requested 3 for tablet 00000000000000000000000000000000. 1 dirs total, 0 dirs full, 0 dirs failed
I20260608 09:57:33.041370 23337 tablet_bootstrap.cc:492] T 00000000000000000000000000000000 P f40efbc96c744c4ebfbc717309e54381: Bootstrap starting.
I20260608 09:57:33.046765 23337 tablet_bootstrap.cc:654] T 00000000000000000000000000000000 P f40efbc96c744c4ebfbc717309e54381: Neither blocks nor log segments found. Creating new log.
I20260608 09:57:33.051115 23337 tablet_bootstrap.cc:492] T 00000000000000000000000000000000 P f40efbc96c744c4ebfbc717309e54381: No bootstrap required, opened a new log
I20260608 09:57:33.053397 23337 raft_consensus.cc:359] T 00000000000000000000000000000000 P f40efbc96c744c4ebfbc717309e54381 [term 0 FOLLOWER]: Replica starting. Triggering 0 pending ops. Active config: opid_index: -1 OBSOLETE_local: true peers { permanent_uuid: "f40efbc96c744c4ebfbc717309e54381" member_type: VOTER }
I20260608 09:57:33.053802 23337 raft_consensus.cc:385] T 00000000000000000000000000000000 P f40efbc96c744c4ebfbc717309e54381 [term 0 FOLLOWER]: Consensus starting up: Expiring failure detector timer to make a prompt election more likely
I20260608 09:57:33.053987 23337 raft_consensus.cc:740] T 00000000000000000000000000000000 P f40efbc96c744c4ebfbc717309e54381 [term 0 FOLLOWER]: Becoming Follower/Learner. State: Replica: f40efbc96c744c4ebfbc717309e54381, State: Initialized, Role: FOLLOWER
I20260608 09:57:33.054585 23337 consensus_queue.cc:260] T 00000000000000000000000000000000 P f40efbc96c744c4ebfbc717309e54381 [NON_LEADER]: Queue going to NON_LEADER mode. State: All replicated index: 0, Majority replicated index: 0, Committed index: 0, Last appended: 0.0, Last appended by leader: 0, Current term: 0, Majority size: -1, State: 0, Mode: NON_LEADER, active raft config: opid_index: -1 OBSOLETE_local: true peers { permanent_uuid: "f40efbc96c744c4ebfbc717309e54381" member_type: VOTER }
I20260608 09:57:33.055032 23337 raft_consensus.cc:399] T 00000000000000000000000000000000 P f40efbc96c744c4ebfbc717309e54381 [term 0 FOLLOWER]: Only one voter in the Raft config. Triggering election immediately
I20260608 09:57:33.055225 23337 raft_consensus.cc:493] T 00000000000000000000000000000000 P f40efbc96c744c4ebfbc717309e54381 [term 0 FOLLOWER]: Starting leader election (initial election of a single-replica configuration)
I20260608 09:57:33.055444 23337 raft_consensus.cc:3060] T 00000000000000000000000000000000 P f40efbc96c744c4ebfbc717309e54381 [term 0 FOLLOWER]: Advancing to term 1
I20260608 09:57:33.059849 23337 raft_consensus.cc:515] T 00000000000000000000000000000000 P f40efbc96c744c4ebfbc717309e54381 [term 1 FOLLOWER]: Starting leader election with config: opid_index: -1 OBSOLETE_local: true peers { permanent_uuid: "f40efbc96c744c4ebfbc717309e54381" member_type: VOTER }
I20260608 09:57:33.060300 23337 leader_election.cc:304] T 00000000000000000000000000000000 P f40efbc96c744c4ebfbc717309e54381 [CANDIDATE]: Term 1 election: Election decided. Result: candidate won. Election summary: received 1 responses out of 1 voters: 1 yes votes; 0 no votes. yes voters: f40efbc96c744c4ebfbc717309e54381; no voters: 
I20260608 09:57:33.061478 23337 leader_election.cc:290] T 00000000000000000000000000000000 P f40efbc96c744c4ebfbc717309e54381 [CANDIDATE]: Term 1 election: Requested vote from peers 
I20260608 09:57:33.061977 23340 raft_consensus.cc:2804] T 00000000000000000000000000000000 P f40efbc96c744c4ebfbc717309e54381 [term 1 FOLLOWER]: Leader election won for term 1
I20260608 09:57:33.063437 23340 raft_consensus.cc:697] T 00000000000000000000000000000000 P f40efbc96c744c4ebfbc717309e54381 [term 1 LEADER]: Becoming Leader. State: Replica: f40efbc96c744c4ebfbc717309e54381, State: Running, Role: LEADER
I20260608 09:57:33.064184 23340 consensus_queue.cc:237] T 00000000000000000000000000000000 P f40efbc96c744c4ebfbc717309e54381 [LEADER]: Queue going to LEADER mode. State: All replicated index: 0, Majority replicated index: 0, Committed index: 0, Last appended: 0.0, Last appended by leader: 0, Current term: 1, Majority size: 1, State: 0, Mode: LEADER, active raft config: opid_index: -1 OBSOLETE_local: true peers { permanent_uuid: "f40efbc96c744c4ebfbc717309e54381" member_type: VOTER }
I20260608 09:57:33.064615 23337 sys_catalog.cc:565] T 00000000000000000000000000000000 P f40efbc96c744c4ebfbc717309e54381 [sys.catalog]: configured and running, proceeding with master startup.
I20260608 09:57:33.069334 23341 sys_catalog.cc:455] T 00000000000000000000000000000000 P f40efbc96c744c4ebfbc717309e54381 [sys.catalog]: SysCatalogTable state changed. Reason: RaftConsensus started. Latest consensus state: current_term: 1 leader_uuid: "f40efbc96c744c4ebfbc717309e54381" committed_config { opid_index: -1 OBSOLETE_local: true peers { permanent_uuid: "f40efbc96c744c4ebfbc717309e54381" member_type: VOTER } }
I20260608 09:57:33.070052 23341 sys_catalog.cc:458] T 00000000000000000000000000000000 P f40efbc96c744c4ebfbc717309e54381 [sys.catalog]: This master's current role is: LEADER
I20260608 09:57:33.069859 23342 sys_catalog.cc:455] T 00000000000000000000000000000000 P f40efbc96c744c4ebfbc717309e54381 [sys.catalog]: SysCatalogTable state changed. Reason: New leader f40efbc96c744c4ebfbc717309e54381. Latest consensus state: current_term: 1 leader_uuid: "f40efbc96c744c4ebfbc717309e54381" committed_config { opid_index: -1 OBSOLETE_local: true peers { permanent_uuid: "f40efbc96c744c4ebfbc717309e54381" member_type: VOTER } }
I20260608 09:57:33.071414 23342 sys_catalog.cc:458] T 00000000000000000000000000000000 P f40efbc96c744c4ebfbc717309e54381 [sys.catalog]: This master's current role is: LEADER
I20260608 09:57:33.073215 23348 catalog_manager.cc:1510] Loading table and tablet metadata into memory...
I20260608 09:57:33.081262 23348 catalog_manager.cc:1519] Initializing Kudu cluster ID...
I20260608 09:57:33.082285 19275 internal_mini_cluster.cc:184] Waiting to initialize catalog manager on master 0
I20260608 09:57:33.090801 23348 catalog_manager.cc:1382] Generated new cluster ID: 5630541188a3407faff44c49c1e8c6a4
I20260608 09:57:33.091063 23348 catalog_manager.cc:1530] Initializing Kudu internal certificate authority...
I20260608 09:57:33.124162 23348 catalog_manager.cc:1405] Generated new certificate authority record
I20260608 09:57:33.125574 23348 catalog_manager.cc:1539] Loading token signing keys...
I20260608 09:57:33.137182 23348 catalog_manager.cc:6069] T 00000000000000000000000000000000 P f40efbc96c744c4ebfbc717309e54381: Generated new TSK 0
I20260608 09:57:33.137756 23348 catalog_manager.cc:1549] Initializing in-progress tserver states...
I20260608 09:57:33.148684 19275 file_cache.cc:492] Constructed file cache file cache with capacity 419430
W20260608 09:57:33.154824 23358 instance_detector.cc:116] could not retrieve AWS instance metadata: Network error: curl error: HTTP response code said error: The requested URL returned error: 404
W20260608 09:57:33.156059 23359 instance_detector.cc:116] could not retrieve Azure instance metadata: Network error: curl error: HTTP response code said error: The requested URL returned error: 404
I20260608 09:57:33.157982 19275 server_base.cc:1061] running on GCE node
W20260608 09:57:33.158115 23361 instance_detector.cc:116] could not retrieve OpenStack instance metadata: Network error: curl error: HTTP response code said error: The requested URL returned error: 404
I20260608 09:57:33.159231 19275 hybrid_clock.cc:584] initializing the hybrid clock with 'system_unsync' time source
W20260608 09:57:33.159449 19275 system_unsync_time.cc:38] NTP support is disabled. Clock error bounds will not be accurate. This configuration is not suitable for distributed clusters.
I20260608 09:57:33.159633 19275 hybrid_clock.cc:648] HybridClock initialized: now 1780912653159594 us; error 0 us; skew 500 ppm
I20260608 09:57:33.160280 19275 server_base.cc:861] Flag tcmalloc_max_total_thread_cache_bytes is not working since tcmalloc is not enabled.
I20260608 09:57:33.163020 19275 webserver.cc:533] Webserver started at http://127.18.210.193:36813/ using document root <none> and password file <none>
I20260608 09:57:33.163556 19275 fs_manager.cc:362] Metadata directory not provided
I20260608 09:57:33.163751 19275 fs_manager.cc:368] Using write-ahead log directory (fs_wal_dir) as metadata directory
I20260608 09:57:33.164057 19275 server_base.cc:909] This appears to be a new deployment of Kudu; creating new FS layout
I20260608 09:57:33.165181 19275 fs_manager.cc:1068] Generated new instance metadata in path /tmp/dist-test-taskSQ9wH6/test-tmp/auto_rebalancer-test.0.AutoRebalancerTest.NoReplicaMovesIfCannotFixPlacementPolicy.1780912550535572-19275-0/minicluster-data/ts-0-root/instance:
uuid: "c93c9aa994664a26ba76fa8c95add64d"
format_stamp: "Formatted at 2026-06-08 09:57:33 on dist-test-slave-7lqj"
I20260608 09:57:33.170086 19275 fs_manager.cc:696] Time spent creating directory manager: real 0.004s	user 0.002s	sys 0.004s
I20260608 09:57:33.173842 23366 log_block_manager.cc:4031] Time spent loading block containers with low live blocks: real 0.000s	user 0.000s	sys 0.000s
I20260608 09:57:33.174831 19275 fs_manager.cc:730] Time spent opening block manager: real 0.003s	user 0.003s	sys 0.000s
I20260608 09:57:33.175144 19275 fs_manager.cc:647] Opened local filesystem: /tmp/dist-test-taskSQ9wH6/test-tmp/auto_rebalancer-test.0.AutoRebalancerTest.NoReplicaMovesIfCannotFixPlacementPolicy.1780912550535572-19275-0/minicluster-data/ts-0-root
uuid: "c93c9aa994664a26ba76fa8c95add64d"
format_stamp: "Formatted at 2026-06-08 09:57:33 on dist-test-slave-7lqj"
I20260608 09:57:33.175427 19275 fs_report.cc:389] FS layout report
--------------------
wal directory: /tmp/dist-test-taskSQ9wH6/test-tmp/auto_rebalancer-test.0.AutoRebalancerTest.NoReplicaMovesIfCannotFixPlacementPolicy.1780912550535572-19275-0/minicluster-data/ts-0-root
metadata directory: /tmp/dist-test-taskSQ9wH6/test-tmp/auto_rebalancer-test.0.AutoRebalancerTest.NoReplicaMovesIfCannotFixPlacementPolicy.1780912550535572-19275-0/minicluster-data/ts-0-root
1 data directories: /tmp/dist-test-taskSQ9wH6/test-tmp/auto_rebalancer-test.0.AutoRebalancerTest.NoReplicaMovesIfCannotFixPlacementPolicy.1780912550535572-19275-0/minicluster-data/ts-0-root/data
Total live blocks: 0
Total live bytes: 0
Total live bytes (after alignment): 0
Total number of LBM containers: 0 (0 full)
Did not check for missing blocks
Did not check for orphaned blocks
Total full LBM containers with extra space: 0 (0 repaired)
Total full LBM container extra space in bytes: 0 (0 repaired)
Total incomplete LBM containers: 0 (0 repaired)
Total LBM partial records: 0 (0 repaired)
Total corrupted LBM metadata records in RocksDB: 0 (0 repaired)
I20260608 09:57:33.187089 19275 rpc_server.cc:225] running with OpenSSL 1.1.1  11 Sep 2018
I20260608 09:57:33.188271 19275 kserver.cc:163] Server-wide thread pool size limit: 3276
I20260608 09:57:33.189780 19275 txn_system_client.cc:432] TxnSystemClient initialization is disabled...
I20260608 09:57:33.192201 19275 ts_tablet_manager.cc:585] Loaded tablet metadata (0 total tablets, 0 live tablets)
I20260608 09:57:33.192416 19275 ts_tablet_manager.cc:531] Time spent load tablet metadata: real 0.000s	user 0.000s	sys 0.000s
I20260608 09:57:33.192687 19275 ts_tablet_manager.cc:616] Registered 0 tablets
I20260608 09:57:33.192852 19275 ts_tablet_manager.cc:595] Time spent register tablets: real 0.000s	user 0.000s	sys 0.000s
I20260608 09:57:33.233584 19275 rpc_server.cc:307] RPC server started. Bound to: 127.18.210.193:41111
I20260608 09:57:33.233695 23428 acceptor_pool.cc:272] collecting diagnostics on the listening RPC socket 127.18.210.193:41111 every 8 connection(s)
I20260608 09:57:33.238898 19275 file_cache.cc:492] Constructed file cache file cache with capacity 419430
W20260608 09:57:33.248003 23433 instance_detector.cc:116] could not retrieve AWS instance metadata: Network error: curl error: HTTP response code said error: The requested URL returned error: 404
W20260608 09:57:33.250523 23434 instance_detector.cc:116] could not retrieve Azure instance metadata: Network error: curl error: HTTP response code said error: The requested URL returned error: 404
W20260608 09:57:33.254273 23436 instance_detector.cc:116] could not retrieve OpenStack instance metadata: Network error: curl error: HTTP response code said error: The requested URL returned error: 404
I20260608 09:57:33.254347 19275 server_base.cc:1061] running on GCE node
I20260608 09:57:33.255992 19275 hybrid_clock.cc:584] initializing the hybrid clock with 'system_unsync' time source
I20260608 09:57:33.256008 23429 heartbeater.cc:344] Connected to a master server at 127.18.210.254:43247
W20260608 09:57:33.256291 19275 system_unsync_time.cc:38] NTP support is disabled. Clock error bounds will not be accurate. This configuration is not suitable for distributed clusters.
I20260608 09:57:33.256534 19275 hybrid_clock.cc:648] HybridClock initialized: now 1780912653256517 us; error 0 us; skew 500 ppm
I20260608 09:57:33.256563 23429 heartbeater.cc:461] Registering TS with master...
I20260608 09:57:33.257298 19275 server_base.cc:861] Flag tcmalloc_max_total_thread_cache_bytes is not working since tcmalloc is not enabled.
I20260608 09:57:33.257537 23429 heartbeater.cc:507] Master 127.18.210.254:43247 requested a full tablet report, sending...
I20260608 09:57:33.260190 23302 ts_manager.cc:194] Registered new tserver with Master: c93c9aa994664a26ba76fa8c95add64d (127.18.210.193:41111)
I20260608 09:57:33.260300 19275 webserver.cc:533] Webserver started at http://127.18.210.194:37255/ using document root <none> and password file <none>
I20260608 09:57:33.261178 19275 fs_manager.cc:362] Metadata directory not provided
I20260608 09:57:33.261464 19275 fs_manager.cc:368] Using write-ahead log directory (fs_wal_dir) as metadata directory
I20260608 09:57:33.261770 19275 server_base.cc:909] This appears to be a new deployment of Kudu; creating new FS layout
I20260608 09:57:33.262651 23302 master_service.cc:502] Signed X509 certificate for tserver {username='slave'} at 127.0.0.1:40612
I20260608 09:57:33.263150 19275 fs_manager.cc:1068] Generated new instance metadata in path /tmp/dist-test-taskSQ9wH6/test-tmp/auto_rebalancer-test.0.AutoRebalancerTest.NoReplicaMovesIfCannotFixPlacementPolicy.1780912550535572-19275-0/minicluster-data/ts-1-root/instance:
uuid: "d564a15a255245f8a4dc41fe1daa8ec9"
format_stamp: "Formatted at 2026-06-08 09:57:33 on dist-test-slave-7lqj"
I20260608 09:57:33.267932 19275 fs_manager.cc:696] Time spent creating directory manager: real 0.004s	user 0.005s	sys 0.000s
I20260608 09:57:33.271579 23441 log_block_manager.cc:4031] Time spent loading block containers with low live blocks: real 0.000s	user 0.000s	sys 0.000s
I20260608 09:57:33.272455 19275 fs_manager.cc:730] Time spent opening block manager: real 0.002s	user 0.003s	sys 0.000s
I20260608 09:57:33.272770 19275 fs_manager.cc:647] Opened local filesystem: /tmp/dist-test-taskSQ9wH6/test-tmp/auto_rebalancer-test.0.AutoRebalancerTest.NoReplicaMovesIfCannotFixPlacementPolicy.1780912550535572-19275-0/minicluster-data/ts-1-root
uuid: "d564a15a255245f8a4dc41fe1daa8ec9"
format_stamp: "Formatted at 2026-06-08 09:57:33 on dist-test-slave-7lqj"
I20260608 09:57:33.273066 19275 fs_report.cc:389] FS layout report
--------------------
wal directory: /tmp/dist-test-taskSQ9wH6/test-tmp/auto_rebalancer-test.0.AutoRebalancerTest.NoReplicaMovesIfCannotFixPlacementPolicy.1780912550535572-19275-0/minicluster-data/ts-1-root
metadata directory: /tmp/dist-test-taskSQ9wH6/test-tmp/auto_rebalancer-test.0.AutoRebalancerTest.NoReplicaMovesIfCannotFixPlacementPolicy.1780912550535572-19275-0/minicluster-data/ts-1-root
1 data directories: /tmp/dist-test-taskSQ9wH6/test-tmp/auto_rebalancer-test.0.AutoRebalancerTest.NoReplicaMovesIfCannotFixPlacementPolicy.1780912550535572-19275-0/minicluster-data/ts-1-root/data
Total live blocks: 0
Total live bytes: 0
Total live bytes (after alignment): 0
Total number of LBM containers: 0 (0 full)
Did not check for missing blocks
Did not check for orphaned blocks
Total full LBM containers with extra space: 0 (0 repaired)
Total full LBM container extra space in bytes: 0 (0 repaired)
Total incomplete LBM containers: 0 (0 repaired)
Total LBM partial records: 0 (0 repaired)
Total corrupted LBM metadata records in RocksDB: 0 (0 repaired)
I20260608 09:57:33.295521 19275 rpc_server.cc:225] running with OpenSSL 1.1.1  11 Sep 2018
I20260608 09:57:33.296768 19275 kserver.cc:163] Server-wide thread pool size limit: 3276
I20260608 09:57:33.298244 19275 txn_system_client.cc:432] TxnSystemClient initialization is disabled...
I20260608 09:57:33.300523 19275 ts_tablet_manager.cc:585] Loaded tablet metadata (0 total tablets, 0 live tablets)
I20260608 09:57:33.300751 19275 ts_tablet_manager.cc:531] Time spent load tablet metadata: real 0.000s	user 0.000s	sys 0.000s
I20260608 09:57:33.301009 19275 ts_tablet_manager.cc:616] Registered 0 tablets
I20260608 09:57:33.301201 19275 ts_tablet_manager.cc:595] Time spent register tablets: real 0.000s	user 0.000s	sys 0.000s
I20260608 09:57:33.340592 19275 rpc_server.cc:307] RPC server started. Bound to: 127.18.210.194:44455
I20260608 09:57:33.340713 23503 acceptor_pool.cc:272] collecting diagnostics on the listening RPC socket 127.18.210.194:44455 every 8 connection(s)
I20260608 09:57:33.345638 19275 file_cache.cc:492] Constructed file cache file cache with capacity 419430
W20260608 09:57:33.353382 23507 instance_detector.cc:116] could not retrieve AWS instance metadata: Network error: curl error: HTTP response code said error: The requested URL returned error: 404
W20260608 09:57:33.353935 23508 instance_detector.cc:116] could not retrieve Azure instance metadata: Network error: curl error: HTTP response code said error: The requested URL returned error: 404
W20260608 09:57:33.358227 23510 instance_detector.cc:116] could not retrieve OpenStack instance metadata: Network error: curl error: HTTP response code said error: The requested URL returned error: 404
I20260608 09:57:33.358250 19275 server_base.cc:1061] running on GCE node
I20260608 09:57:33.359313 19275 hybrid_clock.cc:584] initializing the hybrid clock with 'system_unsync' time source
W20260608 09:57:33.359555 19275 system_unsync_time.cc:38] NTP support is disabled. Clock error bounds will not be accurate. This configuration is not suitable for distributed clusters.
I20260608 09:57:33.359762 19275 hybrid_clock.cc:648] HybridClock initialized: now 1780912653359722 us; error 0 us; skew 500 ppm
I20260608 09:57:33.360328 19275 server_base.cc:861] Flag tcmalloc_max_total_thread_cache_bytes is not working since tcmalloc is not enabled.
I20260608 09:57:33.362864 19275 webserver.cc:533] Webserver started at http://127.18.210.195:46549/ using document root <none> and password file <none>
I20260608 09:57:33.363407 19275 fs_manager.cc:362] Metadata directory not provided
I20260608 09:57:33.363622 19275 fs_manager.cc:368] Using write-ahead log directory (fs_wal_dir) as metadata directory
I20260608 09:57:33.363941 19275 server_base.cc:909] This appears to be a new deployment of Kudu; creating new FS layout
I20260608 09:57:33.365482 19275 fs_manager.cc:1068] Generated new instance metadata in path /tmp/dist-test-taskSQ9wH6/test-tmp/auto_rebalancer-test.0.AutoRebalancerTest.NoReplicaMovesIfCannotFixPlacementPolicy.1780912550535572-19275-0/minicluster-data/ts-2-root/instance:
uuid: "4e1f5d8d37b343eab698cf642ba45b76"
format_stamp: "Formatted at 2026-06-08 09:57:33 on dist-test-slave-7lqj"
I20260608 09:57:33.365553 23504 heartbeater.cc:344] Connected to a master server at 127.18.210.254:43247
I20260608 09:57:33.366014 23504 heartbeater.cc:461] Registering TS with master...
I20260608 09:57:33.366833 23504 heartbeater.cc:507] Master 127.18.210.254:43247 requested a full tablet report, sending...
I20260608 09:57:33.368978 23302 ts_manager.cc:194] Registered new tserver with Master: d564a15a255245f8a4dc41fe1daa8ec9 (127.18.210.194:44455)
I20260608 09:57:33.370807 23302 master_service.cc:502] Signed X509 certificate for tserver {username='slave'} at 127.0.0.1:40622
I20260608 09:57:33.370982 19275 fs_manager.cc:696] Time spent creating directory manager: real 0.005s	user 0.004s	sys 0.003s
I20260608 09:57:33.375159 23515 log_block_manager.cc:4031] Time spent loading block containers with low live blocks: real 0.000s	user 0.000s	sys 0.000s
I20260608 09:57:33.375947 19275 fs_manager.cc:730] Time spent opening block manager: real 0.003s	user 0.002s	sys 0.002s
I20260608 09:57:33.376248 19275 fs_manager.cc:647] Opened local filesystem: /tmp/dist-test-taskSQ9wH6/test-tmp/auto_rebalancer-test.0.AutoRebalancerTest.NoReplicaMovesIfCannotFixPlacementPolicy.1780912550535572-19275-0/minicluster-data/ts-2-root
uuid: "4e1f5d8d37b343eab698cf642ba45b76"
format_stamp: "Formatted at 2026-06-08 09:57:33 on dist-test-slave-7lqj"
I20260608 09:57:33.376541 19275 fs_report.cc:389] FS layout report
--------------------
wal directory: /tmp/dist-test-taskSQ9wH6/test-tmp/auto_rebalancer-test.0.AutoRebalancerTest.NoReplicaMovesIfCannotFixPlacementPolicy.1780912550535572-19275-0/minicluster-data/ts-2-root
metadata directory: /tmp/dist-test-taskSQ9wH6/test-tmp/auto_rebalancer-test.0.AutoRebalancerTest.NoReplicaMovesIfCannotFixPlacementPolicy.1780912550535572-19275-0/minicluster-data/ts-2-root
1 data directories: /tmp/dist-test-taskSQ9wH6/test-tmp/auto_rebalancer-test.0.AutoRebalancerTest.NoReplicaMovesIfCannotFixPlacementPolicy.1780912550535572-19275-0/minicluster-data/ts-2-root/data
Total live blocks: 0
Total live bytes: 0
Total live bytes (after alignment): 0
Total number of LBM containers: 0 (0 full)
Did not check for missing blocks
Did not check for orphaned blocks
Total full LBM containers with extra space: 0 (0 repaired)
Total full LBM container extra space in bytes: 0 (0 repaired)
Total incomplete LBM containers: 0 (0 repaired)
Total LBM partial records: 0 (0 repaired)
Total corrupted LBM metadata records in RocksDB: 0 (0 repaired)
I20260608 09:57:33.416057 19275 rpc_server.cc:225] running with OpenSSL 1.1.1  11 Sep 2018
I20260608 09:57:33.417380 19275 kserver.cc:163] Server-wide thread pool size limit: 3276
I20260608 09:57:33.418879 19275 txn_system_client.cc:432] TxnSystemClient initialization is disabled...
I20260608 09:57:33.421172 19275 ts_tablet_manager.cc:585] Loaded tablet metadata (0 total tablets, 0 live tablets)
I20260608 09:57:33.421407 19275 ts_tablet_manager.cc:531] Time spent load tablet metadata: real 0.000s	user 0.000s	sys 0.000s
I20260608 09:57:33.421646 19275 ts_tablet_manager.cc:616] Registered 0 tablets
I20260608 09:57:33.421833 19275 ts_tablet_manager.cc:595] Time spent register tablets: real 0.000s	user 0.000s	sys 0.000s
I20260608 09:57:33.462993 19275 rpc_server.cc:307] RPC server started. Bound to: 127.18.210.195:45111
I20260608 09:57:33.463115 23577 acceptor_pool.cc:272] collecting diagnostics on the listening RPC socket 127.18.210.195:45111 every 8 connection(s)
I20260608 09:57:33.477974 23578 heartbeater.cc:344] Connected to a master server at 127.18.210.254:43247
I20260608 09:57:33.478497 23578 heartbeater.cc:461] Registering TS with master...
I20260608 09:57:33.479278 23578 heartbeater.cc:507] Master 127.18.210.254:43247 requested a full tablet report, sending...
I20260608 09:57:33.481283 23302 ts_manager.cc:194] Registered new tserver with Master: 4e1f5d8d37b343eab698cf642ba45b76 (127.18.210.195:45111)
I20260608 09:57:33.481523 19275 internal_mini_cluster.cc:371] 3 TS(s) registered with all masters after 0.015081366s
I20260608 09:57:33.482775 23302 master_service.cc:502] Signed X509 certificate for tserver {username='slave'} at 127.0.0.1:40636
I20260608 09:57:34.265362 23429 heartbeater.cc:499] Master 127.18.210.254:43247 was elected leader, sending a full tablet report...
I20260608 09:57:34.373337 23504 heartbeater.cc:499] Master 127.18.210.254:43247 was elected leader, sending a full tablet report...
I20260608 09:57:34.485481 23578 heartbeater.cc:499] Master 127.18.210.254:43247 was elected leader, sending a full tablet report...
I20260608 09:57:34.548959 23302 catalog_manager.cc:2282] Servicing CreateTable request from {username='slave'} at 127.0.0.1:40644:
name: "test-workload"
schema {
  columns {
    name: "key"
    type: INT32
    is_key: true
    is_nullable: false
    encoding: AUTO_ENCODING
    compression: DEFAULT_COMPRESSION
    cfile_block_size: 0
    immutable: false
  }
  columns {
    name: "int_val"
    type: INT32
    is_key: false
    is_nullable: false
    encoding: AUTO_ENCODING
    compression: DEFAULT_COMPRESSION
    cfile_block_size: 0
    immutable: false
  }
  columns {
    name: "string_val"
    type: STRING
    is_key: false
    is_nullable: true
    encoding: AUTO_ENCODING
    compression: DEFAULT_COMPRESSION
    cfile_block_size: 0
    immutable: false
  }
}
num_replicas: 3
split_rows_range_bounds {
}
partition_schema {
  range_schema {
    columns {
      name: "key"
    }
  }
}
W20260608 09:57:34.551523 23302 catalog_manager.cc:7076] The number of live tablet servers is not enough to re-replicate a tablet replica of the newly created table test-workload in case of a server failure: 4 tablet servers would be needed, 3 are available. Consider bringing up more tablet servers.
I20260608 09:57:34.599959 23394 tablet_service.cc:1511] Processing CreateTablet for tablet a6bb7fd2c4c541d2b23418db90d4e171 (DEFAULT_TABLE table=test-workload [id=0b0bd2a220ef45b7b8e69eabc95d46cc]), partition=RANGE (key) PARTITION UNBOUNDED
I20260608 09:57:34.601452 23394 data_dirs.cc:400] Could only allocate 1 dirs of requested 3 for tablet a6bb7fd2c4c541d2b23418db90d4e171. 1 dirs total, 0 dirs full, 0 dirs failed
I20260608 09:57:34.601497 23469 tablet_service.cc:1511] Processing CreateTablet for tablet a6bb7fd2c4c541d2b23418db90d4e171 (DEFAULT_TABLE table=test-workload [id=0b0bd2a220ef45b7b8e69eabc95d46cc]), partition=RANGE (key) PARTITION UNBOUNDED
I20260608 09:57:34.602813 23469 data_dirs.cc:400] Could only allocate 1 dirs of requested 3 for tablet a6bb7fd2c4c541d2b23418db90d4e171. 1 dirs total, 0 dirs full, 0 dirs failed
I20260608 09:57:34.605821 23543 tablet_service.cc:1511] Processing CreateTablet for tablet a6bb7fd2c4c541d2b23418db90d4e171 (DEFAULT_TABLE table=test-workload [id=0b0bd2a220ef45b7b8e69eabc95d46cc]), partition=RANGE (key) PARTITION UNBOUNDED
I20260608 09:57:34.607156 23543 data_dirs.cc:400] Could only allocate 1 dirs of requested 3 for tablet a6bb7fd2c4c541d2b23418db90d4e171. 1 dirs total, 0 dirs full, 0 dirs failed
I20260608 09:57:34.617336 23599 tablet_bootstrap.cc:492] T a6bb7fd2c4c541d2b23418db90d4e171 P d564a15a255245f8a4dc41fe1daa8ec9: Bootstrap starting.
I20260608 09:57:34.622925 23599 tablet_bootstrap.cc:654] T a6bb7fd2c4c541d2b23418db90d4e171 P d564a15a255245f8a4dc41fe1daa8ec9: Neither blocks nor log segments found. Creating new log.
I20260608 09:57:34.623732 23600 tablet_bootstrap.cc:492] T a6bb7fd2c4c541d2b23418db90d4e171 P c93c9aa994664a26ba76fa8c95add64d: Bootstrap starting.
I20260608 09:57:34.626881 23601 tablet_bootstrap.cc:492] T a6bb7fd2c4c541d2b23418db90d4e171 P 4e1f5d8d37b343eab698cf642ba45b76: Bootstrap starting.
I20260608 09:57:34.633174 23601 tablet_bootstrap.cc:654] T a6bb7fd2c4c541d2b23418db90d4e171 P 4e1f5d8d37b343eab698cf642ba45b76: Neither blocks nor log segments found. Creating new log.
I20260608 09:57:34.634485 23600 tablet_bootstrap.cc:654] T a6bb7fd2c4c541d2b23418db90d4e171 P c93c9aa994664a26ba76fa8c95add64d: Neither blocks nor log segments found. Creating new log.
I20260608 09:57:34.636193 23599 tablet_bootstrap.cc:492] T a6bb7fd2c4c541d2b23418db90d4e171 P d564a15a255245f8a4dc41fe1daa8ec9: No bootstrap required, opened a new log
I20260608 09:57:34.636763 23599 ts_tablet_manager.cc:1403] T a6bb7fd2c4c541d2b23418db90d4e171 P d564a15a255245f8a4dc41fe1daa8ec9: Time spent bootstrapping tablet: real 0.020s	user 0.010s	sys 0.005s
I20260608 09:57:34.638499 23601 tablet_bootstrap.cc:492] T a6bb7fd2c4c541d2b23418db90d4e171 P 4e1f5d8d37b343eab698cf642ba45b76: No bootstrap required, opened a new log
I20260608 09:57:34.638958 23601 ts_tablet_manager.cc:1403] T a6bb7fd2c4c541d2b23418db90d4e171 P 4e1f5d8d37b343eab698cf642ba45b76: Time spent bootstrapping tablet: real 0.012s	user 0.011s	sys 0.000s
I20260608 09:57:34.640235 23600 tablet_bootstrap.cc:492] T a6bb7fd2c4c541d2b23418db90d4e171 P c93c9aa994664a26ba76fa8c95add64d: No bootstrap required, opened a new log
I20260608 09:57:34.640115 23599 raft_consensus.cc:359] T a6bb7fd2c4c541d2b23418db90d4e171 P d564a15a255245f8a4dc41fe1daa8ec9 [term 0 FOLLOWER]: Replica starting. Triggering 0 pending ops. Active config: opid_index: -1 OBSOLETE_local: false peers { permanent_uuid: "d564a15a255245f8a4dc41fe1daa8ec9" member_type: VOTER last_known_addr { host: "127.18.210.194" port: 44455 } } peers { permanent_uuid: "c93c9aa994664a26ba76fa8c95add64d" member_type: VOTER last_known_addr { host: "127.18.210.193" port: 41111 } } peers { permanent_uuid: "4e1f5d8d37b343eab698cf642ba45b76" member_type: VOTER last_known_addr { host: "127.18.210.195" port: 45111 } }
I20260608 09:57:34.640946 23599 raft_consensus.cc:385] T a6bb7fd2c4c541d2b23418db90d4e171 P d564a15a255245f8a4dc41fe1daa8ec9 [term 0 FOLLOWER]: Consensus starting up: Expiring failure detector timer to make a prompt election more likely
I20260608 09:57:34.641254 23599 raft_consensus.cc:740] T a6bb7fd2c4c541d2b23418db90d4e171 P d564a15a255245f8a4dc41fe1daa8ec9 [term 0 FOLLOWER]: Becoming Follower/Learner. State: Replica: d564a15a255245f8a4dc41fe1daa8ec9, State: Initialized, Role: FOLLOWER
I20260608 09:57:34.640779 23600 ts_tablet_manager.cc:1403] T a6bb7fd2c4c541d2b23418db90d4e171 P c93c9aa994664a26ba76fa8c95add64d: Time spent bootstrapping tablet: real 0.017s	user 0.009s	sys 0.005s
I20260608 09:57:34.641703 23601 raft_consensus.cc:359] T a6bb7fd2c4c541d2b23418db90d4e171 P 4e1f5d8d37b343eab698cf642ba45b76 [term 0 FOLLOWER]: Replica starting. Triggering 0 pending ops. Active config: opid_index: -1 OBSOLETE_local: false peers { permanent_uuid: "d564a15a255245f8a4dc41fe1daa8ec9" member_type: VOTER last_known_addr { host: "127.18.210.194" port: 44455 } } peers { permanent_uuid: "c93c9aa994664a26ba76fa8c95add64d" member_type: VOTER last_known_addr { host: "127.18.210.193" port: 41111 } } peers { permanent_uuid: "4e1f5d8d37b343eab698cf642ba45b76" member_type: VOTER last_known_addr { host: "127.18.210.195" port: 45111 } }
I20260608 09:57:34.642562 23601 raft_consensus.cc:385] T a6bb7fd2c4c541d2b23418db90d4e171 P 4e1f5d8d37b343eab698cf642ba45b76 [term 0 FOLLOWER]: Consensus starting up: Expiring failure detector timer to make a prompt election more likely
I20260608 09:57:34.642050 23599 consensus_queue.cc:260] T a6bb7fd2c4c541d2b23418db90d4e171 P d564a15a255245f8a4dc41fe1daa8ec9 [NON_LEADER]: Queue going to NON_LEADER mode. State: All replicated index: 0, Majority replicated index: 0, Committed index: 0, Last appended: 0.0, Last appended by leader: 0, Current term: 0, Majority size: -1, State: 0, Mode: NON_LEADER, active raft config: opid_index: -1 OBSOLETE_local: false peers { permanent_uuid: "d564a15a255245f8a4dc41fe1daa8ec9" member_type: VOTER last_known_addr { host: "127.18.210.194" port: 44455 } } peers { permanent_uuid: "c93c9aa994664a26ba76fa8c95add64d" member_type: VOTER last_known_addr { host: "127.18.210.193" port: 41111 } } peers { permanent_uuid: "4e1f5d8d37b343eab698cf642ba45b76" member_type: VOTER last_known_addr { host: "127.18.210.195" port: 45111 } }
I20260608 09:57:34.642930 23601 raft_consensus.cc:740] T a6bb7fd2c4c541d2b23418db90d4e171 P 4e1f5d8d37b343eab698cf642ba45b76 [term 0 FOLLOWER]: Becoming Follower/Learner. State: Replica: 4e1f5d8d37b343eab698cf642ba45b76, State: Initialized, Role: FOLLOWER
