I20260608 09:48:44.528381 26825 ts_tablet_manager.cc:1403] T daf02e158924410fb7c4cefaf68bd5d1 P 93157aad83f247ea970f854e7b09efe7: Time spent bootstrapping tablet: real 0.127s	user 0.022s	sys 0.033s
I20260608 09:48:44.524281 26752 raft_consensus.cc:493] T e622cf43a8214495a528d79ed19242d2 P 754ae5d646544f78802dba3bf9530b48 [term 0 FOLLOWER]: Starting pre-election (no leader contacted us within the election timeout)
I20260608 09:48:44.542110 26822 tablet_bootstrap.cc:492] T 70865cb7ef81451dba1db2b28d03af50 P 3bfe044c5c9040cabb8d06a7594c2e73: No bootstrap required, opened a new log
I20260608 09:48:44.546981 26624 tablet_service.cc:1917] Received RequestConsensusVote() RPC: tablet_id: "daf02e158924410fb7c4cefaf68bd5d1" candidate_uuid: "3bfe044c5c9040cabb8d06a7594c2e73" candidate_term: 1 candidate_status { last_received { term: 0 index: 0 } } ignore_live_leader: false dest_uuid: "754ae5d646544f78802dba3bf9530b48" is_pre_election: true
I20260608 09:48:44.541841 26752 raft_consensus.cc:515] T e622cf43a8214495a528d79ed19242d2 P 754ae5d646544f78802dba3bf9530b48 [term 0 FOLLOWER]: Starting pre-election with config: opid_index: -1 OBSOLETE_local: false peers { permanent_uuid: "3bfe044c5c9040cabb8d06a7594c2e73" member_type: VOTER last_known_addr { host: "127.22.243.65" port: 38519 } } peers { permanent_uuid: "754ae5d646544f78802dba3bf9530b48" member_type: VOTER last_known_addr { host: "127.22.243.67" port: 39629 } } peers { permanent_uuid: "93157aad83f247ea970f854e7b09efe7" member_type: VOTER last_known_addr { host: "127.22.243.68" port: 35887 } }
I20260608 09:48:44.550432 26681 raft_consensus.cc:515] T 3d74822966f54f74af0e788522a7fd12 P 754ae5d646544f78802dba3bf9530b48 [term 1 FOLLOWER]: Starting leader election with config: opid_index: -1 OBSOLETE_local: false peers { permanent_uuid: "846d25596ece459ab8dcb8ebc0b62986" member_type: VOTER last_known_addr { host: "127.22.243.66" port: 44097 } } peers { permanent_uuid: "754ae5d646544f78802dba3bf9530b48" member_type: VOTER last_known_addr { host: "127.22.243.67" port: 39629 } } peers { permanent_uuid: "93157aad83f247ea970f854e7b09efe7" member_type: VOTER last_known_addr { host: "127.22.243.68" port: 35887 } }
I20260608 09:48:44.549516 26822 ts_tablet_manager.cc:1403] T 70865cb7ef81451dba1db2b28d03af50 P 3bfe044c5c9040cabb8d06a7594c2e73: Time spent bootstrapping tablet: real 0.112s	user 0.034s	sys 0.044s
I20260608 09:48:44.547473 26825 raft_consensus.cc:359] T daf02e158924410fb7c4cefaf68bd5d1 P 93157aad83f247ea970f854e7b09efe7 [term 0 FOLLOWER]: Replica starting. Triggering 0 pending ops. Active config: opid_index: -1 OBSOLETE_local: false peers { permanent_uuid: "93157aad83f247ea970f854e7b09efe7" member_type: VOTER last_known_addr { host: "127.22.243.68" port: 35887 } } peers { permanent_uuid: "754ae5d646544f78802dba3bf9530b48" member_type: VOTER last_known_addr { host: "127.22.243.67" port: 39629 } } peers { permanent_uuid: "3bfe044c5c9040cabb8d06a7594c2e73" member_type: VOTER last_known_addr { host: "127.22.243.65" port: 38519 } }
I20260608 09:48:44.558612 26825 raft_consensus.cc:385] T daf02e158924410fb7c4cefaf68bd5d1 P 93157aad83f247ea970f854e7b09efe7 [term 0 FOLLOWER]: Consensus starting up: Expiring failure detector timer to make a prompt election more likely
I20260608 09:48:44.559270 26825 raft_consensus.cc:740] T daf02e158924410fb7c4cefaf68bd5d1 P 93157aad83f247ea970f854e7b09efe7 [term 0 FOLLOWER]: Becoming Follower/Learner. State: Replica: 93157aad83f247ea970f854e7b09efe7, State: Initialized, Role: FOLLOWER
I20260608 09:48:44.565925 26825 consensus_queue.cc:260] T daf02e158924410fb7c4cefaf68bd5d1 P 93157aad83f247ea970f854e7b09efe7 [NON_LEADER]: Queue going to NON_LEADER mode. State: All replicated index: 0, Majority replicated index: 0, Committed index: 0, Last appended: 0.0, Last appended by leader: 0, Current term: 0, Majority size: -1, State: 0, Mode: NON_LEADER, active raft config: opid_index: -1 OBSOLETE_local: false peers { permanent_uuid: "93157aad83f247ea970f854e7b09efe7" member_type: VOTER last_known_addr { host: "127.22.243.68" port: 35887 } } peers { permanent_uuid: "754ae5d646544f78802dba3bf9530b48" member_type: VOTER last_known_addr { host: "127.22.243.67" port: 39629 } } peers { permanent_uuid: "3bfe044c5c9040cabb8d06a7594c2e73" member_type: VOTER last_known_addr { host: "127.22.243.65" port: 38519 } }
W20260608 09:48:44.561743 26515 leader_election.cc:343] T 8407fba7adb440e79eeb6bcb9cbc67d7 P 846d25596ece459ab8dcb8ebc0b62986 [CANDIDATE]: Term 1 pre-election: Tablet error from VoteRequest() call to peer 754ae5d646544f78802dba3bf9530b48 (127.22.243.67:39629): Illegal state: must be running to vote when last-logged opid is not known
I20260608 09:48:44.574756 26822 raft_consensus.cc:359] T 70865cb7ef81451dba1db2b28d03af50 P 3bfe044c5c9040cabb8d06a7594c2e73 [term 0 FOLLOWER]: Replica starting. Triggering 0 pending ops. Active config: opid_index: -1 OBSOLETE_local: false peers { permanent_uuid: "93157aad83f247ea970f854e7b09efe7" member_type: VOTER last_known_addr { host: "127.22.243.68" port: 35887 } } peers { permanent_uuid: "846d25596ece459ab8dcb8ebc0b62986" member_type: VOTER last_known_addr { host: "127.22.243.66" port: 44097 } } peers { permanent_uuid: "3bfe044c5c9040cabb8d06a7594c2e73" member_type: VOTER last_known_addr { host: "127.22.243.65" port: 38519 } }
I20260608 09:48:44.575639 26822 raft_consensus.cc:385] T 70865cb7ef81451dba1db2b28d03af50 P 3bfe044c5c9040cabb8d06a7594c2e73 [term 0 FOLLOWER]: Consensus starting up: Expiring failure detector timer to make a prompt election more likely
I20260608 09:48:44.577629 26822 raft_consensus.cc:740] T 70865cb7ef81451dba1db2b28d03af50 P 3bfe044c5c9040cabb8d06a7594c2e73 [term 0 FOLLOWER]: Becoming Follower/Learner. State: Replica: 3bfe044c5c9040cabb8d06a7594c2e73, State: Initialized, Role: FOLLOWER
I20260608 09:48:44.593345 26822 consensus_queue.cc:260] T 70865cb7ef81451dba1db2b28d03af50 P 3bfe044c5c9040cabb8d06a7594c2e73 [NON_LEADER]: Queue going to NON_LEADER mode. State: All replicated index: 0, Majority replicated index: 0, Committed index: 0, Last appended: 0.0, Last appended by leader: 0, Current term: 0, Majority size: -1, State: 0, Mode: NON_LEADER, active raft config: opid_index: -1 OBSOLETE_local: false peers { permanent_uuid: "93157aad83f247ea970f854e7b09efe7" member_type: VOTER last_known_addr { host: "127.22.243.68" port: 35887 } } peers { permanent_uuid: "846d25596ece459ab8dcb8ebc0b62986" member_type: VOTER last_known_addr { host: "127.22.243.66" port: 44097 } } peers { permanent_uuid: "3bfe044c5c9040cabb8d06a7594c2e73" member_type: VOTER last_known_addr { host: "127.22.243.65" port: 38519 } }
I20260608 09:48:44.569319 26476 tablet_service.cc:1917] Received RequestConsensusVote() RPC: tablet_id: "e622cf43a8214495a528d79ed19242d2" candidate_uuid: "754ae5d646544f78802dba3bf9530b48" candidate_term: 1 candidate_status { last_received { term: 0 index: 0 } } ignore_live_leader: false dest_uuid: "3bfe044c5c9040cabb8d06a7594c2e73" is_pre_election: true
I20260608 09:48:44.600306 26476 raft_consensus.cc:2468] T e622cf43a8214495a528d79ed19242d2 P 3bfe044c5c9040cabb8d06a7594c2e73 [term 0 FOLLOWER]: Leader pre-election vote request: Granting yes vote for candidate 754ae5d646544f78802dba3bf9530b48 in term 0.
I20260608 09:48:44.602492 26590 leader_election.cc:304] T e622cf43a8214495a528d79ed19242d2 P 754ae5d646544f78802dba3bf9530b48 [CANDIDATE]: Term 1 pre-election: Election decided. Result: candidate won. Election summary: received 2 responses out of 3 voters: 2 yes votes; 0 no votes. yes voters: 3bfe044c5c9040cabb8d06a7594c2e73, 754ae5d646544f78802dba3bf9530b48; no voters: 
I20260608 09:48:44.603482 26679 raft_consensus.cc:2804] T e622cf43a8214495a528d79ed19242d2 P 754ae5d646544f78802dba3bf9530b48 [term 0 FOLLOWER]: Leader pre-election won for term 1
I20260608 09:48:44.603873 26679 raft_consensus.cc:493] T e622cf43a8214495a528d79ed19242d2 P 754ae5d646544f78802dba3bf9530b48 [term 0 FOLLOWER]: Starting leader election (no leader contacted us within the election timeout)
I20260608 09:48:44.604205 26679 raft_consensus.cc:3060] T e622cf43a8214495a528d79ed19242d2 P 754ae5d646544f78802dba3bf9530b48 [term 0 FOLLOWER]: Advancing to term 1
I20260608 09:48:44.611683 26752 leader_election.cc:290] T e622cf43a8214495a528d79ed19242d2 P 754ae5d646544f78802dba3bf9530b48 [CANDIDATE]: Term 1 pre-election: Requested pre-vote from peers 3bfe044c5c9040cabb8d06a7594c2e73 (127.22.243.65:38519), 93157aad83f247ea970f854e7b09efe7 (127.22.243.68:35887)
I20260608 09:48:44.622189 26823 tablet_bootstrap.cc:492] T daf02e158924410fb7c4cefaf68bd5d1 P 754ae5d646544f78802dba3bf9530b48: No bootstrap required, opened a new log
I20260608 09:48:44.622833 26823 ts_tablet_manager.cc:1403] T daf02e158924410fb7c4cefaf68bd5d1 P 754ae5d646544f78802dba3bf9530b48: Time spent bootstrapping tablet: real 0.213s	user 0.023s	sys 0.027s
I20260608 09:48:44.623714 26822 ts_tablet_manager.cc:1434] T 70865cb7ef81451dba1db2b28d03af50 P 3bfe044c5c9040cabb8d06a7594c2e73: Time spent starting tablet: real 0.067s	user 0.008s	sys 0.001s
W20260608 09:48:44.606140 26440 leader_election.cc:343] T daf02e158924410fb7c4cefaf68bd5d1 P 3bfe044c5c9040cabb8d06a7594c2e73 [CANDIDATE]: Term 1 pre-election: Tablet error from VoteRequest() call to peer 754ae5d646544f78802dba3bf9530b48 (127.22.243.67:39629): Illegal state: must be running to vote when last-logged opid is not known
I20260608 09:48:44.652117 26681 leader_election.cc:290] T 3d74822966f54f74af0e788522a7fd12 P 754ae5d646544f78802dba3bf9530b48 [CANDIDATE]: Term 1 election: Requested vote from peers 846d25596ece459ab8dcb8ebc0b62986 (127.22.243.66:44097), 93157aad83f247ea970f854e7b09efe7 (127.22.243.68:35887)
I20260608 09:48:44.665885 26822 tablet_bootstrap.cc:492] T 0f6666b7610a44b38be90d440c431524 P 3bfe044c5c9040cabb8d06a7594c2e73: Bootstrap starting.
W20260608 09:48:44.667311 26440 outbound_call.cc:321] RPC callback for RPC call kudu.consensus.ConsensusService.RequestConsensusVote -> {remote=127.22.243.67:39629, user_credentials={real_user=slave}} blocked reactor thread for 74745.6us
I20260608 09:48:44.708544 26783 tablet_service.cc:1917] Received RequestConsensusVote() RPC: tablet_id: "8407fba7adb440e79eeb6bcb9cbc67d7" candidate_uuid: "846d25596ece459ab8dcb8ebc0b62986" candidate_term: 1 candidate_status { last_received { term: 0 index: 0 } } ignore_live_leader: false dest_uuid: "93157aad83f247ea970f854e7b09efe7" is_pre_election: true
I20260608 09:48:44.710608 26783 tablet_service.cc:1917] Received RequestConsensusVote() RPC: tablet_id: "76a18775127c44858cc663646371da10" candidate_uuid: "846d25596ece459ab8dcb8ebc0b62986" candidate_term: 1 candidate_status { last_received { term: 0 index: 0 } } ignore_live_leader: false dest_uuid: "93157aad83f247ea970f854e7b09efe7"
I20260608 09:48:44.719167 26552 tablet_service.cc:1917] Received RequestConsensusVote() RPC: tablet_id: "3d74822966f54f74af0e788522a7fd12" candidate_uuid: "754ae5d646544f78802dba3bf9530b48" candidate_term: 1 candidate_status { last_received { term: 0 index: 0 } } ignore_live_leader: false dest_uuid: "846d25596ece459ab8dcb8ebc0b62986"
I20260608 09:48:44.719851 26552 raft_consensus.cc:3060] T 3d74822966f54f74af0e788522a7fd12 P 846d25596ece459ab8dcb8ebc0b62986 [term 0 FOLLOWER]: Advancing to term 1
I20260608 09:48:44.721632 26820 tablet_bootstrap.cc:654] T 70865cb7ef81451dba1db2b28d03af50 P 846d25596ece459ab8dcb8ebc0b62986: Neither blocks nor log segments found. Creating new log.
I20260608 09:48:44.728001 26783 raft_consensus.cc:3060] T 76a18775127c44858cc663646371da10 P 93157aad83f247ea970f854e7b09efe7 [term 0 FOLLOWER]: Advancing to term 1
W20260608 09:48:44.729905 26515 leader_election.cc:343] T 8407fba7adb440e79eeb6bcb9cbc67d7 P 846d25596ece459ab8dcb8ebc0b62986 [CANDIDATE]: Term 1 pre-election: Tablet error from VoteRequest() call to peer 93157aad83f247ea970f854e7b09efe7 (127.22.243.68:35887): Illegal state: must be running to vote when last-logged opid is not known
I20260608 09:48:44.746590 26477 raft_consensus.cc:2468] T 76a18775127c44858cc663646371da10 P 3bfe044c5c9040cabb8d06a7594c2e73 [term 1 FOLLOWER]: Leader election vote request: Granting yes vote for candidate 846d25596ece459ab8dcb8ebc0b62986 in term 1.
I20260608 09:48:44.734458 26823 raft_consensus.cc:359] T daf02e158924410fb7c4cefaf68bd5d1 P 754ae5d646544f78802dba3bf9530b48 [term 0 FOLLOWER]: Replica starting. Triggering 0 pending ops. Active config: opid_index: -1 OBSOLETE_local: false peers { permanent_uuid: "93157aad83f247ea970f854e7b09efe7" member_type: VOTER last_known_addr { host: "127.22.243.68" port: 35887 } } peers { permanent_uuid: "754ae5d646544f78802dba3bf9530b48" member_type: VOTER last_known_addr { host: "127.22.243.67" port: 39629 } } peers { permanent_uuid: "3bfe044c5c9040cabb8d06a7594c2e73" member_type: VOTER last_known_addr { host: "127.22.243.65" port: 38519 } }
I20260608 09:48:44.749401 26823 raft_consensus.cc:385] T daf02e158924410fb7c4cefaf68bd5d1 P 754ae5d646544f78802dba3bf9530b48 [term 0 FOLLOWER]: Consensus starting up: Expiring failure detector timer to make a prompt election more likely
I20260608 09:48:44.753918 26823 raft_consensus.cc:740] T daf02e158924410fb7c4cefaf68bd5d1 P 754ae5d646544f78802dba3bf9530b48 [term 0 FOLLOWER]: Becoming Follower/Learner. State: Replica: 754ae5d646544f78802dba3bf9530b48, State: Initialized, Role: FOLLOWER
I20260608 09:48:44.754451 26679 raft_consensus.cc:515] T e622cf43a8214495a528d79ed19242d2 P 754ae5d646544f78802dba3bf9530b48 [term 1 FOLLOWER]: Starting leader election with config: opid_index: -1 OBSOLETE_local: false peers { permanent_uuid: "3bfe044c5c9040cabb8d06a7594c2e73" member_type: VOTER last_known_addr { host: "127.22.243.65" port: 38519 } } peers { permanent_uuid: "754ae5d646544f78802dba3bf9530b48" member_type: VOTER last_known_addr { host: "127.22.243.67" port: 39629 } } peers { permanent_uuid: "93157aad83f247ea970f854e7b09efe7" member_type: VOTER last_known_addr { host: "127.22.243.68" port: 35887 } }
I20260608 09:48:44.754801 26823 consensus_queue.cc:260] T daf02e158924410fb7c4cefaf68bd5d1 P 754ae5d646544f78802dba3bf9530b48 [NON_LEADER]: Queue going to NON_LEADER mode. State: All replicated index: 0, Majority replicated index: 0, Committed index: 0, Last appended: 0.0, Last appended by leader: 0, Current term: 0, Majority size: -1, State: 0, Mode: NON_LEADER, active raft config: opid_index: -1 OBSOLETE_local: false peers { permanent_uuid: "93157aad83f247ea970f854e7b09efe7" member_type: VOTER last_known_addr { host: "127.22.243.68" port: 35887 } } peers { permanent_uuid: "754ae5d646544f78802dba3bf9530b48" member_type: VOTER last_known_addr { host: "127.22.243.67" port: 39629 } } peers { permanent_uuid: "3bfe044c5c9040cabb8d06a7594c2e73" member_type: VOTER last_known_addr { host: "127.22.243.65" port: 38519 } }
I20260608 09:48:44.755369 26516 leader_election.cc:304] T 76a18775127c44858cc663646371da10 P 846d25596ece459ab8dcb8ebc0b62986 [CANDIDATE]: Term 1 election: Election decided. Result: candidate won. Election summary: received 2 responses out of 3 voters: 2 yes votes; 0 no votes. yes voters: 3bfe044c5c9040cabb8d06a7594c2e73, 846d25596ece459ab8dcb8ebc0b62986; no voters: 
I20260608 09:48:44.756659 26476 tablet_service.cc:1917] Received RequestConsensusVote() RPC: tablet_id: "2a6ba01c2ff740078502963fe3bbe765" candidate_uuid: "93157aad83f247ea970f854e7b09efe7" candidate_term: 1 candidate_status { last_received { term: 0 index: 0 } } ignore_live_leader: false dest_uuid: "3bfe044c5c9040cabb8d06a7594c2e73" is_pre_election: true
I20260608 09:48:44.757589 26823 ts_tablet_manager.cc:1434] T daf02e158924410fb7c4cefaf68bd5d1 P 754ae5d646544f78802dba3bf9530b48: Time spent starting tablet: real 0.134s	user 0.011s	sys 0.000s
I20260608 09:48:44.749313 26825 ts_tablet_manager.cc:1434] T daf02e158924410fb7c4cefaf68bd5d1 P 93157aad83f247ea970f854e7b09efe7: Time spent starting tablet: real 0.220s	user 0.005s	sys 0.006s
I20260608 09:48:44.757923 26477 tablet_service.cc:1917] Received RequestConsensusVote() RPC: tablet_id: "e622cf43a8214495a528d79ed19242d2" candidate_uuid: "754ae5d646544f78802dba3bf9530b48" candidate_term: 1 candidate_status { last_received { term: 0 index: 0 } } ignore_live_leader: false dest_uuid: "3bfe044c5c9040cabb8d06a7594c2e73"
I20260608 09:48:44.739428 26515 leader_election.cc:304] T 8407fba7adb440e79eeb6bcb9cbc67d7 P 846d25596ece459ab8dcb8ebc0b62986 [CANDIDATE]: Term 1 pre-election: Election decided. Result: candidate lost. Election summary: received 3 responses out of 3 voters: 1 yes votes; 2 no votes. yes voters: 846d25596ece459ab8dcb8ebc0b62986; no voters: 754ae5d646544f78802dba3bf9530b48, 93157aad83f247ea970f854e7b09efe7
I20260608 09:48:44.761142 26849 raft_consensus.cc:2804] T 76a18775127c44858cc663646371da10 P 846d25596ece459ab8dcb8ebc0b62986 [term 1 FOLLOWER]: Leader election won for term 1
I20260608 09:48:44.765558 26823 tablet_bootstrap.cc:492] T 8407fba7adb440e79eeb6bcb9cbc67d7 P 754ae5d646544f78802dba3bf9530b48: Bootstrap starting.
I20260608 09:48:44.766075 26849 raft_consensus.cc:697] T 76a18775127c44858cc663646371da10 P 846d25596ece459ab8dcb8ebc0b62986 [term 1 LEADER]: Becoming Leader. State: Replica: 846d25596ece459ab8dcb8ebc0b62986, State: Running, Role: LEADER
I20260608 09:48:44.767081 26849 consensus_queue.cc:237] T 76a18775127c44858cc663646371da10 P 846d25596ece459ab8dcb8ebc0b62986 [LEADER]: Queue going to LEADER mode. State: All replicated index: 0, Majority replicated index: 0, Committed index: 0, Last appended: 0.0, Last appended by leader: 0, Current term: 1, Majority size: 2, State: 0, Mode: LEADER, active raft config: opid_index: -1 OBSOLETE_local: false peers { permanent_uuid: "93157aad83f247ea970f854e7b09efe7" member_type: VOTER last_known_addr { host: "127.22.243.68" port: 35887 } } peers { permanent_uuid: "3bfe044c5c9040cabb8d06a7594c2e73" member_type: VOTER last_known_addr { host: "127.22.243.65" port: 38519 } } peers { permanent_uuid: "846d25596ece459ab8dcb8ebc0b62986" member_type: VOTER last_known_addr { host: "127.22.243.66" port: 44097 } }
I20260608 09:48:44.761620 26476 raft_consensus.cc:2468] T 2a6ba01c2ff740078502963fe3bbe765 P 3bfe044c5c9040cabb8d06a7594c2e73 [term 0 FOLLOWER]: Leader pre-election vote request: Granting yes vote for candidate 93157aad83f247ea970f854e7b09efe7 in term 0.
I20260608 09:48:44.764036 26477 raft_consensus.cc:3060] T e622cf43a8214495a528d79ed19242d2 P 3bfe044c5c9040cabb8d06a7594c2e73 [term 0 FOLLOWER]: Advancing to term 1
I20260608 09:48:44.773705 26739 leader_election.cc:304] T 2a6ba01c2ff740078502963fe3bbe765 P 93157aad83f247ea970f854e7b09efe7 [CANDIDATE]: Term 1 pre-election: Election decided. Result: candidate won. Election summary: received 2 responses out of 3 voters: 2 yes votes; 0 no votes. yes voters: 3bfe044c5c9040cabb8d06a7594c2e73, 93157aad83f247ea970f854e7b09efe7; no voters: 
I20260608 09:48:44.777313 26833 raft_consensus.cc:2804] T 2a6ba01c2ff740078502963fe3bbe765 P 93157aad83f247ea970f854e7b09efe7 [term 0 FOLLOWER]: Leader pre-election won for term 1
I20260608 09:48:44.777719 26833 raft_consensus.cc:493] T 2a6ba01c2ff740078502963fe3bbe765 P 93157aad83f247ea970f854e7b09efe7 [term 0 FOLLOWER]: Starting leader election (no leader contacted us within the election timeout)
I20260608 09:48:44.778087 26833 raft_consensus.cc:3060] T 2a6ba01c2ff740078502963fe3bbe765 P 93157aad83f247ea970f854e7b09efe7 [term 0 FOLLOWER]: Advancing to term 1
I20260608 09:48:44.771826 26697 raft_consensus.cc:2749] T 8407fba7adb440e79eeb6bcb9cbc67d7 P 846d25596ece459ab8dcb8ebc0b62986 [term 0 FOLLOWER]: Leader pre-election lost for term 1. Reason: could not achieve majority
I20260608 09:48:44.772210 26679 leader_election.cc:290] T e622cf43a8214495a528d79ed19242d2 P 754ae5d646544f78802dba3bf9530b48 [CANDIDATE]: Term 1 election: Requested vote from peers 3bfe044c5c9040cabb8d06a7594c2e73 (127.22.243.65:38519), 93157aad83f247ea970f854e7b09efe7 (127.22.243.68:35887)
I20260608 09:48:44.782635 26825 tablet_bootstrap.cc:492] T e622cf43a8214495a528d79ed19242d2 P 93157aad83f247ea970f854e7b09efe7: Bootstrap starting.
W20260608 09:48:44.780435 26515 outbound_call.cc:321] RPC callback for RPC call kudu.consensus.ConsensusService.RequestConsensusVote -> {remote=127.22.243.68:35887, user_credentials={real_user=slave}} blocked reactor thread for 51149.1us
I20260608 09:48:44.805145 26679 raft_consensus.cc:493] T daf02e158924410fb7c4cefaf68bd5d1 P 754ae5d646544f78802dba3bf9530b48 [term 0 FOLLOWER]: Starting pre-election (no leader contacted us within the election timeout)
I20260608 09:48:44.805675 26679 raft_consensus.cc:515] T daf02e158924410fb7c4cefaf68bd5d1 P 754ae5d646544f78802dba3bf9530b48 [term 0 FOLLOWER]: Starting pre-election with config: opid_index: -1 OBSOLETE_local: false peers { permanent_uuid: "93157aad83f247ea970f854e7b09efe7" member_type: VOTER last_known_addr { host: "127.22.243.68" port: 35887 } } peers { permanent_uuid: "754ae5d646544f78802dba3bf9530b48" member_type: VOTER last_known_addr { host: "127.22.243.67" port: 39629 } } peers { permanent_uuid: "3bfe044c5c9040cabb8d06a7594c2e73" member_type: VOTER last_known_addr { host: "127.22.243.65" port: 38519 } }
I20260608 09:48:44.806767 26833 raft_consensus.cc:515] T 2a6ba01c2ff740078502963fe3bbe765 P 93157aad83f247ea970f854e7b09efe7 [term 1 FOLLOWER]: Starting leader election with config: opid_index: -1 OBSOLETE_local: false peers { permanent_uuid: "93157aad83f247ea970f854e7b09efe7" member_type: VOTER last_known_addr { host: "127.22.243.68" port: 35887 } } peers { permanent_uuid: "846d25596ece459ab8dcb8ebc0b62986" member_type: VOTER last_known_addr { host: "127.22.243.66" port: 44097 } } peers { permanent_uuid: "3bfe044c5c9040cabb8d06a7594c2e73" member_type: VOTER last_known_addr { host: "127.22.243.65" port: 38519 } }
I20260608 09:48:44.807919 26783 raft_consensus.cc:2468] T 76a18775127c44858cc663646371da10 P 93157aad83f247ea970f854e7b09efe7 [term 1 FOLLOWER]: Leader election vote request: Granting yes vote for candidate 846d25596ece459ab8dcb8ebc0b62986 in term 1.
I20260608 09:48:44.814229 26781 tablet_service.cc:1917] Received RequestConsensusVote() RPC: tablet_id: "e622cf43a8214495a528d79ed19242d2" candidate_uuid: "754ae5d646544f78802dba3bf9530b48" candidate_term: 1 candidate_status { last_received { term: 0 index: 0 } } ignore_live_leader: false dest_uuid: "93157aad83f247ea970f854e7b09efe7" is_pre_election: true
I20260608 09:48:44.812498 26782 tablet_service.cc:1917] Received RequestConsensusVote() RPC: tablet_id: "3d74822966f54f74af0e788522a7fd12" candidate_uuid: "754ae5d646544f78802dba3bf9530b48" candidate_term: 1 candidate_status { last_received { term: 0 index: 0 } } ignore_live_leader: false dest_uuid: "93157aad83f247ea970f854e7b09efe7" is_pre_election: true
I20260608 09:48:44.819545 26476 tablet_service.cc:1917] Received RequestConsensusVote() RPC: tablet_id: "daf02e158924410fb7c4cefaf68bd5d1" candidate_uuid: "754ae5d646544f78802dba3bf9530b48" candidate_term: 1 candidate_status { last_received { term: 0 index: 0 } } ignore_live_leader: false dest_uuid: "3bfe044c5c9040cabb8d06a7594c2e73" is_pre_election: true
I20260608 09:48:44.820221 26551 tablet_service.cc:1917] Received RequestConsensusVote() RPC: tablet_id: "2a6ba01c2ff740078502963fe3bbe765" candidate_uuid: "93157aad83f247ea970f854e7b09efe7" candidate_term: 1 candidate_status { last_received { term: 0 index: 0 } } ignore_live_leader: false dest_uuid: "846d25596ece459ab8dcb8ebc0b62986" is_pre_election: true
I20260608 09:48:44.820247 26476 raft_consensus.cc:2468] T daf02e158924410fb7c4cefaf68bd5d1 P 3bfe044c5c9040cabb8d06a7594c2e73 [term 0 FOLLOWER]: Leader pre-election vote request: Granting yes vote for candidate 754ae5d646544f78802dba3bf9530b48 in term 0.
I20260608 09:48:44.820994 26551 raft_consensus.cc:2468] T 2a6ba01c2ff740078502963fe3bbe765 P 846d25596ece459ab8dcb8ebc0b62986 [term 0 FOLLOWER]: Leader pre-election vote request: Granting yes vote for candidate 93157aad83f247ea970f854e7b09efe7 in term 0.
I20260608 09:48:44.822225 26590 leader_election.cc:304] T daf02e158924410fb7c4cefaf68bd5d1 P 754ae5d646544f78802dba3bf9530b48 [CANDIDATE]: Term 1 pre-election: Election decided. Result: candidate won. Election summary: received 2 responses out of 3 voters: 2 yes votes; 0 no votes. yes voters: 3bfe044c5c9040cabb8d06a7594c2e73, 754ae5d646544f78802dba3bf9530b48; no voters: 
I20260608 09:48:44.823105 26681 raft_consensus.cc:2804] T daf02e158924410fb7c4cefaf68bd5d1 P 754ae5d646544f78802dba3bf9530b48 [term 0 FOLLOWER]: Leader pre-election won for term 1
I20260608 09:48:44.823436 26681 raft_consensus.cc:493] T daf02e158924410fb7c4cefaf68bd5d1 P 754ae5d646544f78802dba3bf9530b48 [term 0 FOLLOWER]: Starting leader election (no leader contacted us within the election timeout)
W20260608 09:48:44.824020 26589 leader_election.cc:343] T 3d74822966f54f74af0e788522a7fd12 P 754ae5d646544f78802dba3bf9530b48 [CANDIDATE]: Term 1 pre-election: Tablet error from VoteRequest() call to peer 93157aad83f247ea970f854e7b09efe7 (127.22.243.68:35887): Illegal state: must be running to vote when last-logged opid is not known
I20260608 09:48:44.824208 26681 raft_consensus.cc:3060] T daf02e158924410fb7c4cefaf68bd5d1 P 754ae5d646544f78802dba3bf9530b48 [term 0 FOLLOWER]: Advancing to term 1
W20260608 09:48:44.825122 26589 leader_election.cc:343] T e622cf43a8214495a528d79ed19242d2 P 754ae5d646544f78802dba3bf9530b48 [CANDIDATE]: Term 1 pre-election: Tablet error from VoteRequest() call to peer 93157aad83f247ea970f854e7b09efe7 (127.22.243.68:35887): Illegal state: must be running to vote when last-logged opid is not known
I20260608 09:48:44.825753 26551 tablet_service.cc:1917] Received RequestConsensusVote() RPC: tablet_id: "2a6ba01c2ff740078502963fe3bbe765" candidate_uuid: "93157aad83f247ea970f854e7b09efe7" candidate_term: 1 candidate_status { last_received { term: 0 index: 0 } } ignore_live_leader: false dest_uuid: "846d25596ece459ab8dcb8ebc0b62986"
I20260608 09:48:44.828665 26783 tablet_service.cc:1917] Received RequestConsensusVote() RPC: tablet_id: "3d74822966f54f74af0e788522a7fd12" candidate_uuid: "754ae5d646544f78802dba3bf9530b48" candidate_term: 1 candidate_status { last_received { term: 0 index: 0 } } ignore_live_leader: false dest_uuid: "93157aad83f247ea970f854e7b09efe7"
I20260608 09:48:44.819073 26679 leader_election.cc:290] T daf02e158924410fb7c4cefaf68bd5d1 P 754ae5d646544f78802dba3bf9530b48 [CANDIDATE]: Term 1 pre-election: Requested pre-vote from peers 93157aad83f247ea970f854e7b09efe7 (127.22.243.68:35887), 3bfe044c5c9040cabb8d06a7594c2e73 (127.22.243.65:38519)
W20260608 09:48:44.832446 26589 leader_election.cc:343] T 3d74822966f54f74af0e788522a7fd12 P 754ae5d646544f78802dba3bf9530b48 [CANDIDATE]: Term 1 election: Tablet error from VoteRequest() call to peer 93157aad83f247ea970f854e7b09efe7 (127.22.243.68:35887): Illegal state: must be running to vote when last-logged opid is not known
I20260608 09:48:44.833001 26782 tablet_service.cc:1917] Received RequestConsensusVote() RPC: tablet_id: "daf02e158924410fb7c4cefaf68bd5d1" candidate_uuid: "754ae5d646544f78802dba3bf9530b48" candidate_term: 1 candidate_status { last_received { term: 0 index: 0 } } ignore_live_leader: false dest_uuid: "93157aad83f247ea970f854e7b09efe7" is_pre_election: true
I20260608 09:48:44.834758 26782 raft_consensus.cc:2468] T daf02e158924410fb7c4cefaf68bd5d1 P 93157aad83f247ea970f854e7b09efe7 [term 0 FOLLOWER]: Leader pre-election vote request: Granting yes vote for candidate 754ae5d646544f78802dba3bf9530b48 in term 0.
I20260608 09:48:44.833577 26781 tablet_service.cc:1917] Received RequestConsensusVote() RPC: tablet_id: "e622cf43a8214495a528d79ed19242d2" candidate_uuid: "754ae5d646544f78802dba3bf9530b48" candidate_term: 1 candidate_status { last_received { term: 0 index: 0 } } ignore_live_leader: false dest_uuid: "93157aad83f247ea970f854e7b09efe7"
I20260608 09:48:44.833722 26477 raft_consensus.cc:2468] T e622cf43a8214495a528d79ed19242d2 P 3bfe044c5c9040cabb8d06a7594c2e73 [term 1 FOLLOWER]: Leader election vote request: Granting yes vote for candidate 754ae5d646544f78802dba3bf9530b48 in term 1.
I20260608 09:48:44.827543 26476 tablet_service.cc:1917] Received RequestConsensusVote() RPC: tablet_id: "2a6ba01c2ff740078502963fe3bbe765" candidate_uuid: "93157aad83f247ea970f854e7b09efe7" candidate_term: 1 candidate_status { last_received { term: 0 index: 0 } } ignore_live_leader: false dest_uuid: "3bfe044c5c9040cabb8d06a7594c2e73"
I20260608 09:48:44.836452 26476 raft_consensus.cc:3060] T 2a6ba01c2ff740078502963fe3bbe765 P 3bfe044c5c9040cabb8d06a7594c2e73 [term 0 FOLLOWER]: Advancing to term 1
W20260608 09:48:44.836905 26589 leader_election.cc:343] T e622cf43a8214495a528d79ed19242d2 P 754ae5d646544f78802dba3bf9530b48 [CANDIDATE]: Term 1 election: Tablet error from VoteRequest() call to peer 93157aad83f247ea970f854e7b09efe7 (127.22.243.68:35887): Illegal state: must be running to vote when last-logged opid is not known
I20260608 09:48:44.837910 26374 catalog_manager.cc:5696] T 76a18775127c44858cc663646371da10 P 846d25596ece459ab8dcb8ebc0b62986 reported cstate change: term changed from 0 to 1, leader changed from <none> to 846d25596ece459ab8dcb8ebc0b62986 (127.22.243.66). New cstate: current_term: 1 leader_uuid: "846d25596ece459ab8dcb8ebc0b62986" committed_config { opid_index: -1 OBSOLETE_local: false peers { permanent_uuid: "93157aad83f247ea970f854e7b09efe7" member_type: VOTER last_known_addr { host: "127.22.243.68" port: 35887 } health_report { overall_health: UNKNOWN } } peers { permanent_uuid: "3bfe044c5c9040cabb8d06a7594c2e73" member_type: VOTER last_known_addr { host: "127.22.243.65" port: 38519 } health_report { overall_health: UNKNOWN } } peers { permanent_uuid: "846d25596ece459ab8dcb8ebc0b62986" member_type: VOTER last_known_addr { host: "127.22.243.66" port: 44097 } health_report { overall_health: HEALTHY } } }
I20260608 09:48:44.834873 26681 raft_consensus.cc:515] T daf02e158924410fb7c4cefaf68bd5d1 P 754ae5d646544f78802dba3bf9530b48 [term 1 FOLLOWER]: Starting leader election with config: opid_index: -1 OBSOLETE_local: false peers { permanent_uuid: "93157aad83f247ea970f854e7b09efe7" member_type: VOTER last_known_addr { host: "127.22.243.68" port: 35887 } } peers { permanent_uuid: "754ae5d646544f78802dba3bf9530b48" member_type: VOTER last_known_addr { host: "127.22.243.67" port: 39629 } } peers { permanent_uuid: "3bfe044c5c9040cabb8d06a7594c2e73" member_type: VOTER last_known_addr { host: "127.22.243.65" port: 38519 } }
I20260608 09:48:44.839574 26781 tablet_service.cc:1917] Received RequestConsensusVote() RPC: tablet_id: "daf02e158924410fb7c4cefaf68bd5d1" candidate_uuid: "3bfe044c5c9040cabb8d06a7594c2e73" candidate_term: 1 candidate_status { last_received { term: 0 index: 0 } } ignore_live_leader: false dest_uuid: "93157aad83f247ea970f854e7b09efe7" is_pre_election: true
I20260608 09:48:44.840234 26781 raft_consensus.cc:2468] T daf02e158924410fb7c4cefaf68bd5d1 P 93157aad83f247ea970f854e7b09efe7 [term 0 FOLLOWER]: Leader pre-election vote request: Granting yes vote for candidate 3bfe044c5c9040cabb8d06a7594c2e73 in term 0.
I20260608 09:48:44.829756 26551 raft_consensus.cc:3060] T 2a6ba01c2ff740078502963fe3bbe765 P 846d25596ece459ab8dcb8ebc0b62986 [term 0 FOLLOWER]: Advancing to term 1
I20260608 09:48:44.841456 26440 leader_election.cc:304] T daf02e158924410fb7c4cefaf68bd5d1 P 3bfe044c5c9040cabb8d06a7594c2e73 [CANDIDATE]: Term 1 pre-election: Election decided. Result: candidate won. Election summary: received 3 responses out of 3 voters: 2 yes votes; 1 no votes. yes voters: 3bfe044c5c9040cabb8d06a7594c2e73, 93157aad83f247ea970f854e7b09efe7; no voters: 754ae5d646544f78802dba3bf9530b48
I20260608 09:48:44.843084 26681 leader_election.cc:290] T daf02e158924410fb7c4cefaf68bd5d1 P 754ae5d646544f78802dba3bf9530b48 [CANDIDATE]: Term 1 election: Requested vote from peers 93157aad83f247ea970f854e7b09efe7 (127.22.243.68:35887), 3bfe044c5c9040cabb8d06a7594c2e73 (127.22.243.65:38519)
I20260608 09:48:44.827054 26833 leader_election.cc:290] T 2a6ba01c2ff740078502963fe3bbe765 P 93157aad83f247ea970f854e7b09efe7 [CANDIDATE]: Term 1 election: Requested vote from peers 846d25596ece459ab8dcb8ebc0b62986 (127.22.243.66:44097), 3bfe044c5c9040cabb8d06a7594c2e73 (127.22.243.65:38519)
I20260608 09:48:44.843195 26475 tablet_service.cc:1917] Received RequestConsensusVote() RPC: tablet_id: "daf02e158924410fb7c4cefaf68bd5d1" candidate_uuid: "754ae5d646544f78802dba3bf9530b48" candidate_term: 1 candidate_status { last_received { term: 0 index: 0 } } ignore_live_leader: false dest_uuid: "3bfe044c5c9040cabb8d06a7594c2e73"
I20260608 09:48:44.848598 26590 leader_election.cc:304] T e622cf43a8214495a528d79ed19242d2 P 754ae5d646544f78802dba3bf9530b48 [CANDIDATE]: Term 1 election: Election decided. Result: candidate won. Election summary: received 3 responses out of 3 voters: 2 yes votes; 1 no votes. yes voters: 3bfe044c5c9040cabb8d06a7594c2e73, 754ae5d646544f78802dba3bf9530b48; no voters: 93157aad83f247ea970f854e7b09efe7
I20260608 09:48:44.849510 26681 raft_consensus.cc:2804] T e622cf43a8214495a528d79ed19242d2 P 754ae5d646544f78802dba3bf9530b48 [term 1 FOLLOWER]: Leader election won for term 1
I20260608 09:48:44.850104 26822 tablet_bootstrap.cc:654] T 0f6666b7610a44b38be90d440c431524 P 3bfe044c5c9040cabb8d06a7594c2e73: Neither blocks nor log segments found. Creating new log.
I20260608 09:48:44.850849 26681 raft_consensus.cc:697] T e622cf43a8214495a528d79ed19242d2 P 754ae5d646544f78802dba3bf9530b48 [term 1 LEADER]: Becoming Leader. State: Replica: 754ae5d646544f78802dba3bf9530b48, State: Running, Role: LEADER
I20260608 09:48:44.851408 26781 tablet_service.cc:1917] Received RequestConsensusVote() RPC: tablet_id: "daf02e158924410fb7c4cefaf68bd5d1" candidate_uuid: "754ae5d646544f78802dba3bf9530b48" candidate_term: 1 candidate_status { last_received { term: 0 index: 0 } } ignore_live_leader: false dest_uuid: "93157aad83f247ea970f854e7b09efe7"
I20260608 09:48:44.851987 26781 raft_consensus.cc:3060] T daf02e158924410fb7c4cefaf68bd5d1 P 93157aad83f247ea970f854e7b09efe7 [term 0 FOLLOWER]: Advancing to term 1
I20260608 09:48:44.851780 26681 consensus_queue.cc:237] T e622cf43a8214495a528d79ed19242d2 P 754ae5d646544f78802dba3bf9530b48 [LEADER]: Queue going to LEADER mode. State: All replicated index: 0, Majority replicated index: 0, Committed index: 0, Last appended: 0.0, Last appended by leader: 0, Current term: 1, Majority size: 2, State: 0, Mode: LEADER, active raft config: opid_index: -1 OBSOLETE_local: false peers { permanent_uuid: "3bfe044c5c9040cabb8d06a7594c2e73" member_type: VOTER last_known_addr { host: "127.22.243.65" port: 38519 } } peers { permanent_uuid: "754ae5d646544f78802dba3bf9530b48" member_type: VOTER last_known_addr { host: "127.22.243.67" port: 39629 } } peers { permanent_uuid: "93157aad83f247ea970f854e7b09efe7" member_type: VOTER last_known_addr { host: "127.22.243.68" port: 35887 } }
I20260608 09:48:44.855674 26856 raft_consensus.cc:2804] T daf02e158924410fb7c4cefaf68bd5d1 P 3bfe044c5c9040cabb8d06a7594c2e73 [term 0 FOLLOWER]: Leader pre-election won for term 1
I20260608 09:48:44.856282 26856 raft_consensus.cc:493] T daf02e158924410fb7c4cefaf68bd5d1 P 3bfe044c5c9040cabb8d06a7594c2e73 [term 0 FOLLOWER]: Starting leader election (no leader contacted us within the election timeout)
I20260608 09:48:44.856738 26856 raft_consensus.cc:3060] T daf02e158924410fb7c4cefaf68bd5d1 P 3bfe044c5c9040cabb8d06a7594c2e73 [term 0 FOLLOWER]: Advancing to term 1
I20260608 09:48:44.859320 26820 tablet_bootstrap.cc:492] T 70865cb7ef81451dba1db2b28d03af50 P 846d25596ece459ab8dcb8ebc0b62986: No bootstrap required, opened a new log
I20260608 09:48:44.860002 26820 ts_tablet_manager.cc:1403] T 70865cb7ef81451dba1db2b28d03af50 P 846d25596ece459ab8dcb8ebc0b62986: Time spent bootstrapping tablet: real 0.352s	user 0.012s	sys 0.013s
I20260608 09:48:44.847285 26552 raft_consensus.cc:2468] T 3d74822966f54f74af0e788522a7fd12 P 846d25596ece459ab8dcb8ebc0b62986 [term 1 FOLLOWER]: Leader election vote request: Granting yes vote for candidate 754ae5d646544f78802dba3bf9530b48 in term 1.
I20260608 09:48:44.866132 26592 leader_election.cc:304] T 3d74822966f54f74af0e788522a7fd12 P 754ae5d646544f78802dba3bf9530b48 [CANDIDATE]: Term 1 election: Election decided. Result: candidate won. Election summary: received 3 responses out of 3 voters: 2 yes votes; 1 no votes. yes voters: 754ae5d646544f78802dba3bf9530b48, 846d25596ece459ab8dcb8ebc0b62986; no voters: 93157aad83f247ea970f854e7b09efe7
W20260608 09:48:44.868907 26361 catalog_manager.cc:4809] Async tablet task AlterTable RPC for tablet 3d74822966f54f74af0e788522a7fd12 (table range_aware_rebalance_new_range [id=5fa8604d9cc948d580cd82db2cf4419f], current schema version=0) failed: Not found: failed to reset TS proxy: No leader found: Tablet 3d74822966f54f74af0e788522a7fd12 consensus state has no leader
I20260608 09:48:44.869513 26781 raft_consensus.cc:2468] T daf02e158924410fb7c4cefaf68bd5d1 P 93157aad83f247ea970f854e7b09efe7 [term 1 FOLLOWER]: Leader election vote request: Granting yes vote for candidate 754ae5d646544f78802dba3bf9530b48 in term 1.
I20260608 09:48:44.870913 26820 raft_consensus.cc:359] T 70865cb7ef81451dba1db2b28d03af50 P 846d25596ece459ab8dcb8ebc0b62986 [term 0 FOLLOWER]: Replica starting. Triggering 0 pending ops. Active config: opid_index: -1 OBSOLETE_local: false peers { permanent_uuid: "93157aad83f247ea970f854e7b09efe7" member_type: VOTER last_known_addr { host: "127.22.243.68" port: 35887 } } peers { permanent_uuid: "846d25596ece459ab8dcb8ebc0b62986" member_type: VOTER last_known_addr { host: "127.22.243.66" port: 44097 } } peers { permanent_uuid: "3bfe044c5c9040cabb8d06a7594c2e73" member_type: VOTER last_known_addr { host: "127.22.243.65" port: 38519 } }
I20260608 09:48:44.871749 26820 raft_consensus.cc:385] T 70865cb7ef81451dba1db2b28d03af50 P 846d25596ece459ab8dcb8ebc0b62986 [term 0 FOLLOWER]: Consensus starting up: Expiring failure detector timer to make a prompt election more likely
I20260608 09:48:44.871667 26589 leader_election.cc:304] T daf02e158924410fb7c4cefaf68bd5d1 P 754ae5d646544f78802dba3bf9530b48 [CANDIDATE]: Term 1 election: Election decided. Result: candidate won. Election summary: received 2 responses out of 3 voters: 2 yes votes; 0 no votes. yes voters: 754ae5d646544f78802dba3bf9530b48, 93157aad83f247ea970f854e7b09efe7; no voters: 
I20260608 09:48:44.872196 26820 raft_consensus.cc:740] T 70865cb7ef81451dba1db2b28d03af50 P 846d25596ece459ab8dcb8ebc0b62986 [term 0 FOLLOWER]: Becoming Follower/Learner. State: Replica: 846d25596ece459ab8dcb8ebc0b62986, State: Initialized, Role: FOLLOWER
I20260608 09:48:44.871101 26371 catalog_manager.cc:5696] T e622cf43a8214495a528d79ed19242d2 P 754ae5d646544f78802dba3bf9530b48 reported cstate change: term changed from 0 to 1, leader changed from <none> to 754ae5d646544f78802dba3bf9530b48 (127.22.243.67). New cstate: current_term: 1 leader_uuid: "754ae5d646544f78802dba3bf9530b48" committed_config { opid_index: -1 OBSOLETE_local: false peers { permanent_uuid: "3bfe044c5c9040cabb8d06a7594c2e73" member_type: VOTER last_known_addr { host: "127.22.243.65" port: 38519 } health_report { overall_health: UNKNOWN } } peers { permanent_uuid: "754ae5d646544f78802dba3bf9530b48" member_type: VOTER last_known_addr { host: "127.22.243.67" port: 39629 } health_report { overall_health: HEALTHY } } peers { permanent_uuid: "93157aad83f247ea970f854e7b09efe7" member_type: VOTER last_known_addr { host: "127.22.243.68" port: 35887 } health_report { overall_health: UNKNOWN } } }
I20260608 09:48:44.872812 26679 raft_consensus.cc:2804] T daf02e158924410fb7c4cefaf68bd5d1 P 754ae5d646544f78802dba3bf9530b48 [term 1 FOLLOWER]: Leader election won for term 1
I20260608 09:48:44.874219 26679 raft_consensus.cc:697] T daf02e158924410fb7c4cefaf68bd5d1 P 754ae5d646544f78802dba3bf9530b48 [term 1 LEADER]: Becoming Leader. State: Replica: 754ae5d646544f78802dba3bf9530b48, State: Running, Role: LEADER
I20260608 09:48:44.875239 26679 consensus_queue.cc:237] T daf02e158924410fb7c4cefaf68bd5d1 P 754ae5d646544f78802dba3bf9530b48 [LEADER]: Queue going to LEADER mode. State: All replicated index: 0, Majority replicated index: 0, Committed index: 0, Last appended: 0.0, Last appended by leader: 0, Current term: 1, Majority size: 2, State: 0, Mode: LEADER, active raft config: opid_index: -1 OBSOLETE_local: false peers { permanent_uuid: "93157aad83f247ea970f854e7b09efe7" member_type: VOTER last_known_addr { host: "127.22.243.68" port: 35887 } } peers { permanent_uuid: "754ae5d646544f78802dba3bf9530b48" member_type: VOTER last_known_addr { host: "127.22.243.67" port: 39629 } } peers { permanent_uuid: "3bfe044c5c9040cabb8d06a7594c2e73" member_type: VOTER last_known_addr { host: "127.22.243.65" port: 38519 } }
I20260608 09:48:44.876365 26476 raft_consensus.cc:2468] T 2a6ba01c2ff740078502963fe3bbe765 P 3bfe044c5c9040cabb8d06a7594c2e73 [term 1 FOLLOWER]: Leader election vote request: Granting yes vote for candidate 93157aad83f247ea970f854e7b09efe7 in term 1.
I20260608 09:48:44.873937 26681 raft_consensus.cc:2804] T 3d74822966f54f74af0e788522a7fd12 P 754ae5d646544f78802dba3bf9530b48 [term 1 FOLLOWER]: Leader election won for term 1
I20260608 09:48:44.881013 26681 raft_consensus.cc:697] T 3d74822966f54f74af0e788522a7fd12 P 754ae5d646544f78802dba3bf9530b48 [term 1 LEADER]: Becoming Leader. State: Replica: 754ae5d646544f78802dba3bf9530b48, State: Running, Role: LEADER
I20260608 09:48:44.881480 26739 leader_election.cc:304] T 2a6ba01c2ff740078502963fe3bbe765 P 93157aad83f247ea970f854e7b09efe7 [CANDIDATE]: Term 1 election: Election decided. Result: candidate won. Election summary: received 2 responses out of 3 voters: 2 yes votes; 0 no votes. yes voters: 3bfe044c5c9040cabb8d06a7594c2e73, 93157aad83f247ea970f854e7b09efe7; no voters: 
I20260608 09:48:44.881958 26681 consensus_queue.cc:237] T 3d74822966f54f74af0e788522a7fd12 P 754ae5d646544f78802dba3bf9530b48 [LEADER]: Queue going to LEADER mode. State: All replicated index: 0, Majority replicated index: 0, Committed index: 0, Last appended: 0.0, Last appended by leader: 0, Current term: 1, Majority size: 2, State: 0, Mode: LEADER, active raft config: opid_index: -1 OBSOLETE_local: false peers { permanent_uuid: "846d25596ece459ab8dcb8ebc0b62986" member_type: VOTER last_known_addr { host: "127.22.243.66" port: 44097 } } peers { permanent_uuid: "754ae5d646544f78802dba3bf9530b48" member_type: VOTER last_known_addr { host: "127.22.243.67" port: 39629 } } peers { permanent_uuid: "93157aad83f247ea970f854e7b09efe7" member_type: VOTER last_known_addr { host: "127.22.243.68" port: 35887 } }
I20260608 09:48:44.883425 26856 raft_consensus.cc:515] T daf02e158924410fb7c4cefaf68bd5d1 P 3bfe044c5c9040cabb8d06a7594c2e73 [term 1 FOLLOWER]: Starting leader election with config: opid_index: -1 OBSOLETE_local: false peers { permanent_uuid: "93157aad83f247ea970f854e7b09efe7" member_type: VOTER last_known_addr { host: "127.22.243.68" port: 35887 } } peers { permanent_uuid: "754ae5d646544f78802dba3bf9530b48" member_type: VOTER last_known_addr { host: "127.22.243.67" port: 39629 } } peers { permanent_uuid: "3bfe044c5c9040cabb8d06a7594c2e73" member_type: VOTER last_known_addr { host: "127.22.243.65" port: 38519 } }
I20260608 09:48:44.883864 26833 raft_consensus.cc:2804] T 2a6ba01c2ff740078502963fe3bbe765 P 93157aad83f247ea970f854e7b09efe7 [term 1 FOLLOWER]: Leader election won for term 1
I20260608 09:48:44.884824 26475 raft_consensus.cc:2393] T daf02e158924410fb7c4cefaf68bd5d1 P 3bfe044c5c9040cabb8d06a7594c2e73 [term 1 FOLLOWER]: Leader election vote request: Denying vote to candidate 754ae5d646544f78802dba3bf9530b48 in current term 1: Already voted for candidate 3bfe044c5c9040cabb8d06a7594c2e73 in this term.
I20260608 09:48:44.888163 26820 consensus_queue.cc:260] T 70865cb7ef81451dba1db2b28d03af50 P 846d25596ece459ab8dcb8ebc0b62986 [NON_LEADER]: Queue going to NON_LEADER mode. State: All replicated index: 0, Majority replicated index: 0, Committed index: 0, Last appended: 0.0, Last appended by leader: 0, Current term: 0, Majority size: -1, State: 0, Mode: NON_LEADER, active raft config: opid_index: -1 OBSOLETE_local: false peers { permanent_uuid: "93157aad83f247ea970f854e7b09efe7" member_type: VOTER last_known_addr { host: "127.22.243.68" port: 35887 } } peers { permanent_uuid: "846d25596ece459ab8dcb8ebc0b62986" member_type: VOTER last_known_addr { host: "127.22.243.66" port: 44097 } } peers { permanent_uuid: "3bfe044c5c9040cabb8d06a7594c2e73" member_type: VOTER last_known_addr { host: "127.22.243.65" port: 38519 } }
I20260608 09:48:44.891817 26820 ts_tablet_manager.cc:1434] T 70865cb7ef81451dba1db2b28d03af50 P 846d25596ece459ab8dcb8ebc0b62986: Time spent starting tablet: real 0.031s	user 0.009s	sys 0.000s
I20260608 09:48:44.893545 26825 tablet_bootstrap.cc:654] T e622cf43a8214495a528d79ed19242d2 P 93157aad83f247ea970f854e7b09efe7: Neither blocks nor log segments found. Creating new log.
I20260608 09:48:44.899437 26823 tablet_bootstrap.cc:654] T 8407fba7adb440e79eeb6bcb9cbc67d7 P 754ae5d646544f78802dba3bf9530b48: Neither blocks nor log segments found. Creating new log.
I20260608 09:48:44.902174 26781 tablet_service.cc:1917] Received RequestConsensusVote() RPC: tablet_id: "daf02e158924410fb7c4cefaf68bd5d1" candidate_uuid: "3bfe044c5c9040cabb8d06a7594c2e73" candidate_term: 1 candidate_status { last_received { term: 0 index: 0 } } ignore_live_leader: false dest_uuid: "93157aad83f247ea970f854e7b09efe7"
I20260608 09:48:44.903265 26781 raft_consensus.cc:2393] T daf02e158924410fb7c4cefaf68bd5d1 P 93157aad83f247ea970f854e7b09efe7 [term 1 FOLLOWER]: Leader election vote request: Denying vote to candidate 3bfe044c5c9040cabb8d06a7594c2e73 in current term 1: Already voted for candidate 754ae5d646544f78802dba3bf9530b48 in this term.
I20260608 09:48:44.906737 26822 tablet_bootstrap.cc:492] T 0f6666b7610a44b38be90d440c431524 P 3bfe044c5c9040cabb8d06a7594c2e73: No bootstrap required, opened a new log
I20260608 09:48:44.907370 26822 ts_tablet_manager.cc:1403] T 0f6666b7610a44b38be90d440c431524 P 3bfe044c5c9040cabb8d06a7594c2e73: Time spent bootstrapping tablet: real 0.242s	user 0.016s	sys 0.026s
I20260608 09:48:44.909305 26624 tablet_service.cc:1917] Received RequestConsensusVote() RPC: tablet_id: "daf02e158924410fb7c4cefaf68bd5d1" candidate_uuid: "3bfe044c5c9040cabb8d06a7594c2e73" candidate_term: 1 candidate_status { last_received { term: 0 index: 0 } } ignore_live_leader: false dest_uuid: "754ae5d646544f78802dba3bf9530b48"
I20260608 09:48:44.912084 26440 leader_election.cc:304] T daf02e158924410fb7c4cefaf68bd5d1 P 3bfe044c5c9040cabb8d06a7594c2e73 [CANDIDATE]: Term 1 election: Election decided. Result: candidate lost. Election summary: received 3 responses out of 3 voters: 1 yes votes; 2 no votes. yes voters: 3bfe044c5c9040cabb8d06a7594c2e73; no voters: 754ae5d646544f78802dba3bf9530b48, 93157aad83f247ea970f854e7b09efe7
I20260608 09:48:44.913451 26705 raft_consensus.cc:2749] T daf02e158924410fb7c4cefaf68bd5d1 P 3bfe044c5c9040cabb8d06a7594c2e73 [term 1 FOLLOWER]: Leader election lost for term 1. Reason: could not achieve majority
I20260608 09:48:44.908131 26856 leader_election.cc:290] T daf02e158924410fb7c4cefaf68bd5d1 P 3bfe044c5c9040cabb8d06a7594c2e73 [CANDIDATE]: Term 1 election: Requested vote from peers 93157aad83f247ea970f854e7b09efe7 (127.22.243.68:35887), 754ae5d646544f78802dba3bf9530b48 (127.22.243.67:39629)
I20260608 09:48:44.920220 26551 raft_consensus.cc:2468] T 2a6ba01c2ff740078502963fe3bbe765 P 846d25596ece459ab8dcb8ebc0b62986 [term 1 FOLLOWER]: Leader election vote request: Granting yes vote for candidate 93157aad83f247ea970f854e7b09efe7 in term 1.
I20260608 09:48:44.926277 26822 raft_consensus.cc:359] T 0f6666b7610a44b38be90d440c431524 P 3bfe044c5c9040cabb8d06a7594c2e73 [term 0 FOLLOWER]: Replica starting. Triggering 0 pending ops. Active config: opid_index: -1 OBSOLETE_local: false peers { permanent_uuid: "754ae5d646544f78802dba3bf9530b48" member_type: VOTER last_known_addr { host: "127.22.243.67" port: 39629 } } peers { permanent_uuid: "93157aad83f247ea970f854e7b09efe7" member_type: VOTER last_known_addr { host: "127.22.243.68" port: 35887 } } peers { permanent_uuid: "3bfe044c5c9040cabb8d06a7594c2e73" member_type: VOTER last_known_addr { host: "127.22.243.65" port: 38519 } }
I20260608 09:48:44.927212 26822 raft_consensus.cc:385] T 0f6666b7610a44b38be90d440c431524 P 3bfe044c5c9040cabb8d06a7594c2e73 [term 0 FOLLOWER]: Consensus starting up: Expiring failure detector timer to make a prompt election more likely
I20260608 09:48:44.927673 26822 raft_consensus.cc:740] T 0f6666b7610a44b38be90d440c431524 P 3bfe044c5c9040cabb8d06a7594c2e73 [term 0 FOLLOWER]: Becoming Follower/Learner. State: Replica: 3bfe044c5c9040cabb8d06a7594c2e73, State: Initialized, Role: FOLLOWER
I20260608 09:48:44.930258 26822 consensus_queue.cc:260] T 0f6666b7610a44b38be90d440c431524 P 3bfe044c5c9040cabb8d06a7594c2e73 [NON_LEADER]: Queue going to NON_LEADER mode. State: All replicated index: 0, Majority replicated index: 0, Committed index: 0, Last appended: 0.0, Last appended by leader: 0, Current term: 0, Majority size: -1, State: 0, Mode: NON_LEADER, active raft config: opid_index: -1 OBSOLETE_local: false peers { permanent_uuid: "754ae5d646544f78802dba3bf9530b48" member_type: VOTER last_known_addr { host: "127.22.243.67" port: 39629 } } peers { permanent_uuid: "93157aad83f247ea970f854e7b09efe7" member_type: VOTER last_known_addr { host: "127.22.243.68" port: 35887 } } peers { permanent_uuid: "3bfe044c5c9040cabb8d06a7594c2e73" member_type: VOTER last_known_addr { host: "127.22.243.65" port: 38519 } }
I20260608 09:48:44.927265 26833 raft_consensus.cc:697] T 2a6ba01c2ff740078502963fe3bbe765 P 93157aad83f247ea970f854e7b09efe7 [term 1 LEADER]: Becoming Leader. State: Replica: 93157aad83f247ea970f854e7b09efe7, State: Running, Role: LEADER
I20260608 09:48:44.934015 26822 ts_tablet_manager.cc:1434] T 0f6666b7610a44b38be90d440c431524 P 3bfe044c5c9040cabb8d06a7594c2e73: Time spent starting tablet: real 0.018s	user 0.005s	sys 0.004s
