I20260608 09:57:02.611920 10819 raft_consensus.cc:2468] T 139f010051174f2c8a29fdae28814fdb P 22f1b338a1f2430b865a4dae1a4e2978 [term 1 FOLLOWER]: Leader election vote request: Granting yes vote for candidate f031a9905ddb48a9ad7bc9eea394c6ff in term 1.
I20260608 09:57:02.617489 10641 catalog_manager.cc:5696] T 139f010051174f2c8a29fdae28814fdb P f031a9905ddb48a9ad7bc9eea394c6ff reported cstate change: term changed from 0 to 1, leader changed from <none> to f031a9905ddb48a9ad7bc9eea394c6ff (127.7.243.3). New cstate: current_term: 1 leader_uuid: "f031a9905ddb48a9ad7bc9eea394c6ff" committed_config { opid_index: -1 OBSOLETE_local: false peers { permanent_uuid: "7899dcd4698a4ebfaefe1bbaeba9a4e2" member_type: VOTER last_known_addr { host: "127.7.243.1" port: 38135 } health_report { overall_health: UNKNOWN } } peers { permanent_uuid: "22f1b338a1f2430b865a4dae1a4e2978" member_type: VOTER last_known_addr { host: "127.7.243.2" port: 36943 } health_report { overall_health: UNKNOWN } } peers { permanent_uuid: "f031a9905ddb48a9ad7bc9eea394c6ff" member_type: VOTER last_known_addr { host: "127.7.243.3" port: 33643 } health_report { overall_health: HEALTHY } } }
I20260608 09:57:02.738835  8140 tablet_server.cc:179] TabletServer@127.7.243.1:0 shutting down...
I20260608 09:57:02.762243  8140 ts_tablet_manager.cc:1507] Shutting down tablet manager...
I20260608 09:57:02.762971  8140 tablet_replica.cc:333] T 139f010051174f2c8a29fdae28814fdb P 7899dcd4698a4ebfaefe1bbaeba9a4e2: stopping tablet replica
I20260608 09:57:02.763589  8140 raft_consensus.cc:2243] T 139f010051174f2c8a29fdae28814fdb P 7899dcd4698a4ebfaefe1bbaeba9a4e2 [term 1 FOLLOWER]: Raft consensus shutting down.
I20260608 09:57:02.764003  8140 raft_consensus.cc:2272] T 139f010051174f2c8a29fdae28814fdb P 7899dcd4698a4ebfaefe1bbaeba9a4e2 [term 1 FOLLOWER]: Raft consensus is shut down!
I20260608 09:57:02.766178  8140 tablet_replica.cc:333] T 6ca3713def0643be8bd10bdc90e5aae3 P 7899dcd4698a4ebfaefe1bbaeba9a4e2: stopping tablet replica
I20260608 09:57:02.766883  8140 raft_consensus.cc:2243] T 6ca3713def0643be8bd10bdc90e5aae3 P 7899dcd4698a4ebfaefe1bbaeba9a4e2 [term 1 FOLLOWER]: Raft consensus shutting down.
I20260608 09:57:02.767350  8140 raft_consensus.cc:2272] T 6ca3713def0643be8bd10bdc90e5aae3 P 7899dcd4698a4ebfaefe1bbaeba9a4e2 [term 1 FOLLOWER]: Raft consensus is shut down!
I20260608 09:57:02.768652 10943 consensus_queue.cc:1048] T 6f69927a766c456dbef657d4b2986974 P 22f1b338a1f2430b865a4dae1a4e2978 [LEADER]: Connected to new peer: Peer: permanent_uuid: "f031a9905ddb48a9ad7bc9eea394c6ff" member_type: VOTER last_known_addr { host: "127.7.243.3" port: 33643 }, Status: LMP_MISMATCH, Last received: 0.0, Next index: 1, Last known committed idx: 0, Time since last communication: 0.000s
I20260608 09:57:02.769603  8140 tablet_replica.cc:333] T 8542652b9573443bbb03658c6aca769f P 7899dcd4698a4ebfaefe1bbaeba9a4e2: stopping tablet replica
I20260608 09:57:02.770403  8140 raft_consensus.cc:2243] T 8542652b9573443bbb03658c6aca769f P 7899dcd4698a4ebfaefe1bbaeba9a4e2 [term 1 FOLLOWER]: Raft consensus shutting down.
I20260608 09:57:02.770907  8140 raft_consensus.cc:2272] T 8542652b9573443bbb03658c6aca769f P 7899dcd4698a4ebfaefe1bbaeba9a4e2 [term 1 FOLLOWER]: Raft consensus is shut down!
I20260608 09:57:02.773187  8140 tablet_replica.cc:333] T 6f69927a766c456dbef657d4b2986974 P 7899dcd4698a4ebfaefe1bbaeba9a4e2: stopping tablet replica
I20260608 09:57:02.773880  8140 raft_consensus.cc:2243] T 6f69927a766c456dbef657d4b2986974 P 7899dcd4698a4ebfaefe1bbaeba9a4e2 [term 1 FOLLOWER]: Raft consensus shutting down.
I20260608 09:57:02.774274  8140 raft_consensus.cc:2272] T 6f69927a766c456dbef657d4b2986974 P 7899dcd4698a4ebfaefe1bbaeba9a4e2 [term 1 FOLLOWER]: Raft consensus is shut down!
I20260608 09:57:02.791498  8140 tablet_server.cc:196] TabletServer@127.7.243.1:0 shutdown complete.
W20260608 09:57:02.793810 10782 proxy.cc:239] Call had error, refreshing address and retrying: Network error: Client connection negotiation failed: client connection to 127.7.243.1:38135: connect: Connection refused (error 111) [suppressed 11 similar messages]
I20260608 09:57:02.811630  8140 tablet_server.cc:179] TabletServer@127.7.243.2:0 shutting down...
W20260608 09:57:02.812079 10782 consensus_peers.cc:597] T 6f69927a766c456dbef657d4b2986974 P 22f1b338a1f2430b865a4dae1a4e2978 -> Peer 7899dcd4698a4ebfaefe1bbaeba9a4e2 (127.7.243.1:38135): Couldn't send request to peer 7899dcd4698a4ebfaefe1bbaeba9a4e2. Status: Network error: Client connection negotiation failed: client connection to 127.7.243.1:38135: connect: Connection refused (error 111). This is attempt 1: this message will repeat every 5th retry.
W20260608 09:57:02.834841 10856 consensus_peers.cc:597] T 6ca3713def0643be8bd10bdc90e5aae3 P f031a9905ddb48a9ad7bc9eea394c6ff -> Peer 7899dcd4698a4ebfaefe1bbaeba9a4e2 (127.7.243.1:38135): Couldn't send request to peer 7899dcd4698a4ebfaefe1bbaeba9a4e2. Status: Network error: Client connection negotiation failed: client connection to 127.7.243.1:38135: connect: Connection refused (error 111). This is attempt 1: this message will repeat every 5th retry.
I20260608 09:57:02.844776  8140 ts_tablet_manager.cc:1507] Shutting down tablet manager...
I20260608 09:57:02.845443  8140 tablet_replica.cc:333] T 6ca3713def0643be8bd10bdc90e5aae3 P 22f1b338a1f2430b865a4dae1a4e2978: stopping tablet replica
I20260608 09:57:02.846019  8140 raft_consensus.cc:2243] T 6ca3713def0643be8bd10bdc90e5aae3 P 22f1b338a1f2430b865a4dae1a4e2978 [term 1 FOLLOWER]: Raft consensus shutting down.
I20260608 09:57:02.846426  8140 raft_consensus.cc:2272] T 6ca3713def0643be8bd10bdc90e5aae3 P 22f1b338a1f2430b865a4dae1a4e2978 [term 1 FOLLOWER]: Raft consensus is shut down!
I20260608 09:57:02.848201  8140 tablet_replica.cc:333] T 139f010051174f2c8a29fdae28814fdb P 22f1b338a1f2430b865a4dae1a4e2978: stopping tablet replica
I20260608 09:57:02.848762  8140 raft_consensus.cc:2243] T 139f010051174f2c8a29fdae28814fdb P 22f1b338a1f2430b865a4dae1a4e2978 [term 1 FOLLOWER]: Raft consensus shutting down.
I20260608 09:57:02.849146  8140 raft_consensus.cc:2272] T 139f010051174f2c8a29fdae28814fdb P 22f1b338a1f2430b865a4dae1a4e2978 [term 1 FOLLOWER]: Raft consensus is shut down!
I20260608 09:57:02.850842  8140 tablet_replica.cc:333] T 6f69927a766c456dbef657d4b2986974 P 22f1b338a1f2430b865a4dae1a4e2978: stopping tablet replica
I20260608 09:57:02.851325  8140 raft_consensus.cc:2243] T 6f69927a766c456dbef657d4b2986974 P 22f1b338a1f2430b865a4dae1a4e2978 [term 1 LEADER]: Raft consensus shutting down.
I20260608 09:57:02.852085  8140 raft_consensus.cc:2272] T 6f69927a766c456dbef657d4b2986974 P 22f1b338a1f2430b865a4dae1a4e2978 [term 1 FOLLOWER]: Raft consensus is shut down!
I20260608 09:57:02.854348  8140 tablet_replica.cc:333] T 8542652b9573443bbb03658c6aca769f P 22f1b338a1f2430b865a4dae1a4e2978: stopping tablet replica
I20260608 09:57:02.854897  8140 raft_consensus.cc:2243] T 8542652b9573443bbb03658c6aca769f P 22f1b338a1f2430b865a4dae1a4e2978 [term 1 LEADER]: Raft consensus shutting down.
I20260608 09:57:02.855468  8140 pending_rounds.cc:70] T 8542652b9573443bbb03658c6aca769f P 22f1b338a1f2430b865a4dae1a4e2978: Trying to abort 1 pending ops.
I20260608 09:57:02.855674  8140 pending_rounds.cc:77] T 8542652b9573443bbb03658c6aca769f P 22f1b338a1f2430b865a4dae1a4e2978: Aborting op as it isn't in flight: id { term: 1 index: 1 } timestamp: 7294618101536935936 op_type: NO_OP noop_request { }
I20260608 09:57:02.855983  8140 raft_consensus.cc:2889] T 8542652b9573443bbb03658c6aca769f P 22f1b338a1f2430b865a4dae1a4e2978 [term 1 LEADER]: NO_OP replication failed: Aborted: Op aborted
I20260608 09:57:02.856297  8140 raft_consensus.cc:2272] T 8542652b9573443bbb03658c6aca769f P 22f1b338a1f2430b865a4dae1a4e2978 [term 1 FOLLOWER]: Raft consensus is shut down!
I20260608 09:57:02.864444 10695 auto_leader_rebalancer.cc:140] leader rebalance for table range_aware_auto_rebalancer_test
W20260608 09:57:02.872056 10695 auto_leader_rebalancer.cc:460] the master instance isn't leader: Network error: Client connection negotiation failed: client connection to 127.7.243.2:36943: connect: Connection refused (error 111)
I20260608 09:57:02.886055  8140 tablet_server.cc:196] TabletServer@127.7.243.2:0 shutdown complete.
W20260608 09:57:02.892287 10858 consensus_peers.cc:597] T 6ca3713def0643be8bd10bdc90e5aae3 P f031a9905ddb48a9ad7bc9eea394c6ff -> Peer 22f1b338a1f2430b865a4dae1a4e2978 (127.7.243.2:36943): Couldn't send request to peer 22f1b338a1f2430b865a4dae1a4e2978. Status: Network error: Client connection negotiation failed: client connection to 127.7.243.2:36943: connect: Connection refused (error 111). This is attempt 1: this message will repeat every 5th retry.
I20260608 09:57:02.899547  8140 tablet_server.cc:179] TabletServer@127.7.243.3:0 shutting down...
I20260608 09:57:02.924790  8140 ts_tablet_manager.cc:1507] Shutting down tablet manager...
I20260608 09:57:02.925450  8140 tablet_replica.cc:333] T 139f010051174f2c8a29fdae28814fdb P f031a9905ddb48a9ad7bc9eea394c6ff: stopping tablet replica
I20260608 09:57:02.926019  8140 raft_consensus.cc:2243] T 139f010051174f2c8a29fdae28814fdb P f031a9905ddb48a9ad7bc9eea394c6ff [term 1 LEADER]: Raft consensus shutting down.
I20260608 09:57:02.926623  8140 pending_rounds.cc:70] T 139f010051174f2c8a29fdae28814fdb P f031a9905ddb48a9ad7bc9eea394c6ff: Trying to abort 1 pending ops.
I20260608 09:57:02.926867  8140 pending_rounds.cc:77] T 139f010051174f2c8a29fdae28814fdb P f031a9905ddb48a9ad7bc9eea394c6ff: Aborting op as it isn't in flight: id { term: 1 index: 1 } timestamp: 7294618102213505024 op_type: NO_OP noop_request { }
I20260608 09:57:02.927170  8140 raft_consensus.cc:2889] T 139f010051174f2c8a29fdae28814fdb P f031a9905ddb48a9ad7bc9eea394c6ff [term 1 LEADER]: NO_OP replication failed: Aborted: Op aborted
I20260608 09:57:02.927464  8140 raft_consensus.cc:2272] T 139f010051174f2c8a29fdae28814fdb P f031a9905ddb48a9ad7bc9eea394c6ff [term 1 FOLLOWER]: Raft consensus is shut down!
I20260608 09:57:02.929853  8140 tablet_replica.cc:333] T 6ca3713def0643be8bd10bdc90e5aae3 P f031a9905ddb48a9ad7bc9eea394c6ff: stopping tablet replica
I20260608 09:57:02.930387  8140 raft_consensus.cc:2243] T 6ca3713def0643be8bd10bdc90e5aae3 P f031a9905ddb48a9ad7bc9eea394c6ff [term 1 LEADER]: Raft consensus shutting down.
I20260608 09:57:02.931161  8140 pending_rounds.cc:70] T 6ca3713def0643be8bd10bdc90e5aae3 P f031a9905ddb48a9ad7bc9eea394c6ff: Trying to abort 1 pending ops.
I20260608 09:57:02.931411  8140 pending_rounds.cc:77] T 6ca3713def0643be8bd10bdc90e5aae3 P f031a9905ddb48a9ad7bc9eea394c6ff: Aborting op as it isn't in flight: id { term: 1 index: 1 } timestamp: 7294618101464756224 op_type: NO_OP noop_request { }
I20260608 09:57:02.931684  8140 raft_consensus.cc:2889] T 6ca3713def0643be8bd10bdc90e5aae3 P f031a9905ddb48a9ad7bc9eea394c6ff [term 1 LEADER]: NO_OP replication failed: Aborted: Op aborted
I20260608 09:57:02.931995  8140 raft_consensus.cc:2272] T 6ca3713def0643be8bd10bdc90e5aae3 P f031a9905ddb48a9ad7bc9eea394c6ff [term 1 FOLLOWER]: Raft consensus is shut down!
I20260608 09:57:02.934063  8140 tablet_replica.cc:333] T 6f69927a766c456dbef657d4b2986974 P f031a9905ddb48a9ad7bc9eea394c6ff: stopping tablet replica
I20260608 09:57:02.934572  8140 raft_consensus.cc:2243] T 6f69927a766c456dbef657d4b2986974 P f031a9905ddb48a9ad7bc9eea394c6ff [term 1 FOLLOWER]: Raft consensus shutting down.
I20260608 09:57:02.935026  8140 raft_consensus.cc:2272] T 6f69927a766c456dbef657d4b2986974 P f031a9905ddb48a9ad7bc9eea394c6ff [term 1 FOLLOWER]: Raft consensus is shut down!
I20260608 09:57:02.937036  8140 tablet_replica.cc:333] T 8542652b9573443bbb03658c6aca769f P f031a9905ddb48a9ad7bc9eea394c6ff: stopping tablet replica
I20260608 09:57:02.937502  8140 raft_consensus.cc:2243] T 8542652b9573443bbb03658c6aca769f P f031a9905ddb48a9ad7bc9eea394c6ff [term 1 FOLLOWER]: Raft consensus shutting down.
I20260608 09:57:02.937868  8140 raft_consensus.cc:2272] T 8542652b9573443bbb03658c6aca769f P f031a9905ddb48a9ad7bc9eea394c6ff [term 1 FOLLOWER]: Raft consensus is shut down!
W20260608 09:57:03.948570  8140 thread.cc:527] Waited for 1000ms trying to join with diag-logger (tid 10914)
I20260608 09:57:04.873081 10695 auto_leader_rebalancer.cc:140] leader rebalance for table range_aware_auto_rebalancer_test
W20260608 09:57:04.880702 10695 auto_leader_rebalancer.cc:460] the master instance isn't leader: Network error: Client connection negotiation failed: client connection to 127.7.243.2:36943: connect: Connection refused (error 111)
W20260608 09:57:04.949149  8140 thread.cc:527] Waited for 2000ms trying to join with diag-logger (tid 10914)
I20260608 09:57:05.084827  8140 tablet_server.cc:196] TabletServer@127.7.243.3:0 shutdown complete.
I20260608 09:57:05.097087  8140 master.cc:562] Master@127.7.243.62:33905 shutting down...
I20260608 09:57:05.113029  8140 raft_consensus.cc:2243] T 00000000000000000000000000000000 P fa6bf0297cab4885a129438a384f175e [term 1 LEADER]: Raft consensus shutting down.
I20260608 09:57:05.113659  8140 raft_consensus.cc:2272] T 00000000000000000000000000000000 P fa6bf0297cab4885a129438a384f175e [term 1 FOLLOWER]: Raft consensus is shut down!
I20260608 09:57:05.113981  8140 tablet_replica.cc:333] T 00000000000000000000000000000000 P fa6bf0297cab4885a129438a384f175e: stopping tablet replica
I20260608 09:57:05.131402  8140 master.cc:584] Master@127.7.243.62:33905 shutdown complete.
[       OK ] AutoRebalancerTest.RangeAwareBuildClusterInfoGroupsByRange (4448 ms)
[ RUN      ] AutoRebalancerTest.RangeAwareRebalancesNewRangeReplicas
I20260608 09:57:05.166054  8140 internal_mini_cluster.cc:156] Creating distributed mini masters. Addrs: 127.7.243.62:38657
I20260608 09:57:05.167279  8140 file_cache.cc:492] Constructed file cache file cache with capacity 419430
W20260608 09:57:05.172212 10975 instance_detector.cc:116] could not retrieve AWS instance metadata: Network error: curl error: HTTP response code said error: The requested URL returned error: 404
W20260608 09:57:05.172878 10976 instance_detector.cc:116] could not retrieve Azure instance metadata: Network error: curl error: HTTP response code said error: The requested URL returned error: 404
W20260608 09:57:05.176005 10978 instance_detector.cc:116] could not retrieve OpenStack instance metadata: Network error: curl error: HTTP response code said error: The requested URL returned error: 404
I20260608 09:57:05.178263  8140 server_base.cc:1061] running on GCE node
I20260608 09:57:05.179320  8140 hybrid_clock.cc:584] initializing the hybrid clock with 'system_unsync' time source
W20260608 09:57:05.179589  8140 system_unsync_time.cc:38] NTP support is disabled. Clock error bounds will not be accurate. This configuration is not suitable for distributed clusters.
I20260608 09:57:05.179804  8140 hybrid_clock.cc:648] HybridClock initialized: now 1780912625179790 us; error 0 us; skew 500 ppm
I20260608 09:57:05.180563  8140 server_base.cc:861] Flag tcmalloc_max_total_thread_cache_bytes is not working since tcmalloc is not enabled.
I20260608 09:57:05.183374  8140 webserver.cc:533] Webserver started at http://127.7.243.62:39287/ using document root <none> and password file <none>
I20260608 09:57:05.183873  8140 fs_manager.cc:362] Metadata directory not provided
I20260608 09:57:05.184083  8140 fs_manager.cc:368] Using write-ahead log directory (fs_wal_dir) as metadata directory
I20260608 09:57:05.184362  8140 server_base.cc:909] This appears to be a new deployment of Kudu; creating new FS layout
I20260608 09:57:05.185446  8140 fs_manager.cc:1068] Generated new instance metadata in path /tmp/dist-test-taskoZFVxU/test-tmp/auto_rebalancer-test.0.AutoRebalancerTest.RangeAwareRebalancesNewRangeReplicas.1780912549615586-8140-0/minicluster-data/master-0-root/instance:
uuid: "b559ab77a5de419d90ecc44bda03ed56"
format_stamp: "Formatted at 2026-06-08 09:57:05 on dist-test-slave-22ml"
I20260608 09:57:05.190156  8140 fs_manager.cc:696] Time spent creating directory manager: real 0.004s	user 0.005s	sys 0.001s
I20260608 09:57:05.193718 10983 log_block_manager.cc:4031] Time spent loading block containers with low live blocks: real 0.000s	user 0.000s	sys 0.000s
I20260608 09:57:05.194455  8140 fs_manager.cc:730] Time spent opening block manager: real 0.002s	user 0.002s	sys 0.000s
I20260608 09:57:05.194736  8140 fs_manager.cc:647] Opened local filesystem: /tmp/dist-test-taskoZFVxU/test-tmp/auto_rebalancer-test.0.AutoRebalancerTest.RangeAwareRebalancesNewRangeReplicas.1780912549615586-8140-0/minicluster-data/master-0-root
uuid: "b559ab77a5de419d90ecc44bda03ed56"
format_stamp: "Formatted at 2026-06-08 09:57:05 on dist-test-slave-22ml"
I20260608 09:57:05.195055  8140 fs_report.cc:389] FS layout report
--------------------
wal directory: /tmp/dist-test-taskoZFVxU/test-tmp/auto_rebalancer-test.0.AutoRebalancerTest.RangeAwareRebalancesNewRangeReplicas.1780912549615586-8140-0/minicluster-data/master-0-root
metadata directory: /tmp/dist-test-taskoZFVxU/test-tmp/auto_rebalancer-test.0.AutoRebalancerTest.RangeAwareRebalancesNewRangeReplicas.1780912549615586-8140-0/minicluster-data/master-0-root
1 data directories: /tmp/dist-test-taskoZFVxU/test-tmp/auto_rebalancer-test.0.AutoRebalancerTest.RangeAwareRebalancesNewRangeReplicas.1780912549615586-8140-0/minicluster-data/master-0-root/data
Total live blocks: 0
Total live bytes: 0
Total live bytes (after alignment): 0
Total number of LBM containers: 0 (0 full)
Did not check for missing blocks
Did not check for orphaned blocks
Total full LBM containers with extra space: 0 (0 repaired)
Total full LBM container extra space in bytes: 0 (0 repaired)
Total incomplete LBM containers: 0 (0 repaired)
Total LBM partial records: 0 (0 repaired)
Total corrupted LBM metadata records in RocksDB: 0 (0 repaired)
I20260608 09:57:05.213963  8140 rpc_server.cc:225] running with OpenSSL 1.1.1  11 Sep 2018
I20260608 09:57:05.215098  8140 kserver.cc:163] Server-wide thread pool size limit: 3276
I20260608 09:57:05.251009  8140 rpc_server.cc:307] RPC server started. Bound to: 127.7.243.62:38657
I20260608 09:57:05.251103 11034 acceptor_pool.cc:272] collecting diagnostics on the listening RPC socket 127.7.243.62:38657 every 8 connection(s)
I20260608 09:57:05.255002 11035 data_dirs.cc:400] Could only allocate 1 dirs of requested 3 for tablet 00000000000000000000000000000000. 1 dirs total, 0 dirs full, 0 dirs failed
I20260608 09:57:05.264539 11035 tablet_bootstrap.cc:492] T 00000000000000000000000000000000 P b559ab77a5de419d90ecc44bda03ed56: Bootstrap starting.
I20260608 09:57:05.268934 11035 tablet_bootstrap.cc:654] T 00000000000000000000000000000000 P b559ab77a5de419d90ecc44bda03ed56: Neither blocks nor log segments found. Creating new log.
I20260608 09:57:05.272823 11035 tablet_bootstrap.cc:492] T 00000000000000000000000000000000 P b559ab77a5de419d90ecc44bda03ed56: No bootstrap required, opened a new log
I20260608 09:57:05.274821 11035 raft_consensus.cc:359] T 00000000000000000000000000000000 P b559ab77a5de419d90ecc44bda03ed56 [term 0 FOLLOWER]: Replica starting. Triggering 0 pending ops. Active config: opid_index: -1 OBSOLETE_local: true peers { permanent_uuid: "b559ab77a5de419d90ecc44bda03ed56" member_type: VOTER }
I20260608 09:57:05.275190 11035 raft_consensus.cc:385] T 00000000000000000000000000000000 P b559ab77a5de419d90ecc44bda03ed56 [term 0 FOLLOWER]: Consensus starting up: Expiring failure detector timer to make a prompt election more likely
I20260608 09:57:05.275367 11035 raft_consensus.cc:740] T 00000000000000000000000000000000 P b559ab77a5de419d90ecc44bda03ed56 [term 0 FOLLOWER]: Becoming Follower/Learner. State: Replica: b559ab77a5de419d90ecc44bda03ed56, State: Initialized, Role: FOLLOWER
I20260608 09:57:05.275943 11035 consensus_queue.cc:260] T 00000000000000000000000000000000 P b559ab77a5de419d90ecc44bda03ed56 [NON_LEADER]: Queue going to NON_LEADER mode. State: All replicated index: 0, Majority replicated index: 0, Committed index: 0, Last appended: 0.0, Last appended by leader: 0, Current term: 0, Majority size: -1, State: 0, Mode: NON_LEADER, active raft config: opid_index: -1 OBSOLETE_local: true peers { permanent_uuid: "b559ab77a5de419d90ecc44bda03ed56" member_type: VOTER }
I20260608 09:57:05.276353 11035 raft_consensus.cc:399] T 00000000000000000000000000000000 P b559ab77a5de419d90ecc44bda03ed56 [term 0 FOLLOWER]: Only one voter in the Raft config. Triggering election immediately
I20260608 09:57:05.276535 11035 raft_consensus.cc:493] T 00000000000000000000000000000000 P b559ab77a5de419d90ecc44bda03ed56 [term 0 FOLLOWER]: Starting leader election (initial election of a single-replica configuration)
I20260608 09:57:05.276739 11035 raft_consensus.cc:3060] T 00000000000000000000000000000000 P b559ab77a5de419d90ecc44bda03ed56 [term 0 FOLLOWER]: Advancing to term 1
I20260608 09:57:05.280822 11035 raft_consensus.cc:515] T 00000000000000000000000000000000 P b559ab77a5de419d90ecc44bda03ed56 [term 1 FOLLOWER]: Starting leader election with config: opid_index: -1 OBSOLETE_local: true peers { permanent_uuid: "b559ab77a5de419d90ecc44bda03ed56" member_type: VOTER }
I20260608 09:57:05.281284 11035 leader_election.cc:304] T 00000000000000000000000000000000 P b559ab77a5de419d90ecc44bda03ed56 [CANDIDATE]: Term 1 election: Election decided. Result: candidate won. Election summary: received 1 responses out of 1 voters: 1 yes votes; 0 no votes. yes voters: b559ab77a5de419d90ecc44bda03ed56; no voters: 
I20260608 09:57:05.282253 11035 leader_election.cc:290] T 00000000000000000000000000000000 P b559ab77a5de419d90ecc44bda03ed56 [CANDIDATE]: Term 1 election: Requested vote from peers 
I20260608 09:57:05.282634 11038 raft_consensus.cc:2804] T 00000000000000000000000000000000 P b559ab77a5de419d90ecc44bda03ed56 [term 1 FOLLOWER]: Leader election won for term 1
I20260608 09:57:05.284031 11038 raft_consensus.cc:697] T 00000000000000000000000000000000 P b559ab77a5de419d90ecc44bda03ed56 [term 1 LEADER]: Becoming Leader. State: Replica: b559ab77a5de419d90ecc44bda03ed56, State: Running, Role: LEADER
I20260608 09:57:05.284622 11038 consensus_queue.cc:237] T 00000000000000000000000000000000 P b559ab77a5de419d90ecc44bda03ed56 [LEADER]: Queue going to LEADER mode. State: All replicated index: 0, Majority replicated index: 0, Committed index: 0, Last appended: 0.0, Last appended by leader: 0, Current term: 1, Majority size: 1, State: 0, Mode: LEADER, active raft config: opid_index: -1 OBSOLETE_local: true peers { permanent_uuid: "b559ab77a5de419d90ecc44bda03ed56" member_type: VOTER }
I20260608 09:57:05.285115 11035 sys_catalog.cc:565] T 00000000000000000000000000000000 P b559ab77a5de419d90ecc44bda03ed56 [sys.catalog]: configured and running, proceeding with master startup.
I20260608 09:57:05.288437 11039 sys_catalog.cc:455] T 00000000000000000000000000000000 P b559ab77a5de419d90ecc44bda03ed56 [sys.catalog]: SysCatalogTable state changed. Reason: RaftConsensus started. Latest consensus state: current_term: 1 leader_uuid: "b559ab77a5de419d90ecc44bda03ed56" committed_config { opid_index: -1 OBSOLETE_local: true peers { permanent_uuid: "b559ab77a5de419d90ecc44bda03ed56" member_type: VOTER } }
I20260608 09:57:05.289650 11039 sys_catalog.cc:458] T 00000000000000000000000000000000 P b559ab77a5de419d90ecc44bda03ed56 [sys.catalog]: This master's current role is: LEADER
I20260608 09:57:05.289108 11040 sys_catalog.cc:455] T 00000000000000000000000000000000 P b559ab77a5de419d90ecc44bda03ed56 [sys.catalog]: SysCatalogTable state changed. Reason: New leader b559ab77a5de419d90ecc44bda03ed56. Latest consensus state: current_term: 1 leader_uuid: "b559ab77a5de419d90ecc44bda03ed56" committed_config { opid_index: -1 OBSOLETE_local: true peers { permanent_uuid: "b559ab77a5de419d90ecc44bda03ed56" member_type: VOTER } }
I20260608 09:57:05.290855 11040 sys_catalog.cc:458] T 00000000000000000000000000000000 P b559ab77a5de419d90ecc44bda03ed56 [sys.catalog]: This master's current role is: LEADER
I20260608 09:57:05.291718 11046 catalog_manager.cc:1510] Loading table and tablet metadata into memory...
I20260608 09:57:05.296492 11046 catalog_manager.cc:1519] Initializing Kudu cluster ID...
I20260608 09:57:05.299387  8140 internal_mini_cluster.cc:184] Waiting to initialize catalog manager on master 0
I20260608 09:57:05.305207 11046 catalog_manager.cc:1382] Generated new cluster ID: fa236a3714224f279eaefe799ea1f204
I20260608 09:57:05.305485 11046 catalog_manager.cc:1530] Initializing Kudu internal certificate authority...
I20260608 09:57:05.334581 11046 catalog_manager.cc:1405] Generated new certificate authority record
I20260608 09:57:05.335942 11046 catalog_manager.cc:1539] Loading token signing keys...
I20260608 09:57:05.352715 11046 catalog_manager.cc:6069] T 00000000000000000000000000000000 P b559ab77a5de419d90ecc44bda03ed56: Generated new TSK 0
I20260608 09:57:05.353353 11046 catalog_manager.cc:1549] Initializing in-progress tserver states...
I20260608 09:57:05.366122  8140 file_cache.cc:492] Constructed file cache file cache with capacity 419430
W20260608 09:57:05.371718 11056 instance_detector.cc:116] could not retrieve AWS instance metadata: Network error: curl error: HTTP response code said error: The requested URL returned error: 404
W20260608 09:57:05.373065 11057 instance_detector.cc:116] could not retrieve Azure instance metadata: Network error: curl error: HTTP response code said error: The requested URL returned error: 404
W20260608 09:57:05.374441 11059 instance_detector.cc:116] could not retrieve OpenStack instance metadata: Network error: curl error: HTTP response code said error: The requested URL returned error: 404
I20260608 09:57:05.374698  8140 server_base.cc:1061] running on GCE node
I20260608 09:57:05.375552  8140 hybrid_clock.cc:584] initializing the hybrid clock with 'system_unsync' time source
W20260608 09:57:05.375720  8140 system_unsync_time.cc:38] NTP support is disabled. Clock error bounds will not be accurate. This configuration is not suitable for distributed clusters.
I20260608 09:57:05.375833  8140 hybrid_clock.cc:648] HybridClock initialized: now 1780912625375822 us; error 0 us; skew 500 ppm
I20260608 09:57:05.376297  8140 server_base.cc:861] Flag tcmalloc_max_total_thread_cache_bytes is not working since tcmalloc is not enabled.
I20260608 09:57:05.378541  8140 webserver.cc:533] Webserver started at http://127.7.243.1:42047/ using document root <none> and password file <none>
I20260608 09:57:05.379102  8140 fs_manager.cc:362] Metadata directory not provided
I20260608 09:57:05.379269  8140 fs_manager.cc:368] Using write-ahead log directory (fs_wal_dir) as metadata directory
I20260608 09:57:05.379487  8140 server_base.cc:909] This appears to be a new deployment of Kudu; creating new FS layout
I20260608 09:57:05.380570  8140 fs_manager.cc:1068] Generated new instance metadata in path /tmp/dist-test-taskoZFVxU/test-tmp/auto_rebalancer-test.0.AutoRebalancerTest.RangeAwareRebalancesNewRangeReplicas.1780912549615586-8140-0/minicluster-data/ts-0-root/instance:
uuid: "0895c509f11c4fd9a8579c564cb6bde4"
format_stamp: "Formatted at 2026-06-08 09:57:05 on dist-test-slave-22ml"
I20260608 09:57:05.385416  8140 fs_manager.cc:696] Time spent creating directory manager: real 0.004s	user 0.006s	sys 0.000s
I20260608 09:57:05.389017 11064 log_block_manager.cc:4031] Time spent loading block containers with low live blocks: real 0.000s	user 0.000s	sys 0.000s
I20260608 09:57:05.389818  8140 fs_manager.cc:730] Time spent opening block manager: real 0.002s	user 0.002s	sys 0.000s
I20260608 09:57:05.390092  8140 fs_manager.cc:647] Opened local filesystem: /tmp/dist-test-taskoZFVxU/test-tmp/auto_rebalancer-test.0.AutoRebalancerTest.RangeAwareRebalancesNewRangeReplicas.1780912549615586-8140-0/minicluster-data/ts-0-root
uuid: "0895c509f11c4fd9a8579c564cb6bde4"
format_stamp: "Formatted at 2026-06-08 09:57:05 on dist-test-slave-22ml"
I20260608 09:57:05.390333  8140 fs_report.cc:389] FS layout report
--------------------
wal directory: /tmp/dist-test-taskoZFVxU/test-tmp/auto_rebalancer-test.0.AutoRebalancerTest.RangeAwareRebalancesNewRangeReplicas.1780912549615586-8140-0/minicluster-data/ts-0-root
metadata directory: /tmp/dist-test-taskoZFVxU/test-tmp/auto_rebalancer-test.0.AutoRebalancerTest.RangeAwareRebalancesNewRangeReplicas.1780912549615586-8140-0/minicluster-data/ts-0-root
1 data directories: /tmp/dist-test-taskoZFVxU/test-tmp/auto_rebalancer-test.0.AutoRebalancerTest.RangeAwareRebalancesNewRangeReplicas.1780912549615586-8140-0/minicluster-data/ts-0-root/data
Total live blocks: 0
Total live bytes: 0
Total live bytes (after alignment): 0
Total number of LBM containers: 0 (0 full)
Did not check for missing blocks
Did not check for orphaned blocks
Total full LBM containers with extra space: 0 (0 repaired)
Total full LBM container extra space in bytes: 0 (0 repaired)
Total incomplete LBM containers: 0 (0 repaired)
Total LBM partial records: 0 (0 repaired)
Total corrupted LBM metadata records in RocksDB: 0 (0 repaired)
I20260608 09:57:05.411825  8140 rpc_server.cc:225] running with OpenSSL 1.1.1  11 Sep 2018
I20260608 09:57:05.412845  8140 kserver.cc:163] Server-wide thread pool size limit: 3276
I20260608 09:57:05.414130  8140 txn_system_client.cc:432] TxnSystemClient initialization is disabled...
I20260608 09:57:05.416450  8140 ts_tablet_manager.cc:585] Loaded tablet metadata (0 total tablets, 0 live tablets)
I20260608 09:57:05.416630  8140 ts_tablet_manager.cc:531] Time spent load tablet metadata: real 0.000s	user 0.000s	sys 0.000s
I20260608 09:57:05.416911  8140 ts_tablet_manager.cc:616] Registered 0 tablets
I20260608 09:57:05.417071  8140 ts_tablet_manager.cc:595] Time spent register tablets: real 0.000s	user 0.000s	sys 0.000s
I20260608 09:57:05.455824  8140 rpc_server.cc:307] RPC server started. Bound to: 127.7.243.1:42225
I20260608 09:57:05.455946 11126 acceptor_pool.cc:272] collecting diagnostics on the listening RPC socket 127.7.243.1:42225 every 8 connection(s)
I20260608 09:57:05.461259  8140 file_cache.cc:492] Constructed file cache file cache with capacity 419430
W20260608 09:57:05.468804 11131 instance_detector.cc:116] could not retrieve AWS instance metadata: Network error: curl error: HTTP response code said error: The requested URL returned error: 404
W20260608 09:57:05.470229 11132 instance_detector.cc:116] could not retrieve Azure instance metadata: Network error: curl error: HTTP response code said error: The requested URL returned error: 404
I20260608 09:57:05.473345  8140 server_base.cc:1061] running on GCE node
W20260608 09:57:05.473317 11134 instance_detector.cc:116] could not retrieve OpenStack instance metadata: Network error: curl error: HTTP response code said error: The requested URL returned error: 404
I20260608 09:57:05.474583  8140 hybrid_clock.cc:584] initializing the hybrid clock with 'system_unsync' time source
I20260608 09:57:05.474597 11127 heartbeater.cc:344] Connected to a master server at 127.7.243.62:38657
W20260608 09:57:05.475003  8140 system_unsync_time.cc:38] NTP support is disabled. Clock error bounds will not be accurate. This configuration is not suitable for distributed clusters.
I20260608 09:57:05.475224 11127 heartbeater.cc:461] Registering TS with master...
I20260608 09:57:05.475242  8140 hybrid_clock.cc:648] HybridClock initialized: now 1780912625475221 us; error 0 us; skew 500 ppm
I20260608 09:57:05.476104  8140 server_base.cc:861] Flag tcmalloc_max_total_thread_cache_bytes is not working since tcmalloc is not enabled.
I20260608 09:57:05.476167 11127 heartbeater.cc:507] Master 127.7.243.62:38657 requested a full tablet report, sending...
I20260608 09:57:05.478799 11000 ts_manager.cc:194] Registered new tserver with Master: 0895c509f11c4fd9a8579c564cb6bde4 (127.7.243.1:42225)
I20260608 09:57:05.478964  8140 webserver.cc:533] Webserver started at http://127.7.243.2:39669/ using document root <none> and password file <none>
I20260608 09:57:05.479640  8140 fs_manager.cc:362] Metadata directory not provided
I20260608 09:57:05.479887  8140 fs_manager.cc:368] Using write-ahead log directory (fs_wal_dir) as metadata directory
I20260608 09:57:05.480181  8140 server_base.cc:909] This appears to be a new deployment of Kudu; creating new FS layout
I20260608 09:57:05.480885 11000 master_service.cc:502] Signed X509 certificate for tserver {username='slave'} at 127.0.0.1:51980
I20260608 09:57:05.481477  8140 fs_manager.cc:1068] Generated new instance metadata in path /tmp/dist-test-taskoZFVxU/test-tmp/auto_rebalancer-test.0.AutoRebalancerTest.RangeAwareRebalancesNewRangeReplicas.1780912549615586-8140-0/minicluster-data/ts-1-root/instance:
uuid: "6ecd7583f28242a5a078a0e309ab8e4e"
format_stamp: "Formatted at 2026-06-08 09:57:05 on dist-test-slave-22ml"
I20260608 09:57:05.485927  8140 fs_manager.cc:696] Time spent creating directory manager: real 0.004s	user 0.006s	sys 0.000s
I20260608 09:57:05.489300 11139 log_block_manager.cc:4031] Time spent loading block containers with low live blocks: real 0.000s	user 0.000s	sys 0.000s
I20260608 09:57:05.490056  8140 fs_manager.cc:730] Time spent opening block manager: real 0.002s	user 0.002s	sys 0.000s
I20260608 09:57:05.490353  8140 fs_manager.cc:647] Opened local filesystem: /tmp/dist-test-taskoZFVxU/test-tmp/auto_rebalancer-test.0.AutoRebalancerTest.RangeAwareRebalancesNewRangeReplicas.1780912549615586-8140-0/minicluster-data/ts-1-root
uuid: "6ecd7583f28242a5a078a0e309ab8e4e"
format_stamp: "Formatted at 2026-06-08 09:57:05 on dist-test-slave-22ml"
I20260608 09:57:05.490635  8140 fs_report.cc:389] FS layout report
--------------------
wal directory: /tmp/dist-test-taskoZFVxU/test-tmp/auto_rebalancer-test.0.AutoRebalancerTest.RangeAwareRebalancesNewRangeReplicas.1780912549615586-8140-0/minicluster-data/ts-1-root
metadata directory: /tmp/dist-test-taskoZFVxU/test-tmp/auto_rebalancer-test.0.AutoRebalancerTest.RangeAwareRebalancesNewRangeReplicas.1780912549615586-8140-0/minicluster-data/ts-1-root
1 data directories: /tmp/dist-test-taskoZFVxU/test-tmp/auto_rebalancer-test.0.AutoRebalancerTest.RangeAwareRebalancesNewRangeReplicas.1780912549615586-8140-0/minicluster-data/ts-1-root/data
Total live blocks: 0
Total live bytes: 0
Total live bytes (after alignment): 0
Total number of LBM containers: 0 (0 full)
Did not check for missing blocks
Did not check for orphaned blocks
Total full LBM containers with extra space: 0 (0 repaired)
Total full LBM container extra space in bytes: 0 (0 repaired)
Total incomplete LBM containers: 0 (0 repaired)
Total LBM partial records: 0 (0 repaired)
Total corrupted LBM metadata records in RocksDB: 0 (0 repaired)
I20260608 09:57:05.513410  8140 rpc_server.cc:225] running with OpenSSL 1.1.1  11 Sep 2018
I20260608 09:57:05.514523  8140 kserver.cc:163] Server-wide thread pool size limit: 3276
I20260608 09:57:05.515970  8140 txn_system_client.cc:432] TxnSystemClient initialization is disabled...
I20260608 09:57:05.518334  8140 ts_tablet_manager.cc:585] Loaded tablet metadata (0 total tablets, 0 live tablets)
I20260608 09:57:05.518567  8140 ts_tablet_manager.cc:531] Time spent load tablet metadata: real 0.000s	user 0.000s	sys 0.000s
I20260608 09:57:05.518832  8140 ts_tablet_manager.cc:616] Registered 0 tablets
I20260608 09:57:05.519012  8140 ts_tablet_manager.cc:595] Time spent register tablets: real 0.000s	user 0.000s	sys 0.000s
I20260608 09:57:05.557518  8140 rpc_server.cc:307] RPC server started. Bound to: 127.7.243.2:37573
I20260608 09:57:05.557646 11203 acceptor_pool.cc:272] collecting diagnostics on the listening RPC socket 127.7.243.2:37573 every 8 connection(s)
I20260608 09:57:05.562846  8140 file_cache.cc:492] Constructed file cache file cache with capacity 419430
W20260608 09:57:05.569629 11207 instance_detector.cc:116] could not retrieve AWS instance metadata: Network error: curl error: HTTP response code said error: The requested URL returned error: 404
W20260608 09:57:05.570097 11208 instance_detector.cc:116] could not retrieve Azure instance metadata: Network error: curl error: HTTP response code said error: The requested URL returned error: 404
W20260608 09:57:05.574913 11210 instance_detector.cc:116] could not retrieve OpenStack instance metadata: Network error: curl error: HTTP response code said error: The requested URL returned error: 404
I20260608 09:57:05.578382 11204 heartbeater.cc:344] Connected to a master server at 127.7.243.62:38657
I20260608 09:57:05.578910 11204 heartbeater.cc:461] Registering TS with master...
I20260608 09:57:05.579612  8140 server_base.cc:1061] running on GCE node
I20260608 09:57:05.580045 11204 heartbeater.cc:507] Master 127.7.243.62:38657 requested a full tablet report, sending...
I20260608 09:57:05.580892  8140 hybrid_clock.cc:584] initializing the hybrid clock with 'system_unsync' time source
W20260608 09:57:05.581172  8140 system_unsync_time.cc:38] NTP support is disabled. Clock error bounds will not be accurate. This configuration is not suitable for distributed clusters.
I20260608 09:57:05.581359  8140 hybrid_clock.cc:648] HybridClock initialized: now 1780912625581346 us; error 0 us; skew 500 ppm
I20260608 09:57:05.582195  8140 server_base.cc:861] Flag tcmalloc_max_total_thread_cache_bytes is not working since tcmalloc is not enabled.
I20260608 09:57:05.582542 11000 ts_manager.cc:194] Registered new tserver with Master: 6ecd7583f28242a5a078a0e309ab8e4e (127.7.243.2:37573)
I20260608 09:57:05.584137 11000 master_service.cc:502] Signed X509 certificate for tserver {username='slave'} at 127.0.0.1:51988
I20260608 09:57:05.584797  8140 webserver.cc:533] Webserver started at http://127.7.243.3:36505/ using document root <none> and password file <none>
I20260608 09:57:05.585467  8140 fs_manager.cc:362] Metadata directory not provided
I20260608 09:57:05.585686  8140 fs_manager.cc:368] Using write-ahead log directory (fs_wal_dir) as metadata directory
I20260608 09:57:05.585997  8140 server_base.cc:909] This appears to be a new deployment of Kudu; creating new FS layout
I20260608 09:57:05.587244  8140 fs_manager.cc:1068] Generated new instance metadata in path /tmp/dist-test-taskoZFVxU/test-tmp/auto_rebalancer-test.0.AutoRebalancerTest.RangeAwareRebalancesNewRangeReplicas.1780912549615586-8140-0/minicluster-data/ts-2-root/instance:
uuid: "18f32e57ed614ca5a8b1fef86d371c7d"
format_stamp: "Formatted at 2026-06-08 09:57:05 on dist-test-slave-22ml"
I20260608 09:57:05.591713  8140 fs_manager.cc:696] Time spent creating directory manager: real 0.004s	user 0.000s	sys 0.004s
I20260608 09:57:05.595242 11215 log_block_manager.cc:4031] Time spent loading block containers with low live blocks: real 0.000s	user 0.000s	sys 0.000s
I20260608 09:57:05.595918  8140 fs_manager.cc:730] Time spent opening block manager: real 0.002s	user 0.002s	sys 0.001s
I20260608 09:57:05.596212  8140 fs_manager.cc:647] Opened local filesystem: /tmp/dist-test-taskoZFVxU/test-tmp/auto_rebalancer-test.0.AutoRebalancerTest.RangeAwareRebalancesNewRangeReplicas.1780912549615586-8140-0/minicluster-data/ts-2-root
uuid: "18f32e57ed614ca5a8b1fef86d371c7d"
format_stamp: "Formatted at 2026-06-08 09:57:05 on dist-test-slave-22ml"
I20260608 09:57:05.596504  8140 fs_report.cc:389] FS layout report
--------------------
wal directory: /tmp/dist-test-taskoZFVxU/test-tmp/auto_rebalancer-test.0.AutoRebalancerTest.RangeAwareRebalancesNewRangeReplicas.1780912549615586-8140-0/minicluster-data/ts-2-root
metadata directory: /tmp/dist-test-taskoZFVxU/test-tmp/auto_rebalancer-test.0.AutoRebalancerTest.RangeAwareRebalancesNewRangeReplicas.1780912549615586-8140-0/minicluster-data/ts-2-root
1 data directories: /tmp/dist-test-taskoZFVxU/test-tmp/auto_rebalancer-test.0.AutoRebalancerTest.RangeAwareRebalancesNewRangeReplicas.1780912549615586-8140-0/minicluster-data/ts-2-root/data
Total live blocks: 0
Total live bytes: 0
Total live bytes (after alignment): 0
Total number of LBM containers: 0 (0 full)
Did not check for missing blocks
Did not check for orphaned blocks
Total full LBM containers with extra space: 0 (0 repaired)
Total full LBM container extra space in bytes: 0 (0 repaired)
Total incomplete LBM containers: 0 (0 repaired)
Total LBM partial records: 0 (0 repaired)
Total corrupted LBM metadata records in RocksDB: 0 (0 repaired)
I20260608 09:57:05.615494  8140 rpc_server.cc:225] running with OpenSSL 1.1.1  11 Sep 2018
I20260608 09:57:05.616526  8140 kserver.cc:163] Server-wide thread pool size limit: 3276
I20260608 09:57:05.617887  8140 txn_system_client.cc:432] TxnSystemClient initialization is disabled...
I20260608 09:57:05.620226  8140 ts_tablet_manager.cc:585] Loaded tablet metadata (0 total tablets, 0 live tablets)
I20260608 09:57:05.620440  8140 ts_tablet_manager.cc:531] Time spent load tablet metadata: real 0.000s	user 0.000s	sys 0.000s
I20260608 09:57:05.620705  8140 ts_tablet_manager.cc:616] Registered 0 tablets
I20260608 09:57:05.620873  8140 ts_tablet_manager.cc:595] Time spent register tablets: real 0.000s	user 0.000s	sys 0.000s
I20260608 09:57:05.658834  8140 rpc_server.cc:307] RPC server started. Bound to: 127.7.243.3:37505
I20260608 09:57:05.658931 11278 acceptor_pool.cc:272] collecting diagnostics on the listening RPC socket 127.7.243.3:37505 every 8 connection(s)
I20260608 09:57:05.672808 11279 heartbeater.cc:344] Connected to a master server at 127.7.243.62:38657
I20260608 09:57:05.673228 11279 heartbeater.cc:461] Registering TS with master...
I20260608 09:57:05.673903 11279 heartbeater.cc:507] Master 127.7.243.62:38657 requested a full tablet report, sending...
I20260608 09:57:05.675855 11000 ts_manager.cc:194] Registered new tserver with Master: 18f32e57ed614ca5a8b1fef86d371c7d (127.7.243.3:37505)
I20260608 09:57:05.676888  8140 internal_mini_cluster.cc:371] 3 TS(s) registered with all masters after 0.01461847s
I20260608 09:57:05.677394 11000 master_service.cc:502] Signed X509 certificate for tserver {username='slave'} at 127.0.0.1:52002
I20260608 09:57:06.483507 11127 heartbeater.cc:499] Master 127.7.243.62:38657 was elected leader, sending a full tablet report...
I20260608 09:57:06.586745 11204 heartbeater.cc:499] Master 127.7.243.62:38657 was elected leader, sending a full tablet report...
I20260608 09:57:06.680522 11279 heartbeater.cc:499] Master 127.7.243.62:38657 was elected leader, sending a full tablet report...
I20260608 09:57:06.732134 11000 catalog_manager.cc:2282] Servicing CreateTable request from {username='slave'} at 127.0.0.1:52010:
name: "range_aware_rebalance_new_range"
schema {
  columns {
    name: "key"
    type: INT32
    is_key: true
    is_nullable: false
    encoding: AUTO_ENCODING
    compression: DEFAULT_COMPRESSION
    cfile_block_size: 0
    immutable: false
  }
}
num_replicas: 3
split_rows_range_bounds {
  rows: "\006\001\000\000\000\000\007\001\n\000\000\000""\006\001\000\000\000\000\007\001\n\000\000\000"
  indirect_data: """"
}
partition_schema {
  hash_schema {
    columns {
      name: "key"
    }
    num_buckets: 8
    seed: 0
  }
  range_schema {
    columns {
      name: "key"
    }
  }
}
W20260608 09:57:06.734266 11000 catalog_manager.cc:7076] The number of live tablet servers is not enough to re-replicate a tablet replica of the newly created table range_aware_rebalance_new_range in case of a server failure: 4 tablet servers would be needed, 3 are available. Consider bringing up more tablet servers.
I20260608 09:57:06.807160 11243 tablet_service.cc:1511] Processing CreateTablet for tablet 0f5c40bb7e76458283135f4c40288d14 (DEFAULT_TABLE table=range_aware_rebalance_new_range [id=028d8e56eb9840a4a0f060b7f3bdd40c]), partition=HASH (key) PARTITION 0, RANGE (key) PARTITION 0 <= VALUES < 10
I20260608 09:57:06.807725 11239 tablet_service.cc:1511] Processing CreateTablet for tablet 0f4cf28abfe849aeab894367bd006bb7 (DEFAULT_TABLE table=range_aware_rebalance_new_range [id=028d8e56eb9840a4a0f060b7f3bdd40c]), partition=HASH (key) PARTITION 4, RANGE (key) PARTITION 0 <= VALUES < 10
I20260608 09:57:06.808718 11243 data_dirs.cc:400] Could only allocate 1 dirs of requested 3 for tablet 0f5c40bb7e76458283135f4c40288d14. 1 dirs total, 0 dirs full, 0 dirs failed
I20260608 09:57:06.809929 11240 tablet_service.cc:1511] Processing CreateTablet for tablet 9928fbe7db5e406c9cda157eee19f0c1 (DEFAULT_TABLE table=range_aware_rebalance_new_range [id=028d8e56eb9840a4a0f060b7f3bdd40c]), partition=HASH (key) PARTITION 3, RANGE (key) PARTITION 0 <= VALUES < 10
I20260608 09:57:06.810547 11169 tablet_service.cc:1511] Processing CreateTablet for tablet 0f5c40bb7e76458283135f4c40288d14 (DEFAULT_TABLE table=range_aware_rebalance_new_range [id=028d8e56eb9840a4a0f060b7f3bdd40c]), partition=HASH (key) PARTITION 0, RANGE (key) PARTITION 0 <= VALUES < 10
I20260608 09:57:06.811497 11240 data_dirs.cc:400] Could only allocate 1 dirs of requested 3 for tablet 9928fbe7db5e406c9cda157eee19f0c1. 1 dirs total, 0 dirs full, 0 dirs failed
I20260608 09:57:06.812075 11169 data_dirs.cc:400] Could only allocate 1 dirs of requested 3 for tablet 0f5c40bb7e76458283135f4c40288d14. 1 dirs total, 0 dirs full, 0 dirs failed
I20260608 09:57:06.813171 11241 tablet_service.cc:1511] Processing CreateTablet for tablet 5ddc6e1a1b924d12aa240a76d9a785f9 (DEFAULT_TABLE table=range_aware_rebalance_new_range [id=028d8e56eb9840a4a0f060b7f3bdd40c]), partition=HASH (key) PARTITION 2, RANGE (key) PARTITION 0 <= VALUES < 10
I20260608 09:57:06.814630 11241 data_dirs.cc:400] Could only allocate 1 dirs of requested 3 for tablet 5ddc6e1a1b924d12aa240a76d9a785f9. 1 dirs total, 0 dirs full, 0 dirs failed
I20260608 09:57:06.814260 11168 tablet_service.cc:1511] Processing CreateTablet for tablet 0bd54c9c8f53407a8269296dde281415 (DEFAULT_TABLE table=range_aware_rebalance_new_range [id=028d8e56eb9840a4a0f060b7f3bdd40c]), partition=HASH (key) PARTITION 1, RANGE (key) PARTITION 0 <= VALUES < 10
I20260608 09:57:06.816473 11167 tablet_service.cc:1511] Processing CreateTablet for tablet 5ddc6e1a1b924d12aa240a76d9a785f9 (DEFAULT_TABLE table=range_aware_rebalance_new_range [id=028d8e56eb9840a4a0f060b7f3bdd40c]), partition=HASH (key) PARTITION 2, RANGE (key) PARTITION 0 <= VALUES < 10
I20260608 09:57:06.818698 11166 tablet_service.cc:1511] Processing CreateTablet for tablet 9928fbe7db5e406c9cda157eee19f0c1 (DEFAULT_TABLE table=range_aware_rebalance_new_range [id=028d8e56eb9840a4a0f060b7f3bdd40c]), partition=HASH (key) PARTITION 3, RANGE (key) PARTITION 0 <= VALUES < 10
I20260608 09:57:06.819912 11242 tablet_service.cc:1511] Processing CreateTablet for tablet 0bd54c9c8f53407a8269296dde281415 (DEFAULT_TABLE table=range_aware_rebalance_new_range [id=028d8e56eb9840a4a0f060b7f3bdd40c]), partition=HASH (key) PARTITION 1, RANGE (key) PARTITION 0 <= VALUES < 10
I20260608 09:57:06.821372 11242 data_dirs.cc:400] Could only allocate 1 dirs of requested 3 for tablet 0bd54c9c8f53407a8269296dde281415. 1 dirs total, 0 dirs full, 0 dirs failed
I20260608 09:57:06.820935 11165 tablet_service.cc:1511] Processing CreateTablet for tablet 0f4cf28abfe849aeab894367bd006bb7 (DEFAULT_TABLE table=range_aware_rebalance_new_range [id=028d8e56eb9840a4a0f060b7f3bdd40c]), partition=HASH (key) PARTITION 4, RANGE (key) PARTITION 0 <= VALUES < 10
I20260608 09:57:06.822633 11164 tablet_service.cc:1511] Processing CreateTablet for tablet b88617ccf0774a1e9e524380e18d47ef (DEFAULT_TABLE table=range_aware_rebalance_new_range [id=028d8e56eb9840a4a0f060b7f3bdd40c]), partition=HASH (key) PARTITION 5, RANGE (key) PARTITION 0 <= VALUES < 10
I20260608 09:57:06.823643 11165 data_dirs.cc:400] Could only allocate 1 dirs of requested 3 for tablet 0f4cf28abfe849aeab894367bd006bb7. 1 dirs total, 0 dirs full, 0 dirs failed
I20260608 09:57:06.824316 11166 data_dirs.cc:400] Could only allocate 1 dirs of requested 3 for tablet 9928fbe7db5e406c9cda157eee19f0c1. 1 dirs total, 0 dirs full, 0 dirs failed
I20260608 09:57:06.825008 11239 data_dirs.cc:400] Could only allocate 1 dirs of requested 3 for tablet 0f4cf28abfe849aeab894367bd006bb7. 1 dirs total, 0 dirs full, 0 dirs failed
I20260608 09:57:06.827126 11167 data_dirs.cc:400] Could only allocate 1 dirs of requested 3 for tablet 5ddc6e1a1b924d12aa240a76d9a785f9. 1 dirs total, 0 dirs full, 0 dirs failed
I20260608 09:57:06.828541 11164 data_dirs.cc:400] Could only allocate 1 dirs of requested 3 for tablet b88617ccf0774a1e9e524380e18d47ef. 1 dirs total, 0 dirs full, 0 dirs failed
I20260608 09:57:06.835088 11168 data_dirs.cc:400] Could only allocate 1 dirs of requested 3 for tablet 0bd54c9c8f53407a8269296dde281415. 1 dirs total, 0 dirs full, 0 dirs failed
I20260608 09:57:06.846164 11092 tablet_service.cc:1511] Processing CreateTablet for tablet 0f5c40bb7e76458283135f4c40288d14 (DEFAULT_TABLE table=range_aware_rebalance_new_range [id=028d8e56eb9840a4a0f060b7f3bdd40c]), partition=HASH (key) PARTITION 0, RANGE (key) PARTITION 0 <= VALUES < 10
I20260608 09:57:06.848166 11092 data_dirs.cc:400] Could only allocate 1 dirs of requested 3 for tablet 0f5c40bb7e76458283135f4c40288d14. 1 dirs total, 0 dirs full, 0 dirs failed
I20260608 09:57:06.853247 11091 tablet_service.cc:1511] Processing CreateTablet for tablet 0bd54c9c8f53407a8269296dde281415 (DEFAULT_TABLE table=range_aware_rebalance_new_range [id=028d8e56eb9840a4a0f060b7f3bdd40c]), partition=HASH (key) PARTITION 1, RANGE (key) PARTITION 0 <= VALUES < 10
I20260608 09:57:06.855203 11091 data_dirs.cc:400] Could only allocate 1 dirs of requested 3 for tablet 0bd54c9c8f53407a8269296dde281415. 1 dirs total, 0 dirs full, 0 dirs failed
I20260608 09:57:06.882227 11238 tablet_service.cc:1511] Processing CreateTablet for tablet b88617ccf0774a1e9e524380e18d47ef (DEFAULT_TABLE table=range_aware_rebalance_new_range [id=028d8e56eb9840a4a0f060b7f3bdd40c]), partition=HASH (key) PARTITION 5, RANGE (key) PARTITION 0 <= VALUES < 10
I20260608 09:57:06.883708 11238 data_dirs.cc:400] Could only allocate 1 dirs of requested 3 for tablet b88617ccf0774a1e9e524380e18d47ef. 1 dirs total, 0 dirs full, 0 dirs failed
