I20260608 09:57:06.082566 21648 raft_consensus.cc:359] T d42867fcf09b4854aac4c35f74eec064 P 9accfb166e664f23b9d239e6ecc0e139 [term 0 FOLLOWER]: Replica starting. Triggering 0 pending ops. Active config: opid_index: -1 OBSOLETE_local: false peers { permanent_uuid: "9accfb166e664f23b9d239e6ecc0e139" member_type: VOTER last_known_addr { host: "127.18.9.66" port: 37115 } } peers { permanent_uuid: "cb0cd93063304158bb173af4690db707" member_type: VOTER last_known_addr { host: "127.18.9.65" port: 39037 } } peers { permanent_uuid: "7d171dc2ecbb423994343c29a3d03cc0" member_type: VOTER last_known_addr { host: "127.18.9.67" port: 42359 } }
I20260608 09:57:06.083392 21648 raft_consensus.cc:385] T d42867fcf09b4854aac4c35f74eec064 P 9accfb166e664f23b9d239e6ecc0e139 [term 0 FOLLOWER]: Consensus starting up: Expiring failure detector timer to make a prompt election more likely
I20260608 09:57:06.083688 21602 tablet_service.cc:1917] Received RequestConsensusVote() RPC: tablet_id: "5d7f8b20c08a4966911f814234770816" candidate_uuid: "9accfb166e664f23b9d239e6ecc0e139" candidate_term: 1 candidate_status { last_received { term: 0 index: 0 } } ignore_live_leader: false dest_uuid: "7d171dc2ecbb423994343c29a3d03cc0" is_pre_election: true
I20260608 09:57:06.083855 21648 raft_consensus.cc:740] T d42867fcf09b4854aac4c35f74eec064 P 9accfb166e664f23b9d239e6ecc0e139 [term 0 FOLLOWER]: Becoming Follower/Learner. State: Replica: 9accfb166e664f23b9d239e6ecc0e139, State: Initialized, Role: FOLLOWER
I20260608 09:57:06.084426 21602 raft_consensus.cc:2468] T 5d7f8b20c08a4966911f814234770816 P 7d171dc2ecbb423994343c29a3d03cc0 [term 0 FOLLOWER]: Leader pre-election vote request: Granting yes vote for candidate 9accfb166e664f23b9d239e6ecc0e139 in term 0.
I20260608 09:57:06.085641 21653 raft_consensus.cc:493] T c17e7cc0cf1c44afb405fdbf964c0dfb P 9accfb166e664f23b9d239e6ecc0e139 [term 0 FOLLOWER]: Starting pre-election (no leader contacted us within the election timeout)
I20260608 09:57:06.085784 21655 raft_consensus.cc:493] T d42867fcf09b4854aac4c35f74eec064 P 7d171dc2ecbb423994343c29a3d03cc0 [term 0 FOLLOWER]: Starting pre-election (no leader contacted us within the election timeout)
I20260608 09:57:06.086234 21653 raft_consensus.cc:515] T c17e7cc0cf1c44afb405fdbf964c0dfb P 9accfb166e664f23b9d239e6ecc0e139 [term 0 FOLLOWER]: Starting pre-election with config: opid_index: -1 OBSOLETE_local: false peers { permanent_uuid: "9accfb166e664f23b9d239e6ecc0e139" member_type: VOTER last_known_addr { host: "127.18.9.66" port: 37115 } } peers { permanent_uuid: "cb0cd93063304158bb173af4690db707" member_type: VOTER last_known_addr { host: "127.18.9.65" port: 39037 } } peers { permanent_uuid: "7d171dc2ecbb423994343c29a3d03cc0" member_type: VOTER last_known_addr { host: "127.18.9.67" port: 42359 } }
I20260608 09:57:06.086313 21655 raft_consensus.cc:515] T d42867fcf09b4854aac4c35f74eec064 P 7d171dc2ecbb423994343c29a3d03cc0 [term 0 FOLLOWER]: Starting pre-election with config: opid_index: -1 OBSOLETE_local: false peers { permanent_uuid: "9accfb166e664f23b9d239e6ecc0e139" member_type: VOTER last_known_addr { host: "127.18.9.66" port: 37115 } } peers { permanent_uuid: "cb0cd93063304158bb173af4690db707" member_type: VOTER last_known_addr { host: "127.18.9.65" port: 39037 } } peers { permanent_uuid: "7d171dc2ecbb423994343c29a3d03cc0" member_type: VOTER last_known_addr { host: "127.18.9.67" port: 42359 } }
I20260608 09:57:06.087328 21492 leader_election.cc:304] T 5d7f8b20c08a4966911f814234770816 P 9accfb166e664f23b9d239e6ecc0e139 [CANDIDATE]: Term 1 pre-election: Election decided. Result: candidate won. Election summary: received 2 responses out of 3 voters: 2 yes votes; 0 no votes. yes voters: 7d171dc2ecbb423994343c29a3d03cc0, 9accfb166e664f23b9d239e6ecc0e139; no voters: 
I20260608 09:57:06.088255 21671 raft_consensus.cc:2804] T 5d7f8b20c08a4966911f814234770816 P 9accfb166e664f23b9d239e6ecc0e139 [term 0 FOLLOWER]: Leader pre-election won for term 1
I20260608 09:57:06.088622 21671 raft_consensus.cc:493] T 5d7f8b20c08a4966911f814234770816 P 9accfb166e664f23b9d239e6ecc0e139 [term 0 FOLLOWER]: Starting leader election (no leader contacted us within the election timeout)
I20260608 09:57:06.089022 21671 raft_consensus.cc:3060] T 5d7f8b20c08a4966911f814234770816 P 9accfb166e664f23b9d239e6ecc0e139 [term 0 FOLLOWER]: Advancing to term 1
I20260608 09:57:06.089638 21453 tablet_service.cc:1917] Received RequestConsensusVote() RPC: tablet_id: "5d7f8b20c08a4966911f814234770816" candidate_uuid: "9accfb166e664f23b9d239e6ecc0e139" candidate_term: 1 candidate_status { last_received { term: 0 index: 0 } } ignore_live_leader: false dest_uuid: "cb0cd93063304158bb173af4690db707" is_pre_election: true
I20260608 09:57:06.089792 21655 leader_election.cc:290] T d42867fcf09b4854aac4c35f74eec064 P 7d171dc2ecbb423994343c29a3d03cc0 [CANDIDATE]: Term 1 pre-election: Requested pre-vote from peers 9accfb166e664f23b9d239e6ecc0e139 (127.18.9.66:37115), cb0cd93063304158bb173af4690db707 (127.18.9.65:39037)
I20260608 09:57:06.090340 21453 raft_consensus.cc:2468] T 5d7f8b20c08a4966911f814234770816 P cb0cd93063304158bb173af4690db707 [term 0 FOLLOWER]: Leader pre-election vote request: Granting yes vote for candidate 9accfb166e664f23b9d239e6ecc0e139 in term 0.
I20260608 09:57:06.090747 21349 catalog_manager.cc:5696] T 50f856eba9aa4948b87f46b7094b182a P cb0cd93063304158bb173af4690db707 reported cstate change: term changed from 0 to 1, leader changed from <none> to cb0cd93063304158bb173af4690db707 (127.18.9.65). New cstate: current_term: 1 leader_uuid: "cb0cd93063304158bb173af4690db707" committed_config { opid_index: -1 OBSOLETE_local: false peers { permanent_uuid: "cb0cd93063304158bb173af4690db707" member_type: VOTER last_known_addr { host: "127.18.9.65" port: 39037 } health_report { overall_health: HEALTHY } } peers { permanent_uuid: "9accfb166e664f23b9d239e6ecc0e139" member_type: VOTER last_known_addr { host: "127.18.9.66" port: 37115 } health_report { overall_health: UNKNOWN } } peers { permanent_uuid: "7d171dc2ecbb423994343c29a3d03cc0" member_type: VOTER last_known_addr { host: "127.18.9.67" port: 42359 } health_report { overall_health: UNKNOWN } } }
I20260608 09:57:06.092844 21453 tablet_service.cc:1917] Received RequestConsensusVote() RPC: tablet_id: "c17e7cc0cf1c44afb405fdbf964c0dfb" candidate_uuid: "9accfb166e664f23b9d239e6ecc0e139" candidate_term: 1 candidate_status { last_received { term: 0 index: 0 } } ignore_live_leader: false dest_uuid: "cb0cd93063304158bb173af4690db707" is_pre_election: true
I20260608 09:57:06.093171 21653 leader_election.cc:290] T c17e7cc0cf1c44afb405fdbf964c0dfb P 9accfb166e664f23b9d239e6ecc0e139 [CANDIDATE]: Term 1 pre-election: Requested pre-vote from peers cb0cd93063304158bb173af4690db707 (127.18.9.65:39037), 7d171dc2ecbb423994343c29a3d03cc0 (127.18.9.67:42359)
I20260608 09:57:06.093535 21453 raft_consensus.cc:2468] T c17e7cc0cf1c44afb405fdbf964c0dfb P cb0cd93063304158bb173af4690db707 [term 0 FOLLOWER]: Leader pre-election vote request: Granting yes vote for candidate 9accfb166e664f23b9d239e6ecc0e139 in term 0.
I20260608 09:57:06.085137 21648 consensus_queue.cc:260] T d42867fcf09b4854aac4c35f74eec064 P 9accfb166e664f23b9d239e6ecc0e139 [NON_LEADER]: Queue going to NON_LEADER mode. State: All replicated index: 0, Majority replicated index: 0, Committed index: 0, Last appended: 0.0, Last appended by leader: 0, Current term: 0, Majority size: -1, State: 0, Mode: NON_LEADER, active raft config: opid_index: -1 OBSOLETE_local: false peers { permanent_uuid: "9accfb166e664f23b9d239e6ecc0e139" member_type: VOTER last_known_addr { host: "127.18.9.66" port: 37115 } } peers { permanent_uuid: "cb0cd93063304158bb173af4690db707" member_type: VOTER last_known_addr { host: "127.18.9.65" port: 39037 } } peers { permanent_uuid: "7d171dc2ecbb423994343c29a3d03cc0" member_type: VOTER last_known_addr { host: "127.18.9.67" port: 42359 } }
I20260608 09:57:06.096359 21648 ts_tablet_manager.cc:1434] T d42867fcf09b4854aac4c35f74eec064 P 9accfb166e664f23b9d239e6ecc0e139: Time spent starting tablet: real 0.017s	user 0.006s	sys 0.000s
I20260608 09:57:06.096293 21527 tablet_service.cc:1917] Received RequestConsensusVote() RPC: tablet_id: "d42867fcf09b4854aac4c35f74eec064" candidate_uuid: "7d171dc2ecbb423994343c29a3d03cc0" candidate_term: 1 candidate_status { last_received { term: 0 index: 0 } } ignore_live_leader: false dest_uuid: "9accfb166e664f23b9d239e6ecc0e139" is_pre_election: true
I20260608 09:57:06.099126 21527 raft_consensus.cc:2468] T d42867fcf09b4854aac4c35f74eec064 P 9accfb166e664f23b9d239e6ecc0e139 [term 0 FOLLOWER]: Leader pre-election vote request: Granting yes vote for candidate 7d171dc2ecbb423994343c29a3d03cc0 in term 0.
I20260608 09:57:06.099676 21648 tablet_bootstrap.cc:492] T 02d5edbb86d94e5599c40c957cb332d7 P 9accfb166e664f23b9d239e6ecc0e139: Bootstrap starting.
I20260608 09:57:06.097599 21602 tablet_service.cc:1917] Received RequestConsensusVote() RPC: tablet_id: "c17e7cc0cf1c44afb405fdbf964c0dfb" candidate_uuid: "9accfb166e664f23b9d239e6ecc0e139" candidate_term: 1 candidate_status { last_received { term: 0 index: 0 } } ignore_live_leader: false dest_uuid: "7d171dc2ecbb423994343c29a3d03cc0" is_pre_election: true
I20260608 09:57:06.100553 21602 raft_consensus.cc:2468] T c17e7cc0cf1c44afb405fdbf964c0dfb P 7d171dc2ecbb423994343c29a3d03cc0 [term 0 FOLLOWER]: Leader pre-election vote request: Granting yes vote for candidate 9accfb166e664f23b9d239e6ecc0e139 in term 0.
I20260608 09:57:06.098001 21452 tablet_service.cc:1917] Received RequestConsensusVote() RPC: tablet_id: "d42867fcf09b4854aac4c35f74eec064" candidate_uuid: "7d171dc2ecbb423994343c29a3d03cc0" candidate_term: 1 candidate_status { last_received { term: 0 index: 0 } } ignore_live_leader: false dest_uuid: "cb0cd93063304158bb173af4690db707" is_pre_election: true
I20260608 09:57:06.101624 21494 leader_election.cc:304] T c17e7cc0cf1c44afb405fdbf964c0dfb P 9accfb166e664f23b9d239e6ecc0e139 [CANDIDATE]: Term 1 pre-election: Election decided. Result: candidate won. Election summary: received 2 responses out of 3 voters: 2 yes votes; 0 no votes. yes voters: 9accfb166e664f23b9d239e6ecc0e139, cb0cd93063304158bb173af4690db707; no voters: 
I20260608 09:57:06.101805 21452 raft_consensus.cc:2468] T d42867fcf09b4854aac4c35f74eec064 P cb0cd93063304158bb173af4690db707 [term 0 FOLLOWER]: Leader pre-election vote request: Granting yes vote for candidate 7d171dc2ecbb423994343c29a3d03cc0 in term 0.
I20260608 09:57:06.102638 21653 raft_consensus.cc:2804] T c17e7cc0cf1c44afb405fdbf964c0dfb P 9accfb166e664f23b9d239e6ecc0e139 [term 0 FOLLOWER]: Leader pre-election won for term 1
I20260608 09:57:06.103060 21653 raft_consensus.cc:493] T c17e7cc0cf1c44afb405fdbf964c0dfb P 9accfb166e664f23b9d239e6ecc0e139 [term 0 FOLLOWER]: Starting leader election (no leader contacted us within the election timeout)
I20260608 09:57:06.104789 21653 raft_consensus.cc:3060] T c17e7cc0cf1c44afb405fdbf964c0dfb P 9accfb166e664f23b9d239e6ecc0e139 [term 0 FOLLOWER]: Advancing to term 1
I20260608 09:57:06.106702 21648 tablet_bootstrap.cc:654] T 02d5edbb86d94e5599c40c957cb332d7 P 9accfb166e664f23b9d239e6ecc0e139: Neither blocks nor log segments found. Creating new log.
I20260608 09:57:06.100494 21567 leader_election.cc:304] T d42867fcf09b4854aac4c35f74eec064 P 7d171dc2ecbb423994343c29a3d03cc0 [CANDIDATE]: Term 1 pre-election: Election decided. Result: candidate won. Election summary: received 2 responses out of 3 voters: 2 yes votes; 0 no votes. yes voters: 7d171dc2ecbb423994343c29a3d03cc0, 9accfb166e664f23b9d239e6ecc0e139; no voters: 
I20260608 09:57:06.106223 21671 raft_consensus.cc:515] T 5d7f8b20c08a4966911f814234770816 P 9accfb166e664f23b9d239e6ecc0e139 [term 1 FOLLOWER]: Starting leader election with config: opid_index: -1 OBSOLETE_local: false peers { permanent_uuid: "cb0cd93063304158bb173af4690db707" member_type: VOTER last_known_addr { host: "127.18.9.65" port: 39037 } } peers { permanent_uuid: "9accfb166e664f23b9d239e6ecc0e139" member_type: VOTER last_known_addr { host: "127.18.9.66" port: 37115 } } peers { permanent_uuid: "7d171dc2ecbb423994343c29a3d03cc0" member_type: VOTER last_known_addr { host: "127.18.9.67" port: 42359 } }
I20260608 09:57:06.108515 21655 raft_consensus.cc:2804] T d42867fcf09b4854aac4c35f74eec064 P 7d171dc2ecbb423994343c29a3d03cc0 [term 0 FOLLOWER]: Leader pre-election won for term 1
I20260608 09:57:06.108894 21655 raft_consensus.cc:493] T d42867fcf09b4854aac4c35f74eec064 P 7d171dc2ecbb423994343c29a3d03cc0 [term 0 FOLLOWER]: Starting leader election (no leader contacted us within the election timeout)
I20260608 09:57:06.109243 21655 raft_consensus.cc:3060] T d42867fcf09b4854aac4c35f74eec064 P 7d171dc2ecbb423994343c29a3d03cc0 [term 0 FOLLOWER]: Advancing to term 1
I20260608 09:57:06.110963 21452 tablet_service.cc:1917] Received RequestConsensusVote() RPC: tablet_id: "5d7f8b20c08a4966911f814234770816" candidate_uuid: "9accfb166e664f23b9d239e6ecc0e139" candidate_term: 1 candidate_status { last_received { term: 0 index: 0 } } ignore_live_leader: false dest_uuid: "cb0cd93063304158bb173af4690db707"
I20260608 09:57:06.111804 21452 raft_consensus.cc:3060] T 5d7f8b20c08a4966911f814234770816 P cb0cd93063304158bb173af4690db707 [term 0 FOLLOWER]: Advancing to term 1
I20260608 09:57:06.096073 21528 raft_consensus.cc:2468] T 6aa4663751ae4145905151ee22676315 P 9accfb166e664f23b9d239e6ecc0e139 [term 1 FOLLOWER]: Leader election vote request: Granting yes vote for candidate cb0cd93063304158bb173af4690db707 in term 1.
I20260608 09:57:06.119037 21602 tablet_service.cc:1917] Received RequestConsensusVote() RPC: tablet_id: "5d7f8b20c08a4966911f814234770816" candidate_uuid: "9accfb166e664f23b9d239e6ecc0e139" candidate_term: 1 candidate_status { last_received { term: 0 index: 0 } } ignore_live_leader: false dest_uuid: "7d171dc2ecbb423994343c29a3d03cc0"
I20260608 09:57:06.119936 21602 raft_consensus.cc:3060] T 5d7f8b20c08a4966911f814234770816 P 7d171dc2ecbb423994343c29a3d03cc0 [term 0 FOLLOWER]: Advancing to term 1
I20260608 09:57:06.120397 21647 tablet_bootstrap.cc:654] T 08bf50f9241c410a9547e2ce863ba3d5 P cb0cd93063304158bb173af4690db707: Neither blocks nor log segments found. Creating new log.
I20260608 09:57:06.119061 21649 tablet_bootstrap.cc:492] T 6aa4663751ae4145905151ee22676315 P 7d171dc2ecbb423994343c29a3d03cc0: Bootstrap starting.
I20260608 09:57:06.128350 21418 leader_election.cc:304] T 6aa4663751ae4145905151ee22676315 P cb0cd93063304158bb173af4690db707 [CANDIDATE]: Term 1 election: Election decided. Result: candidate won. Election summary: received 3 responses out of 3 voters: 2 yes votes; 1 no votes. yes voters: 9accfb166e664f23b9d239e6ecc0e139, cb0cd93063304158bb173af4690db707; no voters: 7d171dc2ecbb423994343c29a3d03cc0
I20260608 09:57:06.129806 21452 raft_consensus.cc:2468] T 5d7f8b20c08a4966911f814234770816 P cb0cd93063304158bb173af4690db707 [term 1 FOLLOWER]: Leader election vote request: Granting yes vote for candidate 9accfb166e664f23b9d239e6ecc0e139 in term 1.
I20260608 09:57:06.126653 21671 leader_election.cc:290] T 5d7f8b20c08a4966911f814234770816 P 9accfb166e664f23b9d239e6ecc0e139 [CANDIDATE]: Term 1 election: Requested vote from peers cb0cd93063304158bb173af4690db707 (127.18.9.65:39037), 7d171dc2ecbb423994343c29a3d03cc0 (127.18.9.67:42359)
I20260608 09:57:06.130427 21680 raft_consensus.cc:2804] T 6aa4663751ae4145905151ee22676315 P cb0cd93063304158bb173af4690db707 [term 1 FOLLOWER]: Leader election won for term 1
I20260608 09:57:06.131598 21680 raft_consensus.cc:697] T 6aa4663751ae4145905151ee22676315 P cb0cd93063304158bb173af4690db707 [term 1 LEADER]: Becoming Leader. State: Replica: cb0cd93063304158bb173af4690db707, State: Running, Role: LEADER
I20260608 09:57:06.131819 21494 leader_election.cc:304] T 5d7f8b20c08a4966911f814234770816 P 9accfb166e664f23b9d239e6ecc0e139 [CANDIDATE]: Term 1 election: Election decided. Result: candidate won. Election summary: received 2 responses out of 3 voters: 2 yes votes; 0 no votes. yes voters: 9accfb166e664f23b9d239e6ecc0e139, cb0cd93063304158bb173af4690db707; no voters: 
I20260608 09:57:06.132484 21680 consensus_queue.cc:237] T 6aa4663751ae4145905151ee22676315 P cb0cd93063304158bb173af4690db707 [LEADER]: Queue going to LEADER mode. State: All replicated index: 0, Majority replicated index: 0, Committed index: 0, Last appended: 0.0, Last appended by leader: 0, Current term: 1, Majority size: 2, State: 0, Mode: LEADER, active raft config: opid_index: -1 OBSOLETE_local: false peers { permanent_uuid: "cb0cd93063304158bb173af4690db707" member_type: VOTER last_known_addr { host: "127.18.9.65" port: 39037 } } peers { permanent_uuid: "9accfb166e664f23b9d239e6ecc0e139" member_type: VOTER last_known_addr { host: "127.18.9.66" port: 37115 } } peers { permanent_uuid: "7d171dc2ecbb423994343c29a3d03cc0" member_type: VOTER last_known_addr { host: "127.18.9.67" port: 42359 } }
I20260608 09:57:06.135203 21671 raft_consensus.cc:2804] T 5d7f8b20c08a4966911f814234770816 P 9accfb166e664f23b9d239e6ecc0e139 [term 1 FOLLOWER]: Leader election won for term 1
I20260608 09:57:06.143059 21649 tablet_bootstrap.cc:654] T 6aa4663751ae4145905151ee22676315 P 7d171dc2ecbb423994343c29a3d03cc0: Neither blocks nor log segments found. Creating new log.
I20260608 09:57:06.150017 21602 raft_consensus.cc:2468] T 5d7f8b20c08a4966911f814234770816 P 7d171dc2ecbb423994343c29a3d03cc0 [term 1 FOLLOWER]: Leader election vote request: Granting yes vote for candidate 9accfb166e664f23b9d239e6ecc0e139 in term 1.
I20260608 09:57:06.153326 21653 raft_consensus.cc:515] T c17e7cc0cf1c44afb405fdbf964c0dfb P 9accfb166e664f23b9d239e6ecc0e139 [term 1 FOLLOWER]: Starting leader election with config: opid_index: -1 OBSOLETE_local: false peers { permanent_uuid: "9accfb166e664f23b9d239e6ecc0e139" member_type: VOTER last_known_addr { host: "127.18.9.66" port: 37115 } } peers { permanent_uuid: "cb0cd93063304158bb173af4690db707" member_type: VOTER last_known_addr { host: "127.18.9.65" port: 39037 } } peers { permanent_uuid: "7d171dc2ecbb423994343c29a3d03cc0" member_type: VOTER last_known_addr { host: "127.18.9.67" port: 42359 } }
I20260608 09:57:06.154484 21671 raft_consensus.cc:697] T 5d7f8b20c08a4966911f814234770816 P 9accfb166e664f23b9d239e6ecc0e139 [term 1 LEADER]: Becoming Leader. State: Replica: 9accfb166e664f23b9d239e6ecc0e139, State: Running, Role: LEADER
I20260608 09:57:06.161772 21648 tablet_bootstrap.cc:492] T 02d5edbb86d94e5599c40c957cb332d7 P 9accfb166e664f23b9d239e6ecc0e139: No bootstrap required, opened a new log
I20260608 09:57:06.162504 21648 ts_tablet_manager.cc:1403] T 02d5edbb86d94e5599c40c957cb332d7 P 9accfb166e664f23b9d239e6ecc0e139: Time spent bootstrapping tablet: real 0.063s	user 0.027s	sys 0.023s
I20260608 09:57:06.165364 21671 consensus_queue.cc:237] T 5d7f8b20c08a4966911f814234770816 P 9accfb166e664f23b9d239e6ecc0e139 [LEADER]: Queue going to LEADER mode. State: All replicated index: 0, Majority replicated index: 0, Committed index: 0, Last appended: 0.0, Last appended by leader: 0, Current term: 1, Majority size: 2, State: 0, Mode: LEADER, active raft config: opid_index: -1 OBSOLETE_local: false peers { permanent_uuid: "cb0cd93063304158bb173af4690db707" member_type: VOTER last_known_addr { host: "127.18.9.65" port: 39037 } } peers { permanent_uuid: "9accfb166e664f23b9d239e6ecc0e139" member_type: VOTER last_known_addr { host: "127.18.9.66" port: 37115 } } peers { permanent_uuid: "7d171dc2ecbb423994343c29a3d03cc0" member_type: VOTER last_known_addr { host: "127.18.9.67" port: 42359 } }
I20260608 09:57:06.166507 21655 raft_consensus.cc:515] T d42867fcf09b4854aac4c35f74eec064 P 7d171dc2ecbb423994343c29a3d03cc0 [term 1 FOLLOWER]: Starting leader election with config: opid_index: -1 OBSOLETE_local: false peers { permanent_uuid: "9accfb166e664f23b9d239e6ecc0e139" member_type: VOTER last_known_addr { host: "127.18.9.66" port: 37115 } } peers { permanent_uuid: "cb0cd93063304158bb173af4690db707" member_type: VOTER last_known_addr { host: "127.18.9.65" port: 39037 } } peers { permanent_uuid: "7d171dc2ecbb423994343c29a3d03cc0" member_type: VOTER last_known_addr { host: "127.18.9.67" port: 42359 } }
I20260608 09:57:06.173281 21653 leader_election.cc:290] T c17e7cc0cf1c44afb405fdbf964c0dfb P 9accfb166e664f23b9d239e6ecc0e139 [CANDIDATE]: Term 1 election: Requested vote from peers cb0cd93063304158bb173af4690db707 (127.18.9.65:39037), 7d171dc2ecbb423994343c29a3d03cc0 (127.18.9.67:42359)
I20260608 09:57:06.173923 21452 tablet_service.cc:1917] Received RequestConsensusVote() RPC: tablet_id: "c17e7cc0cf1c44afb405fdbf964c0dfb" candidate_uuid: "9accfb166e664f23b9d239e6ecc0e139" candidate_term: 1 candidate_status { last_received { term: 0 index: 0 } } ignore_live_leader: false dest_uuid: "cb0cd93063304158bb173af4690db707"
I20260608 09:57:06.175468 21452 raft_consensus.cc:3060] T c17e7cc0cf1c44afb405fdbf964c0dfb P cb0cd93063304158bb173af4690db707 [term 0 FOLLOWER]: Advancing to term 1
I20260608 09:57:06.175724 21602 tablet_service.cc:1917] Received RequestConsensusVote() RPC: tablet_id: "c17e7cc0cf1c44afb405fdbf964c0dfb" candidate_uuid: "9accfb166e664f23b9d239e6ecc0e139" candidate_term: 1 candidate_status { last_received { term: 0 index: 0 } } ignore_live_leader: false dest_uuid: "7d171dc2ecbb423994343c29a3d03cc0"
I20260608 09:57:06.176355 21602 raft_consensus.cc:3060] T c17e7cc0cf1c44afb405fdbf964c0dfb P 7d171dc2ecbb423994343c29a3d03cc0 [term 0 FOLLOWER]: Advancing to term 1
I20260608 09:57:06.177264 21649 tablet_bootstrap.cc:492] T 6aa4663751ae4145905151ee22676315 P 7d171dc2ecbb423994343c29a3d03cc0: No bootstrap required, opened a new log
I20260608 09:57:06.177754 21649 ts_tablet_manager.cc:1403] T 6aa4663751ae4145905151ee22676315 P 7d171dc2ecbb423994343c29a3d03cc0: Time spent bootstrapping tablet: real 0.059s	user 0.021s	sys 0.003s
I20260608 09:57:06.177924 21655 leader_election.cc:290] T d42867fcf09b4854aac4c35f74eec064 P 7d171dc2ecbb423994343c29a3d03cc0 [CANDIDATE]: Term 1 election: Requested vote from peers 9accfb166e664f23b9d239e6ecc0e139 (127.18.9.66:37115), cb0cd93063304158bb173af4690db707 (127.18.9.65:39037)
I20260608 09:57:06.178570 21453 tablet_service.cc:1917] Received RequestConsensusVote() RPC: tablet_id: "d42867fcf09b4854aac4c35f74eec064" candidate_uuid: "7d171dc2ecbb423994343c29a3d03cc0" candidate_term: 1 candidate_status { last_received { term: 0 index: 0 } } ignore_live_leader: false dest_uuid: "cb0cd93063304158bb173af4690db707"
I20260608 09:57:06.178917 21655 raft_consensus.cc:493] T 50f856eba9aa4948b87f46b7094b182a P 7d171dc2ecbb423994343c29a3d03cc0 [term 0 FOLLOWER]: Starting pre-election (no leader contacted us within the election timeout)
I20260608 09:57:06.179203 21453 raft_consensus.cc:3060] T d42867fcf09b4854aac4c35f74eec064 P cb0cd93063304158bb173af4690db707 [term 0 FOLLOWER]: Advancing to term 1
I20260608 09:57:06.179409 21655 raft_consensus.cc:515] T 50f856eba9aa4948b87f46b7094b182a P 7d171dc2ecbb423994343c29a3d03cc0 [term 0 FOLLOWER]: Starting pre-election with config: opid_index: -1 OBSOLETE_local: false peers { permanent_uuid: "cb0cd93063304158bb173af4690db707" member_type: VOTER last_known_addr { host: "127.18.9.65" port: 39037 } } peers { permanent_uuid: "9accfb166e664f23b9d239e6ecc0e139" member_type: VOTER last_known_addr { host: "127.18.9.66" port: 37115 } } peers { permanent_uuid: "7d171dc2ecbb423994343c29a3d03cc0" member_type: VOTER last_known_addr { host: "127.18.9.67" port: 42359 } }
I20260608 09:57:06.180780 21649 raft_consensus.cc:359] T 6aa4663751ae4145905151ee22676315 P 7d171dc2ecbb423994343c29a3d03cc0 [term 0 FOLLOWER]: Replica starting. Triggering 0 pending ops. Active config: opid_index: -1 OBSOLETE_local: false peers { permanent_uuid: "cb0cd93063304158bb173af4690db707" member_type: VOTER last_known_addr { host: "127.18.9.65" port: 39037 } } peers { permanent_uuid: "9accfb166e664f23b9d239e6ecc0e139" member_type: VOTER last_known_addr { host: "127.18.9.66" port: 37115 } } peers { permanent_uuid: "7d171dc2ecbb423994343c29a3d03cc0" member_type: VOTER last_known_addr { host: "127.18.9.67" port: 42359 } }
I20260608 09:57:06.181471 21649 raft_consensus.cc:385] T 6aa4663751ae4145905151ee22676315 P 7d171dc2ecbb423994343c29a3d03cc0 [term 0 FOLLOWER]: Consensus starting up: Expiring failure detector timer to make a prompt election more likely
I20260608 09:57:06.181743 21649 raft_consensus.cc:740] T 6aa4663751ae4145905151ee22676315 P 7d171dc2ecbb423994343c29a3d03cc0 [term 0 FOLLOWER]: Becoming Follower/Learner. State: Replica: 7d171dc2ecbb423994343c29a3d03cc0, State: Initialized, Role: FOLLOWER
I20260608 09:57:06.183099 21451 tablet_service.cc:1917] Received RequestConsensusVote() RPC: tablet_id: "50f856eba9aa4948b87f46b7094b182a" candidate_uuid: "7d171dc2ecbb423994343c29a3d03cc0" candidate_term: 1 candidate_status { last_received { term: 0 index: 0 } } ignore_live_leader: false dest_uuid: "cb0cd93063304158bb173af4690db707" is_pre_election: true
I20260608 09:57:06.182883 21649 consensus_queue.cc:260] T 6aa4663751ae4145905151ee22676315 P 7d171dc2ecbb423994343c29a3d03cc0 [NON_LEADER]: Queue going to NON_LEADER mode. State: All replicated index: 0, Majority replicated index: 0, Committed index: 0, Last appended: 0.0, Last appended by leader: 0, Current term: 0, Majority size: -1, State: 0, Mode: NON_LEADER, active raft config: opid_index: -1 OBSOLETE_local: false peers { permanent_uuid: "cb0cd93063304158bb173af4690db707" member_type: VOTER last_known_addr { host: "127.18.9.65" port: 39037 } } peers { permanent_uuid: "9accfb166e664f23b9d239e6ecc0e139" member_type: VOTER last_known_addr { host: "127.18.9.66" port: 37115 } } peers { permanent_uuid: "7d171dc2ecbb423994343c29a3d03cc0" member_type: VOTER last_known_addr { host: "127.18.9.67" port: 42359 } }
I20260608 09:57:06.183686 21452 raft_consensus.cc:2468] T c17e7cc0cf1c44afb405fdbf964c0dfb P cb0cd93063304158bb173af4690db707 [term 1 FOLLOWER]: Leader election vote request: Granting yes vote for candidate 9accfb166e664f23b9d239e6ecc0e139 in term 1.
I20260608 09:57:06.185637 21494 leader_election.cc:304] T c17e7cc0cf1c44afb405fdbf964c0dfb P 9accfb166e664f23b9d239e6ecc0e139 [CANDIDATE]: Term 1 election: Election decided. Result: candidate won. Election summary: received 2 responses out of 3 voters: 2 yes votes; 0 no votes. yes voters: 9accfb166e664f23b9d239e6ecc0e139, cb0cd93063304158bb173af4690db707; no voters: 
I20260608 09:57:06.187004 21528 tablet_service.cc:1917] Received RequestConsensusVote() RPC: tablet_id: "d42867fcf09b4854aac4c35f74eec064" candidate_uuid: "7d171dc2ecbb423994343c29a3d03cc0" candidate_term: 1 candidate_status { last_received { term: 0 index: 0 } } ignore_live_leader: false dest_uuid: "9accfb166e664f23b9d239e6ecc0e139"
I20260608 09:57:06.187645 21528 raft_consensus.cc:3060] T d42867fcf09b4854aac4c35f74eec064 P 9accfb166e664f23b9d239e6ecc0e139 [term 0 FOLLOWER]: Advancing to term 1
I20260608 09:57:06.191382 21655 leader_election.cc:290] T 50f856eba9aa4948b87f46b7094b182a P 7d171dc2ecbb423994343c29a3d03cc0 [CANDIDATE]: Term 1 pre-election: Requested pre-vote from peers cb0cd93063304158bb173af4690db707 (127.18.9.65:39037), 9accfb166e664f23b9d239e6ecc0e139 (127.18.9.66:37115)
I20260608 09:57:06.190824 21349 catalog_manager.cc:5696] T 6aa4663751ae4145905151ee22676315 P cb0cd93063304158bb173af4690db707 reported cstate change: term changed from 0 to 1, leader changed from <none> to cb0cd93063304158bb173af4690db707 (127.18.9.65). New cstate: current_term: 1 leader_uuid: "cb0cd93063304158bb173af4690db707" committed_config { opid_index: -1 OBSOLETE_local: false peers { permanent_uuid: "cb0cd93063304158bb173af4690db707" member_type: VOTER last_known_addr { host: "127.18.9.65" port: 39037 } health_report { overall_health: HEALTHY } } peers { permanent_uuid: "9accfb166e664f23b9d239e6ecc0e139" member_type: VOTER last_known_addr { host: "127.18.9.66" port: 37115 } health_report { overall_health: UNKNOWN } } peers { permanent_uuid: "7d171dc2ecbb423994343c29a3d03cc0" member_type: VOTER last_known_addr { host: "127.18.9.67" port: 42359 } health_report { overall_health: UNKNOWN } } }
I20260608 09:57:06.193739 21527 tablet_service.cc:1917] Received RequestConsensusVote() RPC: tablet_id: "50f856eba9aa4948b87f46b7094b182a" candidate_uuid: "7d171dc2ecbb423994343c29a3d03cc0" candidate_term: 1 candidate_status { last_received { term: 0 index: 0 } } ignore_live_leader: false dest_uuid: "9accfb166e664f23b9d239e6ecc0e139" is_pre_election: true
I20260608 09:57:06.194621 21527 raft_consensus.cc:2393] T 50f856eba9aa4948b87f46b7094b182a P 9accfb166e664f23b9d239e6ecc0e139 [term 1 FOLLOWER]: Leader pre-election vote request: Denying vote to candidate 7d171dc2ecbb423994343c29a3d03cc0 in current term 1: Already voted for candidate cb0cd93063304158bb173af4690db707 in this term.
I20260608 09:57:06.196271 21567 leader_election.cc:304] T 50f856eba9aa4948b87f46b7094b182a P 7d171dc2ecbb423994343c29a3d03cc0 [CANDIDATE]: Term 1 pre-election: Election decided. Result: candidate lost. Election summary: received 3 responses out of 3 voters: 1 yes votes; 2 no votes. yes voters: 7d171dc2ecbb423994343c29a3d03cc0; no voters: 9accfb166e664f23b9d239e6ecc0e139, cb0cd93063304158bb173af4690db707
I20260608 09:57:06.197705 21666 raft_consensus.cc:3060] T 50f856eba9aa4948b87f46b7094b182a P 7d171dc2ecbb423994343c29a3d03cc0 [term 0 FOLLOWER]: Advancing to term 1
I20260608 09:57:06.200304 21649 ts_tablet_manager.cc:1434] T 6aa4663751ae4145905151ee22676315 P 7d171dc2ecbb423994343c29a3d03cc0: Time spent starting tablet: real 0.022s	user 0.009s	sys 0.000s
I20260608 09:57:06.198727 21653 raft_consensus.cc:2804] T c17e7cc0cf1c44afb405fdbf964c0dfb P 9accfb166e664f23b9d239e6ecc0e139 [term 1 FOLLOWER]: Leader election won for term 1
I20260608 09:57:06.208341 21666 raft_consensus.cc:2749] T 50f856eba9aa4948b87f46b7094b182a P 7d171dc2ecbb423994343c29a3d03cc0 [term 1 FOLLOWER]: Leader pre-election lost for term 1. Reason: could not achieve majority
I20260608 09:57:06.208925 21647 tablet_bootstrap.cc:492] T 08bf50f9241c410a9547e2ce863ba3d5 P cb0cd93063304158bb173af4690db707: No bootstrap required, opened a new log
I20260608 09:57:06.211187 21647 ts_tablet_manager.cc:1403] T 08bf50f9241c410a9547e2ce863ba3d5 P cb0cd93063304158bb173af4690db707: Time spent bootstrapping tablet: real 0.131s	user 0.013s	sys 0.012s
I20260608 09:57:06.212047 21648 raft_consensus.cc:359] T 02d5edbb86d94e5599c40c957cb332d7 P 9accfb166e664f23b9d239e6ecc0e139 [term 0 FOLLOWER]: Replica starting. Triggering 0 pending ops. Active config: opid_index: -1 OBSOLETE_local: false peers { permanent_uuid: "cb0cd93063304158bb173af4690db707" member_type: VOTER last_known_addr { host: "127.18.9.65" port: 39037 } } peers { permanent_uuid: "9accfb166e664f23b9d239e6ecc0e139" member_type: VOTER last_known_addr { host: "127.18.9.66" port: 37115 } } peers { permanent_uuid: "7d171dc2ecbb423994343c29a3d03cc0" member_type: VOTER last_known_addr { host: "127.18.9.67" port: 42359 } }
I20260608 09:57:06.212507 21602 raft_consensus.cc:2468] T c17e7cc0cf1c44afb405fdbf964c0dfb P 7d171dc2ecbb423994343c29a3d03cc0 [term 1 FOLLOWER]: Leader election vote request: Granting yes vote for candidate 9accfb166e664f23b9d239e6ecc0e139 in term 1.
I20260608 09:57:06.212821 21648 raft_consensus.cc:385] T 02d5edbb86d94e5599c40c957cb332d7 P 9accfb166e664f23b9d239e6ecc0e139 [term 0 FOLLOWER]: Consensus starting up: Expiring failure detector timer to make a prompt election more likely
I20260608 09:57:06.213840 21648 raft_consensus.cc:740] T 02d5edbb86d94e5599c40c957cb332d7 P 9accfb166e664f23b9d239e6ecc0e139 [term 0 FOLLOWER]: Becoming Follower/Learner. State: Replica: 9accfb166e664f23b9d239e6ecc0e139, State: Initialized, Role: FOLLOWER
I20260608 09:57:06.198444 21528 raft_consensus.cc:2468] T d42867fcf09b4854aac4c35f74eec064 P 9accfb166e664f23b9d239e6ecc0e139 [term 1 FOLLOWER]: Leader election vote request: Granting yes vote for candidate 7d171dc2ecbb423994343c29a3d03cc0 in term 1.
I20260608 09:57:06.215153 21648 consensus_queue.cc:260] T 02d5edbb86d94e5599c40c957cb332d7 P 9accfb166e664f23b9d239e6ecc0e139 [NON_LEADER]: Queue going to NON_LEADER mode. State: All replicated index: 0, Majority replicated index: 0, Committed index: 0, Last appended: 0.0, Last appended by leader: 0, Current term: 0, Majority size: -1, State: 0, Mode: NON_LEADER, active raft config: opid_index: -1 OBSOLETE_local: false peers { permanent_uuid: "cb0cd93063304158bb173af4690db707" member_type: VOTER last_known_addr { host: "127.18.9.65" port: 39037 } } peers { permanent_uuid: "9accfb166e664f23b9d239e6ecc0e139" member_type: VOTER last_known_addr { host: "127.18.9.66" port: 37115 } } peers { permanent_uuid: "7d171dc2ecbb423994343c29a3d03cc0" member_type: VOTER last_known_addr { host: "127.18.9.67" port: 42359 } }
I20260608 09:57:06.216322 21567 leader_election.cc:304] T d42867fcf09b4854aac4c35f74eec064 P 7d171dc2ecbb423994343c29a3d03cc0 [CANDIDATE]: Term 1 election: Election decided. Result: candidate won. Election summary: received 2 responses out of 3 voters: 2 yes votes; 0 no votes. yes voters: 7d171dc2ecbb423994343c29a3d03cc0, 9accfb166e664f23b9d239e6ecc0e139; no voters: 
I20260608 09:57:06.217994 21647 raft_consensus.cc:359] T 08bf50f9241c410a9547e2ce863ba3d5 P cb0cd93063304158bb173af4690db707 [term 0 FOLLOWER]: Replica starting. Triggering 0 pending ops. Active config: opid_index: -1 OBSOLETE_local: false peers { permanent_uuid: "cb0cd93063304158bb173af4690db707" member_type: VOTER last_known_addr { host: "127.18.9.65" port: 39037 } } peers { permanent_uuid: "9accfb166e664f23b9d239e6ecc0e139" member_type: VOTER last_known_addr { host: "127.18.9.66" port: 37115 } } peers { permanent_uuid: "7d171dc2ecbb423994343c29a3d03cc0" member_type: VOTER last_known_addr { host: "127.18.9.67" port: 42359 } }
I20260608 09:57:06.218780 21647 raft_consensus.cc:385] T 08bf50f9241c410a9547e2ce863ba3d5 P cb0cd93063304158bb173af4690db707 [term 0 FOLLOWER]: Consensus starting up: Expiring failure detector timer to make a prompt election more likely
I20260608 09:57:06.219118 21647 raft_consensus.cc:740] T 08bf50f9241c410a9547e2ce863ba3d5 P cb0cd93063304158bb173af4690db707 [term 0 FOLLOWER]: Becoming Follower/Learner. State: Replica: cb0cd93063304158bb173af4690db707, State: Initialized, Role: FOLLOWER
I20260608 09:57:06.213268 21655 raft_consensus.cc:493] T 08bf50f9241c410a9547e2ce863ba3d5 P 7d171dc2ecbb423994343c29a3d03cc0 [term 0 FOLLOWER]: Starting pre-election (no leader contacted us within the election timeout)
I20260608 09:57:06.219825 21655 raft_consensus.cc:515] T 08bf50f9241c410a9547e2ce863ba3d5 P 7d171dc2ecbb423994343c29a3d03cc0 [term 0 FOLLOWER]: Starting pre-election with config: opid_index: -1 OBSOLETE_local: false peers { permanent_uuid: "cb0cd93063304158bb173af4690db707" member_type: VOTER last_known_addr { host: "127.18.9.65" port: 39037 } } peers { permanent_uuid: "9accfb166e664f23b9d239e6ecc0e139" member_type: VOTER last_known_addr { host: "127.18.9.66" port: 37115 } } peers { permanent_uuid: "7d171dc2ecbb423994343c29a3d03cc0" member_type: VOTER last_known_addr { host: "127.18.9.67" port: 42359 } }
I20260608 09:57:06.220054 21647 consensus_queue.cc:260] T 08bf50f9241c410a9547e2ce863ba3d5 P cb0cd93063304158bb173af4690db707 [NON_LEADER]: Queue going to NON_LEADER mode. State: All replicated index: 0, Majority replicated index: 0, Committed index: 0, Last appended: 0.0, Last appended by leader: 0, Current term: 0, Majority size: -1, State: 0, Mode: NON_LEADER, active raft config: opid_index: -1 OBSOLETE_local: false peers { permanent_uuid: "cb0cd93063304158bb173af4690db707" member_type: VOTER last_known_addr { host: "127.18.9.65" port: 39037 } } peers { permanent_uuid: "9accfb166e664f23b9d239e6ecc0e139" member_type: VOTER last_known_addr { host: "127.18.9.66" port: 37115 } } peers { permanent_uuid: "7d171dc2ecbb423994343c29a3d03cc0" member_type: VOTER last_known_addr { host: "127.18.9.67" port: 42359 } }
I20260608 09:57:06.214629 21653 raft_consensus.cc:697] T c17e7cc0cf1c44afb405fdbf964c0dfb P 9accfb166e664f23b9d239e6ecc0e139 [term 1 LEADER]: Becoming Leader. State: Replica: 9accfb166e664f23b9d239e6ecc0e139, State: Running, Role: LEADER
I20260608 09:57:06.223117 21648 ts_tablet_manager.cc:1434] T 02d5edbb86d94e5599c40c957cb332d7 P 9accfb166e664f23b9d239e6ecc0e139: Time spent starting tablet: real 0.060s	user 0.006s	sys 0.002s
I20260608 09:57:06.223088 21453 raft_consensus.cc:2468] T d42867fcf09b4854aac4c35f74eec064 P cb0cd93063304158bb173af4690db707 [term 1 FOLLOWER]: Leader election vote request: Granting yes vote for candidate 7d171dc2ecbb423994343c29a3d03cc0 in term 1.
I20260608 09:57:06.220158 21350 catalog_manager.cc:5696] T 5d7f8b20c08a4966911f814234770816 P 9accfb166e664f23b9d239e6ecc0e139 reported cstate change: term changed from 0 to 1, leader changed from <none> to 9accfb166e664f23b9d239e6ecc0e139 (127.18.9.66). New cstate: current_term: 1 leader_uuid: "9accfb166e664f23b9d239e6ecc0e139" committed_config { opid_index: -1 OBSOLETE_local: false peers { permanent_uuid: "cb0cd93063304158bb173af4690db707" member_type: VOTER last_known_addr { host: "127.18.9.65" port: 39037 } health_report { overall_health: UNKNOWN } } peers { permanent_uuid: "9accfb166e664f23b9d239e6ecc0e139" member_type: VOTER last_known_addr { host: "127.18.9.66" port: 37115 } health_report { overall_health: HEALTHY } } peers { permanent_uuid: "7d171dc2ecbb423994343c29a3d03cc0" member_type: VOTER last_known_addr { host: "127.18.9.67" port: 42359 } health_report { overall_health: UNKNOWN } } }
I20260608 09:57:06.225888 21666 raft_consensus.cc:2804] T d42867fcf09b4854aac4c35f74eec064 P 7d171dc2ecbb423994343c29a3d03cc0 [term 1 FOLLOWER]: Leader election won for term 1
I20260608 09:57:06.228364 21655 leader_election.cc:290] T 08bf50f9241c410a9547e2ce863ba3d5 P 7d171dc2ecbb423994343c29a3d03cc0 [CANDIDATE]: Term 1 pre-election: Requested pre-vote from peers cb0cd93063304158bb173af4690db707 (127.18.9.65:39037), 9accfb166e664f23b9d239e6ecc0e139 (127.18.9.66:37115)
I20260608 09:57:06.229748 21653 consensus_queue.cc:237] T c17e7cc0cf1c44afb405fdbf964c0dfb P 9accfb166e664f23b9d239e6ecc0e139 [LEADER]: Queue going to LEADER mode. State: All replicated index: 0, Majority replicated index: 0, Committed index: 0, Last appended: 0.0, Last appended by leader: 0, Current term: 1, Majority size: 2, State: 0, Mode: LEADER, active raft config: opid_index: -1 OBSOLETE_local: false peers { permanent_uuid: "9accfb166e664f23b9d239e6ecc0e139" member_type: VOTER last_known_addr { host: "127.18.9.66" port: 37115 } } peers { permanent_uuid: "cb0cd93063304158bb173af4690db707" member_type: VOTER last_known_addr { host: "127.18.9.65" port: 39037 } } peers { permanent_uuid: "7d171dc2ecbb423994343c29a3d03cc0" member_type: VOTER last_known_addr { host: "127.18.9.67" port: 42359 } }
I20260608 09:57:06.231706 21452 tablet_service.cc:1917] Received RequestConsensusVote() RPC: tablet_id: "08bf50f9241c410a9547e2ce863ba3d5" candidate_uuid: "7d171dc2ecbb423994343c29a3d03cc0" candidate_term: 1 candidate_status { last_received { term: 0 index: 0 } } ignore_live_leader: false dest_uuid: "cb0cd93063304158bb173af4690db707" is_pre_election: true
I20260608 09:57:06.232069 21647 ts_tablet_manager.cc:1434] T 08bf50f9241c410a9547e2ce863ba3d5 P cb0cd93063304158bb173af4690db707: Time spent starting tablet: real 0.020s	user 0.005s	sys 0.001s
I20260608 09:57:06.232439 21452 raft_consensus.cc:2468] T 08bf50f9241c410a9547e2ce863ba3d5 P cb0cd93063304158bb173af4690db707 [term 0 FOLLOWER]: Leader pre-election vote request: Granting yes vote for candidate 7d171dc2ecbb423994343c29a3d03cc0 in term 0.
I20260608 09:57:06.233819 21568 leader_election.cc:304] T 08bf50f9241c410a9547e2ce863ba3d5 P 7d171dc2ecbb423994343c29a3d03cc0 [CANDIDATE]: Term 1 pre-election: Election decided. Result: candidate won. Election summary: received 2 responses out of 3 voters: 2 yes votes; 0 no votes. yes voters: 7d171dc2ecbb423994343c29a3d03cc0, cb0cd93063304158bb173af4690db707; no voters: 
I20260608 09:57:06.227370 21666 raft_consensus.cc:697] T d42867fcf09b4854aac4c35f74eec064 P 7d171dc2ecbb423994343c29a3d03cc0 [term 1 LEADER]: Becoming Leader. State: Replica: 7d171dc2ecbb423994343c29a3d03cc0, State: Running, Role: LEADER
I20260608 09:57:06.235389 21666 consensus_queue.cc:237] T d42867fcf09b4854aac4c35f74eec064 P 7d171dc2ecbb423994343c29a3d03cc0 [LEADER]: Queue going to LEADER mode. State: All replicated index: 0, Majority replicated index: 0, Committed index: 0, Last appended: 0.0, Last appended by leader: 0, Current term: 1, Majority size: 2, State: 0, Mode: LEADER, active raft config: opid_index: -1 OBSOLETE_local: false peers { permanent_uuid: "9accfb166e664f23b9d239e6ecc0e139" member_type: VOTER last_known_addr { host: "127.18.9.66" port: 37115 } } peers { permanent_uuid: "cb0cd93063304158bb173af4690db707" member_type: VOTER last_known_addr { host: "127.18.9.65" port: 39037 } } peers { permanent_uuid: "7d171dc2ecbb423994343c29a3d03cc0" member_type: VOTER last_known_addr { host: "127.18.9.67" port: 42359 } }
I20260608 09:57:06.239293 21655 raft_consensus.cc:2804] T 08bf50f9241c410a9547e2ce863ba3d5 P 7d171dc2ecbb423994343c29a3d03cc0 [term 0 FOLLOWER]: Leader pre-election won for term 1
I20260608 09:57:06.240249 21655 raft_consensus.cc:493] T 08bf50f9241c410a9547e2ce863ba3d5 P 7d171dc2ecbb423994343c29a3d03cc0 [term 0 FOLLOWER]: Starting leader election (no leader contacted us within the election timeout)
I20260608 09:57:06.240809 21655 raft_consensus.cc:3060] T 08bf50f9241c410a9547e2ce863ba3d5 P 7d171dc2ecbb423994343c29a3d03cc0 [term 0 FOLLOWER]: Advancing to term 1
I20260608 09:57:06.250684 21528 tablet_service.cc:1917] Received RequestConsensusVote() RPC: tablet_id: "08bf50f9241c410a9547e2ce863ba3d5" candidate_uuid: "7d171dc2ecbb423994343c29a3d03cc0" candidate_term: 1 candidate_status { last_received { term: 0 index: 0 } } ignore_live_leader: false dest_uuid: "9accfb166e664f23b9d239e6ecc0e139" is_pre_election: true
I20260608 09:57:06.251420 21528 raft_consensus.cc:2468] T 08bf50f9241c410a9547e2ce863ba3d5 P 9accfb166e664f23b9d239e6ecc0e139 [term 0 FOLLOWER]: Leader pre-election vote request: Granting yes vote for candidate 7d171dc2ecbb423994343c29a3d03cc0 in term 0.
I20260608 09:57:06.257589 21349 catalog_manager.cc:5696] T d42867fcf09b4854aac4c35f74eec064 P 7d171dc2ecbb423994343c29a3d03cc0 reported cstate change: term changed from 0 to 1, leader changed from <none> to 7d171dc2ecbb423994343c29a3d03cc0 (127.18.9.67). New cstate: current_term: 1 leader_uuid: "7d171dc2ecbb423994343c29a3d03cc0" committed_config { opid_index: -1 OBSOLETE_local: false peers { permanent_uuid: "9accfb166e664f23b9d239e6ecc0e139" member_type: VOTER last_known_addr { host: "127.18.9.66" port: 37115 } health_report { overall_health: UNKNOWN } } peers { permanent_uuid: "cb0cd93063304158bb173af4690db707" member_type: VOTER last_known_addr { host: "127.18.9.65" port: 39037 } health_report { overall_health: UNKNOWN } } peers { permanent_uuid: "7d171dc2ecbb423994343c29a3d03cc0" member_type: VOTER last_known_addr { host: "127.18.9.67" port: 42359 } health_report { overall_health: HEALTHY } } }
I20260608 09:57:06.258651 21655 raft_consensus.cc:515] T 08bf50f9241c410a9547e2ce863ba3d5 P 7d171dc2ecbb423994343c29a3d03cc0 [term 1 FOLLOWER]: Starting leader election with config: opid_index: -1 OBSOLETE_local: false peers { permanent_uuid: "cb0cd93063304158bb173af4690db707" member_type: VOTER last_known_addr { host: "127.18.9.65" port: 39037 } } peers { permanent_uuid: "9accfb166e664f23b9d239e6ecc0e139" member_type: VOTER last_known_addr { host: "127.18.9.66" port: 37115 } } peers { permanent_uuid: "7d171dc2ecbb423994343c29a3d03cc0" member_type: VOTER last_known_addr { host: "127.18.9.67" port: 42359 } }
I20260608 09:57:06.262113 21452 tablet_service.cc:1917] Received RequestConsensusVote() RPC: tablet_id: "08bf50f9241c410a9547e2ce863ba3d5" candidate_uuid: "7d171dc2ecbb423994343c29a3d03cc0" candidate_term: 1 candidate_status { last_received { term: 0 index: 0 } } ignore_live_leader: false dest_uuid: "cb0cd93063304158bb173af4690db707"
I20260608 09:57:06.262722 21452 raft_consensus.cc:3060] T 08bf50f9241c410a9547e2ce863ba3d5 P cb0cd93063304158bb173af4690db707 [term 0 FOLLOWER]: Advancing to term 1
I20260608 09:57:06.265609 21655 leader_election.cc:290] T 08bf50f9241c410a9547e2ce863ba3d5 P 7d171dc2ecbb423994343c29a3d03cc0 [CANDIDATE]: Term 1 election: Requested vote from peers cb0cd93063304158bb173af4690db707 (127.18.9.65:39037), 9accfb166e664f23b9d239e6ecc0e139 (127.18.9.66:37115)
I20260608 09:57:06.267365 21528 tablet_service.cc:1917] Received RequestConsensusVote() RPC: tablet_id: "08bf50f9241c410a9547e2ce863ba3d5" candidate_uuid: "7d171dc2ecbb423994343c29a3d03cc0" candidate_term: 1 candidate_status { last_received { term: 0 index: 0 } } ignore_live_leader: false dest_uuid: "9accfb166e664f23b9d239e6ecc0e139"
I20260608 09:57:06.268235 21528 raft_consensus.cc:3060] T 08bf50f9241c410a9547e2ce863ba3d5 P 9accfb166e664f23b9d239e6ecc0e139 [term 0 FOLLOWER]: Advancing to term 1
I20260608 09:57:06.270303 21452 raft_consensus.cc:2468] T 08bf50f9241c410a9547e2ce863ba3d5 P cb0cd93063304158bb173af4690db707 [term 1 FOLLOWER]: Leader election vote request: Granting yes vote for candidate 7d171dc2ecbb423994343c29a3d03cc0 in term 1.
I20260608 09:57:06.271652 21568 leader_election.cc:304] T 08bf50f9241c410a9547e2ce863ba3d5 P 7d171dc2ecbb423994343c29a3d03cc0 [CANDIDATE]: Term 1 election: Election decided. Result: candidate won. Election summary: received 2 responses out of 3 voters: 2 yes votes; 0 no votes. yes voters: 7d171dc2ecbb423994343c29a3d03cc0, cb0cd93063304158bb173af4690db707; no voters: 
I20260608 09:57:06.271946 21694 consensus_queue.cc:1048] T f65a348941004f1d9221d59832343cb8 P 7d171dc2ecbb423994343c29a3d03cc0 [LEADER]: Connected to new peer: Peer: permanent_uuid: "9accfb166e664f23b9d239e6ecc0e139" member_type: VOTER last_known_addr { host: "127.18.9.66" port: 37115 }, Status: LMP_MISMATCH, Last received: 0.0, Next index: 1, Last known committed idx: 0, Time since last communication: 0.000s
I20260608 09:57:06.272589 21655 raft_consensus.cc:2804] T 08bf50f9241c410a9547e2ce863ba3d5 P 7d171dc2ecbb423994343c29a3d03cc0 [term 1 FOLLOWER]: Leader election won for term 1
I20260608 09:57:06.273185 21655 raft_consensus.cc:697] T 08bf50f9241c410a9547e2ce863ba3d5 P 7d171dc2ecbb423994343c29a3d03cc0 [term 1 LEADER]: Becoming Leader. State: Replica: 7d171dc2ecbb423994343c29a3d03cc0, State: Running, Role: LEADER
I20260608 09:57:06.274032 21671 raft_consensus.cc:493] T 02d5edbb86d94e5599c40c957cb332d7 P 9accfb166e664f23b9d239e6ecc0e139 [term 0 FOLLOWER]: Starting pre-election (no leader contacted us within the election timeout)
I20260608 09:57:06.274559 21671 raft_consensus.cc:515] T 02d5edbb86d94e5599c40c957cb332d7 P 9accfb166e664f23b9d239e6ecc0e139 [term 0 FOLLOWER]: Starting pre-election with config: opid_index: -1 OBSOLETE_local: false peers { permanent_uuid: "cb0cd93063304158bb173af4690db707" member_type: VOTER last_known_addr { host: "127.18.9.65" port: 39037 } } peers { permanent_uuid: "9accfb166e664f23b9d239e6ecc0e139" member_type: VOTER last_known_addr { host: "127.18.9.66" port: 37115 } } peers { permanent_uuid: "7d171dc2ecbb423994343c29a3d03cc0" member_type: VOTER last_known_addr { host: "127.18.9.67" port: 42359 } }
I20260608 09:57:06.277034 21671 leader_election.cc:290] T 02d5edbb86d94e5599c40c957cb332d7 P 9accfb166e664f23b9d239e6ecc0e139 [CANDIDATE]: Term 1 pre-election: Requested pre-vote from peers cb0cd93063304158bb173af4690db707 (127.18.9.65:39037), 7d171dc2ecbb423994343c29a3d03cc0 (127.18.9.67:42359)
I20260608 09:57:06.277280 21528 raft_consensus.cc:2468] T 08bf50f9241c410a9547e2ce863ba3d5 P 9accfb166e664f23b9d239e6ecc0e139 [term 1 FOLLOWER]: Leader election vote request: Granting yes vote for candidate 7d171dc2ecbb423994343c29a3d03cc0 in term 1.
I20260608 09:57:06.278331 21602 tablet_service.cc:1917] Received RequestConsensusVote() RPC: tablet_id: "02d5edbb86d94e5599c40c957cb332d7" candidate_uuid: "9accfb166e664f23b9d239e6ecc0e139" candidate_term: 1 candidate_status { last_received { term: 0 index: 0 } } ignore_live_leader: false dest_uuid: "7d171dc2ecbb423994343c29a3d03cc0" is_pre_election: true
I20260608 09:57:06.279479 21602 raft_consensus.cc:2393] T 02d5edbb86d94e5599c40c957cb332d7 P 7d171dc2ecbb423994343c29a3d03cc0 [term 1 FOLLOWER]: Leader pre-election vote request: Denying vote to candidate 9accfb166e664f23b9d239e6ecc0e139 in current term 1: Already voted for candidate cb0cd93063304158bb173af4690db707 in this term.
I20260608 09:57:06.282148 21452 tablet_service.cc:1917] Received RequestConsensusVote() RPC: tablet_id: "02d5edbb86d94e5599c40c957cb332d7" candidate_uuid: "9accfb166e664f23b9d239e6ecc0e139" candidate_term: 1 candidate_status { last_received { term: 0 index: 0 } } ignore_live_leader: false dest_uuid: "cb0cd93063304158bb173af4690db707" is_pre_election: true
I20260608 09:57:06.282039 21655 consensus_queue.cc:237] T 08bf50f9241c410a9547e2ce863ba3d5 P 7d171dc2ecbb423994343c29a3d03cc0 [LEADER]: Queue going to LEADER mode. State: All replicated index: 0, Majority replicated index: 0, Committed index: 0, Last appended: 0.0, Last appended by leader: 0, Current term: 1, Majority size: 2, State: 0, Mode: LEADER, active raft config: opid_index: -1 OBSOLETE_local: false peers { permanent_uuid: "cb0cd93063304158bb173af4690db707" member_type: VOTER last_known_addr { host: "127.18.9.65" port: 39037 } } peers { permanent_uuid: "9accfb166e664f23b9d239e6ecc0e139" member_type: VOTER last_known_addr { host: "127.18.9.66" port: 37115 } } peers { permanent_uuid: "7d171dc2ecbb423994343c29a3d03cc0" member_type: VOTER last_known_addr { host: "127.18.9.67" port: 42359 } }
