I20260608 09:57:17.709571 18626 raft_consensus.cc:2955] T a988fb70fa164caa86eccd5d365670f0 P 182284e239494eb7a92837e2e2253739 [term 1 FOLLOWER]: Committing config change with OpId 1.2: config changed from index -1 to 2, NON_VOTER c3ec81034be8405b8f59067d874f057b (127.15.25.196) added. New config: { opid_index: 2 OBSOLETE_local: false peers { permanent_uuid: "2d0e64be44dd4f7f887a3b18879750fd" member_type: VOTER last_known_addr { host: "127.15.25.194" port: 46337 } attrs { replace: true } } peers { permanent_uuid: "e14f58b90269488690a8db16672e26e3" member_type: VOTER last_known_addr { host: "127.15.25.193" port: 46227 } } peers { permanent_uuid: "182284e239494eb7a92837e2e2253739" member_type: VOTER last_known_addr { host: "127.15.25.195" port: 43437 } } peers { permanent_uuid: "c3ec81034be8405b8f59067d874f057b" member_type: NON_VOTER last_known_addr { host: "127.15.25.196" port: 37959 } attrs { promote: true } } }
I20260608 09:57:17.725766 18375 catalog_manager.cc:5696] T a988fb70fa164caa86eccd5d365670f0 P 182284e239494eb7a92837e2e2253739 reported cstate change: config changed from index -1 to 2, NON_VOTER c3ec81034be8405b8f59067d874f057b (127.15.25.196) added. New cstate: current_term: 1 leader_uuid: "e14f58b90269488690a8db16672e26e3" committed_config { opid_index: 2 OBSOLETE_local: false peers { permanent_uuid: "2d0e64be44dd4f7f887a3b18879750fd" member_type: VOTER last_known_addr { host: "127.15.25.194" port: 46337 } attrs { replace: true } } peers { permanent_uuid: "e14f58b90269488690a8db16672e26e3" member_type: VOTER last_known_addr { host: "127.15.25.193" port: 46227 } } peers { permanent_uuid: "182284e239494eb7a92837e2e2253739" member_type: VOTER last_known_addr { host: "127.15.25.195" port: 43437 } } peers { permanent_uuid: "c3ec81034be8405b8f59067d874f057b" member_type: NON_VOTER last_known_addr { host: "127.15.25.196" port: 37959 } attrs { promote: true } } }
I20260608 09:57:17.726306 18477 consensus_queue.cc:237] T 73a7868fc93844408913ef200f3a96ef P e14f58b90269488690a8db16672e26e3 [LEADER]: Queue going to LEADER mode. State: All replicated index: 0, Majority replicated index: 1, Committed index: 1, Last appended: 1.1, Last appended by leader: 0, Current term: 1, Majority size: 2, State: 0, Mode: LEADER, active raft config: opid_index: 2 OBSOLETE_local: false peers { permanent_uuid: "2d0e64be44dd4f7f887a3b18879750fd" member_type: VOTER last_known_addr { host: "127.15.25.194" port: 46337 } } peers { permanent_uuid: "e14f58b90269488690a8db16672e26e3" member_type: VOTER last_known_addr { host: "127.15.25.193" port: 46227 } } peers { permanent_uuid: "182284e239494eb7a92837e2e2253739" member_type: VOTER last_known_addr { host: "127.15.25.195" port: 43437 } attrs { replace: true } } peers { permanent_uuid: "c3ec81034be8405b8f59067d874f057b" member_type: NON_VOTER last_known_addr { host: "127.15.25.196" port: 37959 } attrs { promote: true } }
I20260608 09:57:17.753613 18626 raft_consensus.cc:1275] T 73a7868fc93844408913ef200f3a96ef P 182284e239494eb7a92837e2e2253739 [term 1 FOLLOWER]: Refusing update from remote peer e14f58b90269488690a8db16672e26e3: Log matching property violated. Preceding OpId in replica: term: 1 index: 1. Preceding OpId from leader: term: 1 index: 2. (index mismatch)
W20260608 09:57:17.753770 18444 consensus_peers.cc:597] T 73a7868fc93844408913ef200f3a96ef P e14f58b90269488690a8db16672e26e3 -> Peer c3ec81034be8405b8f59067d874f057b (127.15.25.196:37959): Couldn't send request to peer c3ec81034be8405b8f59067d874f057b. Error code: TABLET_NOT_FOUND (6). Status: Not found: Tablet not found: 73a7868fc93844408913ef200f3a96ef. This is attempt 1: this message will repeat every 5th retry.
I20260608 09:57:17.756435 18996 consensus_queue.cc:1048] T 73a7868fc93844408913ef200f3a96ef P e14f58b90269488690a8db16672e26e3 [LEADER]: Connected to new peer: Peer: permanent_uuid: "182284e239494eb7a92837e2e2253739" member_type: VOTER last_known_addr { host: "127.15.25.195" port: 43437 } attrs { replace: true }, Status: LMP_MISMATCH, Last received: 0.0, Next index: 2, Last known committed idx: 1, Time since last communication: 0.001s
I20260608 09:57:17.757184 18556 raft_consensus.cc:1275] T 73a7868fc93844408913ef200f3a96ef P 2d0e64be44dd4f7f887a3b18879750fd [term 1 FOLLOWER]: Refusing update from remote peer e14f58b90269488690a8db16672e26e3: Log matching property violated. Preceding OpId in replica: term: 1 index: 1. Preceding OpId from leader: term: 1 index: 2. (index mismatch)
I20260608 09:57:17.763742 18996 consensus_queue.cc:1048] T 73a7868fc93844408913ef200f3a96ef P e14f58b90269488690a8db16672e26e3 [LEADER]: Connected to new peer: Peer: permanent_uuid: "2d0e64be44dd4f7f887a3b18879750fd" member_type: VOTER last_known_addr { host: "127.15.25.194" port: 46337 }, Status: LMP_MISMATCH, Last received: 0.0, Next index: 2, Last known committed idx: 1, Time since last communication: 0.000s
I20260608 09:57:17.770766 18998 raft_consensus.cc:2955] T 73a7868fc93844408913ef200f3a96ef P e14f58b90269488690a8db16672e26e3 [term 1 LEADER]: Committing config change with OpId 1.2: config changed from index -1 to 2, NON_VOTER c3ec81034be8405b8f59067d874f057b (127.15.25.196) added. New config: { opid_index: 2 OBSOLETE_local: false peers { permanent_uuid: "2d0e64be44dd4f7f887a3b18879750fd" member_type: VOTER last_known_addr { host: "127.15.25.194" port: 46337 } } peers { permanent_uuid: "e14f58b90269488690a8db16672e26e3" member_type: VOTER last_known_addr { host: "127.15.25.193" port: 46227 } } peers { permanent_uuid: "182284e239494eb7a92837e2e2253739" member_type: VOTER last_known_addr { host: "127.15.25.195" port: 43437 } attrs { replace: true } } peers { permanent_uuid: "c3ec81034be8405b8f59067d874f057b" member_type: NON_VOTER last_known_addr { host: "127.15.25.196" port: 37959 } attrs { promote: true } } }
I20260608 09:57:17.772821 18626 raft_consensus.cc:2955] T 73a7868fc93844408913ef200f3a96ef P 182284e239494eb7a92837e2e2253739 [term 1 FOLLOWER]: Committing config change with OpId 1.2: config changed from index -1 to 2, NON_VOTER c3ec81034be8405b8f59067d874f057b (127.15.25.196) added. New config: { opid_index: 2 OBSOLETE_local: false peers { permanent_uuid: "2d0e64be44dd4f7f887a3b18879750fd" member_type: VOTER last_known_addr { host: "127.15.25.194" port: 46337 } } peers { permanent_uuid: "e14f58b90269488690a8db16672e26e3" member_type: VOTER last_known_addr { host: "127.15.25.193" port: 46227 } } peers { permanent_uuid: "182284e239494eb7a92837e2e2253739" member_type: VOTER last_known_addr { host: "127.15.25.195" port: 43437 } attrs { replace: true } } peers { permanent_uuid: "c3ec81034be8405b8f59067d874f057b" member_type: NON_VOTER last_known_addr { host: "127.15.25.196" port: 37959 } attrs { promote: true } } }
I20260608 09:57:17.790095 18556 raft_consensus.cc:2955] T 73a7868fc93844408913ef200f3a96ef P 2d0e64be44dd4f7f887a3b18879750fd [term 1 FOLLOWER]: Committing config change with OpId 1.2: config changed from index -1 to 2, NON_VOTER c3ec81034be8405b8f59067d874f057b (127.15.25.196) added. New config: { opid_index: 2 OBSOLETE_local: false peers { permanent_uuid: "2d0e64be44dd4f7f887a3b18879750fd" member_type: VOTER last_known_addr { host: "127.15.25.194" port: 46337 } } peers { permanent_uuid: "e14f58b90269488690a8db16672e26e3" member_type: VOTER last_known_addr { host: "127.15.25.193" port: 46227 } } peers { permanent_uuid: "182284e239494eb7a92837e2e2253739" member_type: VOTER last_known_addr { host: "127.15.25.195" port: 43437 } attrs { replace: true } } peers { permanent_uuid: "c3ec81034be8405b8f59067d874f057b" member_type: NON_VOTER last_known_addr { host: "127.15.25.196" port: 37959 } attrs { promote: true } } }
I20260608 09:57:17.842641 18375 catalog_manager.cc:5696] T 73a7868fc93844408913ef200f3a96ef P e14f58b90269488690a8db16672e26e3 reported cstate change: config changed from index -1 to 2, NON_VOTER c3ec81034be8405b8f59067d874f057b (127.15.25.196) added. New cstate: current_term: 1 leader_uuid: "e14f58b90269488690a8db16672e26e3" committed_config { opid_index: 2 OBSOLETE_local: false peers { permanent_uuid: "2d0e64be44dd4f7f887a3b18879750fd" member_type: VOTER last_known_addr { host: "127.15.25.194" port: 46337 } health_report { overall_health: UNKNOWN } } peers { permanent_uuid: "e14f58b90269488690a8db16672e26e3" member_type: VOTER last_known_addr { host: "127.15.25.193" port: 46227 } health_report { overall_health: HEALTHY } } peers { permanent_uuid: "182284e239494eb7a92837e2e2253739" member_type: VOTER last_known_addr { host: "127.15.25.195" port: 43437 } attrs { replace: true } health_report { overall_health: HEALTHY } } peers { permanent_uuid: "c3ec81034be8405b8f59067d874f057b" member_type: NON_VOTER last_known_addr { host: "127.15.25.196" port: 37959 } attrs { promote: true } health_report { overall_health: UNKNOWN } } }
I20260608 09:57:18.090583 19006 ts_tablet_manager.cc:933] T 9717d43d506a48deb42e39118d44f249 P c3ec81034be8405b8f59067d874f057b: Initiating tablet copy from peer 2d0e64be44dd4f7f887a3b18879750fd (127.15.25.194:46337)
I20260608 09:57:18.102806 19006 tablet_copy_client.cc:323] T 9717d43d506a48deb42e39118d44f249 P c3ec81034be8405b8f59067d874f057b: tablet copy: Beginning tablet copy session from remote peer at address 127.15.25.194:46337
I20260608 09:57:18.130695 19011 ts_tablet_manager.cc:933] T a988fb70fa164caa86eccd5d365670f0 P c3ec81034be8405b8f59067d874f057b: Initiating tablet copy from peer e14f58b90269488690a8db16672e26e3 (127.15.25.193:46227)
I20260608 09:57:18.136727 19008 ts_tablet_manager.cc:933] T 633d9c1abc054f6094ce1b0e41ee6458 P c3ec81034be8405b8f59067d874f057b: Initiating tablet copy from peer 2d0e64be44dd4f7f887a3b18879750fd (127.15.25.194:46337)
I20260608 09:57:18.142455 19011 tablet_copy_client.cc:323] T a988fb70fa164caa86eccd5d365670f0 P c3ec81034be8405b8f59067d874f057b: tablet copy: Beginning tablet copy session from remote peer at address 127.15.25.193:46227
I20260608 09:57:18.145236 18491 tablet_copy_service.cc:140] P e14f58b90269488690a8db16672e26e3: Received BeginTabletCopySession request for tablet a988fb70fa164caa86eccd5d365670f0 from peer c3ec81034be8405b8f59067d874f057b ({username='slave'} at 127.0.0.1:33370)
I20260608 09:57:18.145946 18491 tablet_copy_service.cc:161] P e14f58b90269488690a8db16672e26e3: Beginning new tablet copy session on tablet a988fb70fa164caa86eccd5d365670f0 from peer c3ec81034be8405b8f59067d874f057b at {username='slave'} at 127.0.0.1:33370: session id = c3ec81034be8405b8f59067d874f057b-a988fb70fa164caa86eccd5d365670f0
I20260608 09:57:18.155799 18566 tablet_copy_service.cc:140] P 2d0e64be44dd4f7f887a3b18879750fd: Received BeginTabletCopySession request for tablet 9717d43d506a48deb42e39118d44f249 from peer c3ec81034be8405b8f59067d874f057b ({username='slave'} at 127.0.0.1:40714)
I20260608 09:57:18.156538 18566 tablet_copy_service.cc:161] P 2d0e64be44dd4f7f887a3b18879750fd: Beginning new tablet copy session on tablet 9717d43d506a48deb42e39118d44f249 from peer c3ec81034be8405b8f59067d874f057b at {username='slave'} at 127.0.0.1:40714: session id = c3ec81034be8405b8f59067d874f057b-9717d43d506a48deb42e39118d44f249
I20260608 09:57:18.157097 18491 tablet_copy_source_session.cc:215] T a988fb70fa164caa86eccd5d365670f0 P e14f58b90269488690a8db16672e26e3: Tablet Copy: opened 0 blocks and 1 log segments
I20260608 09:57:18.161499 19011 data_dirs.cc:400] Could only allocate 1 dirs of requested 3 for tablet a988fb70fa164caa86eccd5d365670f0. 1 dirs total, 0 dirs full, 0 dirs failed
I20260608 09:57:18.166298 18566 tablet_copy_source_session.cc:215] T 9717d43d506a48deb42e39118d44f249 P 2d0e64be44dd4f7f887a3b18879750fd: Tablet Copy: opened 0 blocks and 1 log segments
I20260608 09:57:18.170047 19008 tablet_copy_client.cc:323] T 633d9c1abc054f6094ce1b0e41ee6458 P c3ec81034be8405b8f59067d874f057b: tablet copy: Beginning tablet copy session from remote peer at address 127.15.25.194:46337
I20260608 09:57:18.170459 19006 data_dirs.cc:400] Could only allocate 1 dirs of requested 3 for tablet 9717d43d506a48deb42e39118d44f249. 1 dirs total, 0 dirs full, 0 dirs failed
I20260608 09:57:18.186457 19011 tablet_copy_client.cc:806] T a988fb70fa164caa86eccd5d365670f0 P c3ec81034be8405b8f59067d874f057b: tablet copy: Starting download of 0 data blocks...
I20260608 09:57:18.187253 19011 tablet_copy_client.cc:670] T a988fb70fa164caa86eccd5d365670f0 P c3ec81034be8405b8f59067d874f057b: tablet copy: Starting download of 1 WAL segments...
I20260608 09:57:18.193244 18566 tablet_copy_service.cc:140] P 2d0e64be44dd4f7f887a3b18879750fd: Received BeginTabletCopySession request for tablet 633d9c1abc054f6094ce1b0e41ee6458 from peer c3ec81034be8405b8f59067d874f057b ({username='slave'} at 127.0.0.1:40714)
I20260608 09:57:18.193892 18566 tablet_copy_service.cc:161] P 2d0e64be44dd4f7f887a3b18879750fd: Beginning new tablet copy session on tablet 633d9c1abc054f6094ce1b0e41ee6458 from peer c3ec81034be8405b8f59067d874f057b at {username='slave'} at 127.0.0.1:40714: session id = c3ec81034be8405b8f59067d874f057b-633d9c1abc054f6094ce1b0e41ee6458
I20260608 09:57:18.197602 19011 tablet_copy_client.cc:538] T a988fb70fa164caa86eccd5d365670f0 P c3ec81034be8405b8f59067d874f057b: tablet copy: Tablet Copy complete. Replacing tablet superblock.
I20260608 09:57:18.208360 19011 tablet_bootstrap.cc:492] T a988fb70fa164caa86eccd5d365670f0 P c3ec81034be8405b8f59067d874f057b: Bootstrap starting.
I20260608 09:57:18.212528 18566 tablet_copy_source_session.cc:215] T 633d9c1abc054f6094ce1b0e41ee6458 P 2d0e64be44dd4f7f887a3b18879750fd: Tablet Copy: opened 0 blocks and 1 log segments
I20260608 09:57:18.233572 19008 data_dirs.cc:400] Could only allocate 1 dirs of requested 3 for tablet 633d9c1abc054f6094ce1b0e41ee6458. 1 dirs total, 0 dirs full, 0 dirs failed
I20260608 09:57:18.238894 19011 tablet_bootstrap.cc:492] T a988fb70fa164caa86eccd5d365670f0 P c3ec81034be8405b8f59067d874f057b: Bootstrap replayed 1/1 log segments. Stats: ops{read=2 overwritten=0 applied=2 ignored=0} inserts{seen=0 ignored=0} mutations{seen=0 ignored=0} orphaned_commits=0. Pending: 0 replicates
I20260608 09:57:18.240001 19011 tablet_bootstrap.cc:492] T a988fb70fa164caa86eccd5d365670f0 P c3ec81034be8405b8f59067d874f057b: Bootstrap complete.
I20260608 09:57:18.240850 19011 ts_tablet_manager.cc:1403] T a988fb70fa164caa86eccd5d365670f0 P c3ec81034be8405b8f59067d874f057b: Time spent bootstrapping tablet: real 0.033s	user 0.016s	sys 0.019s
I20260608 09:57:18.245255 19011 raft_consensus.cc:359] T a988fb70fa164caa86eccd5d365670f0 P c3ec81034be8405b8f59067d874f057b [term 1 LEARNER]: Replica starting. Triggering 0 pending ops. Active config: opid_index: 2 OBSOLETE_local: false peers { permanent_uuid: "2d0e64be44dd4f7f887a3b18879750fd" member_type: VOTER last_known_addr { host: "127.15.25.194" port: 46337 } attrs { replace: true } } peers { permanent_uuid: "e14f58b90269488690a8db16672e26e3" member_type: VOTER last_known_addr { host: "127.15.25.193" port: 46227 } } peers { permanent_uuid: "182284e239494eb7a92837e2e2253739" member_type: VOTER last_known_addr { host: "127.15.25.195" port: 43437 } } peers { permanent_uuid: "c3ec81034be8405b8f59067d874f057b" member_type: NON_VOTER last_known_addr { host: "127.15.25.196" port: 37959 } attrs { promote: true } }
I20260608 09:57:18.246416 19011 raft_consensus.cc:740] T a988fb70fa164caa86eccd5d365670f0 P c3ec81034be8405b8f59067d874f057b [term 1 LEARNER]: Becoming Follower/Learner. State: Replica: c3ec81034be8405b8f59067d874f057b, State: Initialized, Role: LEARNER
I20260608 09:57:18.247162 19011 consensus_queue.cc:260] T a988fb70fa164caa86eccd5d365670f0 P c3ec81034be8405b8f59067d874f057b [NON_LEADER]: Queue going to NON_LEADER mode. State: All replicated index: 0, Majority replicated index: 0, Committed index: 2, Last appended: 1.2, Last appended by leader: 2, Current term: 0, Majority size: -1, State: 0, Mode: NON_LEADER, active raft config: opid_index: 2 OBSOLETE_local: false peers { permanent_uuid: "2d0e64be44dd4f7f887a3b18879750fd" member_type: VOTER last_known_addr { host: "127.15.25.194" port: 46337 } attrs { replace: true } } peers { permanent_uuid: "e14f58b90269488690a8db16672e26e3" member_type: VOTER last_known_addr { host: "127.15.25.193" port: 46227 } } peers { permanent_uuid: "182284e239494eb7a92837e2e2253739" member_type: VOTER last_known_addr { host: "127.15.25.195" port: 43437 } } peers { permanent_uuid: "c3ec81034be8405b8f59067d874f057b" member_type: NON_VOTER last_known_addr { host: "127.15.25.196" port: 37959 } attrs { promote: true } }
I20260608 09:57:18.258158 19011 ts_tablet_manager.cc:1434] T a988fb70fa164caa86eccd5d365670f0 P c3ec81034be8405b8f59067d874f057b: Time spent starting tablet: real 0.017s	user 0.009s	sys 0.005s
I20260608 09:57:18.267043 18491 tablet_copy_service.cc:342] P e14f58b90269488690a8db16672e26e3: Request end of tablet copy session c3ec81034be8405b8f59067d874f057b-a988fb70fa164caa86eccd5d365670f0 received from {username='slave'} at 127.0.0.1:33370
I20260608 09:57:18.267680 18491 tablet_copy_service.cc:434] P e14f58b90269488690a8db16672e26e3: ending tablet copy session c3ec81034be8405b8f59067d874f057b-a988fb70fa164caa86eccd5d365670f0 on tablet a988fb70fa164caa86eccd5d365670f0 with peer c3ec81034be8405b8f59067d874f057b
I20260608 09:57:18.267946 19006 tablet_copy_client.cc:806] T 9717d43d506a48deb42e39118d44f249 P c3ec81034be8405b8f59067d874f057b: tablet copy: Starting download of 0 data blocks...
I20260608 09:57:18.268627 19006 tablet_copy_client.cc:670] T 9717d43d506a48deb42e39118d44f249 P c3ec81034be8405b8f59067d874f057b: tablet copy: Starting download of 1 WAL segments...
I20260608 09:57:18.267138 19008 tablet_copy_client.cc:806] T 633d9c1abc054f6094ce1b0e41ee6458 P c3ec81034be8405b8f59067d874f057b: tablet copy: Starting download of 0 data blocks...
I20260608 09:57:18.269563 19008 tablet_copy_client.cc:670] T 633d9c1abc054f6094ce1b0e41ee6458 P c3ec81034be8405b8f59067d874f057b: tablet copy: Starting download of 1 WAL segments...
I20260608 09:57:18.277468 19006 tablet_copy_client.cc:538] T 9717d43d506a48deb42e39118d44f249 P c3ec81034be8405b8f59067d874f057b: tablet copy: Tablet Copy complete. Replacing tablet superblock.
I20260608 09:57:18.281098 19008 tablet_copy_client.cc:538] T 633d9c1abc054f6094ce1b0e41ee6458 P c3ec81034be8405b8f59067d874f057b: tablet copy: Tablet Copy complete. Replacing tablet superblock.
I20260608 09:57:18.292620 19008 tablet_bootstrap.cc:492] T 633d9c1abc054f6094ce1b0e41ee6458 P c3ec81034be8405b8f59067d874f057b: Bootstrap starting.
I20260608 09:57:18.298810 19006 tablet_bootstrap.cc:492] T 9717d43d506a48deb42e39118d44f249 P c3ec81034be8405b8f59067d874f057b: Bootstrap starting.
I20260608 09:57:18.322180 19011 ts_tablet_manager.cc:933] T 73a7868fc93844408913ef200f3a96ef P c3ec81034be8405b8f59067d874f057b: Initiating tablet copy from peer e14f58b90269488690a8db16672e26e3 (127.15.25.193:46227)
I20260608 09:57:18.336076 19006 tablet_bootstrap.cc:492] T 9717d43d506a48deb42e39118d44f249 P c3ec81034be8405b8f59067d874f057b: Bootstrap replayed 1/1 log segments. Stats: ops{read=2 overwritten=0 applied=2 ignored=0} inserts{seen=0 ignored=0} mutations{seen=0 ignored=0} orphaned_commits=0. Pending: 0 replicates
I20260608 09:57:18.337302 19006 tablet_bootstrap.cc:492] T 9717d43d506a48deb42e39118d44f249 P c3ec81034be8405b8f59067d874f057b: Bootstrap complete.
I20260608 09:57:18.338065 19006 ts_tablet_manager.cc:1403] T 9717d43d506a48deb42e39118d44f249 P c3ec81034be8405b8f59067d874f057b: Time spent bootstrapping tablet: real 0.041s	user 0.010s	sys 0.016s
I20260608 09:57:18.338922 19011 tablet_copy_client.cc:323] T 73a7868fc93844408913ef200f3a96ef P c3ec81034be8405b8f59067d874f057b: tablet copy: Beginning tablet copy session from remote peer at address 127.15.25.193:46227
I20260608 09:57:18.341341 18491 tablet_copy_service.cc:140] P e14f58b90269488690a8db16672e26e3: Received BeginTabletCopySession request for tablet 73a7868fc93844408913ef200f3a96ef from peer c3ec81034be8405b8f59067d874f057b ({username='slave'} at 127.0.0.1:33370)
I20260608 09:57:18.342008 18491 tablet_copy_service.cc:161] P e14f58b90269488690a8db16672e26e3: Beginning new tablet copy session on tablet 73a7868fc93844408913ef200f3a96ef from peer c3ec81034be8405b8f59067d874f057b at {username='slave'} at 127.0.0.1:33370: session id = c3ec81034be8405b8f59067d874f057b-73a7868fc93844408913ef200f3a96ef
I20260608 09:57:18.342643 19006 raft_consensus.cc:359] T 9717d43d506a48deb42e39118d44f249 P c3ec81034be8405b8f59067d874f057b [term 1 LEARNER]: Replica starting. Triggering 0 pending ops. Active config: opid_index: 2 OBSOLETE_local: false peers { permanent_uuid: "e14f58b90269488690a8db16672e26e3" member_type: VOTER last_known_addr { host: "127.15.25.193" port: 46227 } attrs { replace: true } } peers { permanent_uuid: "2d0e64be44dd4f7f887a3b18879750fd" member_type: VOTER last_known_addr { host: "127.15.25.194" port: 46337 } } peers { permanent_uuid: "182284e239494eb7a92837e2e2253739" member_type: VOTER last_known_addr { host: "127.15.25.195" port: 43437 } } peers { permanent_uuid: "c3ec81034be8405b8f59067d874f057b" member_type: NON_VOTER last_known_addr { host: "127.15.25.196" port: 37959 } attrs { promote: true } }
I20260608 09:57:18.343493 19006 raft_consensus.cc:740] T 9717d43d506a48deb42e39118d44f249 P c3ec81034be8405b8f59067d874f057b [term 1 LEARNER]: Becoming Follower/Learner. State: Replica: c3ec81034be8405b8f59067d874f057b, State: Initialized, Role: LEARNER
I20260608 09:57:18.344439 19006 consensus_queue.cc:260] T 9717d43d506a48deb42e39118d44f249 P c3ec81034be8405b8f59067d874f057b [NON_LEADER]: Queue going to NON_LEADER mode. State: All replicated index: 0, Majority replicated index: 0, Committed index: 2, Last appended: 1.2, Last appended by leader: 2, Current term: 0, Majority size: -1, State: 0, Mode: NON_LEADER, active raft config: opid_index: 2 OBSOLETE_local: false peers { permanent_uuid: "e14f58b90269488690a8db16672e26e3" member_type: VOTER last_known_addr { host: "127.15.25.193" port: 46227 } attrs { replace: true } } peers { permanent_uuid: "2d0e64be44dd4f7f887a3b18879750fd" member_type: VOTER last_known_addr { host: "127.15.25.194" port: 46337 } } peers { permanent_uuid: "182284e239494eb7a92837e2e2253739" member_type: VOTER last_known_addr { host: "127.15.25.195" port: 43437 } } peers { permanent_uuid: "c3ec81034be8405b8f59067d874f057b" member_type: NON_VOTER last_known_addr { host: "127.15.25.196" port: 37959 } attrs { promote: true } }
I20260608 09:57:18.351631 18432 auto_leader_rebalancer.cc:140] leader rebalance for table range_aware_rebalance_new_range
I20260608 09:57:18.352723 18491 tablet_copy_source_session.cc:215] T 73a7868fc93844408913ef200f3a96ef P e14f58b90269488690a8db16672e26e3: Tablet Copy: opened 0 blocks and 1 log segments
I20260608 09:57:18.360284 19011 data_dirs.cc:400] Could only allocate 1 dirs of requested 3 for tablet 73a7868fc93844408913ef200f3a96ef. 1 dirs total, 0 dirs full, 0 dirs failed
I20260608 09:57:18.364713 19006 ts_tablet_manager.cc:1434] T 9717d43d506a48deb42e39118d44f249 P c3ec81034be8405b8f59067d874f057b: Time spent starting tablet: real 0.026s	user 0.007s	sys 0.000s
I20260608 09:57:18.356220 19008 tablet_bootstrap.cc:492] T 633d9c1abc054f6094ce1b0e41ee6458 P c3ec81034be8405b8f59067d874f057b: Bootstrap replayed 1/1 log segments. Stats: ops{read=2 overwritten=0 applied=2 ignored=0} inserts{seen=0 ignored=0} mutations{seen=0 ignored=0} orphaned_commits=0. Pending: 0 replicates
I20260608 09:57:18.368312 19008 tablet_bootstrap.cc:492] T 633d9c1abc054f6094ce1b0e41ee6458 P c3ec81034be8405b8f59067d874f057b: Bootstrap complete.
I20260608 09:57:18.369238 19008 ts_tablet_manager.cc:1403] T 633d9c1abc054f6094ce1b0e41ee6458 P c3ec81034be8405b8f59067d874f057b: Time spent bootstrapping tablet: real 0.077s	user 0.026s	sys 0.008s
I20260608 09:57:18.378159 18565 tablet_copy_service.cc:342] P 2d0e64be44dd4f7f887a3b18879750fd: Request end of tablet copy session c3ec81034be8405b8f59067d874f057b-9717d43d506a48deb42e39118d44f249 received from {username='slave'} at 127.0.0.1:40714
I20260608 09:57:18.381924 18565 tablet_copy_service.cc:434] P 2d0e64be44dd4f7f887a3b18879750fd: ending tablet copy session c3ec81034be8405b8f59067d874f057b-9717d43d506a48deb42e39118d44f249 on tablet 9717d43d506a48deb42e39118d44f249 with peer c3ec81034be8405b8f59067d874f057b
I20260608 09:57:18.387957 19008 raft_consensus.cc:359] T 633d9c1abc054f6094ce1b0e41ee6458 P c3ec81034be8405b8f59067d874f057b [term 1 LEARNER]: Replica starting. Triggering 0 pending ops. Active config: opid_index: 2 OBSOLETE_local: false peers { permanent_uuid: "e14f58b90269488690a8db16672e26e3" member_type: VOTER last_known_addr { host: "127.15.25.193" port: 46227 } } peers { permanent_uuid: "2d0e64be44dd4f7f887a3b18879750fd" member_type: VOTER last_known_addr { host: "127.15.25.194" port: 46337 } } peers { permanent_uuid: "182284e239494eb7a92837e2e2253739" member_type: VOTER last_known_addr { host: "127.15.25.195" port: 43437 } attrs { replace: true } } peers { permanent_uuid: "c3ec81034be8405b8f59067d874f057b" member_type: NON_VOTER last_known_addr { host: "127.15.25.196" port: 37959 } attrs { promote: true } }
I20260608 09:57:18.389236 19008 raft_consensus.cc:740] T 633d9c1abc054f6094ce1b0e41ee6458 P c3ec81034be8405b8f59067d874f057b [term 1 LEARNER]: Becoming Follower/Learner. State: Replica: c3ec81034be8405b8f59067d874f057b, State: Initialized, Role: LEARNER
I20260608 09:57:18.390111 19008 consensus_queue.cc:260] T 633d9c1abc054f6094ce1b0e41ee6458 P c3ec81034be8405b8f59067d874f057b [NON_LEADER]: Queue going to NON_LEADER mode. State: All replicated index: 0, Majority replicated index: 0, Committed index: 2, Last appended: 1.2, Last appended by leader: 2, Current term: 0, Majority size: -1, State: 0, Mode: NON_LEADER, active raft config: opid_index: 2 OBSOLETE_local: false peers { permanent_uuid: "e14f58b90269488690a8db16672e26e3" member_type: VOTER last_known_addr { host: "127.15.25.193" port: 46227 } } peers { permanent_uuid: "2d0e64be44dd4f7f887a3b18879750fd" member_type: VOTER last_known_addr { host: "127.15.25.194" port: 46337 } } peers { permanent_uuid: "182284e239494eb7a92837e2e2253739" member_type: VOTER last_known_addr { host: "127.15.25.195" port: 43437 } attrs { replace: true } } peers { permanent_uuid: "c3ec81034be8405b8f59067d874f057b" member_type: NON_VOTER last_known_addr { host: "127.15.25.196" port: 37959 } attrs { promote: true } }
I20260608 09:57:18.396595 18556 tablet_service.cc:2072] Received LeaderStepDown RPC: tablet_id: "633d9c1abc054f6094ce1b0e41ee6458"
dest_uuid: "2d0e64be44dd4f7f887a3b18879750fd"
mode: GRACEFUL
new_leader_uuid: "182284e239494eb7a92837e2e2253739"
 from {username='slave'} at 127.0.0.1:45470
I20260608 09:57:18.397480 18556 raft_consensus.cc:606] T 633d9c1abc054f6094ce1b0e41ee6458 P 2d0e64be44dd4f7f887a3b18879750fd [term 1 LEADER]: Received request to transfer leadership to TS 182284e239494eb7a92837e2e2253739
I20260608 09:57:18.398018 19008 ts_tablet_manager.cc:1434] T 633d9c1abc054f6094ce1b0e41ee6458 P c3ec81034be8405b8f59067d874f057b: Time spent starting tablet: real 0.014s	user 0.008s	sys 0.000s
I20260608 09:57:18.401352 18565 tablet_copy_service.cc:342] P 2d0e64be44dd4f7f887a3b18879750fd: Request end of tablet copy session c3ec81034be8405b8f59067d874f057b-633d9c1abc054f6094ce1b0e41ee6458 received from {username='slave'} at 127.0.0.1:40714
I20260608 09:57:18.401857 18565 tablet_copy_service.cc:434] P 2d0e64be44dd4f7f887a3b18879750fd: ending tablet copy session c3ec81034be8405b8f59067d874f057b-633d9c1abc054f6094ce1b0e41ee6458 on tablet 633d9c1abc054f6094ce1b0e41ee6458 with peer c3ec81034be8405b8f59067d874f057b
I20260608 09:57:18.406615 18629 tablet_service.cc:2072] Received LeaderStepDown RPC: tablet_id: "83ebf5fb1b4a4e8abda55098ac93c8ac"
dest_uuid: "182284e239494eb7a92837e2e2253739"
mode: GRACEFUL
new_leader_uuid: "e14f58b90269488690a8db16672e26e3"
 from {username='slave'} at 127.0.0.1:59908
I20260608 09:57:18.407346 18629 raft_consensus.cc:606] T 83ebf5fb1b4a4e8abda55098ac93c8ac P 182284e239494eb7a92837e2e2253739 [term 3 LEADER]: Received request to transfer leadership to TS e14f58b90269488690a8db16672e26e3
I20260608 09:57:18.407771 19011 tablet_copy_client.cc:806] T 73a7868fc93844408913ef200f3a96ef P c3ec81034be8405b8f59067d874f057b: tablet copy: Starting download of 0 data blocks...
I20260608 09:57:18.408460 19011 tablet_copy_client.cc:670] T 73a7868fc93844408913ef200f3a96ef P c3ec81034be8405b8f59067d874f057b: tablet copy: Starting download of 1 WAL segments...
I20260608 09:57:18.412909 18629 tablet_service.cc:2072] Received LeaderStepDown RPC: tablet_id: "8fa769e5018d47cf920ab57019f3dff7"
dest_uuid: "182284e239494eb7a92837e2e2253739"
mode: GRACEFUL
new_leader_uuid: "c3ec81034be8405b8f59067d874f057b"
 from {username='slave'} at 127.0.0.1:59908
I20260608 09:57:18.413573 18629 raft_consensus.cc:606] T 8fa769e5018d47cf920ab57019f3dff7 P 182284e239494eb7a92837e2e2253739 [term 1 LEADER]: Received request to transfer leadership to TS c3ec81034be8405b8f59067d874f057b
I20260608 09:57:18.414080 19011 tablet_copy_client.cc:538] T 73a7868fc93844408913ef200f3a96ef P c3ec81034be8405b8f59067d874f057b: tablet copy: Tablet Copy complete. Replacing tablet superblock.
I20260608 09:57:18.417414 18477 tablet_service.cc:2072] Received LeaderStepDown RPC: tablet_id: "a988fb70fa164caa86eccd5d365670f0"
dest_uuid: "e14f58b90269488690a8db16672e26e3"
mode: GRACEFUL
new_leader_uuid: "2d0e64be44dd4f7f887a3b18879750fd"
 from {username='slave'} at 127.0.0.1:33376
I20260608 09:57:18.418131 18477 raft_consensus.cc:606] T a988fb70fa164caa86eccd5d365670f0 P e14f58b90269488690a8db16672e26e3 [term 1 LEADER]: Received request to transfer leadership to TS 2d0e64be44dd4f7f887a3b18879750fd
I20260608 09:57:18.420397 18432 auto_leader_rebalancer.cc:388] table: range_aware_rebalance_new_range, leader rebalance finish, leader transfer count: 4
I20260608 09:57:18.421500 18432 auto_leader_rebalancer.cc:451] All tables' leader rebalancing finished this round
I20260608 09:57:18.425854 19011 tablet_bootstrap.cc:492] T 73a7868fc93844408913ef200f3a96ef P c3ec81034be8405b8f59067d874f057b: Bootstrap starting.
I20260608 09:57:18.454463 19011 tablet_bootstrap.cc:492] T 73a7868fc93844408913ef200f3a96ef P c3ec81034be8405b8f59067d874f057b: Bootstrap replayed 1/1 log segments. Stats: ops{read=2 overwritten=0 applied=2 ignored=0} inserts{seen=0 ignored=0} mutations{seen=0 ignored=0} orphaned_commits=0. Pending: 0 replicates
I20260608 09:57:18.455307 19011 tablet_bootstrap.cc:492] T 73a7868fc93844408913ef200f3a96ef P c3ec81034be8405b8f59067d874f057b: Bootstrap complete.
I20260608 09:57:18.455945 19011 ts_tablet_manager.cc:1403] T 73a7868fc93844408913ef200f3a96ef P c3ec81034be8405b8f59067d874f057b: Time spent bootstrapping tablet: real 0.030s	user 0.019s	sys 0.007s
I20260608 09:57:18.459327 19011 raft_consensus.cc:359] T 73a7868fc93844408913ef200f3a96ef P c3ec81034be8405b8f59067d874f057b [term 1 LEARNER]: Replica starting. Triggering 0 pending ops. Active config: opid_index: 2 OBSOLETE_local: false peers { permanent_uuid: "2d0e64be44dd4f7f887a3b18879750fd" member_type: VOTER last_known_addr { host: "127.15.25.194" port: 46337 } } peers { permanent_uuid: "e14f58b90269488690a8db16672e26e3" member_type: VOTER last_known_addr { host: "127.15.25.193" port: 46227 } } peers { permanent_uuid: "182284e239494eb7a92837e2e2253739" member_type: VOTER last_known_addr { host: "127.15.25.195" port: 43437 } attrs { replace: true } } peers { permanent_uuid: "c3ec81034be8405b8f59067d874f057b" member_type: NON_VOTER last_known_addr { host: "127.15.25.196" port: 37959 } attrs { promote: true } }
I20260608 09:57:18.460332 19011 raft_consensus.cc:740] T 73a7868fc93844408913ef200f3a96ef P c3ec81034be8405b8f59067d874f057b [term 1 LEARNER]: Becoming Follower/Learner. State: Replica: c3ec81034be8405b8f59067d874f057b, State: Initialized, Role: LEARNER
I20260608 09:57:18.461054 19011 consensus_queue.cc:260] T 73a7868fc93844408913ef200f3a96ef P c3ec81034be8405b8f59067d874f057b [NON_LEADER]: Queue going to NON_LEADER mode. State: All replicated index: 0, Majority replicated index: 0, Committed index: 2, Last appended: 1.2, Last appended by leader: 2, Current term: 0, Majority size: -1, State: 0, Mode: NON_LEADER, active raft config: opid_index: 2 OBSOLETE_local: false peers { permanent_uuid: "2d0e64be44dd4f7f887a3b18879750fd" member_type: VOTER last_known_addr { host: "127.15.25.194" port: 46337 } } peers { permanent_uuid: "e14f58b90269488690a8db16672e26e3" member_type: VOTER last_known_addr { host: "127.15.25.193" port: 46227 } } peers { permanent_uuid: "182284e239494eb7a92837e2e2253739" member_type: VOTER last_known_addr { host: "127.15.25.195" port: 43437 } attrs { replace: true } } peers { permanent_uuid: "c3ec81034be8405b8f59067d874f057b" member_type: NON_VOTER last_known_addr { host: "127.15.25.196" port: 37959 } attrs { promote: true } }
I20260608 09:57:18.465821 19011 ts_tablet_manager.cc:1434] T 73a7868fc93844408913ef200f3a96ef P c3ec81034be8405b8f59067d874f057b: Time spent starting tablet: real 0.010s	user 0.003s	sys 0.003s
I20260608 09:57:18.467691 18491 tablet_copy_service.cc:342] P e14f58b90269488690a8db16672e26e3: Request end of tablet copy session c3ec81034be8405b8f59067d874f057b-73a7868fc93844408913ef200f3a96ef received from {username='slave'} at 127.0.0.1:33370
I20260608 09:57:18.468129 18491 tablet_copy_service.cc:434] P e14f58b90269488690a8db16672e26e3: ending tablet copy session c3ec81034be8405b8f59067d874f057b-73a7868fc93844408913ef200f3a96ef on tablet 73a7868fc93844408913ef200f3a96ef with peer c3ec81034be8405b8f59067d874f057b
I20260608 09:57:18.576676 18777 raft_consensus.cc:1217] T 633d9c1abc054f6094ce1b0e41ee6458 P c3ec81034be8405b8f59067d874f057b [term 1 LEARNER]: Deduplicated request from leader. Original: 1.1->[1.2-1.2]   Dedup: 1.2->[]
I20260608 09:57:18.614251 19004 raft_consensus.cc:993] T 8fa769e5018d47cf920ab57019f3dff7 P 182284e239494eb7a92837e2e2253739: : Instructing follower c3ec81034be8405b8f59067d874f057b to start an election
I20260608 09:57:18.615134 19004 raft_consensus.cc:1081] T 8fa769e5018d47cf920ab57019f3dff7 P 182284e239494eb7a92837e2e2253739 [term 1 LEADER]: Signalling peer c3ec81034be8405b8f59067d874f057b to start an election
I20260608 09:57:18.617287 18777 tablet_service.cc:2044] Received Run Leader Election RPC: tablet_id: "8fa769e5018d47cf920ab57019f3dff7"
dest_uuid: "c3ec81034be8405b8f59067d874f057b"
 from {username='slave'} at 127.0.0.1:44010
I20260608 09:57:18.619936 18776 raft_consensus.cc:1217] T 9717d43d506a48deb42e39118d44f249 P c3ec81034be8405b8f59067d874f057b [term 1 LEARNER]: Deduplicated request from leader. Original: 1.1->[1.2-1.2]   Dedup: 1.2->[]
I20260608 09:57:18.622320 18777 raft_consensus.cc:493] T 8fa769e5018d47cf920ab57019f3dff7 P c3ec81034be8405b8f59067d874f057b [term 1 FOLLOWER]: Starting forced leader election (received explicit request)
I20260608 09:57:18.622890 18777 raft_consensus.cc:3060] T 8fa769e5018d47cf920ab57019f3dff7 P c3ec81034be8405b8f59067d874f057b [term 1 FOLLOWER]: Advancing to term 2
I20260608 09:57:18.633628 18776 raft_consensus.cc:1217] T a988fb70fa164caa86eccd5d365670f0 P c3ec81034be8405b8f59067d874f057b [term 1 LEARNER]: Deduplicated request from leader. Original: 1.1->[1.2-1.2]   Dedup: 1.2->[]
I20260608 09:57:18.642993 18980 raft_consensus.cc:993] T 83ebf5fb1b4a4e8abda55098ac93c8ac P 182284e239494eb7a92837e2e2253739: : Instructing follower e14f58b90269488690a8db16672e26e3 to start an election
I20260608 09:57:18.643563 18980 raft_consensus.cc:1081] T 83ebf5fb1b4a4e8abda55098ac93c8ac P 182284e239494eb7a92837e2e2253739 [term 3 LEADER]: Signalling peer e14f58b90269488690a8db16672e26e3 to start an election
I20260608 09:57:18.643412 18777 raft_consensus.cc:515] T 8fa769e5018d47cf920ab57019f3dff7 P c3ec81034be8405b8f59067d874f057b [term 2 FOLLOWER]: Starting forced leader election with config: opid_index: 4 OBSOLETE_local: false peers { permanent_uuid: "e14f58b90269488690a8db16672e26e3" member_type: VOTER last_known_addr { host: "127.15.25.193" port: 46227 } } peers { permanent_uuid: "182284e239494eb7a92837e2e2253739" member_type: VOTER last_known_addr { host: "127.15.25.195" port: 43437 } } peers { permanent_uuid: "c3ec81034be8405b8f59067d874f057b" member_type: VOTER last_known_addr { host: "127.15.25.196" port: 37959 } attrs { promote: false } }
I20260608 09:57:18.647876 18480 tablet_service.cc:1917] Received RequestConsensusVote() RPC: tablet_id: "8fa769e5018d47cf920ab57019f3dff7" candidate_uuid: "c3ec81034be8405b8f59067d874f057b" candidate_term: 2 candidate_status { last_received { term: 1 index: 4 } } ignore_live_leader: true dest_uuid: "e14f58b90269488690a8db16672e26e3"
I20260608 09:57:18.648156 18477 tablet_service.cc:2044] Received Run Leader Election RPC: tablet_id: "83ebf5fb1b4a4e8abda55098ac93c8ac"
dest_uuid: "e14f58b90269488690a8db16672e26e3"
 from {username='slave'} at 127.0.0.1:33364
I20260608 09:57:18.648691 18480 raft_consensus.cc:3060] T 8fa769e5018d47cf920ab57019f3dff7 P e14f58b90269488690a8db16672e26e3 [term 1 FOLLOWER]: Advancing to term 2
I20260608 09:57:18.648870 18477 raft_consensus.cc:493] T 83ebf5fb1b4a4e8abda55098ac93c8ac P e14f58b90269488690a8db16672e26e3 [term 3 FOLLOWER]: Starting forced leader election (received explicit request)
I20260608 09:57:18.649390 18477 raft_consensus.cc:3060] T 83ebf5fb1b4a4e8abda55098ac93c8ac P e14f58b90269488690a8db16672e26e3 [term 3 FOLLOWER]: Advancing to term 4
I20260608 09:57:18.665885 18480 raft_consensus.cc:2468] T 8fa769e5018d47cf920ab57019f3dff7 P e14f58b90269488690a8db16672e26e3 [term 2 FOLLOWER]: Leader election vote request: Granting yes vote for candidate c3ec81034be8405b8f59067d874f057b in term 2.
I20260608 09:57:18.668128 18629 tablet_service.cc:1917] Received RequestConsensusVote() RPC: tablet_id: "8fa769e5018d47cf920ab57019f3dff7" candidate_uuid: "c3ec81034be8405b8f59067d874f057b" candidate_term: 2 candidate_status { last_received { term: 1 index: 4 } } ignore_live_leader: true dest_uuid: "182284e239494eb7a92837e2e2253739"
I20260608 09:57:18.667088 18477 raft_consensus.cc:515] T 83ebf5fb1b4a4e8abda55098ac93c8ac P e14f58b90269488690a8db16672e26e3 [term 4 FOLLOWER]: Starting forced leader election with config: opid_index: -1 OBSOLETE_local: false peers { permanent_uuid: "e14f58b90269488690a8db16672e26e3" member_type: VOTER last_known_addr { host: "127.15.25.193" port: 46227 } } peers { permanent_uuid: "2d0e64be44dd4f7f887a3b18879750fd" member_type: VOTER last_known_addr { host: "127.15.25.194" port: 46337 } } peers { permanent_uuid: "182284e239494eb7a92837e2e2253739" member_type: VOTER last_known_addr { host: "127.15.25.195" port: 43437 } }
I20260608 09:57:18.668773 18629 raft_consensus.cc:3055] T 8fa769e5018d47cf920ab57019f3dff7 P 182284e239494eb7a92837e2e2253739 [term 1 LEADER]: Stepping down as leader of term 1
I20260608 09:57:18.669162 18629 raft_consensus.cc:740] T 8fa769e5018d47cf920ab57019f3dff7 P 182284e239494eb7a92837e2e2253739 [term 1 LEADER]: Becoming Follower/Learner. State: Replica: 182284e239494eb7a92837e2e2253739, State: Running, Role: LEADER
I20260608 09:57:18.670189 18629 consensus_queue.cc:260] T 8fa769e5018d47cf920ab57019f3dff7 P 182284e239494eb7a92837e2e2253739 [NON_LEADER]: Queue going to NON_LEADER mode. State: All replicated index: 0, Majority replicated index: 4, Committed index: 4, Last appended: 1.4, Last appended by leader: 4, Current term: 1, Majority size: -1, State: 0, Mode: NON_LEADER, active raft config: opid_index: 4 OBSOLETE_local: false peers { permanent_uuid: "e14f58b90269488690a8db16672e26e3" member_type: VOTER last_known_addr { host: "127.15.25.193" port: 46227 } } peers { permanent_uuid: "182284e239494eb7a92837e2e2253739" member_type: VOTER last_known_addr { host: "127.15.25.195" port: 43437 } } peers { permanent_uuid: "c3ec81034be8405b8f59067d874f057b" member_type: VOTER last_known_addr { host: "127.15.25.196" port: 37959 } attrs { promote: false } }
I20260608 09:57:18.670976 18477 leader_election.cc:290] T 83ebf5fb1b4a4e8abda55098ac93c8ac P e14f58b90269488690a8db16672e26e3 [CANDIDATE]: Term 4 election: Requested vote from peers 2d0e64be44dd4f7f887a3b18879750fd (127.15.25.194:46337), 182284e239494eb7a92837e2e2253739 (127.15.25.195:43437)
I20260608 09:57:18.667860 18777 leader_election.cc:290] T 8fa769e5018d47cf920ab57019f3dff7 P c3ec81034be8405b8f59067d874f057b [CANDIDATE]: Term 2 election: Requested vote from peers e14f58b90269488690a8db16672e26e3 (127.15.25.193:46227), 182284e239494eb7a92837e2e2253739 (127.15.25.195:43437)
I20260608 09:57:18.673866 18744 leader_election.cc:304] T 8fa769e5018d47cf920ab57019f3dff7 P c3ec81034be8405b8f59067d874f057b [CANDIDATE]: Term 2 election: Election decided. Result: candidate won. Election summary: received 2 responses out of 3 voters: 2 yes votes; 0 no votes. yes voters: c3ec81034be8405b8f59067d874f057b, e14f58b90269488690a8db16672e26e3; no voters: 
I20260608 09:57:18.674085 18552 tablet_service.cc:1917] Received RequestConsensusVote() RPC: tablet_id: "83ebf5fb1b4a4e8abda55098ac93c8ac" candidate_uuid: "e14f58b90269488690a8db16672e26e3" candidate_term: 4 candidate_status { last_received { term: 3 index: 2 } } ignore_live_leader: true dest_uuid: "2d0e64be44dd4f7f887a3b18879750fd"
I20260608 09:57:18.674713 18552 raft_consensus.cc:3060] T 83ebf5fb1b4a4e8abda55098ac93c8ac P 2d0e64be44dd4f7f887a3b18879750fd [term 3 FOLLOWER]: Advancing to term 4
I20260608 09:57:18.674968 19015 raft_consensus.cc:2804] T 8fa769e5018d47cf920ab57019f3dff7 P c3ec81034be8405b8f59067d874f057b [term 2 FOLLOWER]: Leader election won for term 2
I20260608 09:57:18.684454 18626 tablet_service.cc:1917] Received RequestConsensusVote() RPC: tablet_id: "83ebf5fb1b4a4e8abda55098ac93c8ac" candidate_uuid: "e14f58b90269488690a8db16672e26e3" candidate_term: 4 candidate_status { last_received { term: 3 index: 2 } } ignore_live_leader: true dest_uuid: "182284e239494eb7a92837e2e2253739"
I20260608 09:57:18.685137 18626 raft_consensus.cc:3055] T 83ebf5fb1b4a4e8abda55098ac93c8ac P 182284e239494eb7a92837e2e2253739 [term 3 LEADER]: Stepping down as leader of term 3
I20260608 09:57:18.685432 18626 raft_consensus.cc:740] T 83ebf5fb1b4a4e8abda55098ac93c8ac P 182284e239494eb7a92837e2e2253739 [term 3 LEADER]: Becoming Follower/Learner. State: Replica: 182284e239494eb7a92837e2e2253739, State: Running, Role: LEADER
I20260608 09:57:18.686412 18626 consensus_queue.cc:260] T 83ebf5fb1b4a4e8abda55098ac93c8ac P 182284e239494eb7a92837e2e2253739 [NON_LEADER]: Queue going to NON_LEADER mode. State: All replicated index: 0, Majority replicated index: 2, Committed index: 2, Last appended: 3.2, Last appended by leader: 2, Current term: 3, Majority size: -1, State: 0, Mode: NON_LEADER, active raft config: opid_index: -1 OBSOLETE_local: false peers { permanent_uuid: "e14f58b90269488690a8db16672e26e3" member_type: VOTER last_known_addr { host: "127.15.25.193" port: 46227 } } peers { permanent_uuid: "2d0e64be44dd4f7f887a3b18879750fd" member_type: VOTER last_known_addr { host: "127.15.25.194" port: 46337 } } peers { permanent_uuid: "182284e239494eb7a92837e2e2253739" member_type: VOTER last_known_addr { host: "127.15.25.195" port: 43437 } }
I20260608 09:57:18.687822 18626 raft_consensus.cc:3060] T 83ebf5fb1b4a4e8abda55098ac93c8ac P 182284e239494eb7a92837e2e2253739 [term 3 FOLLOWER]: Advancing to term 4
I20260608 09:57:18.671363 18629 raft_consensus.cc:3060] T 8fa769e5018d47cf920ab57019f3dff7 P 182284e239494eb7a92837e2e2253739 [term 1 FOLLOWER]: Advancing to term 2
I20260608 09:57:18.696045 19015 raft_consensus.cc:697] T 8fa769e5018d47cf920ab57019f3dff7 P c3ec81034be8405b8f59067d874f057b [term 2 LEADER]: Becoming Leader. State: Replica: c3ec81034be8405b8f59067d874f057b, State: Running, Role: LEADER
I20260608 09:57:18.697252 19015 consensus_queue.cc:237] T 8fa769e5018d47cf920ab57019f3dff7 P c3ec81034be8405b8f59067d874f057b [LEADER]: Queue going to LEADER mode. State: All replicated index: 0, Majority replicated index: 4, Committed index: 4, Last appended: 1.4, Last appended by leader: 4, Current term: 2, Majority size: 2, State: 0, Mode: LEADER, active raft config: opid_index: 4 OBSOLETE_local: false peers { permanent_uuid: "e14f58b90269488690a8db16672e26e3" member_type: VOTER last_known_addr { host: "127.15.25.193" port: 46227 } } peers { permanent_uuid: "182284e239494eb7a92837e2e2253739" member_type: VOTER last_known_addr { host: "127.15.25.195" port: 43437 } } peers { permanent_uuid: "c3ec81034be8405b8f59067d874f057b" member_type: VOTER last_known_addr { host: "127.15.25.196" port: 37959 } attrs { promote: false } }
I20260608 09:57:18.704806 18552 raft_consensus.cc:2468] T 83ebf5fb1b4a4e8abda55098ac93c8ac P 2d0e64be44dd4f7f887a3b18879750fd [term 4 FOLLOWER]: Leader election vote request: Granting yes vote for candidate e14f58b90269488690a8db16672e26e3 in term 4.
I20260608 09:57:18.706719 18446 leader_election.cc:304] T 83ebf5fb1b4a4e8abda55098ac93c8ac P e14f58b90269488690a8db16672e26e3 [CANDIDATE]: Term 4 election: Election decided. Result: candidate won. Election summary: received 2 responses out of 3 voters: 2 yes votes; 0 no votes. yes voters: 2d0e64be44dd4f7f887a3b18879750fd, e14f58b90269488690a8db16672e26e3; no voters: 
I20260608 09:57:18.708429 18629 raft_consensus.cc:2468] T 8fa769e5018d47cf920ab57019f3dff7 P 182284e239494eb7a92837e2e2253739 [term 2 FOLLOWER]: Leader election vote request: Granting yes vote for candidate c3ec81034be8405b8f59067d874f057b in term 2.
I20260608 09:57:18.708737 18825 raft_consensus.cc:2804] T 83ebf5fb1b4a4e8abda55098ac93c8ac P e14f58b90269488690a8db16672e26e3 [term 4 FOLLOWER]: Leader election won for term 4
I20260608 09:57:18.709502 18825 raft_consensus.cc:697] T 83ebf5fb1b4a4e8abda55098ac93c8ac P e14f58b90269488690a8db16672e26e3 [term 4 LEADER]: Becoming Leader. State: Replica: e14f58b90269488690a8db16672e26e3, State: Running, Role: LEADER
I20260608 09:57:18.710419 18825 consensus_queue.cc:237] T 83ebf5fb1b4a4e8abda55098ac93c8ac P e14f58b90269488690a8db16672e26e3 [LEADER]: Queue going to LEADER mode. State: All replicated index: 0, Majority replicated index: 2, Committed index: 2, Last appended: 3.2, Last appended by leader: 2, Current term: 4, Majority size: 2, State: 0, Mode: LEADER, active raft config: opid_index: -1 OBSOLETE_local: false peers { permanent_uuid: "e14f58b90269488690a8db16672e26e3" member_type: VOTER last_known_addr { host: "127.15.25.193" port: 46227 } } peers { permanent_uuid: "2d0e64be44dd4f7f887a3b18879750fd" member_type: VOTER last_known_addr { host: "127.15.25.194" port: 46337 } } peers { permanent_uuid: "182284e239494eb7a92837e2e2253739" member_type: VOTER last_known_addr { host: "127.15.25.195" port: 43437 } }
I20260608 09:57:18.710968 18626 raft_consensus.cc:2468] T 83ebf5fb1b4a4e8abda55098ac93c8ac P 182284e239494eb7a92837e2e2253739 [term 4 FOLLOWER]: Leader election vote request: Granting yes vote for candidate e14f58b90269488690a8db16672e26e3 in term 4.
I20260608 09:57:18.724814 18375 catalog_manager.cc:5696] T 8fa769e5018d47cf920ab57019f3dff7 P c3ec81034be8405b8f59067d874f057b reported cstate change: term changed from 1 to 2, leader changed from 182284e239494eb7a92837e2e2253739 (127.15.25.195) to c3ec81034be8405b8f59067d874f057b (127.15.25.196). New cstate: current_term: 2 leader_uuid: "c3ec81034be8405b8f59067d874f057b" committed_config { opid_index: 4 OBSOLETE_local: false peers { permanent_uuid: "e14f58b90269488690a8db16672e26e3" member_type: VOTER last_known_addr { host: "127.15.25.193" port: 46227 } health_report { overall_health: UNKNOWN } } peers { permanent_uuid: "182284e239494eb7a92837e2e2253739" member_type: VOTER last_known_addr { host: "127.15.25.195" port: 43437 } health_report { overall_health: UNKNOWN } } peers { permanent_uuid: "c3ec81034be8405b8f59067d874f057b" member_type: VOTER last_known_addr { host: "127.15.25.196" port: 37959 } attrs { promote: false } health_report { overall_health: HEALTHY } } }
I20260608 09:57:18.750828 18825 raft_consensus.cc:993] T a988fb70fa164caa86eccd5d365670f0 P e14f58b90269488690a8db16672e26e3: : Instructing follower 2d0e64be44dd4f7f887a3b18879750fd to start an election
I20260608 09:57:18.751426 18825 raft_consensus.cc:1081] T a988fb70fa164caa86eccd5d365670f0 P e14f58b90269488690a8db16672e26e3 [term 1 LEADER]: Signalling peer 2d0e64be44dd4f7f887a3b18879750fd to start an election
I20260608 09:57:18.758762 18552 tablet_service.cc:2044] Received Run Leader Election RPC: tablet_id: "a988fb70fa164caa86eccd5d365670f0"
dest_uuid: "2d0e64be44dd4f7f887a3b18879750fd"
 from {username='slave'} at 127.0.0.1:45450
I20260608 09:57:18.759434 18552 raft_consensus.cc:493] T a988fb70fa164caa86eccd5d365670f0 P 2d0e64be44dd4f7f887a3b18879750fd [term 1 FOLLOWER]: Starting forced leader election (received explicit request)
I20260608 09:57:18.759855 18552 raft_consensus.cc:3060] T a988fb70fa164caa86eccd5d365670f0 P 2d0e64be44dd4f7f887a3b18879750fd [term 1 FOLLOWER]: Advancing to term 2
I20260608 09:57:18.756558 18377 catalog_manager.cc:5696] T 83ebf5fb1b4a4e8abda55098ac93c8ac P e14f58b90269488690a8db16672e26e3 reported cstate change: term changed from 3 to 4, leader changed from 182284e239494eb7a92837e2e2253739 (127.15.25.195) to e14f58b90269488690a8db16672e26e3 (127.15.25.193). New cstate: current_term: 4 leader_uuid: "e14f58b90269488690a8db16672e26e3" committed_config { opid_index: -1 OBSOLETE_local: false peers { permanent_uuid: "e14f58b90269488690a8db16672e26e3" member_type: VOTER last_known_addr { host: "127.15.25.193" port: 46227 } health_report { overall_health: HEALTHY } } peers { permanent_uuid: "2d0e64be44dd4f7f887a3b18879750fd" member_type: VOTER last_known_addr { host: "127.15.25.194" port: 46337 } health_report { overall_health: UNKNOWN } } peers { permanent_uuid: "182284e239494eb7a92837e2e2253739" member_type: VOTER last_known_addr { host: "127.15.25.195" port: 43437 } health_report { overall_health: UNKNOWN } } }
