I20260608 09:57:14.307716 18883 consensus_queue.cc:1048] T a1d135d07b62493889ae52c102ee535c P e14f58b90269488690a8db16672e26e3 [LEADER]: Connected to new peer: Peer: permanent_uuid: "2d0e64be44dd4f7f887a3b18879750fd" member_type: VOTER last_known_addr { host: "127.15.25.194" port: 46337 } attrs { replace: true }, Status: LMP_MISMATCH, Last received: 0.0, Next index: 2, Last known committed idx: 1, Time since last communication: 0.000s
I20260608 09:57:14.311760 18825 raft_consensus.cc:2955] T a1d135d07b62493889ae52c102ee535c P e14f58b90269488690a8db16672e26e3 [term 1 LEADER]: Committing config change with OpId 1.2: config changed from index -1 to 2, NON_VOTER c3ec81034be8405b8f59067d874f057b (127.15.25.196) added. New config: { opid_index: 2 OBSOLETE_local: false peers { permanent_uuid: "e14f58b90269488690a8db16672e26e3" member_type: VOTER last_known_addr { host: "127.15.25.193" port: 46227 } } peers { permanent_uuid: "2d0e64be44dd4f7f887a3b18879750fd" member_type: VOTER last_known_addr { host: "127.15.25.194" port: 46337 } attrs { replace: true } } peers { permanent_uuid: "182284e239494eb7a92837e2e2253739" member_type: VOTER last_known_addr { host: "127.15.25.195" port: 43437 } } peers { permanent_uuid: "c3ec81034be8405b8f59067d874f057b" member_type: NON_VOTER last_known_addr { host: "127.15.25.196" port: 37959 } attrs { promote: true } } }
I20260608 09:57:14.318310 18629 raft_consensus.cc:2955] T a1d135d07b62493889ae52c102ee535c P 182284e239494eb7a92837e2e2253739 [term 1 FOLLOWER]: Committing config change with OpId 1.2: config changed from index -1 to 2, NON_VOTER c3ec81034be8405b8f59067d874f057b (127.15.25.196) added. New config: { opid_index: 2 OBSOLETE_local: false peers { permanent_uuid: "e14f58b90269488690a8db16672e26e3" member_type: VOTER last_known_addr { host: "127.15.25.193" port: 46227 } } peers { permanent_uuid: "2d0e64be44dd4f7f887a3b18879750fd" member_type: VOTER last_known_addr { host: "127.15.25.194" port: 46337 } attrs { replace: true } } peers { permanent_uuid: "182284e239494eb7a92837e2e2253739" member_type: VOTER last_known_addr { host: "127.15.25.195" port: 43437 } } peers { permanent_uuid: "c3ec81034be8405b8f59067d874f057b" member_type: NON_VOTER last_known_addr { host: "127.15.25.196" port: 37959 } attrs { promote: true } } }
I20260608 09:57:14.319547 18552 raft_consensus.cc:2955] T a1d135d07b62493889ae52c102ee535c P 2d0e64be44dd4f7f887a3b18879750fd [term 1 FOLLOWER]: Committing config change with OpId 1.2: config changed from index -1 to 2, NON_VOTER c3ec81034be8405b8f59067d874f057b (127.15.25.196) added. New config: { opid_index: 2 OBSOLETE_local: false peers { permanent_uuid: "e14f58b90269488690a8db16672e26e3" member_type: VOTER last_known_addr { host: "127.15.25.193" port: 46227 } } peers { permanent_uuid: "2d0e64be44dd4f7f887a3b18879750fd" member_type: VOTER last_known_addr { host: "127.15.25.194" port: 46337 } attrs { replace: true } } peers { permanent_uuid: "182284e239494eb7a92837e2e2253739" member_type: VOTER last_known_addr { host: "127.15.25.195" port: 43437 } } peers { permanent_uuid: "c3ec81034be8405b8f59067d874f057b" member_type: NON_VOTER last_known_addr { host: "127.15.25.196" port: 37959 } attrs { promote: true } } }
I20260608 09:57:14.330233 18376 catalog_manager.cc:5696] T a1d135d07b62493889ae52c102ee535c P e14f58b90269488690a8db16672e26e3 reported cstate change: config changed from index -1 to 2, NON_VOTER c3ec81034be8405b8f59067d874f057b (127.15.25.196) added. New cstate: current_term: 1 leader_uuid: "e14f58b90269488690a8db16672e26e3" committed_config { opid_index: 2 OBSOLETE_local: false peers { permanent_uuid: "e14f58b90269488690a8db16672e26e3" member_type: VOTER last_known_addr { host: "127.15.25.193" port: 46227 } health_report { overall_health: HEALTHY } } peers { permanent_uuid: "2d0e64be44dd4f7f887a3b18879750fd" member_type: VOTER last_known_addr { host: "127.15.25.194" port: 46337 } attrs { replace: true } health_report { overall_health: HEALTHY } } peers { permanent_uuid: "182284e239494eb7a92837e2e2253739" member_type: VOTER last_known_addr { host: "127.15.25.195" port: 43437 } health_report { overall_health: HEALTHY } } peers { permanent_uuid: "c3ec81034be8405b8f59067d874f057b" member_type: NON_VOTER last_known_addr { host: "127.15.25.196" port: 37959 } attrs { promote: true } health_report { overall_health: UNKNOWN } } }
I20260608 09:57:14.330355 18626 consensus_queue.cc:237] T 8fa769e5018d47cf920ab57019f3dff7 P 182284e239494eb7a92837e2e2253739 [LEADER]: Queue going to LEADER mode. State: All replicated index: 0, Majority replicated index: 1, Committed index: 1, Last appended: 1.1, Last appended by leader: 0, Current term: 1, Majority size: 2, State: 0, Mode: LEADER, active raft config: opid_index: 2 OBSOLETE_local: false peers { permanent_uuid: "e14f58b90269488690a8db16672e26e3" member_type: VOTER last_known_addr { host: "127.15.25.193" port: 46227 } } peers { permanent_uuid: "2d0e64be44dd4f7f887a3b18879750fd" member_type: VOTER last_known_addr { host: "127.15.25.194" port: 46337 } attrs { replace: true } } peers { permanent_uuid: "182284e239494eb7a92837e2e2253739" member_type: VOTER last_known_addr { host: "127.15.25.195" port: 43437 } } peers { permanent_uuid: "c3ec81034be8405b8f59067d874f057b" member_type: NON_VOTER last_known_addr { host: "127.15.25.196" port: 37959 } attrs { promote: true } }
I20260608 09:57:14.343044 18477 raft_consensus.cc:1275] T 8fa769e5018d47cf920ab57019f3dff7 P e14f58b90269488690a8db16672e26e3 [term 1 FOLLOWER]: Refusing update from remote peer 182284e239494eb7a92837e2e2253739: Log matching property violated. Preceding OpId in replica: term: 1 index: 1. Preceding OpId from leader: term: 1 index: 2. (index mismatch)
W20260608 09:57:14.343561 18593 consensus_peers.cc:597] T 8fa769e5018d47cf920ab57019f3dff7 P 182284e239494eb7a92837e2e2253739 -> Peer c3ec81034be8405b8f59067d874f057b (127.15.25.196:37959): Couldn't send request to peer c3ec81034be8405b8f59067d874f057b. Error code: TABLET_NOT_FOUND (6). Status: Not found: Tablet not found: 8fa769e5018d47cf920ab57019f3dff7. This is attempt 1: this message will repeat every 5th retry.
I20260608 09:57:14.343688 18552 raft_consensus.cc:1275] T 8fa769e5018d47cf920ab57019f3dff7 P 2d0e64be44dd4f7f887a3b18879750fd [term 1 FOLLOWER]: Refusing update from remote peer 182284e239494eb7a92837e2e2253739: Log matching property violated. Preceding OpId in replica: term: 1 index: 1. Preceding OpId from leader: term: 1 index: 2. (index mismatch)
I20260608 09:57:14.345072 18876 consensus_queue.cc:1048] T 8fa769e5018d47cf920ab57019f3dff7 P 182284e239494eb7a92837e2e2253739 [LEADER]: Connected to new peer: Peer: permanent_uuid: "e14f58b90269488690a8db16672e26e3" member_type: VOTER last_known_addr { host: "127.15.25.193" port: 46227 }, Status: LMP_MISMATCH, Last received: 0.0, Next index: 2, Last known committed idx: 1, Time since last communication: 0.000s
I20260608 09:57:14.348624 18876 consensus_queue.cc:1048] T 8fa769e5018d47cf920ab57019f3dff7 P 182284e239494eb7a92837e2e2253739 [LEADER]: Connected to new peer: Peer: permanent_uuid: "2d0e64be44dd4f7f887a3b18879750fd" member_type: VOTER last_known_addr { host: "127.15.25.194" port: 46337 } attrs { replace: true }, Status: LMP_MISMATCH, Last received: 0.0, Next index: 2, Last known committed idx: 1, Time since last communication: 0.000s
I20260608 09:57:14.355168 18875 raft_consensus.cc:2955] T 8fa769e5018d47cf920ab57019f3dff7 P 182284e239494eb7a92837e2e2253739 [term 1 LEADER]: Committing config change with OpId 1.2: config changed from index -1 to 2, NON_VOTER c3ec81034be8405b8f59067d874f057b (127.15.25.196) added. New config: { opid_index: 2 OBSOLETE_local: false peers { permanent_uuid: "e14f58b90269488690a8db16672e26e3" member_type: VOTER last_known_addr { host: "127.15.25.193" port: 46227 } } peers { permanent_uuid: "2d0e64be44dd4f7f887a3b18879750fd" member_type: VOTER last_known_addr { host: "127.15.25.194" port: 46337 } attrs { replace: true } } peers { permanent_uuid: "182284e239494eb7a92837e2e2253739" member_type: VOTER last_known_addr { host: "127.15.25.195" port: 43437 } } peers { permanent_uuid: "c3ec81034be8405b8f59067d874f057b" member_type: NON_VOTER last_known_addr { host: "127.15.25.196" port: 37959 } attrs { promote: true } } }
I20260608 09:57:14.357800 18477 raft_consensus.cc:2955] T 8fa769e5018d47cf920ab57019f3dff7 P e14f58b90269488690a8db16672e26e3 [term 1 FOLLOWER]: Committing config change with OpId 1.2: config changed from index -1 to 2, NON_VOTER c3ec81034be8405b8f59067d874f057b (127.15.25.196) added. New config: { opid_index: 2 OBSOLETE_local: false peers { permanent_uuid: "e14f58b90269488690a8db16672e26e3" member_type: VOTER last_known_addr { host: "127.15.25.193" port: 46227 } } peers { permanent_uuid: "2d0e64be44dd4f7f887a3b18879750fd" member_type: VOTER last_known_addr { host: "127.15.25.194" port: 46337 } attrs { replace: true } } peers { permanent_uuid: "182284e239494eb7a92837e2e2253739" member_type: VOTER last_known_addr { host: "127.15.25.195" port: 43437 } } peers { permanent_uuid: "c3ec81034be8405b8f59067d874f057b" member_type: NON_VOTER last_known_addr { host: "127.15.25.196" port: 37959 } attrs { promote: true } } }
I20260608 09:57:14.361388 18552 raft_consensus.cc:2955] T 8fa769e5018d47cf920ab57019f3dff7 P 2d0e64be44dd4f7f887a3b18879750fd [term 1 FOLLOWER]: Committing config change with OpId 1.2: config changed from index -1 to 2, NON_VOTER c3ec81034be8405b8f59067d874f057b (127.15.25.196) added. New config: { opid_index: 2 OBSOLETE_local: false peers { permanent_uuid: "e14f58b90269488690a8db16672e26e3" member_type: VOTER last_known_addr { host: "127.15.25.193" port: 46227 } } peers { permanent_uuid: "2d0e64be44dd4f7f887a3b18879750fd" member_type: VOTER last_known_addr { host: "127.15.25.194" port: 46337 } attrs { replace: true } } peers { permanent_uuid: "182284e239494eb7a92837e2e2253739" member_type: VOTER last_known_addr { host: "127.15.25.195" port: 43437 } } peers { permanent_uuid: "c3ec81034be8405b8f59067d874f057b" member_type: NON_VOTER last_known_addr { host: "127.15.25.196" port: 37959 } attrs { promote: true } } }
I20260608 09:57:14.377079 18377 catalog_manager.cc:5696] T 8fa769e5018d47cf920ab57019f3dff7 P 2d0e64be44dd4f7f887a3b18879750fd reported cstate change: config changed from index -1 to 2, NON_VOTER c3ec81034be8405b8f59067d874f057b (127.15.25.196) added. New cstate: current_term: 1 leader_uuid: "182284e239494eb7a92837e2e2253739" committed_config { opid_index: 2 OBSOLETE_local: false peers { permanent_uuid: "e14f58b90269488690a8db16672e26e3" member_type: VOTER last_known_addr { host: "127.15.25.193" port: 46227 } } peers { permanent_uuid: "2d0e64be44dd4f7f887a3b18879750fd" member_type: VOTER last_known_addr { host: "127.15.25.194" port: 46337 } attrs { replace: true } } peers { permanent_uuid: "182284e239494eb7a92837e2e2253739" member_type: VOTER last_known_addr { host: "127.15.25.195" port: 43437 } } peers { permanent_uuid: "c3ec81034be8405b8f59067d874f057b" member_type: NON_VOTER last_known_addr { host: "127.15.25.196" port: 37959 } attrs { promote: true } } }
W20260608 09:57:14.506862 18799 debug-util.cc:398] Leaking SignalData structure 0x7b08001ec900 after lost signal to thread 15466
W20260608 09:57:14.508293 18799 debug-util.cc:398] Leaking SignalData structure 0x7b08001ea020 after lost signal to thread 18413
W20260608 09:57:14.510754 18799 debug-util.cc:398] Leaking SignalData structure 0x7b0800082e80 after lost signal to thread 18580
I20260608 09:57:14.549492 18916 ts_tablet_manager.cc:933] T ac05b948fb324bc3aa813d89d0bb58a6 P c3ec81034be8405b8f59067d874f057b: Initiating tablet copy from peer e14f58b90269488690a8db16672e26e3 (127.15.25.193:46227)
I20260608 09:57:14.554548 18916 tablet_copy_client.cc:323] T ac05b948fb324bc3aa813d89d0bb58a6 P c3ec81034be8405b8f59067d874f057b: tablet copy: Beginning tablet copy session from remote peer at address 127.15.25.193:46227
I20260608 09:57:14.570349 18491 tablet_copy_service.cc:140] P e14f58b90269488690a8db16672e26e3: Received BeginTabletCopySession request for tablet ac05b948fb324bc3aa813d89d0bb58a6 from peer c3ec81034be8405b8f59067d874f057b ({username='slave'} at 127.0.0.1:33370)
I20260608 09:57:14.570947 18491 tablet_copy_service.cc:161] P e14f58b90269488690a8db16672e26e3: Beginning new tablet copy session on tablet ac05b948fb324bc3aa813d89d0bb58a6 from peer c3ec81034be8405b8f59067d874f057b at {username='slave'} at 127.0.0.1:33370: session id = c3ec81034be8405b8f59067d874f057b-ac05b948fb324bc3aa813d89d0bb58a6
I20260608 09:57:14.578089 18491 tablet_copy_source_session.cc:215] T ac05b948fb324bc3aa813d89d0bb58a6 P e14f58b90269488690a8db16672e26e3: Tablet Copy: opened 0 blocks and 1 log segments
I20260608 09:57:14.578606 18477 raft_consensus.cc:1275] T 83ebf5fb1b4a4e8abda55098ac93c8ac P e14f58b90269488690a8db16672e26e3 [term 3 FOLLOWER]: Refusing update from remote peer 182284e239494eb7a92837e2e2253739: Log matching property violated. Preceding OpId in replica: term: 0 index: 0. Preceding OpId from leader: term: 3 index: 2. (index mismatch)
I20260608 09:57:14.581470 18876 consensus_queue.cc:1048] T 83ebf5fb1b4a4e8abda55098ac93c8ac P 182284e239494eb7a92837e2e2253739 [LEADER]: Connected to new peer: Peer: permanent_uuid: "e14f58b90269488690a8db16672e26e3" member_type: VOTER last_known_addr { host: "127.15.25.193" port: 46227 }, Status: LMP_MISMATCH, Last received: 0.0, Next index: 2, Last known committed idx: 0, Time since last communication: 0.001s
I20260608 09:57:14.582618 18916 data_dirs.cc:400] Could only allocate 1 dirs of requested 3 for tablet ac05b948fb324bc3aa813d89d0bb58a6. 1 dirs total, 0 dirs full, 0 dirs failed
I20260608 09:57:14.608163 18916 tablet_copy_client.cc:806] T ac05b948fb324bc3aa813d89d0bb58a6 P c3ec81034be8405b8f59067d874f057b: tablet copy: Starting download of 0 data blocks...
I20260608 09:57:14.608958 18916 tablet_copy_client.cc:670] T ac05b948fb324bc3aa813d89d0bb58a6 P c3ec81034be8405b8f59067d874f057b: tablet copy: Starting download of 1 WAL segments...
I20260608 09:57:14.613688 18916 tablet_copy_client.cc:538] T ac05b948fb324bc3aa813d89d0bb58a6 P c3ec81034be8405b8f59067d874f057b: tablet copy: Tablet Copy complete. Replacing tablet superblock.
I20260608 09:57:14.630097 18916 tablet_bootstrap.cc:492] T ac05b948fb324bc3aa813d89d0bb58a6 P c3ec81034be8405b8f59067d874f057b: Bootstrap starting.
I20260608 09:57:14.637544 18552 raft_consensus.cc:1275] T 83ebf5fb1b4a4e8abda55098ac93c8ac P 2d0e64be44dd4f7f887a3b18879750fd [term 3 FOLLOWER]: Refusing update from remote peer 182284e239494eb7a92837e2e2253739: Log matching property violated. Preceding OpId in replica: term: 1 index: 1. Preceding OpId from leader: term: 3 index: 2. (index mismatch)
I20260608 09:57:14.643541 18876 consensus_queue.cc:1048] T 83ebf5fb1b4a4e8abda55098ac93c8ac P 182284e239494eb7a92837e2e2253739 [LEADER]: Connected to new peer: Peer: permanent_uuid: "2d0e64be44dd4f7f887a3b18879750fd" member_type: VOTER last_known_addr { host: "127.15.25.194" port: 46337 }, Status: LMP_MISMATCH, Last received: 0.0, Next index: 2, Last known committed idx: 1, Time since last communication: 0.000s
I20260608 09:57:14.694424 18552 raft_consensus.cc:1275] T 8b58e4fb97184b59a4078a73f3ef0dc3 P 2d0e64be44dd4f7f887a3b18879750fd [term 2 FOLLOWER]: Refusing update from remote peer e14f58b90269488690a8db16672e26e3: Log matching property violated. Preceding OpId in replica: term: 1 index: 1. Preceding OpId from leader: term: 2 index: 2. (index mismatch)
I20260608 09:57:14.696301 18819 consensus_queue.cc:1048] T 8b58e4fb97184b59a4078a73f3ef0dc3 P e14f58b90269488690a8db16672e26e3 [LEADER]: Connected to new peer: Peer: permanent_uuid: "2d0e64be44dd4f7f887a3b18879750fd" member_type: VOTER last_known_addr { host: "127.15.25.194" port: 46337 }, Status: LMP_MISMATCH, Last received: 0.0, Next index: 2, Last known committed idx: 1, Time since last communication: 0.000s
I20260608 09:57:14.704421 18916 tablet_bootstrap.cc:492] T ac05b948fb324bc3aa813d89d0bb58a6 P c3ec81034be8405b8f59067d874f057b: Bootstrap replayed 1/1 log segments. Stats: ops{read=2 overwritten=0 applied=2 ignored=0} inserts{seen=0 ignored=0} mutations{seen=0 ignored=0} orphaned_commits=0. Pending: 0 replicates
I20260608 09:57:14.706452 18626 raft_consensus.cc:1275] T 8b58e4fb97184b59a4078a73f3ef0dc3 P 182284e239494eb7a92837e2e2253739 [term 2 FOLLOWER]: Refusing update from remote peer e14f58b90269488690a8db16672e26e3: Log matching property violated. Preceding OpId in replica: term: 1 index: 1. Preceding OpId from leader: term: 2 index: 2. (index mismatch)
I20260608 09:57:14.714440 18883 consensus_queue.cc:1048] T 8b58e4fb97184b59a4078a73f3ef0dc3 P e14f58b90269488690a8db16672e26e3 [LEADER]: Connected to new peer: Peer: permanent_uuid: "182284e239494eb7a92837e2e2253739" member_type: VOTER last_known_addr { host: "127.15.25.195" port: 43437 }, Status: LMP_MISMATCH, Last received: 0.0, Next index: 2, Last known committed idx: 1, Time since last communication: 0.000s
I20260608 09:57:14.708076 18922 ts_tablet_manager.cc:933] T 0d3ea5e7d4934703aed15b40cdac302d P c3ec81034be8405b8f59067d874f057b: Initiating tablet copy from peer 182284e239494eb7a92837e2e2253739 (127.15.25.195:43437)
I20260608 09:57:14.748034 18916 tablet_bootstrap.cc:492] T ac05b948fb324bc3aa813d89d0bb58a6 P c3ec81034be8405b8f59067d874f057b: Bootstrap complete.
I20260608 09:57:14.749231 18916 ts_tablet_manager.cc:1403] T ac05b948fb324bc3aa813d89d0bb58a6 P c3ec81034be8405b8f59067d874f057b: Time spent bootstrapping tablet: real 0.119s	user 0.011s	sys 0.027s
I20260608 09:57:14.752892 18916 raft_consensus.cc:359] T ac05b948fb324bc3aa813d89d0bb58a6 P c3ec81034be8405b8f59067d874f057b [term 1 LEARNER]: Replica starting. Triggering 0 pending ops. Active config: opid_index: 2 OBSOLETE_local: false peers { permanent_uuid: "e14f58b90269488690a8db16672e26e3" member_type: VOTER last_known_addr { host: "127.15.25.193" port: 46227 } } peers { permanent_uuid: "2d0e64be44dd4f7f887a3b18879750fd" member_type: VOTER last_known_addr { host: "127.15.25.194" port: 46337 } } peers { permanent_uuid: "182284e239494eb7a92837e2e2253739" member_type: VOTER last_known_addr { host: "127.15.25.195" port: 43437 } attrs { replace: true } } peers { permanent_uuid: "c3ec81034be8405b8f59067d874f057b" member_type: NON_VOTER last_known_addr { host: "127.15.25.196" port: 37959 } attrs { promote: true } }
I20260608 09:57:14.753722 18922 tablet_copy_client.cc:323] T 0d3ea5e7d4934703aed15b40cdac302d P c3ec81034be8405b8f59067d874f057b: tablet copy: Beginning tablet copy session from remote peer at address 127.15.25.195:43437
I20260608 09:57:14.753930 18916 raft_consensus.cc:740] T ac05b948fb324bc3aa813d89d0bb58a6 P c3ec81034be8405b8f59067d874f057b [term 1 LEARNER]: Becoming Follower/Learner. State: Replica: c3ec81034be8405b8f59067d874f057b, State: Initialized, Role: LEARNER
I20260608 09:57:14.754848 18916 consensus_queue.cc:260] T ac05b948fb324bc3aa813d89d0bb58a6 P c3ec81034be8405b8f59067d874f057b [NON_LEADER]: Queue going to NON_LEADER mode. State: All replicated index: 0, Majority replicated index: 0, Committed index: 2, Last appended: 1.2, Last appended by leader: 2, Current term: 0, Majority size: -1, State: 0, Mode: NON_LEADER, active raft config: opid_index: 2 OBSOLETE_local: false peers { permanent_uuid: "e14f58b90269488690a8db16672e26e3" member_type: VOTER last_known_addr { host: "127.15.25.193" port: 46227 } } peers { permanent_uuid: "2d0e64be44dd4f7f887a3b18879750fd" member_type: VOTER last_known_addr { host: "127.15.25.194" port: 46337 } } peers { permanent_uuid: "182284e239494eb7a92837e2e2253739" member_type: VOTER last_known_addr { host: "127.15.25.195" port: 43437 } attrs { replace: true } } peers { permanent_uuid: "c3ec81034be8405b8f59067d874f057b" member_type: NON_VOTER last_known_addr { host: "127.15.25.196" port: 37959 } attrs { promote: true } }
I20260608 09:57:14.792585 18916 ts_tablet_manager.cc:1434] T ac05b948fb324bc3aa813d89d0bb58a6 P c3ec81034be8405b8f59067d874f057b: Time spent starting tablet: real 0.043s	user 0.013s	sys 0.028s
I20260608 09:57:14.794763 18491 tablet_copy_service.cc:342] P e14f58b90269488690a8db16672e26e3: Request end of tablet copy session c3ec81034be8405b8f59067d874f057b-ac05b948fb324bc3aa813d89d0bb58a6 received from {username='slave'} at 127.0.0.1:33370
I20260608 09:57:14.795235 18491 tablet_copy_service.cc:434] P e14f58b90269488690a8db16672e26e3: ending tablet copy session c3ec81034be8405b8f59067d874f057b-ac05b948fb324bc3aa813d89d0bb58a6 on tablet ac05b948fb324bc3aa813d89d0bb58a6 with peer c3ec81034be8405b8f59067d874f057b
I20260608 09:57:14.795895 18640 tablet_copy_service.cc:140] P 182284e239494eb7a92837e2e2253739: Received BeginTabletCopySession request for tablet 0d3ea5e7d4934703aed15b40cdac302d from peer c3ec81034be8405b8f59067d874f057b ({username='slave'} at 127.0.0.1:59924)
I20260608 09:57:14.796563 18640 tablet_copy_service.cc:161] P 182284e239494eb7a92837e2e2253739: Beginning new tablet copy session on tablet 0d3ea5e7d4934703aed15b40cdac302d from peer c3ec81034be8405b8f59067d874f057b at {username='slave'} at 127.0.0.1:59924: session id = c3ec81034be8405b8f59067d874f057b-0d3ea5e7d4934703aed15b40cdac302d
I20260608 09:57:14.807752 18640 tablet_copy_source_session.cc:215] T 0d3ea5e7d4934703aed15b40cdac302d P 182284e239494eb7a92837e2e2253739: Tablet Copy: opened 0 blocks and 1 log segments
I20260608 09:57:14.811726 18922 data_dirs.cc:400] Could only allocate 1 dirs of requested 3 for tablet 0d3ea5e7d4934703aed15b40cdac302d. 1 dirs total, 0 dirs full, 0 dirs failed
I20260608 09:57:14.831481 18922 tablet_copy_client.cc:806] T 0d3ea5e7d4934703aed15b40cdac302d P c3ec81034be8405b8f59067d874f057b: tablet copy: Starting download of 0 data blocks...
I20260608 09:57:14.832216 18922 tablet_copy_client.cc:670] T 0d3ea5e7d4934703aed15b40cdac302d P c3ec81034be8405b8f59067d874f057b: tablet copy: Starting download of 1 WAL segments...
I20260608 09:57:14.837127 18922 tablet_copy_client.cc:538] T 0d3ea5e7d4934703aed15b40cdac302d P c3ec81034be8405b8f59067d874f057b: tablet copy: Tablet Copy complete. Replacing tablet superblock.
I20260608 09:57:14.846117 18916 ts_tablet_manager.cc:933] T 8fa769e5018d47cf920ab57019f3dff7 P c3ec81034be8405b8f59067d874f057b: Initiating tablet copy from peer 182284e239494eb7a92837e2e2253739 (127.15.25.195:43437)
I20260608 09:57:14.846647 18922 tablet_bootstrap.cc:492] T 0d3ea5e7d4934703aed15b40cdac302d P c3ec81034be8405b8f59067d874f057b: Bootstrap starting.
I20260608 09:57:14.858110 18916 tablet_copy_client.cc:323] T 8fa769e5018d47cf920ab57019f3dff7 P c3ec81034be8405b8f59067d874f057b: tablet copy: Beginning tablet copy session from remote peer at address 127.15.25.195:43437
I20260608 09:57:14.864631 18640 tablet_copy_service.cc:140] P 182284e239494eb7a92837e2e2253739: Received BeginTabletCopySession request for tablet 8fa769e5018d47cf920ab57019f3dff7 from peer c3ec81034be8405b8f59067d874f057b ({username='slave'} at 127.0.0.1:59924)
I20260608 09:57:14.865347 18640 tablet_copy_service.cc:161] P 182284e239494eb7a92837e2e2253739: Beginning new tablet copy session on tablet 8fa769e5018d47cf920ab57019f3dff7 from peer c3ec81034be8405b8f59067d874f057b at {username='slave'} at 127.0.0.1:59924: session id = c3ec81034be8405b8f59067d874f057b-8fa769e5018d47cf920ab57019f3dff7
I20260608 09:57:14.867096 18927 ts_tablet_manager.cc:933] T a1d135d07b62493889ae52c102ee535c P c3ec81034be8405b8f59067d874f057b: Initiating tablet copy from peer e14f58b90269488690a8db16672e26e3 (127.15.25.193:46227)
I20260608 09:57:14.874114 18640 tablet_copy_source_session.cc:215] T 8fa769e5018d47cf920ab57019f3dff7 P 182284e239494eb7a92837e2e2253739: Tablet Copy: opened 0 blocks and 1 log segments
I20260608 09:57:14.878688 18916 data_dirs.cc:400] Could only allocate 1 dirs of requested 3 for tablet 8fa769e5018d47cf920ab57019f3dff7. 1 dirs total, 0 dirs full, 0 dirs failed
I20260608 09:57:14.893988 18922 tablet_bootstrap.cc:492] T 0d3ea5e7d4934703aed15b40cdac302d P c3ec81034be8405b8f59067d874f057b: Bootstrap replayed 1/1 log segments. Stats: ops{read=2 overwritten=0 applied=2 ignored=0} inserts{seen=0 ignored=0} mutations{seen=0 ignored=0} orphaned_commits=0. Pending: 0 replicates
I20260608 09:57:14.895018 18922 tablet_bootstrap.cc:492] T 0d3ea5e7d4934703aed15b40cdac302d P c3ec81034be8405b8f59067d874f057b: Bootstrap complete.
I20260608 09:57:14.895782 18927 tablet_copy_client.cc:323] T a1d135d07b62493889ae52c102ee535c P c3ec81034be8405b8f59067d874f057b: tablet copy: Beginning tablet copy session from remote peer at address 127.15.25.193:46227
I20260608 09:57:14.896538 18922 ts_tablet_manager.cc:1403] T 0d3ea5e7d4934703aed15b40cdac302d P c3ec81034be8405b8f59067d874f057b: Time spent bootstrapping tablet: real 0.050s	user 0.015s	sys 0.010s
I20260608 09:57:14.897909 18491 tablet_copy_service.cc:140] P e14f58b90269488690a8db16672e26e3: Received BeginTabletCopySession request for tablet a1d135d07b62493889ae52c102ee535c from peer c3ec81034be8405b8f59067d874f057b ({username='slave'} at 127.0.0.1:33370)
I20260608 09:57:14.898562 18491 tablet_copy_service.cc:161] P e14f58b90269488690a8db16672e26e3: Beginning new tablet copy session on tablet a1d135d07b62493889ae52c102ee535c from peer c3ec81034be8405b8f59067d874f057b at {username='slave'} at 127.0.0.1:33370: session id = c3ec81034be8405b8f59067d874f057b-a1d135d07b62493889ae52c102ee535c
I20260608 09:57:14.900313 18922 raft_consensus.cc:359] T 0d3ea5e7d4934703aed15b40cdac302d P c3ec81034be8405b8f59067d874f057b [term 1 LEARNER]: Replica starting. Triggering 0 pending ops. Active config: opid_index: 2 OBSOLETE_local: false peers { permanent_uuid: "2d0e64be44dd4f7f887a3b18879750fd" member_type: VOTER last_known_addr { host: "127.15.25.194" port: 46337 } } peers { permanent_uuid: "182284e239494eb7a92837e2e2253739" member_type: VOTER last_known_addr { host: "127.15.25.195" port: 43437 } } peers { permanent_uuid: "e14f58b90269488690a8db16672e26e3" member_type: VOTER last_known_addr { host: "127.15.25.193" port: 46227 } attrs { replace: true } } peers { permanent_uuid: "c3ec81034be8405b8f59067d874f057b" member_type: NON_VOTER last_known_addr { host: "127.15.25.196" port: 37959 } attrs { promote: true } }
I20260608 09:57:14.901232 18922 raft_consensus.cc:740] T 0d3ea5e7d4934703aed15b40cdac302d P c3ec81034be8405b8f59067d874f057b [term 1 LEARNER]: Becoming Follower/Learner. State: Replica: c3ec81034be8405b8f59067d874f057b, State: Initialized, Role: LEARNER
I20260608 09:57:14.901950 18922 consensus_queue.cc:260] T 0d3ea5e7d4934703aed15b40cdac302d P c3ec81034be8405b8f59067d874f057b [NON_LEADER]: Queue going to NON_LEADER mode. State: All replicated index: 0, Majority replicated index: 0, Committed index: 2, Last appended: 1.2, Last appended by leader: 2, Current term: 0, Majority size: -1, State: 0, Mode: NON_LEADER, active raft config: opid_index: 2 OBSOLETE_local: false peers { permanent_uuid: "2d0e64be44dd4f7f887a3b18879750fd" member_type: VOTER last_known_addr { host: "127.15.25.194" port: 46337 } } peers { permanent_uuid: "182284e239494eb7a92837e2e2253739" member_type: VOTER last_known_addr { host: "127.15.25.195" port: 43437 } } peers { permanent_uuid: "e14f58b90269488690a8db16672e26e3" member_type: VOTER last_known_addr { host: "127.15.25.193" port: 46227 } attrs { replace: true } } peers { permanent_uuid: "c3ec81034be8405b8f59067d874f057b" member_type: NON_VOTER last_known_addr { host: "127.15.25.196" port: 37959 } attrs { promote: true } }
I20260608 09:57:14.902503 18916 tablet_copy_client.cc:806] T 8fa769e5018d47cf920ab57019f3dff7 P c3ec81034be8405b8f59067d874f057b: tablet copy: Starting download of 0 data blocks...
I20260608 09:57:14.907191 18491 tablet_copy_source_session.cc:215] T a1d135d07b62493889ae52c102ee535c P e14f58b90269488690a8db16672e26e3: Tablet Copy: opened 0 blocks and 1 log segments
I20260608 09:57:14.907233 18916 tablet_copy_client.cc:670] T 8fa769e5018d47cf920ab57019f3dff7 P c3ec81034be8405b8f59067d874f057b: tablet copy: Starting download of 1 WAL segments...
I20260608 09:57:14.908319 18922 ts_tablet_manager.cc:1434] T 0d3ea5e7d4934703aed15b40cdac302d P c3ec81034be8405b8f59067d874f057b: Time spent starting tablet: real 0.011s	user 0.003s	sys 0.003s
I20260608 09:57:14.914526 18640 tablet_copy_service.cc:342] P 182284e239494eb7a92837e2e2253739: Request end of tablet copy session c3ec81034be8405b8f59067d874f057b-0d3ea5e7d4934703aed15b40cdac302d received from {username='slave'} at 127.0.0.1:59924
I20260608 09:57:14.914991 18640 tablet_copy_service.cc:434] P 182284e239494eb7a92837e2e2253739: ending tablet copy session c3ec81034be8405b8f59067d874f057b-0d3ea5e7d4934703aed15b40cdac302d on tablet 0d3ea5e7d4934703aed15b40cdac302d with peer c3ec81034be8405b8f59067d874f057b
I20260608 09:57:14.919018 18927 data_dirs.cc:400] Could only allocate 1 dirs of requested 3 for tablet a1d135d07b62493889ae52c102ee535c. 1 dirs total, 0 dirs full, 0 dirs failed
I20260608 09:57:14.923444 18916 tablet_copy_client.cc:538] T 8fa769e5018d47cf920ab57019f3dff7 P c3ec81034be8405b8f59067d874f057b: tablet copy: Tablet Copy complete. Replacing tablet superblock.
I20260608 09:57:14.938203 18916 tablet_bootstrap.cc:492] T 8fa769e5018d47cf920ab57019f3dff7 P c3ec81034be8405b8f59067d874f057b: Bootstrap starting.
I20260608 09:57:14.950349 18927 tablet_copy_client.cc:806] T a1d135d07b62493889ae52c102ee535c P c3ec81034be8405b8f59067d874f057b: tablet copy: Starting download of 0 data blocks...
I20260608 09:57:14.951162 18927 tablet_copy_client.cc:670] T a1d135d07b62493889ae52c102ee535c P c3ec81034be8405b8f59067d874f057b: tablet copy: Starting download of 1 WAL segments...
I20260608 09:57:14.960569 18927 tablet_copy_client.cc:538] T a1d135d07b62493889ae52c102ee535c P c3ec81034be8405b8f59067d874f057b: tablet copy: Tablet Copy complete. Replacing tablet superblock.
I20260608 09:57:14.969887 18927 tablet_bootstrap.cc:492] T a1d135d07b62493889ae52c102ee535c P c3ec81034be8405b8f59067d874f057b: Bootstrap starting.
I20260608 09:57:14.989038 18916 tablet_bootstrap.cc:492] T 8fa769e5018d47cf920ab57019f3dff7 P c3ec81034be8405b8f59067d874f057b: Bootstrap replayed 1/1 log segments. Stats: ops{read=2 overwritten=0 applied=2 ignored=0} inserts{seen=0 ignored=0} mutations{seen=0 ignored=0} orphaned_commits=0. Pending: 0 replicates
I20260608 09:57:14.990197 18916 tablet_bootstrap.cc:492] T 8fa769e5018d47cf920ab57019f3dff7 P c3ec81034be8405b8f59067d874f057b: Bootstrap complete.
I20260608 09:57:14.991537 18916 ts_tablet_manager.cc:1403] T 8fa769e5018d47cf920ab57019f3dff7 P c3ec81034be8405b8f59067d874f057b: Time spent bootstrapping tablet: real 0.059s	user 0.031s	sys 0.016s
I20260608 09:57:14.995522 18916 raft_consensus.cc:359] T 8fa769e5018d47cf920ab57019f3dff7 P c3ec81034be8405b8f59067d874f057b [term 1 LEARNER]: Replica starting. Triggering 0 pending ops. Active config: opid_index: 2 OBSOLETE_local: false peers { permanent_uuid: "e14f58b90269488690a8db16672e26e3" member_type: VOTER last_known_addr { host: "127.15.25.193" port: 46227 } } peers { permanent_uuid: "2d0e64be44dd4f7f887a3b18879750fd" member_type: VOTER last_known_addr { host: "127.15.25.194" port: 46337 } attrs { replace: true } } peers { permanent_uuid: "182284e239494eb7a92837e2e2253739" member_type: VOTER last_known_addr { host: "127.15.25.195" port: 43437 } } peers { permanent_uuid: "c3ec81034be8405b8f59067d874f057b" member_type: NON_VOTER last_known_addr { host: "127.15.25.196" port: 37959 } attrs { promote: true } }
I20260608 09:57:14.996482 18916 raft_consensus.cc:740] T 8fa769e5018d47cf920ab57019f3dff7 P c3ec81034be8405b8f59067d874f057b [term 1 LEARNER]: Becoming Follower/Learner. State: Replica: c3ec81034be8405b8f59067d874f057b, State: Initialized, Role: LEARNER
I20260608 09:57:14.997278 18916 consensus_queue.cc:260] T 8fa769e5018d47cf920ab57019f3dff7 P c3ec81034be8405b8f59067d874f057b [NON_LEADER]: Queue going to NON_LEADER mode. State: All replicated index: 0, Majority replicated index: 0, Committed index: 2, Last appended: 1.2, Last appended by leader: 2, Current term: 0, Majority size: -1, State: 0, Mode: NON_LEADER, active raft config: opid_index: 2 OBSOLETE_local: false peers { permanent_uuid: "e14f58b90269488690a8db16672e26e3" member_type: VOTER last_known_addr { host: "127.15.25.193" port: 46227 } } peers { permanent_uuid: "2d0e64be44dd4f7f887a3b18879750fd" member_type: VOTER last_known_addr { host: "127.15.25.194" port: 46337 } attrs { replace: true } } peers { permanent_uuid: "182284e239494eb7a92837e2e2253739" member_type: VOTER last_known_addr { host: "127.15.25.195" port: 43437 } } peers { permanent_uuid: "c3ec81034be8405b8f59067d874f057b" member_type: NON_VOTER last_known_addr { host: "127.15.25.196" port: 37959 } attrs { promote: true } }
I20260608 09:57:14.999162 18927 tablet_bootstrap.cc:492] T a1d135d07b62493889ae52c102ee535c P c3ec81034be8405b8f59067d874f057b: Bootstrap replayed 1/1 log segments. Stats: ops{read=2 overwritten=0 applied=2 ignored=0} inserts{seen=0 ignored=0} mutations{seen=0 ignored=0} orphaned_commits=0. Pending: 0 replicates
I20260608 09:57:15.000240 18927 tablet_bootstrap.cc:492] T a1d135d07b62493889ae52c102ee535c P c3ec81034be8405b8f59067d874f057b: Bootstrap complete.
I20260608 09:57:15.001360 18927 ts_tablet_manager.cc:1403] T a1d135d07b62493889ae52c102ee535c P c3ec81034be8405b8f59067d874f057b: Time spent bootstrapping tablet: real 0.032s	user 0.019s	sys 0.010s
I20260608 09:57:15.004869 18927 raft_consensus.cc:359] T a1d135d07b62493889ae52c102ee535c P c3ec81034be8405b8f59067d874f057b [term 1 LEARNER]: Replica starting. Triggering 0 pending ops. Active config: opid_index: 2 OBSOLETE_local: false peers { permanent_uuid: "e14f58b90269488690a8db16672e26e3" member_type: VOTER last_known_addr { host: "127.15.25.193" port: 46227 } } peers { permanent_uuid: "2d0e64be44dd4f7f887a3b18879750fd" member_type: VOTER last_known_addr { host: "127.15.25.194" port: 46337 } attrs { replace: true } } peers { permanent_uuid: "182284e239494eb7a92837e2e2253739" member_type: VOTER last_known_addr { host: "127.15.25.195" port: 43437 } } peers { permanent_uuid: "c3ec81034be8405b8f59067d874f057b" member_type: NON_VOTER last_known_addr { host: "127.15.25.196" port: 37959 } attrs { promote: true } }
I20260608 09:57:15.005750 18927 raft_consensus.cc:740] T a1d135d07b62493889ae52c102ee535c P c3ec81034be8405b8f59067d874f057b [term 1 LEARNER]: Becoming Follower/Learner. State: Replica: c3ec81034be8405b8f59067d874f057b, State: Initialized, Role: LEARNER
I20260608 09:57:15.006489 18927 consensus_queue.cc:260] T a1d135d07b62493889ae52c102ee535c P c3ec81034be8405b8f59067d874f057b [NON_LEADER]: Queue going to NON_LEADER mode. State: All replicated index: 0, Majority replicated index: 0, Committed index: 2, Last appended: 1.2, Last appended by leader: 2, Current term: 0, Majority size: -1, State: 0, Mode: NON_LEADER, active raft config: opid_index: 2 OBSOLETE_local: false peers { permanent_uuid: "e14f58b90269488690a8db16672e26e3" member_type: VOTER last_known_addr { host: "127.15.25.193" port: 46227 } } peers { permanent_uuid: "2d0e64be44dd4f7f887a3b18879750fd" member_type: VOTER last_known_addr { host: "127.15.25.194" port: 46337 } attrs { replace: true } } peers { permanent_uuid: "182284e239494eb7a92837e2e2253739" member_type: VOTER last_known_addr { host: "127.15.25.195" port: 43437 } } peers { permanent_uuid: "c3ec81034be8405b8f59067d874f057b" member_type: NON_VOTER last_known_addr { host: "127.15.25.196" port: 37959 } attrs { promote: true } }
I20260608 09:57:15.008705 18927 ts_tablet_manager.cc:1434] T a1d135d07b62493889ae52c102ee535c P c3ec81034be8405b8f59067d874f057b: Time spent starting tablet: real 0.007s	user 0.005s	sys 0.000s
I20260608 09:57:15.011010 18491 tablet_copy_service.cc:342] P e14f58b90269488690a8db16672e26e3: Request end of tablet copy session c3ec81034be8405b8f59067d874f057b-a1d135d07b62493889ae52c102ee535c received from {username='slave'} at 127.0.0.1:33370
I20260608 09:57:15.011444 18491 tablet_copy_service.cc:434] P e14f58b90269488690a8db16672e26e3: ending tablet copy session c3ec81034be8405b8f59067d874f057b-a1d135d07b62493889ae52c102ee535c on tablet a1d135d07b62493889ae52c102ee535c with peer c3ec81034be8405b8f59067d874f057b
I20260608 09:57:15.014897 18916 ts_tablet_manager.cc:1434] T 8fa769e5018d47cf920ab57019f3dff7 P c3ec81034be8405b8f59067d874f057b: Time spent starting tablet: real 0.023s	user 0.005s	sys 0.003s
I20260608 09:57:15.018997 18639 tablet_copy_service.cc:342] P 182284e239494eb7a92837e2e2253739: Request end of tablet copy session c3ec81034be8405b8f59067d874f057b-8fa769e5018d47cf920ab57019f3dff7 received from {username='slave'} at 127.0.0.1:59924
I20260608 09:57:15.019484 18639 tablet_copy_service.cc:434] P 182284e239494eb7a92837e2e2253739: ending tablet copy session c3ec81034be8405b8f59067d874f057b-8fa769e5018d47cf920ab57019f3dff7 on tablet 8fa769e5018d47cf920ab57019f3dff7 with peer c3ec81034be8405b8f59067d874f057b
I20260608 09:57:15.141839 18778 raft_consensus.cc:1217] T ac05b948fb324bc3aa813d89d0bb58a6 P c3ec81034be8405b8f59067d874f057b [term 1 LEARNER]: Deduplicated request from leader. Original: 1.1->[1.2-1.2]   Dedup: 1.2->[]
I20260608 09:57:15.252846 18778 raft_consensus.cc:1217] T 8fa769e5018d47cf920ab57019f3dff7 P c3ec81034be8405b8f59067d874f057b [term 1 LEARNER]: Deduplicated request from leader. Original: 1.1->[1.2-1.2]   Dedup: 1.2->[]
I20260608 09:57:15.279186 18778 raft_consensus.cc:1217] T 0d3ea5e7d4934703aed15b40cdac302d P c3ec81034be8405b8f59067d874f057b [term 1 LEARNER]: Deduplicated request from leader. Original: 1.1->[1.2-1.2]   Dedup: 1.2->[]
I20260608 09:57:15.448226 18778 raft_consensus.cc:1217] T a1d135d07b62493889ae52c102ee535c P c3ec81034be8405b8f59067d874f057b [term 1 LEARNER]: Deduplicated request from leader. Original: 1.1->[1.2-1.2]   Dedup: 1.2->[]
I20260608 09:57:15.636605 18933 raft_consensus.cc:1064] T 8fa769e5018d47cf920ab57019f3dff7 P 182284e239494eb7a92837e2e2253739: attempting to promote NON_VOTER c3ec81034be8405b8f59067d874f057b to VOTER
I20260608 09:57:15.639624 18933 consensus_queue.cc:237] T 8fa769e5018d47cf920ab57019f3dff7 P 182284e239494eb7a92837e2e2253739 [LEADER]: Queue going to LEADER mode. State: All replicated index: 0, Majority replicated index: 2, Committed index: 2, Last appended: 1.2, Last appended by leader: 0, Current term: 1, Majority size: 3, State: 0, Mode: LEADER, active raft config: opid_index: 3 OBSOLETE_local: false peers { permanent_uuid: "e14f58b90269488690a8db16672e26e3" member_type: VOTER last_known_addr { host: "127.15.25.193" port: 46227 } } peers { permanent_uuid: "2d0e64be44dd4f7f887a3b18879750fd" member_type: VOTER last_known_addr { host: "127.15.25.194" port: 46337 } attrs { replace: true } } peers { permanent_uuid: "182284e239494eb7a92837e2e2253739" member_type: VOTER last_known_addr { host: "127.15.25.195" port: 43437 } } peers { permanent_uuid: "c3ec81034be8405b8f59067d874f057b" member_type: VOTER last_known_addr { host: "127.15.25.196" port: 37959 } attrs { promote: false } }
I20260608 09:57:15.654106 18552 raft_consensus.cc:1275] T 8fa769e5018d47cf920ab57019f3dff7 P 2d0e64be44dd4f7f887a3b18879750fd [term 1 FOLLOWER]: Refusing update from remote peer 182284e239494eb7a92837e2e2253739: Log matching property violated. Preceding OpId in replica: term: 1 index: 2. Preceding OpId from leader: term: 1 index: 3. (index mismatch)
I20260608 09:57:15.655707 18778 raft_consensus.cc:1275] T 8fa769e5018d47cf920ab57019f3dff7 P c3ec81034be8405b8f59067d874f057b [term 1 LEARNER]: Refusing update from remote peer 182284e239494eb7a92837e2e2253739: Log matching property violated. Preceding OpId in replica: term: 1 index: 2. Preceding OpId from leader: term: 1 index: 3. (index mismatch)
I20260608 09:57:15.657298 18479 raft_consensus.cc:1275] T 8fa769e5018d47cf920ab57019f3dff7 P e14f58b90269488690a8db16672e26e3 [term 1 FOLLOWER]: Refusing update from remote peer 182284e239494eb7a92837e2e2253739: Log matching property violated. Preceding OpId in replica: term: 1 index: 2. Preceding OpId from leader: term: 1 index: 3. (index mismatch)
I20260608 09:57:15.658447 18932 consensus_queue.cc:1048] T 8fa769e5018d47cf920ab57019f3dff7 P 182284e239494eb7a92837e2e2253739 [LEADER]: Connected to new peer: Peer: permanent_uuid: "2d0e64be44dd4f7f887a3b18879750fd" member_type: VOTER last_known_addr { host: "127.15.25.194" port: 46337 } attrs { replace: true }, Status: LMP_MISMATCH, Last received: 0.0, Next index: 3, Last known committed idx: 2, Time since last communication: 0.000s
I20260608 09:57:15.660542 18932 consensus_queue.cc:1048] T 8fa769e5018d47cf920ab57019f3dff7 P 182284e239494eb7a92837e2e2253739 [LEADER]: Connected to new peer: Peer: permanent_uuid: "c3ec81034be8405b8f59067d874f057b" member_type: VOTER last_known_addr { host: "127.15.25.196" port: 37959 } attrs { promote: false }, Status: LMP_MISMATCH, Last received: 0.0, Next index: 3, Last known committed idx: 2, Time since last communication: 0.000s
I20260608 09:57:15.662422 18932 consensus_queue.cc:1048] T 8fa769e5018d47cf920ab57019f3dff7 P 182284e239494eb7a92837e2e2253739 [LEADER]: Connected to new peer: Peer: permanent_uuid: "e14f58b90269488690a8db16672e26e3" member_type: VOTER last_known_addr { host: "127.15.25.193" port: 46227 }, Status: LMP_MISMATCH, Last received: 0.0, Next index: 3, Last known committed idx: 2, Time since last communication: 0.000s
I20260608 09:57:15.672928 18883 raft_consensus.cc:1064] T ac05b948fb324bc3aa813d89d0bb58a6 P e14f58b90269488690a8db16672e26e3: attempting to promote NON_VOTER c3ec81034be8405b8f59067d874f057b to VOTER
I20260608 09:57:15.675689 18883 consensus_queue.cc:237] T ac05b948fb324bc3aa813d89d0bb58a6 P e14f58b90269488690a8db16672e26e3 [LEADER]: Queue going to LEADER mode. State: All replicated index: 0, Majority replicated index: 2, Committed index: 2, Last appended: 1.2, Last appended by leader: 0, Current term: 1, Majority size: 3, State: 0, Mode: LEADER, active raft config: opid_index: 3 OBSOLETE_local: false peers { permanent_uuid: "e14f58b90269488690a8db16672e26e3" member_type: VOTER last_known_addr { host: "127.15.25.193" port: 46227 } } peers { permanent_uuid: "2d0e64be44dd4f7f887a3b18879750fd" member_type: VOTER last_known_addr { host: "127.15.25.194" port: 46337 } } peers { permanent_uuid: "182284e239494eb7a92837e2e2253739" member_type: VOTER last_known_addr { host: "127.15.25.195" port: 43437 } attrs { replace: true } } peers { permanent_uuid: "c3ec81034be8405b8f59067d874f057b" member_type: VOTER last_known_addr { host: "127.15.25.196" port: 37959 } attrs { promote: false } }
I20260608 09:57:15.703670 18626 raft_consensus.cc:1275] T ac05b948fb324bc3aa813d89d0bb58a6 P 182284e239494eb7a92837e2e2253739 [term 1 FOLLOWER]: Refusing update from remote peer e14f58b90269488690a8db16672e26e3: Log matching property violated. Preceding OpId in replica: term: 1 index: 2. Preceding OpId from leader: term: 1 index: 3. (index mismatch)
I20260608 09:57:15.705489 18819 consensus_queue.cc:1048] T ac05b948fb324bc3aa813d89d0bb58a6 P e14f58b90269488690a8db16672e26e3 [LEADER]: Connected to new peer: Peer: permanent_uuid: "182284e239494eb7a92837e2e2253739" member_type: VOTER last_known_addr { host: "127.15.25.195" port: 43437 } attrs { replace: true }, Status: LMP_MISMATCH, Last received: 0.0, Next index: 3, Last known committed idx: 2, Time since last communication: 0.000s
I20260608 09:57:15.714068 18778 raft_consensus.cc:1275] T ac05b948fb324bc3aa813d89d0bb58a6 P c3ec81034be8405b8f59067d874f057b [term 1 LEARNER]: Refusing update from remote peer e14f58b90269488690a8db16672e26e3: Log matching property violated. Preceding OpId in replica: term: 1 index: 2. Preceding OpId from leader: term: 1 index: 3. (index mismatch)
I20260608 09:57:15.715976 18825 consensus_queue.cc:1048] T ac05b948fb324bc3aa813d89d0bb58a6 P e14f58b90269488690a8db16672e26e3 [LEADER]: Connected to new peer: Peer: permanent_uuid: "c3ec81034be8405b8f59067d874f057b" member_type: VOTER last_known_addr { host: "127.15.25.196" port: 37959 } attrs { promote: false }, Status: LMP_MISMATCH, Last received: 0.0, Next index: 3, Last known committed idx: 2, Time since last communication: 0.000s
I20260608 09:57:15.728832 18556 raft_consensus.cc:1275] T ac05b948fb324bc3aa813d89d0bb58a6 P 2d0e64be44dd4f7f887a3b18879750fd [term 1 FOLLOWER]: Refusing update from remote peer e14f58b90269488690a8db16672e26e3: Log matching property violated. Preceding OpId in replica: term: 1 index: 2. Preceding OpId from leader: term: 1 index: 3. (index mismatch)
I20260608 09:57:15.736956 18819 consensus_queue.cc:1048] T ac05b948fb324bc3aa813d89d0bb58a6 P e14f58b90269488690a8db16672e26e3 [LEADER]: Connected to new peer: Peer: permanent_uuid: "2d0e64be44dd4f7f887a3b18879750fd" member_type: VOTER last_known_addr { host: "127.15.25.194" port: 46337 }, Status: LMP_MISMATCH, Last received: 0.0, Next index: 3, Last known committed idx: 2, Time since last communication: 0.000s
I20260608 09:57:15.767103 18825 raft_consensus.cc:2955] T ac05b948fb324bc3aa813d89d0bb58a6 P e14f58b90269488690a8db16672e26e3 [term 1 LEADER]: Committing config change with OpId 1.3: config changed from index 2 to 3, c3ec81034be8405b8f59067d874f057b (127.15.25.196) changed from NON_VOTER to VOTER. New config: { opid_index: 3 OBSOLETE_local: false peers { permanent_uuid: "e14f58b90269488690a8db16672e26e3" member_type: VOTER last_known_addr { host: "127.15.25.193" port: 46227 } } peers { permanent_uuid: "2d0e64be44dd4f7f887a3b18879750fd" member_type: VOTER last_known_addr { host: "127.15.25.194" port: 46337 } } peers { permanent_uuid: "182284e239494eb7a92837e2e2253739" member_type: VOTER last_known_addr { host: "127.15.25.195" port: 43437 } attrs { replace: true } } peers { permanent_uuid: "c3ec81034be8405b8f59067d874f057b" member_type: VOTER last_known_addr { host: "127.15.25.196" port: 37959 } attrs { promote: false } } }
I20260608 09:57:15.770776 18555 raft_consensus.cc:2955] T ac05b948fb324bc3aa813d89d0bb58a6 P 2d0e64be44dd4f7f887a3b18879750fd [term 1 FOLLOWER]: Committing config change with OpId 1.3: config changed from index 2 to 3, c3ec81034be8405b8f59067d874f057b (127.15.25.196) changed from NON_VOTER to VOTER. New config: { opid_index: 3 OBSOLETE_local: false peers { permanent_uuid: "e14f58b90269488690a8db16672e26e3" member_type: VOTER last_known_addr { host: "127.15.25.193" port: 46227 } } peers { permanent_uuid: "2d0e64be44dd4f7f887a3b18879750fd" member_type: VOTER last_known_addr { host: "127.15.25.194" port: 46337 } } peers { permanent_uuid: "182284e239494eb7a92837e2e2253739" member_type: VOTER last_known_addr { host: "127.15.25.195" port: 43437 } attrs { replace: true } } peers { permanent_uuid: "c3ec81034be8405b8f59067d874f057b" member_type: VOTER last_known_addr { host: "127.15.25.196" port: 37959 } attrs { promote: false } } }
I20260608 09:57:15.787112 18376 catalog_manager.cc:5696] T ac05b948fb324bc3aa813d89d0bb58a6 P 2d0e64be44dd4f7f887a3b18879750fd reported cstate change: config changed from index 2 to 3, c3ec81034be8405b8f59067d874f057b (127.15.25.196) changed from NON_VOTER to VOTER. New cstate: current_term: 1 leader_uuid: "e14f58b90269488690a8db16672e26e3" committed_config { opid_index: 3 OBSOLETE_local: false peers { permanent_uuid: "e14f58b90269488690a8db16672e26e3" member_type: VOTER last_known_addr { host: "127.15.25.193" port: 46227 } } peers { permanent_uuid: "2d0e64be44dd4f7f887a3b18879750fd" member_type: VOTER last_known_addr { host: "127.15.25.194" port: 46337 } } peers { permanent_uuid: "182284e239494eb7a92837e2e2253739" member_type: VOTER last_known_addr { host: "127.15.25.195" port: 43437 } attrs { replace: true } } peers { permanent_uuid: "c3ec81034be8405b8f59067d874f057b" member_type: VOTER last_known_addr { host: "127.15.25.196" port: 37959 } attrs { promote: false } } }
I20260608 09:57:15.793725 18778 raft_consensus.cc:2955] T ac05b948fb324bc3aa813d89d0bb58a6 P c3ec81034be8405b8f59067d874f057b [term 1 FOLLOWER]: Committing config change with OpId 1.3: config changed from index 2 to 3, c3ec81034be8405b8f59067d874f057b (127.15.25.196) changed from NON_VOTER to VOTER. New config: { opid_index: 3 OBSOLETE_local: false peers { permanent_uuid: "e14f58b90269488690a8db16672e26e3" member_type: VOTER last_known_addr { host: "127.15.25.193" port: 46227 } } peers { permanent_uuid: "2d0e64be44dd4f7f887a3b18879750fd" member_type: VOTER last_known_addr { host: "127.15.25.194" port: 46337 } } peers { permanent_uuid: "182284e239494eb7a92837e2e2253739" member_type: VOTER last_known_addr { host: "127.15.25.195" port: 43437 } attrs { replace: true } } peers { permanent_uuid: "c3ec81034be8405b8f59067d874f057b" member_type: VOTER last_known_addr { host: "127.15.25.196" port: 37959 } attrs { promote: false } } }
I20260608 09:57:15.801265 18933 raft_consensus.cc:2955] T 8fa769e5018d47cf920ab57019f3dff7 P 182284e239494eb7a92837e2e2253739 [term 1 LEADER]: Committing config change with OpId 1.3: config changed from index 2 to 3, c3ec81034be8405b8f59067d874f057b (127.15.25.196) changed from NON_VOTER to VOTER. New config: { opid_index: 3 OBSOLETE_local: false peers { permanent_uuid: "e14f58b90269488690a8db16672e26e3" member_type: VOTER last_known_addr { host: "127.15.25.193" port: 46227 } } peers { permanent_uuid: "2d0e64be44dd4f7f887a3b18879750fd" member_type: VOTER last_known_addr { host: "127.15.25.194" port: 46337 } attrs { replace: true } } peers { permanent_uuid: "182284e239494eb7a92837e2e2253739" member_type: VOTER last_known_addr { host: "127.15.25.195" port: 43437 } } peers { permanent_uuid: "c3ec81034be8405b8f59067d874f057b" member_type: VOTER last_known_addr { host: "127.15.25.196" port: 37959 } attrs { promote: false } } }
