I20260608 09:57:20.274151 18479 consensus_queue.cc:237] T 633d9c1abc054f6094ce1b0e41ee6458 P e14f58b90269488690a8db16672e26e3 [LEADER]: Queue going to LEADER mode. State: All replicated index: 0, Majority replicated index: 5, Committed index: 5, Last appended: 3.5, Last appended by leader: 3, Current term: 3, Majority size: 2, State: 0, Mode: LEADER, active raft config: opid_index: 6 OBSOLETE_local: false peers { permanent_uuid: "e14f58b90269488690a8db16672e26e3" member_type: VOTER last_known_addr { host: "127.15.25.193" port: 46227 } } peers { permanent_uuid: "2d0e64be44dd4f7f887a3b18879750fd" member_type: VOTER last_known_addr { host: "127.15.25.194" port: 46337 } } peers { permanent_uuid: "c3ec81034be8405b8f59067d874f057b" member_type: VOTER last_known_addr { host: "127.15.25.196" port: 37959 } attrs { promote: false } }
I20260608 09:57:20.279166 18628 raft_consensus.cc:1275] T a988fb70fa164caa86eccd5d365670f0 P 182284e239494eb7a92837e2e2253739 [term 3 FOLLOWER]: Refusing update from remote peer e14f58b90269488690a8db16672e26e3: Log matching property violated. Preceding OpId in replica: term: 3 index: 5. Preceding OpId from leader: term: 3 index: 6. (index mismatch)
I20260608 09:57:20.280160 18778 raft_consensus.cc:1275] T a988fb70fa164caa86eccd5d365670f0 P c3ec81034be8405b8f59067d874f057b [term 3 FOLLOWER]: Refusing update from remote peer e14f58b90269488690a8db16672e26e3: Log matching property violated. Preceding OpId in replica: term: 3 index: 5. Preceding OpId from leader: term: 3 index: 6. (index mismatch)
I20260608 09:57:20.282002 19060 consensus_queue.cc:1048] T a988fb70fa164caa86eccd5d365670f0 P e14f58b90269488690a8db16672e26e3 [LEADER]: Connected to new peer: Peer: permanent_uuid: "182284e239494eb7a92837e2e2253739" member_type: VOTER last_known_addr { host: "127.15.25.195" port: 43437 }, Status: LMP_MISMATCH, Last received: 0.0, Next index: 6, Last known committed idx: 5, Time since last communication: 0.000s
I20260608 09:57:20.282763 19065 consensus_queue.cc:1048] T a988fb70fa164caa86eccd5d365670f0 P e14f58b90269488690a8db16672e26e3 [LEADER]: Connected to new peer: Peer: permanent_uuid: "c3ec81034be8405b8f59067d874f057b" member_type: VOTER last_known_addr { host: "127.15.25.196" port: 37959 } attrs { promote: false }, Status: LMP_MISMATCH, Last received: 0.0, Next index: 6, Last known committed idx: 5, Time since last communication: 0.000s
I20260608 09:57:20.283059 18776 raft_consensus.cc:1275] T 633d9c1abc054f6094ce1b0e41ee6458 P c3ec81034be8405b8f59067d874f057b [term 3 FOLLOWER]: Refusing update from remote peer e14f58b90269488690a8db16672e26e3: Log matching property violated. Preceding OpId in replica: term: 3 index: 5. Preceding OpId from leader: term: 3 index: 6. (index mismatch)
I20260608 09:57:20.283180 18556 raft_consensus.cc:1275] T 633d9c1abc054f6094ce1b0e41ee6458 P 2d0e64be44dd4f7f887a3b18879750fd [term 3 FOLLOWER]: Refusing update from remote peer e14f58b90269488690a8db16672e26e3: Log matching property violated. Preceding OpId in replica: term: 3 index: 5. Preceding OpId from leader: term: 3 index: 6. (index mismatch)
I20260608 09:57:20.285769 19065 consensus_queue.cc:1048] T 633d9c1abc054f6094ce1b0e41ee6458 P e14f58b90269488690a8db16672e26e3 [LEADER]: Connected to new peer: Peer: permanent_uuid: "c3ec81034be8405b8f59067d874f057b" member_type: VOTER last_known_addr { host: "127.15.25.196" port: 37959 } attrs { promote: false }, Status: LMP_MISMATCH, Last received: 0.0, Next index: 6, Last known committed idx: 5, Time since last communication: 0.000s
I20260608 09:57:20.286705 19060 consensus_queue.cc:1048] T 633d9c1abc054f6094ce1b0e41ee6458 P e14f58b90269488690a8db16672e26e3 [LEADER]: Connected to new peer: Peer: permanent_uuid: "2d0e64be44dd4f7f887a3b18879750fd" member_type: VOTER last_known_addr { host: "127.15.25.194" port: 46337 }, Status: LMP_MISMATCH, Last received: 0.0, Next index: 6, Last known committed idx: 5, Time since last communication: 0.000s
I20260608 09:57:20.289887 19051 raft_consensus.cc:2955] T a988fb70fa164caa86eccd5d365670f0 P e14f58b90269488690a8db16672e26e3 [term 3 LEADER]: Committing config change with OpId 3.6: config changed from index 5 to 6, VOTER 2d0e64be44dd4f7f887a3b18879750fd (127.15.25.194) evicted. New config: { opid_index: 6 OBSOLETE_local: false peers { permanent_uuid: "e14f58b90269488690a8db16672e26e3" member_type: VOTER last_known_addr { host: "127.15.25.193" port: 46227 } } peers { permanent_uuid: "182284e239494eb7a92837e2e2253739" member_type: VOTER last_known_addr { host: "127.15.25.195" port: 43437 } } peers { permanent_uuid: "c3ec81034be8405b8f59067d874f057b" member_type: VOTER last_known_addr { host: "127.15.25.196" port: 37959 } attrs { promote: false } } }
I20260608 09:57:20.293068 18778 raft_consensus.cc:2955] T a988fb70fa164caa86eccd5d365670f0 P c3ec81034be8405b8f59067d874f057b [term 3 FOLLOWER]: Committing config change with OpId 3.6: config changed from index 5 to 6, VOTER 2d0e64be44dd4f7f887a3b18879750fd (127.15.25.194) evicted. New config: { opid_index: 6 OBSOLETE_local: false peers { permanent_uuid: "e14f58b90269488690a8db16672e26e3" member_type: VOTER last_known_addr { host: "127.15.25.193" port: 46227 } } peers { permanent_uuid: "182284e239494eb7a92837e2e2253739" member_type: VOTER last_known_addr { host: "127.15.25.195" port: 43437 } } peers { permanent_uuid: "c3ec81034be8405b8f59067d874f057b" member_type: VOTER last_known_addr { host: "127.15.25.196" port: 37959 } attrs { promote: false } } }
I20260608 09:57:20.294443 18628 raft_consensus.cc:2955] T a988fb70fa164caa86eccd5d365670f0 P 182284e239494eb7a92837e2e2253739 [term 3 FOLLOWER]: Committing config change with OpId 3.6: config changed from index 5 to 6, VOTER 2d0e64be44dd4f7f887a3b18879750fd (127.15.25.194) evicted. New config: { opid_index: 6 OBSOLETE_local: false peers { permanent_uuid: "e14f58b90269488690a8db16672e26e3" member_type: VOTER last_known_addr { host: "127.15.25.193" port: 46227 } } peers { permanent_uuid: "182284e239494eb7a92837e2e2253739" member_type: VOTER last_known_addr { host: "127.15.25.195" port: 43437 } } peers { permanent_uuid: "c3ec81034be8405b8f59067d874f057b" member_type: VOTER last_known_addr { host: "127.15.25.196" port: 37959 } attrs { promote: false } } }
I20260608 09:57:20.300433 18366 catalog_manager.cc:5209] ChangeConfig:REMOVE_PEER RPC for tablet a988fb70fa164caa86eccd5d365670f0 with cas_config_opid_index 5: ChangeConfig:REMOVE_PEER succeeded (attempt 1)
I20260608 09:57:20.308089 18375 catalog_manager.cc:5696] T a988fb70fa164caa86eccd5d365670f0 P e14f58b90269488690a8db16672e26e3 reported cstate change: config changed from index 5 to 6, VOTER 2d0e64be44dd4f7f887a3b18879750fd (127.15.25.194) evicted. New cstate: current_term: 3 leader_uuid: "e14f58b90269488690a8db16672e26e3" committed_config { opid_index: 6 OBSOLETE_local: false peers { permanent_uuid: "e14f58b90269488690a8db16672e26e3" member_type: VOTER last_known_addr { host: "127.15.25.193" port: 46227 } health_report { overall_health: HEALTHY } } peers { permanent_uuid: "182284e239494eb7a92837e2e2253739" member_type: VOTER last_known_addr { host: "127.15.25.195" port: 43437 } health_report { overall_health: HEALTHY } } peers { permanent_uuid: "c3ec81034be8405b8f59067d874f057b" member_type: VOTER last_known_addr { host: "127.15.25.196" port: 37959 } attrs { promote: false } health_report { overall_health: HEALTHY } } }
I20260608 09:57:20.310508 18556 raft_consensus.cc:2955] T 633d9c1abc054f6094ce1b0e41ee6458 P 2d0e64be44dd4f7f887a3b18879750fd [term 3 FOLLOWER]: Committing config change with OpId 3.6: config changed from index 5 to 6, VOTER 182284e239494eb7a92837e2e2253739 (127.15.25.195) evicted. New config: { opid_index: 6 OBSOLETE_local: false peers { permanent_uuid: "e14f58b90269488690a8db16672e26e3" member_type: VOTER last_known_addr { host: "127.15.25.193" port: 46227 } } peers { permanent_uuid: "2d0e64be44dd4f7f887a3b18879750fd" member_type: VOTER last_known_addr { host: "127.15.25.194" port: 46337 } } peers { permanent_uuid: "c3ec81034be8405b8f59067d874f057b" member_type: VOTER last_known_addr { host: "127.15.25.196" port: 37959 } attrs { promote: false } } }
I20260608 09:57:20.308637 19060 raft_consensus.cc:2955] T 633d9c1abc054f6094ce1b0e41ee6458 P e14f58b90269488690a8db16672e26e3 [term 3 LEADER]: Committing config change with OpId 3.6: config changed from index 5 to 6, VOTER 182284e239494eb7a92837e2e2253739 (127.15.25.195) evicted. New config: { opid_index: 6 OBSOLETE_local: false peers { permanent_uuid: "e14f58b90269488690a8db16672e26e3" member_type: VOTER last_known_addr { host: "127.15.25.193" port: 46227 } } peers { permanent_uuid: "2d0e64be44dd4f7f887a3b18879750fd" member_type: VOTER last_known_addr { host: "127.15.25.194" port: 46337 } } peers { permanent_uuid: "c3ec81034be8405b8f59067d874f057b" member_type: VOTER last_known_addr { host: "127.15.25.196" port: 37959 } attrs { promote: false } } }
I20260608 09:57:20.313616 18778 raft_consensus.cc:2955] T 633d9c1abc054f6094ce1b0e41ee6458 P c3ec81034be8405b8f59067d874f057b [term 3 FOLLOWER]: Committing config change with OpId 3.6: config changed from index 5 to 6, VOTER 182284e239494eb7a92837e2e2253739 (127.15.25.195) evicted. New config: { opid_index: 6 OBSOLETE_local: false peers { permanent_uuid: "e14f58b90269488690a8db16672e26e3" member_type: VOTER last_known_addr { host: "127.15.25.193" port: 46227 } } peers { permanent_uuid: "2d0e64be44dd4f7f887a3b18879750fd" member_type: VOTER last_known_addr { host: "127.15.25.194" port: 46337 } } peers { permanent_uuid: "c3ec81034be8405b8f59067d874f057b" member_type: VOTER last_known_addr { host: "127.15.25.196" port: 37959 } attrs { promote: false } } }
I20260608 09:57:20.325563 18546 tablet_service.cc:1558] Processing DeleteTablet for tablet a988fb70fa164caa86eccd5d365670f0 with delete_type TABLET_DATA_TOMBSTONED (TS 2d0e64be44dd4f7f887a3b18879750fd not found in new config with opid_index 6) from {username='slave'} at 127.0.0.1:45434
I20260608 09:57:20.326879 18376 catalog_manager.cc:5696] T 633d9c1abc054f6094ce1b0e41ee6458 P 2d0e64be44dd4f7f887a3b18879750fd reported cstate change: config changed from index 5 to 6, VOTER 182284e239494eb7a92837e2e2253739 (127.15.25.195) evicted. New cstate: current_term: 3 leader_uuid: "e14f58b90269488690a8db16672e26e3" committed_config { opid_index: 6 OBSOLETE_local: false peers { permanent_uuid: "e14f58b90269488690a8db16672e26e3" member_type: VOTER last_known_addr { host: "127.15.25.193" port: 46227 } } peers { permanent_uuid: "2d0e64be44dd4f7f887a3b18879750fd" member_type: VOTER last_known_addr { host: "127.15.25.194" port: 46337 } } peers { permanent_uuid: "c3ec81034be8405b8f59067d874f057b" member_type: VOTER last_known_addr { host: "127.15.25.196" port: 37959 } attrs { promote: false } } }
I20260608 09:57:20.327860 18366 catalog_manager.cc:5209] ChangeConfig:REMOVE_PEER RPC for tablet 633d9c1abc054f6094ce1b0e41ee6458 with cas_config_opid_index 5: ChangeConfig:REMOVE_PEER succeeded (attempt 1)
I20260608 09:57:20.333277 19070 tablet_replica.cc:333] T a988fb70fa164caa86eccd5d365670f0 P 2d0e64be44dd4f7f887a3b18879750fd: stopping tablet replica
I20260608 09:57:20.334520 19070 raft_consensus.cc:2243] T a988fb70fa164caa86eccd5d365670f0 P 2d0e64be44dd4f7f887a3b18879750fd [term 3 FOLLOWER]: Raft consensus shutting down.
I20260608 09:57:20.335364 19070 raft_consensus.cc:2272] T a988fb70fa164caa86eccd5d365670f0 P 2d0e64be44dd4f7f887a3b18879750fd [term 3 FOLLOWER]: Raft consensus is shut down!
I20260608 09:57:20.338346 19070 ts_tablet_manager.cc:1916] T a988fb70fa164caa86eccd5d365670f0 P 2d0e64be44dd4f7f887a3b18879750fd: Deleting tablet data with delete state TABLET_DATA_TOMBSTONED
I20260608 09:57:20.343791 18613 tablet_service.cc:1558] Processing DeleteTablet for tablet 633d9c1abc054f6094ce1b0e41ee6458 with delete_type TABLET_DATA_TOMBSTONED (TS 182284e239494eb7a92837e2e2253739 not found in new config with opid_index 6) from {username='slave'} at 127.0.0.1:59890
I20260608 09:57:20.345783 19071 tablet_replica.cc:333] T 633d9c1abc054f6094ce1b0e41ee6458 P 182284e239494eb7a92837e2e2253739: stopping tablet replica
I20260608 09:57:20.346851 19071 raft_consensus.cc:2243] T 633d9c1abc054f6094ce1b0e41ee6458 P 182284e239494eb7a92837e2e2253739 [term 3 FOLLOWER]: Raft consensus shutting down.
I20260608 09:57:20.347725 19071 raft_consensus.cc:2272] T 633d9c1abc054f6094ce1b0e41ee6458 P 182284e239494eb7a92837e2e2253739 [term 3 FOLLOWER]: Raft consensus is shut down!
I20260608 09:57:20.351541 19071 ts_tablet_manager.cc:1916] T 633d9c1abc054f6094ce1b0e41ee6458 P 182284e239494eb7a92837e2e2253739: Deleting tablet data with delete state TABLET_DATA_TOMBSTONED
I20260608 09:57:20.355515 19070 ts_tablet_manager.cc:1929] T a988fb70fa164caa86eccd5d365670f0 P 2d0e64be44dd4f7f887a3b18879750fd: tablet deleted with delete type TABLET_DATA_TOMBSTONED: last-logged OpId 3.5
I20260608 09:57:20.356001 19070 log.cc:1199] T a988fb70fa164caa86eccd5d365670f0 P 2d0e64be44dd4f7f887a3b18879750fd: Deleting WAL directory at /tmp/dist-test-taskFOTcq1/test-tmp/auto_rebalancer-test.0.AutoRebalancerTest.RangeAwareRebalancesNewRangeReplicas.1780912547211430-15463-0/minicluster-data/ts-1-root/wals/a988fb70fa164caa86eccd5d365670f0
I20260608 09:57:20.358083 18365 catalog_manager.cc:5027] TS 2d0e64be44dd4f7f887a3b18879750fd (127.15.25.194:46337): tablet a988fb70fa164caa86eccd5d365670f0 (table range_aware_rebalance_new_range [id=c5017fdc4ca14590877cb1520ba51805]) successfully deleted
I20260608 09:57:20.364637 19071 ts_tablet_manager.cc:1929] T 633d9c1abc054f6094ce1b0e41ee6458 P 182284e239494eb7a92837e2e2253739: tablet deleted with delete type TABLET_DATA_TOMBSTONED: last-logged OpId 3.5
I20260608 09:57:20.365072 19071 log.cc:1199] T 633d9c1abc054f6094ce1b0e41ee6458 P 182284e239494eb7a92837e2e2253739: Deleting WAL directory at /tmp/dist-test-taskFOTcq1/test-tmp/auto_rebalancer-test.0.AutoRebalancerTest.RangeAwareRebalancesNewRangeReplicas.1780912547211430-15463-0/minicluster-data/ts-2-root/wals/633d9c1abc054f6094ce1b0e41ee6458
I20260608 09:57:20.366333 18365 catalog_manager.cc:5027] TS 182284e239494eb7a92837e2e2253739 (127.15.25.195:43437): tablet 633d9c1abc054f6094ce1b0e41ee6458 (table range_aware_rebalance_new_range [id=c5017fdc4ca14590877cb1520ba51805]) successfully deleted
I20260608 09:57:20.422701 18432 auto_leader_rebalancer.cc:140] leader rebalance for table range_aware_rebalance_new_range
I20260608 09:57:20.437678 18479 tablet_service.cc:2072] Received LeaderStepDown RPC: tablet_id: "6bdf95d052184284a99ceb8568663cb5"
dest_uuid: "e14f58b90269488690a8db16672e26e3"
mode: GRACEFUL
new_leader_uuid: "2d0e64be44dd4f7f887a3b18879750fd"
 from {username='slave'} at 127.0.0.1:33376
I20260608 09:57:20.438294 18479 raft_consensus.cc:606] T 6bdf95d052184284a99ceb8568663cb5 P e14f58b90269488690a8db16672e26e3 [term 1 LEADER]: Received request to transfer leadership to TS 2d0e64be44dd4f7f887a3b18879750fd
I20260608 09:57:20.441038 18479 tablet_service.cc:2072] Received LeaderStepDown RPC: tablet_id: "73a7868fc93844408913ef200f3a96ef"
dest_uuid: "e14f58b90269488690a8db16672e26e3"
mode: GRACEFUL
new_leader_uuid: "c3ec81034be8405b8f59067d874f057b"
 from {username='slave'} at 127.0.0.1:33376
I20260608 09:57:20.441531 18479 raft_consensus.cc:606] T 73a7868fc93844408913ef200f3a96ef P e14f58b90269488690a8db16672e26e3 [term 1 LEADER]: Received request to transfer leadership to TS c3ec81034be8405b8f59067d874f057b
I20260608 09:57:20.443850 18479 tablet_service.cc:2072] Received LeaderStepDown RPC: tablet_id: "ac05b948fb324bc3aa813d89d0bb58a6"
dest_uuid: "e14f58b90269488690a8db16672e26e3"
mode: GRACEFUL
new_leader_uuid: "c3ec81034be8405b8f59067d874f057b"
 from {username='slave'} at 127.0.0.1:33376
I20260608 09:57:20.444344 18479 raft_consensus.cc:606] T ac05b948fb324bc3aa813d89d0bb58a6 P e14f58b90269488690a8db16672e26e3 [term 1 LEADER]: Received request to transfer leadership to TS c3ec81034be8405b8f59067d874f057b
I20260608 09:57:20.445468 18432 auto_leader_rebalancer.cc:388] table: range_aware_rebalance_new_range, leader rebalance finish, leader transfer count: 3
I20260608 09:57:20.446110 18432 auto_leader_rebalancer.cc:451] All tables' leader rebalancing finished this round
I20260608 09:57:20.701399 19060 raft_consensus.cc:993] T 73a7868fc93844408913ef200f3a96ef P e14f58b90269488690a8db16672e26e3: : Instructing follower c3ec81034be8405b8f59067d874f057b to start an election
I20260608 09:57:20.701926 18825 raft_consensus.cc:1081] T 73a7868fc93844408913ef200f3a96ef P e14f58b90269488690a8db16672e26e3 [term 1 LEADER]: Signalling peer c3ec81034be8405b8f59067d874f057b to start an election
I20260608 09:57:20.703441 18778 tablet_service.cc:2044] Received Run Leader Election RPC: tablet_id: "73a7868fc93844408913ef200f3a96ef"
dest_uuid: "c3ec81034be8405b8f59067d874f057b"
 from {username='slave'} at 127.0.0.1:44008
I20260608 09:57:20.703977 18778 raft_consensus.cc:493] T 73a7868fc93844408913ef200f3a96ef P c3ec81034be8405b8f59067d874f057b [term 1 FOLLOWER]: Starting forced leader election (received explicit request)
I20260608 09:57:20.704315 18778 raft_consensus.cc:3060] T 73a7868fc93844408913ef200f3a96ef P c3ec81034be8405b8f59067d874f057b [term 1 FOLLOWER]: Advancing to term 2
I20260608 09:57:20.709013 18778 raft_consensus.cc:515] T 73a7868fc93844408913ef200f3a96ef P c3ec81034be8405b8f59067d874f057b [term 2 FOLLOWER]: Starting forced leader election with config: opid_index: 4 OBSOLETE_local: false peers { permanent_uuid: "2d0e64be44dd4f7f887a3b18879750fd" member_type: VOTER last_known_addr { host: "127.15.25.194" port: 46337 } } peers { permanent_uuid: "e14f58b90269488690a8db16672e26e3" member_type: VOTER last_known_addr { host: "127.15.25.193" port: 46227 } } peers { permanent_uuid: "c3ec81034be8405b8f59067d874f057b" member_type: VOTER last_known_addr { host: "127.15.25.196" port: 37959 } attrs { promote: false } }
I20260608 09:57:20.710886 18778 leader_election.cc:290] T 73a7868fc93844408913ef200f3a96ef P c3ec81034be8405b8f59067d874f057b [CANDIDATE]: Term 2 election: Requested vote from peers 2d0e64be44dd4f7f887a3b18879750fd (127.15.25.194:46337), e14f58b90269488690a8db16672e26e3 (127.15.25.193:46227)
I20260608 09:57:20.711581 18556 tablet_service.cc:1917] Received RequestConsensusVote() RPC: tablet_id: "73a7868fc93844408913ef200f3a96ef" candidate_uuid: "c3ec81034be8405b8f59067d874f057b" candidate_term: 2 candidate_status { last_received { term: 1 index: 4 } } ignore_live_leader: true dest_uuid: "2d0e64be44dd4f7f887a3b18879750fd"
I20260608 09:57:20.712175 18556 raft_consensus.cc:3060] T 73a7868fc93844408913ef200f3a96ef P 2d0e64be44dd4f7f887a3b18879750fd [term 1 FOLLOWER]: Advancing to term 2
I20260608 09:57:20.712093 18479 tablet_service.cc:1917] Received RequestConsensusVote() RPC: tablet_id: "73a7868fc93844408913ef200f3a96ef" candidate_uuid: "c3ec81034be8405b8f59067d874f057b" candidate_term: 2 candidate_status { last_received { term: 1 index: 4 } } ignore_live_leader: true dest_uuid: "e14f58b90269488690a8db16672e26e3"
I20260608 09:57:20.712841 18479 raft_consensus.cc:3055] T 73a7868fc93844408913ef200f3a96ef P e14f58b90269488690a8db16672e26e3 [term 1 LEADER]: Stepping down as leader of term 1
I20260608 09:57:20.713186 18479 raft_consensus.cc:740] T 73a7868fc93844408913ef200f3a96ef P e14f58b90269488690a8db16672e26e3 [term 1 LEADER]: Becoming Follower/Learner. State: Replica: e14f58b90269488690a8db16672e26e3, State: Running, Role: LEADER
I20260608 09:57:20.714154 18479 consensus_queue.cc:260] T 73a7868fc93844408913ef200f3a96ef P e14f58b90269488690a8db16672e26e3 [NON_LEADER]: Queue going to NON_LEADER mode. State: All replicated index: 0, Majority replicated index: 4, Committed index: 4, Last appended: 1.4, Last appended by leader: 4, Current term: 1, Majority size: -1, State: 0, Mode: NON_LEADER, active raft config: opid_index: 4 OBSOLETE_local: false peers { permanent_uuid: "2d0e64be44dd4f7f887a3b18879750fd" member_type: VOTER last_known_addr { host: "127.15.25.194" port: 46337 } } peers { permanent_uuid: "e14f58b90269488690a8db16672e26e3" member_type: VOTER last_known_addr { host: "127.15.25.193" port: 46227 } } peers { permanent_uuid: "c3ec81034be8405b8f59067d874f057b" member_type: VOTER last_known_addr { host: "127.15.25.196" port: 37959 } attrs { promote: false } }
I20260608 09:57:20.715348 18479 raft_consensus.cc:3060] T 73a7868fc93844408913ef200f3a96ef P e14f58b90269488690a8db16672e26e3 [term 1 FOLLOWER]: Advancing to term 2
I20260608 09:57:20.721899 18556 raft_consensus.cc:2468] T 73a7868fc93844408913ef200f3a96ef P 2d0e64be44dd4f7f887a3b18879750fd [term 2 FOLLOWER]: Leader election vote request: Granting yes vote for candidate c3ec81034be8405b8f59067d874f057b in term 2.
I20260608 09:57:20.723241 18743 leader_election.cc:304] T 73a7868fc93844408913ef200f3a96ef P c3ec81034be8405b8f59067d874f057b [CANDIDATE]: Term 2 election: Election decided. Result: candidate won. Election summary: received 2 responses out of 3 voters: 2 yes votes; 0 no votes. yes voters: 2d0e64be44dd4f7f887a3b18879750fd, c3ec81034be8405b8f59067d874f057b; no voters: 
I20260608 09:57:20.724205 19015 raft_consensus.cc:2804] T 73a7868fc93844408913ef200f3a96ef P c3ec81034be8405b8f59067d874f057b [term 2 FOLLOWER]: Leader election won for term 2
I20260608 09:57:20.728174 19015 raft_consensus.cc:697] T 73a7868fc93844408913ef200f3a96ef P c3ec81034be8405b8f59067d874f057b [term 2 LEADER]: Becoming Leader. State: Replica: c3ec81034be8405b8f59067d874f057b, State: Running, Role: LEADER
I20260608 09:57:20.729338 18479 raft_consensus.cc:2468] T 73a7868fc93844408913ef200f3a96ef P e14f58b90269488690a8db16672e26e3 [term 2 FOLLOWER]: Leader election vote request: Granting yes vote for candidate c3ec81034be8405b8f59067d874f057b in term 2.
I20260608 09:57:20.729806 19015 consensus_queue.cc:237] T 73a7868fc93844408913ef200f3a96ef P c3ec81034be8405b8f59067d874f057b [LEADER]: Queue going to LEADER mode. State: All replicated index: 0, Majority replicated index: 4, Committed index: 4, Last appended: 1.4, Last appended by leader: 4, Current term: 2, Majority size: 2, State: 0, Mode: LEADER, active raft config: opid_index: 4 OBSOLETE_local: false peers { permanent_uuid: "2d0e64be44dd4f7f887a3b18879750fd" member_type: VOTER last_known_addr { host: "127.15.25.194" port: 46337 } } peers { permanent_uuid: "e14f58b90269488690a8db16672e26e3" member_type: VOTER last_known_addr { host: "127.15.25.193" port: 46227 } } peers { permanent_uuid: "c3ec81034be8405b8f59067d874f057b" member_type: VOTER last_known_addr { host: "127.15.25.196" port: 37959 } attrs { promote: false } }
I20260608 09:57:20.737699 18377 catalog_manager.cc:5696] T 73a7868fc93844408913ef200f3a96ef P c3ec81034be8405b8f59067d874f057b reported cstate change: term changed from 1 to 2, leader changed from e14f58b90269488690a8db16672e26e3 (127.15.25.193) to c3ec81034be8405b8f59067d874f057b (127.15.25.196). New cstate: current_term: 2 leader_uuid: "c3ec81034be8405b8f59067d874f057b" committed_config { opid_index: 4 OBSOLETE_local: false peers { permanent_uuid: "2d0e64be44dd4f7f887a3b18879750fd" member_type: VOTER last_known_addr { host: "127.15.25.194" port: 46337 } health_report { overall_health: UNKNOWN } } peers { permanent_uuid: "e14f58b90269488690a8db16672e26e3" member_type: VOTER last_known_addr { host: "127.15.25.193" port: 46227 } health_report { overall_health: UNKNOWN } } peers { permanent_uuid: "c3ec81034be8405b8f59067d874f057b" member_type: VOTER last_known_addr { host: "127.15.25.196" port: 37959 } attrs { promote: false } health_report { overall_health: HEALTHY } } }
I20260608 09:57:20.769783 18628 consensus_queue.cc:237] T 3f9b0a57714546d881384dc57a69061c P 182284e239494eb7a92837e2e2253739 [LEADER]: Queue going to LEADER mode. State: All replicated index: 0, Majority replicated index: 1, Committed index: 1, Last appended: 1.1, Last appended by leader: 0, Current term: 1, Majority size: 2, State: 0, Mode: LEADER, active raft config: opid_index: 2 OBSOLETE_local: false peers { permanent_uuid: "e14f58b90269488690a8db16672e26e3" member_type: VOTER last_known_addr { host: "127.15.25.193" port: 46227 } attrs { replace: true } } peers { permanent_uuid: "2d0e64be44dd4f7f887a3b18879750fd" member_type: VOTER last_known_addr { host: "127.15.25.194" port: 46337 } } peers { permanent_uuid: "182284e239494eb7a92837e2e2253739" member_type: VOTER last_known_addr { host: "127.15.25.195" port: 43437 } } peers { permanent_uuid: "c3ec81034be8405b8f59067d874f057b" member_type: NON_VOTER last_known_addr { host: "127.15.25.196" port: 37959 } attrs { promote: true } }
W20260608 09:57:20.777433 18593 consensus_peers.cc:597] T 3f9b0a57714546d881384dc57a69061c P 182284e239494eb7a92837e2e2253739 -> Peer c3ec81034be8405b8f59067d874f057b (127.15.25.196:37959): Couldn't send request to peer c3ec81034be8405b8f59067d874f057b. Error code: TABLET_NOT_FOUND (6). Status: Not found: Tablet not found: 3f9b0a57714546d881384dc57a69061c. This is attempt 1: this message will repeat every 5th retry.
I20260608 09:57:20.778182 18556 raft_consensus.cc:1275] T 3f9b0a57714546d881384dc57a69061c P 2d0e64be44dd4f7f887a3b18879750fd [term 1 FOLLOWER]: Refusing update from remote peer 182284e239494eb7a92837e2e2253739: Log matching property violated. Preceding OpId in replica: term: 1 index: 1. Preceding OpId from leader: term: 1 index: 2. (index mismatch)
I20260608 09:57:20.778285 18479 raft_consensus.cc:1275] T 3f9b0a57714546d881384dc57a69061c P e14f58b90269488690a8db16672e26e3 [term 1 FOLLOWER]: Refusing update from remote peer 182284e239494eb7a92837e2e2253739: Log matching property violated. Preceding OpId in replica: term: 1 index: 1. Preceding OpId from leader: term: 1 index: 2. (index mismatch)
I20260608 09:57:20.779769 19059 consensus_queue.cc:1048] T 3f9b0a57714546d881384dc57a69061c P 182284e239494eb7a92837e2e2253739 [LEADER]: Connected to new peer: Peer: permanent_uuid: "2d0e64be44dd4f7f887a3b18879750fd" member_type: VOTER last_known_addr { host: "127.15.25.194" port: 46337 }, Status: LMP_MISMATCH, Last received: 0.0, Next index: 2, Last known committed idx: 1, Time since last communication: 0.000s
I20260608 09:57:20.780611 19077 consensus_queue.cc:1048] T 3f9b0a57714546d881384dc57a69061c P 182284e239494eb7a92837e2e2253739 [LEADER]: Connected to new peer: Peer: permanent_uuid: "e14f58b90269488690a8db16672e26e3" member_type: VOTER last_known_addr { host: "127.15.25.193" port: 46227 } attrs { replace: true }, Status: LMP_MISMATCH, Last received: 0.0, Next index: 2, Last known committed idx: 1, Time since last communication: 0.000s
I20260608 09:57:20.792080 19059 raft_consensus.cc:2955] T 3f9b0a57714546d881384dc57a69061c P 182284e239494eb7a92837e2e2253739 [term 1 LEADER]: Committing config change with OpId 1.2: config changed from index -1 to 2, NON_VOTER c3ec81034be8405b8f59067d874f057b (127.15.25.196) added. New config: { opid_index: 2 OBSOLETE_local: false peers { permanent_uuid: "e14f58b90269488690a8db16672e26e3" member_type: VOTER last_known_addr { host: "127.15.25.193" port: 46227 } attrs { replace: true } } peers { permanent_uuid: "2d0e64be44dd4f7f887a3b18879750fd" member_type: VOTER last_known_addr { host: "127.15.25.194" port: 46337 } } peers { permanent_uuid: "182284e239494eb7a92837e2e2253739" member_type: VOTER last_known_addr { host: "127.15.25.195" port: 43437 } } peers { permanent_uuid: "c3ec81034be8405b8f59067d874f057b" member_type: NON_VOTER last_known_addr { host: "127.15.25.196" port: 37959 } attrs { promote: true } } }
I20260608 09:57:20.793829 18556 raft_consensus.cc:2955] T 3f9b0a57714546d881384dc57a69061c P 2d0e64be44dd4f7f887a3b18879750fd [term 1 FOLLOWER]: Committing config change with OpId 1.2: config changed from index -1 to 2, NON_VOTER c3ec81034be8405b8f59067d874f057b (127.15.25.196) added. New config: { opid_index: 2 OBSOLETE_local: false peers { permanent_uuid: "e14f58b90269488690a8db16672e26e3" member_type: VOTER last_known_addr { host: "127.15.25.193" port: 46227 } attrs { replace: true } } peers { permanent_uuid: "2d0e64be44dd4f7f887a3b18879750fd" member_type: VOTER last_known_addr { host: "127.15.25.194" port: 46337 } } peers { permanent_uuid: "182284e239494eb7a92837e2e2253739" member_type: VOTER last_known_addr { host: "127.15.25.195" port: 43437 } } peers { permanent_uuid: "c3ec81034be8405b8f59067d874f057b" member_type: NON_VOTER last_known_addr { host: "127.15.25.196" port: 37959 } attrs { promote: true } } }
I20260608 09:57:20.795610 18479 raft_consensus.cc:2955] T 3f9b0a57714546d881384dc57a69061c P e14f58b90269488690a8db16672e26e3 [term 1 FOLLOWER]: Committing config change with OpId 1.2: config changed from index -1 to 2, NON_VOTER c3ec81034be8405b8f59067d874f057b (127.15.25.196) added. New config: { opid_index: 2 OBSOLETE_local: false peers { permanent_uuid: "e14f58b90269488690a8db16672e26e3" member_type: VOTER last_known_addr { host: "127.15.25.193" port: 46227 } attrs { replace: true } } peers { permanent_uuid: "2d0e64be44dd4f7f887a3b18879750fd" member_type: VOTER last_known_addr { host: "127.15.25.194" port: 46337 } } peers { permanent_uuid: "182284e239494eb7a92837e2e2253739" member_type: VOTER last_known_addr { host: "127.15.25.195" port: 43437 } } peers { permanent_uuid: "c3ec81034be8405b8f59067d874f057b" member_type: NON_VOTER last_known_addr { host: "127.15.25.196" port: 37959 } attrs { promote: true } } }
I20260608 09:57:20.799176 19060 raft_consensus.cc:993] T ac05b948fb324bc3aa813d89d0bb58a6 P e14f58b90269488690a8db16672e26e3: : Instructing follower c3ec81034be8405b8f59067d874f057b to start an election
I20260608 09:57:20.799661 18825 raft_consensus.cc:1081] T ac05b948fb324bc3aa813d89d0bb58a6 P e14f58b90269488690a8db16672e26e3 [term 1 LEADER]: Signalling peer c3ec81034be8405b8f59067d874f057b to start an election
I20260608 09:57:20.801467 18778 tablet_service.cc:2044] Received Run Leader Election RPC: tablet_id: "ac05b948fb324bc3aa813d89d0bb58a6"
dest_uuid: "c3ec81034be8405b8f59067d874f057b"
 from {username='slave'} at 127.0.0.1:44008
I20260608 09:57:20.802011 18778 raft_consensus.cc:493] T ac05b948fb324bc3aa813d89d0bb58a6 P c3ec81034be8405b8f59067d874f057b [term 1 FOLLOWER]: Starting forced leader election (received explicit request)
I20260608 09:57:20.802386 18778 raft_consensus.cc:3060] T ac05b948fb324bc3aa813d89d0bb58a6 P c3ec81034be8405b8f59067d874f057b [term 1 FOLLOWER]: Advancing to term 2
I20260608 09:57:20.809471 18377 catalog_manager.cc:5696] T 3f9b0a57714546d881384dc57a69061c P 182284e239494eb7a92837e2e2253739 reported cstate change: config changed from index -1 to 2, NON_VOTER c3ec81034be8405b8f59067d874f057b (127.15.25.196) added. New cstate: current_term: 1 leader_uuid: "182284e239494eb7a92837e2e2253739" committed_config { opid_index: 2 OBSOLETE_local: false peers { permanent_uuid: "e14f58b90269488690a8db16672e26e3" member_type: VOTER last_known_addr { host: "127.15.25.193" port: 46227 } attrs { replace: true } health_report { overall_health: HEALTHY } } peers { permanent_uuid: "2d0e64be44dd4f7f887a3b18879750fd" member_type: VOTER last_known_addr { host: "127.15.25.194" port: 46337 } health_report { overall_health: HEALTHY } } peers { permanent_uuid: "182284e239494eb7a92837e2e2253739" member_type: VOTER last_known_addr { host: "127.15.25.195" port: 43437 } health_report { overall_health: HEALTHY } } peers { permanent_uuid: "c3ec81034be8405b8f59067d874f057b" member_type: NON_VOTER last_known_addr { host: "127.15.25.196" port: 37959 } attrs { promote: true } health_report { overall_health: UNKNOWN } } }
I20260608 09:57:20.811327 18628 consensus_queue.cc:237] T 5c5b4abaeed34d5b8fad73124e584996 P 182284e239494eb7a92837e2e2253739 [LEADER]: Queue going to LEADER mode. State: All replicated index: 0, Majority replicated index: 2, Committed index: 2, Last appended: 2.2, Last appended by leader: 1, Current term: 2, Majority size: 2, State: 0, Mode: LEADER, active raft config: opid_index: 3 OBSOLETE_local: false peers { permanent_uuid: "2d0e64be44dd4f7f887a3b18879750fd" member_type: VOTER last_known_addr { host: "127.15.25.194" port: 46337 } } peers { permanent_uuid: "e14f58b90269488690a8db16672e26e3" member_type: VOTER last_known_addr { host: "127.15.25.193" port: 46227 } attrs { replace: true } } peers { permanent_uuid: "182284e239494eb7a92837e2e2253739" member_type: VOTER last_known_addr { host: "127.15.25.195" port: 43437 } } peers { permanent_uuid: "c3ec81034be8405b8f59067d874f057b" member_type: NON_VOTER last_known_addr { host: "127.15.25.196" port: 37959 } attrs { promote: true } }
I20260608 09:57:20.813649 18778 raft_consensus.cc:515] T ac05b948fb324bc3aa813d89d0bb58a6 P c3ec81034be8405b8f59067d874f057b [term 2 FOLLOWER]: Starting forced leader election with config: opid_index: 4 OBSOLETE_local: false peers { permanent_uuid: "e14f58b90269488690a8db16672e26e3" member_type: VOTER last_known_addr { host: "127.15.25.193" port: 46227 } } peers { permanent_uuid: "2d0e64be44dd4f7f887a3b18879750fd" member_type: VOTER last_known_addr { host: "127.15.25.194" port: 46337 } } peers { permanent_uuid: "c3ec81034be8405b8f59067d874f057b" member_type: VOTER last_known_addr { host: "127.15.25.196" port: 37959 } attrs { promote: false } }
I20260608 09:57:20.816279 18778 leader_election.cc:290] T ac05b948fb324bc3aa813d89d0bb58a6 P c3ec81034be8405b8f59067d874f057b [CANDIDATE]: Term 2 election: Requested vote from peers e14f58b90269488690a8db16672e26e3 (127.15.25.193:46227), 2d0e64be44dd4f7f887a3b18879750fd (127.15.25.194:46337)
I20260608 09:57:20.818225 18479 tablet_service.cc:1917] Received RequestConsensusVote() RPC: tablet_id: "ac05b948fb324bc3aa813d89d0bb58a6" candidate_uuid: "c3ec81034be8405b8f59067d874f057b" candidate_term: 2 candidate_status { last_received { term: 1 index: 4 } } ignore_live_leader: true dest_uuid: "e14f58b90269488690a8db16672e26e3"
I20260608 09:57:20.818993 18479 raft_consensus.cc:3055] T ac05b948fb324bc3aa813d89d0bb58a6 P e14f58b90269488690a8db16672e26e3 [term 1 LEADER]: Stepping down as leader of term 1
I20260608 09:57:20.819383 18479 raft_consensus.cc:740] T ac05b948fb324bc3aa813d89d0bb58a6 P e14f58b90269488690a8db16672e26e3 [term 1 LEADER]: Becoming Follower/Learner. State: Replica: e14f58b90269488690a8db16672e26e3, State: Running, Role: LEADER
I20260608 09:57:20.820387 18479 consensus_queue.cc:260] T ac05b948fb324bc3aa813d89d0bb58a6 P e14f58b90269488690a8db16672e26e3 [NON_LEADER]: Queue going to NON_LEADER mode. State: All replicated index: 0, Majority replicated index: 4, Committed index: 4, Last appended: 1.4, Last appended by leader: 4, Current term: 1, Majority size: -1, State: 0, Mode: NON_LEADER, active raft config: opid_index: 4 OBSOLETE_local: false peers { permanent_uuid: "e14f58b90269488690a8db16672e26e3" member_type: VOTER last_known_addr { host: "127.15.25.193" port: 46227 } } peers { permanent_uuid: "2d0e64be44dd4f7f887a3b18879750fd" member_type: VOTER last_known_addr { host: "127.15.25.194" port: 46337 } } peers { permanent_uuid: "c3ec81034be8405b8f59067d874f057b" member_type: VOTER last_known_addr { host: "127.15.25.196" port: 37959 } attrs { promote: false } }
I20260608 09:57:20.821812 18479 raft_consensus.cc:3060] T ac05b948fb324bc3aa813d89d0bb58a6 P e14f58b90269488690a8db16672e26e3 [term 1 FOLLOWER]: Advancing to term 2
I20260608 09:57:20.832405 18479 raft_consensus.cc:2468] T ac05b948fb324bc3aa813d89d0bb58a6 P e14f58b90269488690a8db16672e26e3 [term 2 FOLLOWER]: Leader election vote request: Granting yes vote for candidate c3ec81034be8405b8f59067d874f057b in term 2.
I20260608 09:57:20.833990 18744 leader_election.cc:304] T ac05b948fb324bc3aa813d89d0bb58a6 P c3ec81034be8405b8f59067d874f057b [CANDIDATE]: Term 2 election: Election decided. Result: candidate won. Election summary: received 2 responses out of 3 voters: 2 yes votes; 0 no votes. yes voters: c3ec81034be8405b8f59067d874f057b, e14f58b90269488690a8db16672e26e3; no voters: 
I20260608 09:57:20.834479 18556 tablet_service.cc:1917] Received RequestConsensusVote() RPC: tablet_id: "ac05b948fb324bc3aa813d89d0bb58a6" candidate_uuid: "c3ec81034be8405b8f59067d874f057b" candidate_term: 2 candidate_status { last_received { term: 1 index: 4 } } ignore_live_leader: true dest_uuid: "2d0e64be44dd4f7f887a3b18879750fd"
I20260608 09:57:20.835124 18556 raft_consensus.cc:3060] T ac05b948fb324bc3aa813d89d0bb58a6 P 2d0e64be44dd4f7f887a3b18879750fd [term 1 FOLLOWER]: Advancing to term 2
I20260608 09:57:20.835212 19015 raft_consensus.cc:2804] T ac05b948fb324bc3aa813d89d0bb58a6 P c3ec81034be8405b8f59067d874f057b [term 2 FOLLOWER]: Leader election won for term 2
I20260608 09:57:20.835758 19015 raft_consensus.cc:697] T ac05b948fb324bc3aa813d89d0bb58a6 P c3ec81034be8405b8f59067d874f057b [term 2 LEADER]: Becoming Leader. State: Replica: c3ec81034be8405b8f59067d874f057b, State: Running, Role: LEADER
I20260608 09:57:20.837177 19015 consensus_queue.cc:237] T ac05b948fb324bc3aa813d89d0bb58a6 P c3ec81034be8405b8f59067d874f057b [LEADER]: Queue going to LEADER mode. State: All replicated index: 0, Majority replicated index: 4, Committed index: 4, Last appended: 1.4, Last appended by leader: 4, Current term: 2, Majority size: 2, State: 0, Mode: LEADER, active raft config: opid_index: 4 OBSOLETE_local: false peers { permanent_uuid: "e14f58b90269488690a8db16672e26e3" member_type: VOTER last_known_addr { host: "127.15.25.193" port: 46227 } } peers { permanent_uuid: "2d0e64be44dd4f7f887a3b18879750fd" member_type: VOTER last_known_addr { host: "127.15.25.194" port: 46337 } } peers { permanent_uuid: "c3ec81034be8405b8f59067d874f057b" member_type: VOTER last_known_addr { host: "127.15.25.196" port: 37959 } attrs { promote: false } }
I20260608 09:57:20.841909 18479 raft_consensus.cc:1275] T 5c5b4abaeed34d5b8fad73124e584996 P e14f58b90269488690a8db16672e26e3 [term 2 FOLLOWER]: Refusing update from remote peer 182284e239494eb7a92837e2e2253739: Log matching property violated. Preceding OpId in replica: term: 2 index: 2. Preceding OpId from leader: term: 2 index: 3. (index mismatch)
I20260608 09:57:20.842381 18554 raft_consensus.cc:1275] T 5c5b4abaeed34d5b8fad73124e584996 P 2d0e64be44dd4f7f887a3b18879750fd [term 2 FOLLOWER]: Refusing update from remote peer 182284e239494eb7a92837e2e2253739: Log matching property violated. Preceding OpId in replica: term: 2 index: 2. Preceding OpId from leader: term: 2 index: 3. (index mismatch)
W20260608 09:57:20.843924 18593 consensus_peers.cc:597] T 5c5b4abaeed34d5b8fad73124e584996 P 182284e239494eb7a92837e2e2253739 -> Peer c3ec81034be8405b8f59067d874f057b (127.15.25.196:37959): Couldn't send request to peer c3ec81034be8405b8f59067d874f057b. Error code: TABLET_NOT_FOUND (6). Status: Not found: Tablet not found: 5c5b4abaeed34d5b8fad73124e584996. This is attempt 1: this message will repeat every 5th retry.
I20260608 09:57:20.844175 19076 consensus_queue.cc:1048] T 5c5b4abaeed34d5b8fad73124e584996 P 182284e239494eb7a92837e2e2253739 [LEADER]: Connected to new peer: Peer: permanent_uuid: "2d0e64be44dd4f7f887a3b18879750fd" member_type: VOTER last_known_addr { host: "127.15.25.194" port: 46337 }, Status: LMP_MISMATCH, Last received: 0.0, Next index: 3, Last known committed idx: 2, Time since last communication: 0.000s
I20260608 09:57:20.845145 19059 consensus_queue.cc:1048] T 5c5b4abaeed34d5b8fad73124e584996 P 182284e239494eb7a92837e2e2253739 [LEADER]: Connected to new peer: Peer: permanent_uuid: "e14f58b90269488690a8db16672e26e3" member_type: VOTER last_known_addr { host: "127.15.25.193" port: 46227 } attrs { replace: true }, Status: LMP_MISMATCH, Last received: 0.0, Next index: 3, Last known committed idx: 2, Time since last communication: 0.000s
I20260608 09:57:20.845963 18556 raft_consensus.cc:2468] T ac05b948fb324bc3aa813d89d0bb58a6 P 2d0e64be44dd4f7f887a3b18879750fd [term 2 FOLLOWER]: Leader election vote request: Granting yes vote for candidate c3ec81034be8405b8f59067d874f057b in term 2.
I20260608 09:57:20.856259 19076 raft_consensus.cc:2955] T 5c5b4abaeed34d5b8fad73124e584996 P 182284e239494eb7a92837e2e2253739 [term 2 LEADER]: Committing config change with OpId 2.3: config changed from index -1 to 3, NON_VOTER c3ec81034be8405b8f59067d874f057b (127.15.25.196) added. New config: { opid_index: 3 OBSOLETE_local: false peers { permanent_uuid: "2d0e64be44dd4f7f887a3b18879750fd" member_type: VOTER last_known_addr { host: "127.15.25.194" port: 46337 } } peers { permanent_uuid: "e14f58b90269488690a8db16672e26e3" member_type: VOTER last_known_addr { host: "127.15.25.193" port: 46227 } attrs { replace: true } } peers { permanent_uuid: "182284e239494eb7a92837e2e2253739" member_type: VOTER last_known_addr { host: "127.15.25.195" port: 43437 } } peers { permanent_uuid: "c3ec81034be8405b8f59067d874f057b" member_type: NON_VOTER last_known_addr { host: "127.15.25.196" port: 37959 } attrs { promote: true } } }
I20260608 09:57:20.859254 18376 catalog_manager.cc:5696] T ac05b948fb324bc3aa813d89d0bb58a6 P c3ec81034be8405b8f59067d874f057b reported cstate change: term changed from 1 to 2, leader changed from e14f58b90269488690a8db16672e26e3 (127.15.25.193) to c3ec81034be8405b8f59067d874f057b (127.15.25.196). New cstate: current_term: 2 leader_uuid: "c3ec81034be8405b8f59067d874f057b" committed_config { opid_index: 4 OBSOLETE_local: false peers { permanent_uuid: "e14f58b90269488690a8db16672e26e3" member_type: VOTER last_known_addr { host: "127.15.25.193" port: 46227 } health_report { overall_health: UNKNOWN } } peers { permanent_uuid: "2d0e64be44dd4f7f887a3b18879750fd" member_type: VOTER last_known_addr { host: "127.15.25.194" port: 46337 } health_report { overall_health: UNKNOWN } } peers { permanent_uuid: "c3ec81034be8405b8f59067d874f057b" member_type: VOTER last_known_addr { host: "127.15.25.196" port: 37959 } attrs { promote: false } health_report { overall_health: HEALTHY } } }
I20260608 09:57:20.862044 18556 raft_consensus.cc:2955] T 5c5b4abaeed34d5b8fad73124e584996 P 2d0e64be44dd4f7f887a3b18879750fd [term 2 FOLLOWER]: Committing config change with OpId 2.3: config changed from index -1 to 3, NON_VOTER c3ec81034be8405b8f59067d874f057b (127.15.25.196) added. New config: { opid_index: 3 OBSOLETE_local: false peers { permanent_uuid: "2d0e64be44dd4f7f887a3b18879750fd" member_type: VOTER last_known_addr { host: "127.15.25.194" port: 46337 } } peers { permanent_uuid: "e14f58b90269488690a8db16672e26e3" member_type: VOTER last_known_addr { host: "127.15.25.193" port: 46227 } attrs { replace: true } } peers { permanent_uuid: "182284e239494eb7a92837e2e2253739" member_type: VOTER last_known_addr { host: "127.15.25.195" port: 43437 } } peers { permanent_uuid: "c3ec81034be8405b8f59067d874f057b" member_type: NON_VOTER last_known_addr { host: "127.15.25.196" port: 37959 } attrs { promote: true } } }
I20260608 09:57:20.863615 18479 raft_consensus.cc:2955] T 5c5b4abaeed34d5b8fad73124e584996 P e14f58b90269488690a8db16672e26e3 [term 2 FOLLOWER]: Committing config change with OpId 2.3: config changed from index -1 to 3, NON_VOTER c3ec81034be8405b8f59067d874f057b (127.15.25.196) added. New config: { opid_index: 3 OBSOLETE_local: false peers { permanent_uuid: "2d0e64be44dd4f7f887a3b18879750fd" member_type: VOTER last_known_addr { host: "127.15.25.194" port: 46337 } } peers { permanent_uuid: "e14f58b90269488690a8db16672e26e3" member_type: VOTER last_known_addr { host: "127.15.25.193" port: 46227 } attrs { replace: true } } peers { permanent_uuid: "182284e239494eb7a92837e2e2253739" member_type: VOTER last_known_addr { host: "127.15.25.195" port: 43437 } } peers { permanent_uuid: "c3ec81034be8405b8f59067d874f057b" member_type: NON_VOTER last_known_addr { host: "127.15.25.196" port: 37959 } attrs { promote: true } } }
I20260608 09:57:20.876411 18379 catalog_manager.cc:5696] T 5c5b4abaeed34d5b8fad73124e584996 P 2d0e64be44dd4f7f887a3b18879750fd reported cstate change: config changed from index -1 to 3, NON_VOTER c3ec81034be8405b8f59067d874f057b (127.15.25.196) added. New cstate: current_term: 2 leader_uuid: "182284e239494eb7a92837e2e2253739" committed_config { opid_index: 3 OBSOLETE_local: false peers { permanent_uuid: "2d0e64be44dd4f7f887a3b18879750fd" member_type: VOTER last_known_addr { host: "127.15.25.194" port: 46337 } } peers { permanent_uuid: "e14f58b90269488690a8db16672e26e3" member_type: VOTER last_known_addr { host: "127.15.25.193" port: 46227 } attrs { replace: true } } peers { permanent_uuid: "182284e239494eb7a92837e2e2253739" member_type: VOTER last_known_addr { host: "127.15.25.195" port: 43437 } } peers { permanent_uuid: "c3ec81034be8405b8f59067d874f057b" member_type: NON_VOTER last_known_addr { host: "127.15.25.196" port: 37959 } attrs { promote: true } } }
I20260608 09:57:20.878139 18556 consensus_queue.cc:237] T 8b58e4fb97184b59a4078a73f3ef0dc3 P 2d0e64be44dd4f7f887a3b18879750fd [LEADER]: Queue going to LEADER mode. State: All replicated index: 0, Majority replicated index: 3, Committed index: 3, Last appended: 3.3, Last appended by leader: 2, Current term: 3, Majority size: 2, State: 0, Mode: LEADER, active raft config: opid_index: 4 OBSOLETE_local: false peers { permanent_uuid: "2d0e64be44dd4f7f887a3b18879750fd" member_type: VOTER last_known_addr { host: "127.15.25.194" port: 46337 } } peers { permanent_uuid: "e14f58b90269488690a8db16672e26e3" member_type: VOTER last_known_addr { host: "127.15.25.193" port: 46227 } } peers { permanent_uuid: "182284e239494eb7a92837e2e2253739" member_type: VOTER last_known_addr { host: "127.15.25.195" port: 43437 } attrs { replace: true } } peers { permanent_uuid: "c3ec81034be8405b8f59067d874f057b" member_type: NON_VOTER last_known_addr { host: "127.15.25.196" port: 37959 } attrs { promote: true } }
W20260608 09:57:20.885689 18519 consensus_peers.cc:597] T 8b58e4fb97184b59a4078a73f3ef0dc3 P 2d0e64be44dd4f7f887a3b18879750fd -> Peer c3ec81034be8405b8f59067d874f057b (127.15.25.196:37959): Couldn't send request to peer c3ec81034be8405b8f59067d874f057b. Error code: TABLET_NOT_FOUND (6). Status: Not found: Tablet not found: 8b58e4fb97184b59a4078a73f3ef0dc3. This is attempt 1: this message will repeat every 5th retry.
I20260608 09:57:20.885921 18479 raft_consensus.cc:1275] T 8b58e4fb97184b59a4078a73f3ef0dc3 P e14f58b90269488690a8db16672e26e3 [term 3 FOLLOWER]: Refusing update from remote peer 2d0e64be44dd4f7f887a3b18879750fd: Log matching property violated. Preceding OpId in replica: term: 3 index: 3. Preceding OpId from leader: term: 3 index: 4. (index mismatch)
I20260608 09:57:20.887346 19072 consensus_queue.cc:1048] T 8b58e4fb97184b59a4078a73f3ef0dc3 P 2d0e64be44dd4f7f887a3b18879750fd [LEADER]: Connected to new peer: Peer: permanent_uuid: "e14f58b90269488690a8db16672e26e3" member_type: VOTER last_known_addr { host: "127.15.25.193" port: 46227 }, Status: LMP_MISMATCH, Last received: 0.0, Next index: 4, Last known committed idx: 3, Time since last communication: 0.000s
I20260608 09:57:20.885938 18628 raft_consensus.cc:1275] T 8b58e4fb97184b59a4078a73f3ef0dc3 P 182284e239494eb7a92837e2e2253739 [term 3 FOLLOWER]: Refusing update from remote peer 2d0e64be44dd4f7f887a3b18879750fd: Log matching property violated. Preceding OpId in replica: term: 3 index: 3. Preceding OpId from leader: term: 3 index: 4. (index mismatch)
I20260608 09:57:20.893965 19072 consensus_queue.cc:1048] T 8b58e4fb97184b59a4078a73f3ef0dc3 P 2d0e64be44dd4f7f887a3b18879750fd [LEADER]: Connected to new peer: Peer: permanent_uuid: "182284e239494eb7a92837e2e2253739" member_type: VOTER last_known_addr { host: "127.15.25.195" port: 43437 } attrs { replace: true }, Status: LMP_MISMATCH, Last received: 0.0, Next index: 4, Last known committed idx: 3, Time since last communication: 0.000s
I20260608 09:57:20.898659 19035 raft_consensus.cc:2955] T 8b58e4fb97184b59a4078a73f3ef0dc3 P 2d0e64be44dd4f7f887a3b18879750fd [term 3 LEADER]: Committing config change with OpId 3.4: config changed from index -1 to 4, NON_VOTER c3ec81034be8405b8f59067d874f057b (127.15.25.196) added. New config: { opid_index: 4 OBSOLETE_local: false peers { permanent_uuid: "2d0e64be44dd4f7f887a3b18879750fd" member_type: VOTER last_known_addr { host: "127.15.25.194" port: 46337 } } peers { permanent_uuid: "e14f58b90269488690a8db16672e26e3" member_type: VOTER last_known_addr { host: "127.15.25.193" port: 46227 } } peers { permanent_uuid: "182284e239494eb7a92837e2e2253739" member_type: VOTER last_known_addr { host: "127.15.25.195" port: 43437 } attrs { replace: true } } peers { permanent_uuid: "c3ec81034be8405b8f59067d874f057b" member_type: NON_VOTER last_known_addr { host: "127.15.25.196" port: 37959 } attrs { promote: true } } }
I20260608 09:57:20.899592 18479 raft_consensus.cc:2955] T 8b58e4fb97184b59a4078a73f3ef0dc3 P e14f58b90269488690a8db16672e26e3 [term 3 FOLLOWER]: Committing config change with OpId 3.4: config changed from index -1 to 4, NON_VOTER c3ec81034be8405b8f59067d874f057b (127.15.25.196) added. New config: { opid_index: 4 OBSOLETE_local: false peers { permanent_uuid: "2d0e64be44dd4f7f887a3b18879750fd" member_type: VOTER last_known_addr { host: "127.15.25.194" port: 46337 } } peers { permanent_uuid: "e14f58b90269488690a8db16672e26e3" member_type: VOTER last_known_addr { host: "127.15.25.193" port: 46227 } } peers { permanent_uuid: "182284e239494eb7a92837e2e2253739" member_type: VOTER last_known_addr { host: "127.15.25.195" port: 43437 } attrs { replace: true } } peers { permanent_uuid: "c3ec81034be8405b8f59067d874f057b" member_type: NON_VOTER last_known_addr { host: "127.15.25.196" port: 37959 } attrs { promote: true } } }
