I20260608 09:48:53.401137  5574 internal_mini_cluster.cc:184] Waiting to initialize catalog manager on master 0
I20260608 09:48:53.410851  8501 catalog_manager.cc:1382] Generated new cluster ID: 3e7e99b7b8324ad093325d711fdb5470
I20260608 09:48:53.411177  8501 catalog_manager.cc:1530] Initializing Kudu internal certificate authority...
I20260608 09:48:53.428959  8501 catalog_manager.cc:1405] Generated new certificate authority record
I20260608 09:48:53.430333  8501 catalog_manager.cc:1539] Loading token signing keys...
I20260608 09:48:53.444995  8501 catalog_manager.cc:6069] T 00000000000000000000000000000000 P 6012ad45e0b849389ef62c940fb067cb: Generated new TSK 0
I20260608 09:48:53.445688  8501 catalog_manager.cc:1549] Initializing in-progress tserver states...
I20260608 09:48:53.468672  5574 file_cache.cc:492] Constructed file cache file cache with capacity 419430
W20260608 09:48:53.476223  8514 instance_detector.cc:116] could not retrieve AWS instance metadata: Network error: curl error: HTTP response code said error: The requested URL returned error: 404
W20260608 09:48:53.477360  8515 instance_detector.cc:116] could not retrieve Azure instance metadata: Network error: curl error: HTTP response code said error: The requested URL returned error: 404
W20260608 09:48:53.479259  8517 instance_detector.cc:116] could not retrieve OpenStack instance metadata: Network error: curl error: HTTP response code said error: The requested URL returned error: 404
I20260608 09:48:53.480026  5574 server_base.cc:1061] running on GCE node
I20260608 09:48:53.480965  5574 hybrid_clock.cc:584] initializing the hybrid clock with 'system_unsync' time source
W20260608 09:48:53.481201  5574 system_unsync_time.cc:38] NTP support is disabled. Clock error bounds will not be accurate. This configuration is not suitable for distributed clusters.
I20260608 09:48:53.481385  5574 hybrid_clock.cc:648] HybridClock initialized: now 1780912133481350 us; error 0 us; skew 500 ppm
I20260608 09:48:53.482043  5574 server_base.cc:861] Flag tcmalloc_max_total_thread_cache_bytes is not working since tcmalloc is not enabled.
I20260608 09:48:53.484776  5574 webserver.cc:533] Webserver started at http://127.5.113.129:32927/ using document root <none> and password file <none>
I20260608 09:48:53.485556  5574 fs_manager.cc:362] Metadata directory not provided
I20260608 09:48:53.485765  5574 fs_manager.cc:368] Using write-ahead log directory (fs_wal_dir) as metadata directory
I20260608 09:48:53.486088  5574 server_base.cc:909] This appears to be a new deployment of Kudu; creating new FS layout
I20260608 09:48:53.487334  5574 fs_manager.cc:1068] Generated new instance metadata in path /tmp/dist-test-taskLMYbw9/test-tmp/auto_rebalancer-test.0.AutoRebalancerTest.RangeAwareRebalancesNewRangeReplicas.1780912041303417-5574-0/minicluster-data/ts-0-root/instance:
uuid: "73070b369d20471691f7c22bdbab715d"
format_stamp: "Formatted at 2026-06-08 09:48:53 on dist-test-slave-wqxl"
I20260608 09:48:53.492545  5574 fs_manager.cc:696] Time spent creating directory manager: real 0.005s	user 0.002s	sys 0.001s
I20260608 09:48:53.496884  8522 log_block_manager.cc:4031] Time spent loading block containers with low live blocks: real 0.000s	user 0.000s	sys 0.000s
I20260608 09:48:53.497928  5574 fs_manager.cc:730] Time spent opening block manager: real 0.003s	user 0.004s	sys 0.000s
I20260608 09:48:53.498308  5574 fs_manager.cc:647] Opened local filesystem: /tmp/dist-test-taskLMYbw9/test-tmp/auto_rebalancer-test.0.AutoRebalancerTest.RangeAwareRebalancesNewRangeReplicas.1780912041303417-5574-0/minicluster-data/ts-0-root
uuid: "73070b369d20471691f7c22bdbab715d"
format_stamp: "Formatted at 2026-06-08 09:48:53 on dist-test-slave-wqxl"
I20260608 09:48:53.498631  5574 fs_report.cc:389] FS layout report
--------------------
wal directory: /tmp/dist-test-taskLMYbw9/test-tmp/auto_rebalancer-test.0.AutoRebalancerTest.RangeAwareRebalancesNewRangeReplicas.1780912041303417-5574-0/minicluster-data/ts-0-root
metadata directory: /tmp/dist-test-taskLMYbw9/test-tmp/auto_rebalancer-test.0.AutoRebalancerTest.RangeAwareRebalancesNewRangeReplicas.1780912041303417-5574-0/minicluster-data/ts-0-root
1 data directories: /tmp/dist-test-taskLMYbw9/test-tmp/auto_rebalancer-test.0.AutoRebalancerTest.RangeAwareRebalancesNewRangeReplicas.1780912041303417-5574-0/minicluster-data/ts-0-root/data
Total live blocks: 0
Total live bytes: 0
Total live bytes (after alignment): 0
Total number of LBM containers: 0 (0 full)
Did not check for missing blocks
Did not check for orphaned blocks
Total full LBM containers with extra space: 0 (0 repaired)
Total full LBM container extra space in bytes: 0 (0 repaired)
Total incomplete LBM containers: 0 (0 repaired)
Total LBM partial records: 0 (0 repaired)
Total corrupted LBM metadata records in RocksDB: 0 (0 repaired)
I20260608 09:48:53.511950  5574 rpc_server.cc:225] running with OpenSSL 1.1.1  11 Sep 2018
I20260608 09:48:53.513412  5574 kserver.cc:163] Server-wide thread pool size limit: 3276
I20260608 09:48:53.515187  5574 txn_system_client.cc:432] TxnSystemClient initialization is disabled...
I20260608 09:48:53.517966  5574 ts_tablet_manager.cc:585] Loaded tablet metadata (0 total tablets, 0 live tablets)
I20260608 09:48:53.518213  5574 ts_tablet_manager.cc:531] Time spent load tablet metadata: real 0.000s	user 0.000s	sys 0.000s
I20260608 09:48:53.518505  5574 ts_tablet_manager.cc:616] Registered 0 tablets
I20260608 09:48:53.518692  5574 ts_tablet_manager.cc:595] Time spent register tablets: real 0.000s	user 0.000s	sys 0.000s
I20260608 09:48:53.568776  5574 rpc_server.cc:307] RPC server started. Bound to: 127.5.113.129:43037
I20260608 09:48:53.568939  8584 acceptor_pool.cc:272] collecting diagnostics on the listening RPC socket 127.5.113.129:43037 every 8 connection(s)
I20260608 09:48:53.575085  5574 file_cache.cc:492] Constructed file cache file cache with capacity 419430
W20260608 09:48:53.583463  8589 instance_detector.cc:116] could not retrieve AWS instance metadata: Network error: curl error: HTTP response code said error: The requested URL returned error: 404
W20260608 09:48:53.583599  8590 instance_detector.cc:116] could not retrieve Azure instance metadata: Network error: curl error: HTTP response code said error: The requested URL returned error: 404
W20260608 09:48:53.588106  8592 instance_detector.cc:116] could not retrieve OpenStack instance metadata: Network error: curl error: HTTP response code said error: The requested URL returned error: 404
I20260608 09:48:53.588315  5574 server_base.cc:1061] running on GCE node
I20260608 09:48:53.588922  8585 heartbeater.cc:344] Connected to a master server at 127.5.113.190:45361
I20260608 09:48:53.589419  8585 heartbeater.cc:461] Registering TS with master...
I20260608 09:48:53.589690  5574 hybrid_clock.cc:584] initializing the hybrid clock with 'system_unsync' time source
W20260608 09:48:53.589972  5574 system_unsync_time.cc:38] NTP support is disabled. Clock error bounds will not be accurate. This configuration is not suitable for distributed clusters.
I20260608 09:48:53.590184  5574 hybrid_clock.cc:648] HybridClock initialized: now 1780912133590161 us; error 0 us; skew 500 ppm
I20260608 09:48:53.590485  8585 heartbeater.cc:507] Master 127.5.113.190:45361 requested a full tablet report, sending...
I20260608 09:48:53.591130  5574 server_base.cc:861] Flag tcmalloc_max_total_thread_cache_bytes is not working since tcmalloc is not enabled.
I20260608 09:48:53.593556  8458 ts_manager.cc:194] Registered new tserver with Master: 73070b369d20471691f7c22bdbab715d (127.5.113.129:43037)
I20260608 09:48:53.594432  5574 webserver.cc:533] Webserver started at http://127.5.113.130:44131/ using document root <none> and password file <none>
I20260608 09:48:53.595170  5574 fs_manager.cc:362] Metadata directory not provided
I20260608 09:48:53.595389  5574 fs_manager.cc:368] Using write-ahead log directory (fs_wal_dir) as metadata directory
I20260608 09:48:53.595813  5574 server_base.cc:909] This appears to be a new deployment of Kudu; creating new FS layout
I20260608 09:48:53.596160  8458 master_service.cc:502] Signed X509 certificate for tserver {username='slave'} at 127.0.0.1:55950
I20260608 09:48:53.597131  5574 fs_manager.cc:1068] Generated new instance metadata in path /tmp/dist-test-taskLMYbw9/test-tmp/auto_rebalancer-test.0.AutoRebalancerTest.RangeAwareRebalancesNewRangeReplicas.1780912041303417-5574-0/minicluster-data/ts-1-root/instance:
uuid: "7f4fbb2f5d6a4f0db5bfed2531877562"
format_stamp: "Formatted at 2026-06-08 09:48:53 on dist-test-slave-wqxl"
I20260608 09:48:53.603143  5574 fs_manager.cc:696] Time spent creating directory manager: real 0.005s	user 0.006s	sys 0.001s
I20260608 09:48:53.607267  8597 log_block_manager.cc:4031] Time spent loading block containers with low live blocks: real 0.000s	user 0.000s	sys 0.000s
I20260608 09:48:53.608321  5574 fs_manager.cc:730] Time spent opening block manager: real 0.003s	user 0.003s	sys 0.000s
I20260608 09:48:53.608655  5574 fs_manager.cc:647] Opened local filesystem: /tmp/dist-test-taskLMYbw9/test-tmp/auto_rebalancer-test.0.AutoRebalancerTest.RangeAwareRebalancesNewRangeReplicas.1780912041303417-5574-0/minicluster-data/ts-1-root
uuid: "7f4fbb2f5d6a4f0db5bfed2531877562"
format_stamp: "Formatted at 2026-06-08 09:48:53 on dist-test-slave-wqxl"
I20260608 09:48:53.608934  5574 fs_report.cc:389] FS layout report
--------------------
wal directory: /tmp/dist-test-taskLMYbw9/test-tmp/auto_rebalancer-test.0.AutoRebalancerTest.RangeAwareRebalancesNewRangeReplicas.1780912041303417-5574-0/minicluster-data/ts-1-root
metadata directory: /tmp/dist-test-taskLMYbw9/test-tmp/auto_rebalancer-test.0.AutoRebalancerTest.RangeAwareRebalancesNewRangeReplicas.1780912041303417-5574-0/minicluster-data/ts-1-root
1 data directories: /tmp/dist-test-taskLMYbw9/test-tmp/auto_rebalancer-test.0.AutoRebalancerTest.RangeAwareRebalancesNewRangeReplicas.1780912041303417-5574-0/minicluster-data/ts-1-root/data
Total live blocks: 0
Total live bytes: 0
Total live bytes (after alignment): 0
Total number of LBM containers: 0 (0 full)
Did not check for missing blocks
Did not check for orphaned blocks
Total full LBM containers with extra space: 0 (0 repaired)
Total full LBM container extra space in bytes: 0 (0 repaired)
Total incomplete LBM containers: 0 (0 repaired)
Total LBM partial records: 0 (0 repaired)
Total corrupted LBM metadata records in RocksDB: 0 (0 repaired)
I20260608 09:48:53.621987  5574 rpc_server.cc:225] running with OpenSSL 1.1.1  11 Sep 2018
I20260608 09:48:53.623186  5574 kserver.cc:163] Server-wide thread pool size limit: 3276
I20260608 09:48:53.624855  5574 txn_system_client.cc:432] TxnSystemClient initialization is disabled...
I20260608 09:48:53.627490  5574 ts_tablet_manager.cc:585] Loaded tablet metadata (0 total tablets, 0 live tablets)
I20260608 09:48:53.627775  5574 ts_tablet_manager.cc:531] Time spent load tablet metadata: real 0.000s	user 0.000s	sys 0.000s
I20260608 09:48:53.628057  5574 ts_tablet_manager.cc:616] Registered 0 tablets
I20260608 09:48:53.628239  5574 ts_tablet_manager.cc:595] Time spent register tablets: real 0.000s	user 0.000s	sys 0.000s
I20260608 09:48:53.670449  5574 rpc_server.cc:307] RPC server started. Bound to: 127.5.113.130:42997
I20260608 09:48:53.670629  8659 acceptor_pool.cc:272] collecting diagnostics on the listening RPC socket 127.5.113.130:42997 every 8 connection(s)
I20260608 09:48:53.676010  5574 file_cache.cc:492] Constructed file cache file cache with capacity 419430
W20260608 09:48:53.685832  8664 instance_detector.cc:116] could not retrieve Azure instance metadata: Network error: curl error: HTTP response code said error: The requested URL returned error: 404
W20260608 09:48:53.686920  8663 instance_detector.cc:116] could not retrieve AWS instance metadata: Network error: curl error: HTTP response code said error: The requested URL returned error: 404
W20260608 09:48:53.689831  8666 instance_detector.cc:116] could not retrieve OpenStack instance metadata: Network error: curl error: HTTP response code said error: The requested URL returned error: 404
I20260608 09:48:53.690035  5574 server_base.cc:1061] running on GCE node
I20260608 09:48:53.691632  5574 hybrid_clock.cc:584] initializing the hybrid clock with 'system_unsync' time source
W20260608 09:48:53.691998  5574 system_unsync_time.cc:38] NTP support is disabled. Clock error bounds will not be accurate. This configuration is not suitable for distributed clusters.
I20260608 09:48:53.692123  8660 heartbeater.cc:344] Connected to a master server at 127.5.113.190:45361
I20260608 09:48:53.692220  5574 hybrid_clock.cc:648] HybridClock initialized: now 1780912133692178 us; error 0 us; skew 500 ppm
I20260608 09:48:53.692742  8660 heartbeater.cc:461] Registering TS with master...
I20260608 09:48:53.693215  5574 server_base.cc:861] Flag tcmalloc_max_total_thread_cache_bytes is not working since tcmalloc is not enabled.
I20260608 09:48:53.693727  8660 heartbeater.cc:507] Master 127.5.113.190:45361 requested a full tablet report, sending...
I20260608 09:48:53.696614  5574 webserver.cc:533] Webserver started at http://127.5.113.131:42077/ using document root <none> and password file <none>
I20260608 09:48:53.696715  8458 ts_manager.cc:194] Registered new tserver with Master: 7f4fbb2f5d6a4f0db5bfed2531877562 (127.5.113.130:42997)
I20260608 09:48:53.697932  5574 fs_manager.cc:362] Metadata directory not provided
I20260608 09:48:53.698277  5574 fs_manager.cc:368] Using write-ahead log directory (fs_wal_dir) as metadata directory
I20260608 09:48:53.698693  5574 server_base.cc:909] This appears to be a new deployment of Kudu; creating new FS layout
I20260608 09:48:53.699349  8458 master_service.cc:502] Signed X509 certificate for tserver {username='slave'} at 127.0.0.1:55964
I20260608 09:48:53.700373  5574 fs_manager.cc:1068] Generated new instance metadata in path /tmp/dist-test-taskLMYbw9/test-tmp/auto_rebalancer-test.0.AutoRebalancerTest.RangeAwareRebalancesNewRangeReplicas.1780912041303417-5574-0/minicluster-data/ts-2-root/instance:
uuid: "d74be1ea61e44f29bca00880fad04639"
format_stamp: "Formatted at 2026-06-08 09:48:53 on dist-test-slave-wqxl"
I20260608 09:48:53.705929  5574 fs_manager.cc:696] Time spent creating directory manager: real 0.005s	user 0.004s	sys 0.000s
I20260608 09:48:53.709661  8671 log_block_manager.cc:4031] Time spent loading block containers with low live blocks: real 0.000s	user 0.000s	sys 0.000s
I20260608 09:48:53.710620  5574 fs_manager.cc:730] Time spent opening block manager: real 0.003s	user 0.001s	sys 0.000s
I20260608 09:48:53.710975  5574 fs_manager.cc:647] Opened local filesystem: /tmp/dist-test-taskLMYbw9/test-tmp/auto_rebalancer-test.0.AutoRebalancerTest.RangeAwareRebalancesNewRangeReplicas.1780912041303417-5574-0/minicluster-data/ts-2-root
uuid: "d74be1ea61e44f29bca00880fad04639"
format_stamp: "Formatted at 2026-06-08 09:48:53 on dist-test-slave-wqxl"
I20260608 09:48:53.711265  5574 fs_report.cc:389] FS layout report
--------------------
wal directory: /tmp/dist-test-taskLMYbw9/test-tmp/auto_rebalancer-test.0.AutoRebalancerTest.RangeAwareRebalancesNewRangeReplicas.1780912041303417-5574-0/minicluster-data/ts-2-root
metadata directory: /tmp/dist-test-taskLMYbw9/test-tmp/auto_rebalancer-test.0.AutoRebalancerTest.RangeAwareRebalancesNewRangeReplicas.1780912041303417-5574-0/minicluster-data/ts-2-root
1 data directories: /tmp/dist-test-taskLMYbw9/test-tmp/auto_rebalancer-test.0.AutoRebalancerTest.RangeAwareRebalancesNewRangeReplicas.1780912041303417-5574-0/minicluster-data/ts-2-root/data
Total live blocks: 0
Total live bytes: 0
Total live bytes (after alignment): 0
Total number of LBM containers: 0 (0 full)
Did not check for missing blocks
Did not check for orphaned blocks
Total full LBM containers with extra space: 0 (0 repaired)
Total full LBM container extra space in bytes: 0 (0 repaired)
Total incomplete LBM containers: 0 (0 repaired)
Total LBM partial records: 0 (0 repaired)
Total corrupted LBM metadata records in RocksDB: 0 (0 repaired)
I20260608 09:48:53.732282  5574 rpc_server.cc:225] running with OpenSSL 1.1.1  11 Sep 2018
I20260608 09:48:53.733455  5574 kserver.cc:163] Server-wide thread pool size limit: 3276
I20260608 09:48:53.734980  5574 txn_system_client.cc:432] TxnSystemClient initialization is disabled...
I20260608 09:48:53.737617  5574 ts_tablet_manager.cc:585] Loaded tablet metadata (0 total tablets, 0 live tablets)
I20260608 09:48:53.737854  5574 ts_tablet_manager.cc:531] Time spent load tablet metadata: real 0.000s	user 0.000s	sys 0.000s
I20260608 09:48:53.738122  5574 ts_tablet_manager.cc:616] Registered 0 tablets
I20260608 09:48:53.738302  5574 ts_tablet_manager.cc:595] Time spent register tablets: real 0.000s	user 0.000s	sys 0.000s
I20260608 09:48:53.782378  5574 rpc_server.cc:307] RPC server started. Bound to: 127.5.113.131:46525
I20260608 09:48:53.782567  8733 acceptor_pool.cc:272] collecting diagnostics on the listening RPC socket 127.5.113.131:46525 every 8 connection(s)
I20260608 09:48:53.798185  8734 heartbeater.cc:344] Connected to a master server at 127.5.113.190:45361
I20260608 09:48:53.798656  8734 heartbeater.cc:461] Registering TS with master...
I20260608 09:48:53.799397  8734 heartbeater.cc:507] Master 127.5.113.190:45361 requested a full tablet report, sending...
I20260608 09:48:53.801651  8458 ts_manager.cc:194] Registered new tserver with Master: d74be1ea61e44f29bca00880fad04639 (127.5.113.131:46525)
I20260608 09:48:53.802107  5574 internal_mini_cluster.cc:371] 3 TS(s) registered with all masters after 0.016114456s
I20260608 09:48:53.803428  8458 master_service.cc:502] Signed X509 certificate for tserver {username='slave'} at 127.0.0.1:55974
I20260608 09:48:54.599931  8585 heartbeater.cc:499] Master 127.5.113.190:45361 was elected leader, sending a full tablet report...
I20260608 09:48:54.702751  8660 heartbeater.cc:499] Master 127.5.113.190:45361 was elected leader, sending a full tablet report...
I20260608 09:48:54.806840  8734 heartbeater.cc:499] Master 127.5.113.190:45361 was elected leader, sending a full tablet report...
I20260608 09:48:54.859903  8458 catalog_manager.cc:2282] Servicing CreateTable request from {username='slave'} at 127.0.0.1:55984:
name: "range_aware_rebalance_new_range"
schema {
  columns {
    name: "key"
    type: INT32
    is_key: true
    is_nullable: false
    encoding: AUTO_ENCODING
    compression: DEFAULT_COMPRESSION
    cfile_block_size: 0
    immutable: false
  }
}
num_replicas: 3
split_rows_range_bounds {
  rows: "\006\001\000\000\000\000\007\001\n\000\000\000""\006\001\000\000\000\000\007\001\n\000\000\000"
  indirect_data: """"
}
partition_schema {
  hash_schema {
    columns {
      name: "key"
    }
    num_buckets: 8
    seed: 0
  }
  range_schema {
    columns {
      name: "key"
    }
  }
}
W20260608 09:48:54.862555  8458 catalog_manager.cc:7076] The number of live tablet servers is not enough to re-replicate a tablet replica of the newly created table range_aware_rebalance_new_range in case of a server failure: 4 tablet servers would be needed, 3 are available. Consider bringing up more tablet servers.
I20260608 09:48:54.927935  8625 tablet_service.cc:1511] Processing CreateTablet for tablet 5c1785521a384f16ae886992e9752732 (DEFAULT_TABLE table=range_aware_rebalance_new_range [id=c4b558ee507b4fc3aeccdd54eb6dd3bb]), partition=HASH (key) PARTITION 0, RANGE (key) PARTITION 0 <= VALUES < 10
I20260608 09:48:54.929735  8625 data_dirs.cc:400] Could only allocate 1 dirs of requested 3 for tablet 5c1785521a384f16ae886992e9752732. 1 dirs total, 0 dirs full, 0 dirs failed
I20260608 09:48:54.933030  8624 tablet_service.cc:1511] Processing CreateTablet for tablet 12f3aad675344834ba75dbd5d1b5a338 (DEFAULT_TABLE table=range_aware_rebalance_new_range [id=c4b558ee507b4fc3aeccdd54eb6dd3bb]), partition=HASH (key) PARTITION 1, RANGE (key) PARTITION 0 <= VALUES < 10
I20260608 09:48:54.934676  8624 data_dirs.cc:400] Could only allocate 1 dirs of requested 3 for tablet 12f3aad675344834ba75dbd5d1b5a338. 1 dirs total, 0 dirs full, 0 dirs failed
I20260608 09:48:54.937783  8623 tablet_service.cc:1511] Processing CreateTablet for tablet c73b9a0761c94a33a5702715fcb52756 (DEFAULT_TABLE table=range_aware_rebalance_new_range [id=c4b558ee507b4fc3aeccdd54eb6dd3bb]), partition=HASH (key) PARTITION 2, RANGE (key) PARTITION 0 <= VALUES < 10
I20260608 09:48:54.939402  8623 data_dirs.cc:400] Could only allocate 1 dirs of requested 3 for tablet c73b9a0761c94a33a5702715fcb52756. 1 dirs total, 0 dirs full, 0 dirs failed
I20260608 09:48:54.947710  8622 tablet_service.cc:1511] Processing CreateTablet for tablet e364212547604ee8a0cc553911bb0240 (DEFAULT_TABLE table=range_aware_rebalance_new_range [id=c4b558ee507b4fc3aeccdd54eb6dd3bb]), partition=HASH (key) PARTITION 3, RANGE (key) PARTITION 0 <= VALUES < 10
I20260608 09:48:54.949416  8622 data_dirs.cc:400] Could only allocate 1 dirs of requested 3 for tablet e364212547604ee8a0cc553911bb0240. 1 dirs total, 0 dirs full, 0 dirs failed
I20260608 09:48:54.952037  8621 tablet_service.cc:1511] Processing CreateTablet for tablet 56294f763a344770b5c0b2c4ed89dd3a (DEFAULT_TABLE table=range_aware_rebalance_new_range [id=c4b558ee507b4fc3aeccdd54eb6dd3bb]), partition=HASH (key) PARTITION 4, RANGE (key) PARTITION 0 <= VALUES < 10
I20260608 09:48:54.953574  8621 data_dirs.cc:400] Could only allocate 1 dirs of requested 3 for tablet 56294f763a344770b5c0b2c4ed89dd3a. 1 dirs total, 0 dirs full, 0 dirs failed
I20260608 09:48:54.961226  8620 tablet_service.cc:1511] Processing CreateTablet for tablet 66624160651f4c23830a5703f4be8bb6 (DEFAULT_TABLE table=range_aware_rebalance_new_range [id=c4b558ee507b4fc3aeccdd54eb6dd3bb]), partition=HASH (key) PARTITION 5, RANGE (key) PARTITION 0 <= VALUES < 10
I20260608 09:48:54.962913  8620 data_dirs.cc:400] Could only allocate 1 dirs of requested 3 for tablet 66624160651f4c23830a5703f4be8bb6. 1 dirs total, 0 dirs full, 0 dirs failed
I20260608 09:48:54.985977  8699 tablet_service.cc:1511] Processing CreateTablet for tablet 5c1785521a384f16ae886992e9752732 (DEFAULT_TABLE table=range_aware_rebalance_new_range [id=c4b558ee507b4fc3aeccdd54eb6dd3bb]), partition=HASH (key) PARTITION 0, RANGE (key) PARTITION 0 <= VALUES < 10
I20260608 09:48:54.988955  8698 tablet_service.cc:1511] Processing CreateTablet for tablet 12f3aad675344834ba75dbd5d1b5a338 (DEFAULT_TABLE table=range_aware_rebalance_new_range [id=c4b558ee507b4fc3aeccdd54eb6dd3bb]), partition=HASH (key) PARTITION 1, RANGE (key) PARTITION 0 <= VALUES < 10
I20260608 09:48:54.990657  8550 tablet_service.cc:1511] Processing CreateTablet for tablet 5c1785521a384f16ae886992e9752732 (DEFAULT_TABLE table=range_aware_rebalance_new_range [id=c4b558ee507b4fc3aeccdd54eb6dd3bb]), partition=HASH (key) PARTITION 0, RANGE (key) PARTITION 0 <= VALUES < 10
I20260608 09:48:54.991585  8697 tablet_service.cc:1511] Processing CreateTablet for tablet c73b9a0761c94a33a5702715fcb52756 (DEFAULT_TABLE table=range_aware_rebalance_new_range [id=c4b558ee507b4fc3aeccdd54eb6dd3bb]), partition=HASH (key) PARTITION 2, RANGE (key) PARTITION 0 <= VALUES < 10
I20260608 09:48:54.992535  8550 data_dirs.cc:400] Could only allocate 1 dirs of requested 3 for tablet 5c1785521a384f16ae886992e9752732. 1 dirs total, 0 dirs full, 0 dirs failed
I20260608 09:48:54.992785  8549 tablet_service.cc:1511] Processing CreateTablet for tablet 12f3aad675344834ba75dbd5d1b5a338 (DEFAULT_TABLE table=range_aware_rebalance_new_range [id=c4b558ee507b4fc3aeccdd54eb6dd3bb]), partition=HASH (key) PARTITION 1, RANGE (key) PARTITION 0 <= VALUES < 10
I20260608 09:48:54.994249  8549 data_dirs.cc:400] Could only allocate 1 dirs of requested 3 for tablet 12f3aad675344834ba75dbd5d1b5a338. 1 dirs total, 0 dirs full, 0 dirs failed
I20260608 09:48:54.994102  8696 tablet_service.cc:1511] Processing CreateTablet for tablet e364212547604ee8a0cc553911bb0240 (DEFAULT_TABLE table=range_aware_rebalance_new_range [id=c4b558ee507b4fc3aeccdd54eb6dd3bb]), partition=HASH (key) PARTITION 3, RANGE (key) PARTITION 0 <= VALUES < 10
I20260608 09:48:54.990805  8548 tablet_service.cc:1511] Processing CreateTablet for tablet c73b9a0761c94a33a5702715fcb52756 (DEFAULT_TABLE table=range_aware_rebalance_new_range [id=c4b558ee507b4fc3aeccdd54eb6dd3bb]), partition=HASH (key) PARTITION 2, RANGE (key) PARTITION 0 <= VALUES < 10
I20260608 09:48:54.996783  8548 data_dirs.cc:400] Could only allocate 1 dirs of requested 3 for tablet c73b9a0761c94a33a5702715fcb52756. 1 dirs total, 0 dirs full, 0 dirs failed
I20260608 09:48:54.996651  8695 tablet_service.cc:1511] Processing CreateTablet for tablet 56294f763a344770b5c0b2c4ed89dd3a (DEFAULT_TABLE table=range_aware_rebalance_new_range [id=c4b558ee507b4fc3aeccdd54eb6dd3bb]), partition=HASH (key) PARTITION 4, RANGE (key) PARTITION 0 <= VALUES < 10
I20260608 09:48:54.999544  8547 tablet_service.cc:1511] Processing CreateTablet for tablet e364212547604ee8a0cc553911bb0240 (DEFAULT_TABLE table=range_aware_rebalance_new_range [id=c4b558ee507b4fc3aeccdd54eb6dd3bb]), partition=HASH (key) PARTITION 3, RANGE (key) PARTITION 0 <= VALUES < 10
I20260608 09:48:55.001281  8547 data_dirs.cc:400] Could only allocate 1 dirs of requested 3 for tablet e364212547604ee8a0cc553911bb0240. 1 dirs total, 0 dirs full, 0 dirs failed
I20260608 09:48:55.001675  8694 tablet_service.cc:1511] Processing CreateTablet for tablet 66624160651f4c23830a5703f4be8bb6 (DEFAULT_TABLE table=range_aware_rebalance_new_range [id=c4b558ee507b4fc3aeccdd54eb6dd3bb]), partition=HASH (key) PARTITION 5, RANGE (key) PARTITION 0 <= VALUES < 10
I20260608 09:48:55.005101  8546 tablet_service.cc:1511] Processing CreateTablet for tablet 56294f763a344770b5c0b2c4ed89dd3a (DEFAULT_TABLE table=range_aware_rebalance_new_range [id=c4b558ee507b4fc3aeccdd54eb6dd3bb]), partition=HASH (key) PARTITION 4, RANGE (key) PARTITION 0 <= VALUES < 10
I20260608 09:48:55.005683  8693 tablet_service.cc:1511] Processing CreateTablet for tablet 54188d39d48b4bc08bea531656e6b3af (DEFAULT_TABLE table=range_aware_rebalance_new_range [id=c4b558ee507b4fc3aeccdd54eb6dd3bb]), partition=HASH (key) PARTITION 6, RANGE (key) PARTITION 0 <= VALUES < 10
I20260608 09:48:55.006846  8546 data_dirs.cc:400] Could only allocate 1 dirs of requested 3 for tablet 56294f763a344770b5c0b2c4ed89dd3a. 1 dirs total, 0 dirs full, 0 dirs failed
I20260608 09:48:55.008929  8545 tablet_service.cc:1511] Processing CreateTablet for tablet 66624160651f4c23830a5703f4be8bb6 (DEFAULT_TABLE table=range_aware_rebalance_new_range [id=c4b558ee507b4fc3aeccdd54eb6dd3bb]), partition=HASH (key) PARTITION 5, RANGE (key) PARTITION 0 <= VALUES < 10
I20260608 09:48:55.009259  8692 tablet_service.cc:1511] Processing CreateTablet for tablet 7e65a483b91a4328b6c6caf747274be6 (DEFAULT_TABLE table=range_aware_rebalance_new_range [id=c4b558ee507b4fc3aeccdd54eb6dd3bb]), partition=HASH (key) PARTITION 7, RANGE (key) PARTITION 0 <= VALUES < 10
I20260608 09:48:55.010553  8545 data_dirs.cc:400] Could only allocate 1 dirs of requested 3 for tablet 66624160651f4c23830a5703f4be8bb6. 1 dirs total, 0 dirs full, 0 dirs failed
I20260608 09:48:55.010872  8543 tablet_service.cc:1511] Processing CreateTablet for tablet 7e65a483b91a4328b6c6caf747274be6 (DEFAULT_TABLE table=range_aware_rebalance_new_range [id=c4b558ee507b4fc3aeccdd54eb6dd3bb]), partition=HASH (key) PARTITION 7, RANGE (key) PARTITION 0 <= VALUES < 10
I20260608 09:48:55.012545  8622 tablet_service.cc:1511] Processing CreateTablet for tablet 54188d39d48b4bc08bea531656e6b3af (DEFAULT_TABLE table=range_aware_rebalance_new_range [id=c4b558ee507b4fc3aeccdd54eb6dd3bb]), partition=HASH (key) PARTITION 6, RANGE (key) PARTITION 0 <= VALUES < 10
I20260608 09:48:55.014199  8622 data_dirs.cc:400] Could only allocate 1 dirs of requested 3 for tablet 54188d39d48b4bc08bea531656e6b3af. 1 dirs total, 0 dirs full, 0 dirs failed
I20260608 09:48:55.013978  8544 tablet_service.cc:1511] Processing CreateTablet for tablet 54188d39d48b4bc08bea531656e6b3af (DEFAULT_TABLE table=range_aware_rebalance_new_range [id=c4b558ee507b4fc3aeccdd54eb6dd3bb]), partition=HASH (key) PARTITION 6, RANGE (key) PARTITION 0 <= VALUES < 10
I20260608 09:48:55.012498  8543 data_dirs.cc:400] Could only allocate 1 dirs of requested 3 for tablet 7e65a483b91a4328b6c6caf747274be6. 1 dirs total, 0 dirs full, 0 dirs failed
I20260608 09:48:55.016721  8620 tablet_service.cc:1511] Processing CreateTablet for tablet 7e65a483b91a4328b6c6caf747274be6 (DEFAULT_TABLE table=range_aware_rebalance_new_range [id=c4b558ee507b4fc3aeccdd54eb6dd3bb]), partition=HASH (key) PARTITION 7, RANGE (key) PARTITION 0 <= VALUES < 10
I20260608 09:48:55.018021  8544 data_dirs.cc:400] Could only allocate 1 dirs of requested 3 for tablet 54188d39d48b4bc08bea531656e6b3af. 1 dirs total, 0 dirs full, 0 dirs failed
I20260608 09:48:55.018184  8620 data_dirs.cc:400] Could only allocate 1 dirs of requested 3 for tablet 7e65a483b91a4328b6c6caf747274be6. 1 dirs total, 0 dirs full, 0 dirs failed
I20260608 09:48:55.020146  8699 data_dirs.cc:400] Could only allocate 1 dirs of requested 3 for tablet 5c1785521a384f16ae886992e9752732. 1 dirs total, 0 dirs full, 0 dirs failed
I20260608 09:48:55.021147  8694 data_dirs.cc:400] Could only allocate 1 dirs of requested 3 for tablet 66624160651f4c23830a5703f4be8bb6. 1 dirs total, 0 dirs full, 0 dirs failed
I20260608 09:48:55.022552  8696 data_dirs.cc:400] Could only allocate 1 dirs of requested 3 for tablet e364212547604ee8a0cc553911bb0240. 1 dirs total, 0 dirs full, 0 dirs failed
I20260608 09:48:55.023524  8697 data_dirs.cc:400] Could only allocate 1 dirs of requested 3 for tablet c73b9a0761c94a33a5702715fcb52756. 1 dirs total, 0 dirs full, 0 dirs failed
I20260608 09:48:55.024549  8698 data_dirs.cc:400] Could only allocate 1 dirs of requested 3 for tablet 12f3aad675344834ba75dbd5d1b5a338. 1 dirs total, 0 dirs full, 0 dirs failed
I20260608 09:48:55.025584  8695 data_dirs.cc:400] Could only allocate 1 dirs of requested 3 for tablet 56294f763a344770b5c0b2c4ed89dd3a. 1 dirs total, 0 dirs full, 0 dirs failed
I20260608 09:48:55.026568  8692 data_dirs.cc:400] Could only allocate 1 dirs of requested 3 for tablet 7e65a483b91a4328b6c6caf747274be6. 1 dirs total, 0 dirs full, 0 dirs failed
I20260608 09:48:55.028254  8693 data_dirs.cc:400] Could only allocate 1 dirs of requested 3 for tablet 54188d39d48b4bc08bea531656e6b3af. 1 dirs total, 0 dirs full, 0 dirs failed
I20260608 09:48:55.053385  8754 tablet_bootstrap.cc:492] T 5c1785521a384f16ae886992e9752732 P 7f4fbb2f5d6a4f0db5bfed2531877562: Bootstrap starting.
I20260608 09:48:55.101297  8755 tablet_bootstrap.cc:492] T 12f3aad675344834ba75dbd5d1b5a338 P 73070b369d20471691f7c22bdbab715d: Bootstrap starting.
I20260608 09:48:55.110564  8754 tablet_bootstrap.cc:654] T 5c1785521a384f16ae886992e9752732 P 7f4fbb2f5d6a4f0db5bfed2531877562: Neither blocks nor log segments found. Creating new log.
I20260608 09:48:55.125381  8755 tablet_bootstrap.cc:654] T 12f3aad675344834ba75dbd5d1b5a338 P 73070b369d20471691f7c22bdbab715d: Neither blocks nor log segments found. Creating new log.
I20260608 09:48:55.140894  8757 tablet_bootstrap.cc:492] T 66624160651f4c23830a5703f4be8bb6 P d74be1ea61e44f29bca00880fad04639: Bootstrap starting.
I20260608 09:48:55.142577  8755 tablet_bootstrap.cc:492] T 12f3aad675344834ba75dbd5d1b5a338 P 73070b369d20471691f7c22bdbab715d: No bootstrap required, opened a new log
I20260608 09:48:55.143077  8754 tablet_bootstrap.cc:492] T 5c1785521a384f16ae886992e9752732 P 7f4fbb2f5d6a4f0db5bfed2531877562: No bootstrap required, opened a new log
I20260608 09:48:55.143234  8755 ts_tablet_manager.cc:1403] T 12f3aad675344834ba75dbd5d1b5a338 P 73070b369d20471691f7c22bdbab715d: Time spent bootstrapping tablet: real 0.042s	user 0.011s	sys 0.003s
I20260608 09:48:55.143718  8754 ts_tablet_manager.cc:1403] T 5c1785521a384f16ae886992e9752732 P 7f4fbb2f5d6a4f0db5bfed2531877562: Time spent bootstrapping tablet: real 0.091s	user 0.007s	sys 0.012s
I20260608 09:48:55.147324  8754 raft_consensus.cc:359] T 5c1785521a384f16ae886992e9752732 P 7f4fbb2f5d6a4f0db5bfed2531877562 [term 0 FOLLOWER]: Replica starting. Triggering 0 pending ops. Active config: opid_index: -1 OBSOLETE_local: false peers { permanent_uuid: "73070b369d20471691f7c22bdbab715d" member_type: VOTER last_known_addr { host: "127.5.113.129" port: 43037 } } peers { permanent_uuid: "7f4fbb2f5d6a4f0db5bfed2531877562" member_type: VOTER last_known_addr { host: "127.5.113.130" port: 42997 } } peers { permanent_uuid: "d74be1ea61e44f29bca00880fad04639" member_type: VOTER last_known_addr { host: "127.5.113.131" port: 46525 } }
I20260608 09:48:55.147280  8755 raft_consensus.cc:359] T 12f3aad675344834ba75dbd5d1b5a338 P 73070b369d20471691f7c22bdbab715d [term 0 FOLLOWER]: Replica starting. Triggering 0 pending ops. Active config: opid_index: -1 OBSOLETE_local: false peers { permanent_uuid: "73070b369d20471691f7c22bdbab715d" member_type: VOTER last_known_addr { host: "127.5.113.129" port: 43037 } } peers { permanent_uuid: "7f4fbb2f5d6a4f0db5bfed2531877562" member_type: VOTER last_known_addr { host: "127.5.113.130" port: 42997 } } peers { permanent_uuid: "d74be1ea61e44f29bca00880fad04639" member_type: VOTER last_known_addr { host: "127.5.113.131" port: 46525 } }
I20260608 09:48:55.148522  8754 raft_consensus.cc:385] T 5c1785521a384f16ae886992e9752732 P 7f4fbb2f5d6a4f0db5bfed2531877562 [term 0 FOLLOWER]: Consensus starting up: Expiring failure detector timer to make a prompt election more likely
I20260608 09:48:55.148631  8755 raft_consensus.cc:385] T 12f3aad675344834ba75dbd5d1b5a338 P 73070b369d20471691f7c22bdbab715d [term 0 FOLLOWER]: Consensus starting up: Expiring failure detector timer to make a prompt election more likely
I20260608 09:48:55.148924  8754 raft_consensus.cc:740] T 5c1785521a384f16ae886992e9752732 P 7f4fbb2f5d6a4f0db5bfed2531877562 [term 0 FOLLOWER]: Becoming Follower/Learner. State: Replica: 7f4fbb2f5d6a4f0db5bfed2531877562, State: Initialized, Role: FOLLOWER
I20260608 09:48:55.149216  8757 tablet_bootstrap.cc:654] T 66624160651f4c23830a5703f4be8bb6 P d74be1ea61e44f29bca00880fad04639: Neither blocks nor log segments found. Creating new log.
I20260608 09:48:55.149071  8755 raft_consensus.cc:740] T 12f3aad675344834ba75dbd5d1b5a338 P 73070b369d20471691f7c22bdbab715d [term 0 FOLLOWER]: Becoming Follower/Learner. State: Replica: 73070b369d20471691f7c22bdbab715d, State: Initialized, Role: FOLLOWER
I20260608 09:48:55.149879  8754 consensus_queue.cc:260] T 5c1785521a384f16ae886992e9752732 P 7f4fbb2f5d6a4f0db5bfed2531877562 [NON_LEADER]: Queue going to NON_LEADER mode. State: All replicated index: 0, Majority replicated index: 0, Committed index: 0, Last appended: 0.0, Last appended by leader: 0, Current term: 0, Majority size: -1, State: 0, Mode: NON_LEADER, active raft config: opid_index: -1 OBSOLETE_local: false peers { permanent_uuid: "73070b369d20471691f7c22bdbab715d" member_type: VOTER last_known_addr { host: "127.5.113.129" port: 43037 } } peers { permanent_uuid: "7f4fbb2f5d6a4f0db5bfed2531877562" member_type: VOTER last_known_addr { host: "127.5.113.130" port: 42997 } } peers { permanent_uuid: "d74be1ea61e44f29bca00880fad04639" member_type: VOTER last_known_addr { host: "127.5.113.131" port: 46525 } }
I20260608 09:48:55.150408  8755 consensus_queue.cc:260] T 12f3aad675344834ba75dbd5d1b5a338 P 73070b369d20471691f7c22bdbab715d [NON_LEADER]: Queue going to NON_LEADER mode. State: All replicated index: 0, Majority replicated index: 0, Committed index: 0, Last appended: 0.0, Last appended by leader: 0, Current term: 0, Majority size: -1, State: 0, Mode: NON_LEADER, active raft config: opid_index: -1 OBSOLETE_local: false peers { permanent_uuid: "73070b369d20471691f7c22bdbab715d" member_type: VOTER last_known_addr { host: "127.5.113.129" port: 43037 } } peers { permanent_uuid: "7f4fbb2f5d6a4f0db5bfed2531877562" member_type: VOTER last_known_addr { host: "127.5.113.130" port: 42997 } } peers { permanent_uuid: "d74be1ea61e44f29bca00880fad04639" member_type: VOTER last_known_addr { host: "127.5.113.131" port: 46525 } }
I20260608 09:48:55.152944  8754 ts_tablet_manager.cc:1434] T 5c1785521a384f16ae886992e9752732 P 7f4fbb2f5d6a4f0db5bfed2531877562: Time spent starting tablet: real 0.008s	user 0.005s	sys 0.003s
I20260608 09:48:55.154032  8754 tablet_bootstrap.cc:492] T 12f3aad675344834ba75dbd5d1b5a338 P 7f4fbb2f5d6a4f0db5bfed2531877562: Bootstrap starting.
I20260608 09:48:55.159173  8755 ts_tablet_manager.cc:1434] T 12f3aad675344834ba75dbd5d1b5a338 P 73070b369d20471691f7c22bdbab715d: Time spent starting tablet: real 0.015s	user 0.012s	sys 0.000s
I20260608 09:48:55.160763  8757 tablet_bootstrap.cc:492] T 66624160651f4c23830a5703f4be8bb6 P d74be1ea61e44f29bca00880fad04639: No bootstrap required, opened a new log
I20260608 09:48:55.161394  8757 ts_tablet_manager.cc:1403] T 66624160651f4c23830a5703f4be8bb6 P d74be1ea61e44f29bca00880fad04639: Time spent bootstrapping tablet: real 0.021s	user 0.019s	sys 0.000s
I20260608 09:48:55.164077  8754 tablet_bootstrap.cc:654] T 12f3aad675344834ba75dbd5d1b5a338 P 7f4fbb2f5d6a4f0db5bfed2531877562: Neither blocks nor log segments found. Creating new log.
I20260608 09:48:55.164574  8757 raft_consensus.cc:359] T 66624160651f4c23830a5703f4be8bb6 P d74be1ea61e44f29bca00880fad04639 [term 0 FOLLOWER]: Replica starting. Triggering 0 pending ops. Active config: opid_index: -1 OBSOLETE_local: false peers { permanent_uuid: "73070b369d20471691f7c22bdbab715d" member_type: VOTER last_known_addr { host: "127.5.113.129" port: 43037 } } peers { permanent_uuid: "7f4fbb2f5d6a4f0db5bfed2531877562" member_type: VOTER last_known_addr { host: "127.5.113.130" port: 42997 } } peers { permanent_uuid: "d74be1ea61e44f29bca00880fad04639" member_type: VOTER last_known_addr { host: "127.5.113.131" port: 46525 } }
I20260608 09:48:55.165419  8757 raft_consensus.cc:385] T 66624160651f4c23830a5703f4be8bb6 P d74be1ea61e44f29bca00880fad04639 [term 0 FOLLOWER]: Consensus starting up: Expiring failure detector timer to make a prompt election more likely
I20260608 09:48:55.161463  8755 tablet_bootstrap.cc:492] T 66624160651f4c23830a5703f4be8bb6 P 73070b369d20471691f7c22bdbab715d: Bootstrap starting.
I20260608 09:48:55.165807  8757 raft_consensus.cc:740] T 66624160651f4c23830a5703f4be8bb6 P d74be1ea61e44f29bca00880fad04639 [term 0 FOLLOWER]: Becoming Follower/Learner. State: Replica: d74be1ea61e44f29bca00880fad04639, State: Initialized, Role: FOLLOWER
I20260608 09:48:55.166867  8757 consensus_queue.cc:260] T 66624160651f4c23830a5703f4be8bb6 P d74be1ea61e44f29bca00880fad04639 [NON_LEADER]: Queue going to NON_LEADER mode. State: All replicated index: 0, Majority replicated index: 0, Committed index: 0, Last appended: 0.0, Last appended by leader: 0, Current term: 0, Majority size: -1, State: 0, Mode: NON_LEADER, active raft config: opid_index: -1 OBSOLETE_local: false peers { permanent_uuid: "73070b369d20471691f7c22bdbab715d" member_type: VOTER last_known_addr { host: "127.5.113.129" port: 43037 } } peers { permanent_uuid: "7f4fbb2f5d6a4f0db5bfed2531877562" member_type: VOTER last_known_addr { host: "127.5.113.130" port: 42997 } } peers { permanent_uuid: "d74be1ea61e44f29bca00880fad04639" member_type: VOTER last_known_addr { host: "127.5.113.131" port: 46525 } }
I20260608 09:48:55.173612  8755 tablet_bootstrap.cc:654] T 66624160651f4c23830a5703f4be8bb6 P 73070b369d20471691f7c22bdbab715d: Neither blocks nor log segments found. Creating new log.
I20260608 09:48:55.186312  8757 ts_tablet_manager.cc:1434] T 66624160651f4c23830a5703f4be8bb6 P d74be1ea61e44f29bca00880fad04639: Time spent starting tablet: real 0.024s	user 0.012s	sys 0.011s
I20260608 09:48:55.187227  8754 tablet_bootstrap.cc:492] T 12f3aad675344834ba75dbd5d1b5a338 P 7f4fbb2f5d6a4f0db5bfed2531877562: No bootstrap required, opened a new log
I20260608 09:48:55.187863  8754 ts_tablet_manager.cc:1403] T 12f3aad675344834ba75dbd5d1b5a338 P 7f4fbb2f5d6a4f0db5bfed2531877562: Time spent bootstrapping tablet: real 0.034s	user 0.028s	sys 0.000s
I20260608 09:48:55.187883  8757 tablet_bootstrap.cc:492] T 12f3aad675344834ba75dbd5d1b5a338 P d74be1ea61e44f29bca00880fad04639: Bootstrap starting.
I20260608 09:48:55.189205  8755 tablet_bootstrap.cc:492] T 66624160651f4c23830a5703f4be8bb6 P 73070b369d20471691f7c22bdbab715d: No bootstrap required, opened a new log
I20260608 09:48:55.189831  8755 ts_tablet_manager.cc:1403] T 66624160651f4c23830a5703f4be8bb6 P 73070b369d20471691f7c22bdbab715d: Time spent bootstrapping tablet: real 0.029s	user 0.008s	sys 0.011s
I20260608 09:48:55.191502  8754 raft_consensus.cc:359] T 12f3aad675344834ba75dbd5d1b5a338 P 7f4fbb2f5d6a4f0db5bfed2531877562 [term 0 FOLLOWER]: Replica starting. Triggering 0 pending ops. Active config: opid_index: -1 OBSOLETE_local: false peers { permanent_uuid: "73070b369d20471691f7c22bdbab715d" member_type: VOTER last_known_addr { host: "127.5.113.129" port: 43037 } } peers { permanent_uuid: "7f4fbb2f5d6a4f0db5bfed2531877562" member_type: VOTER last_known_addr { host: "127.5.113.130" port: 42997 } } peers { permanent_uuid: "d74be1ea61e44f29bca00880fad04639" member_type: VOTER last_known_addr { host: "127.5.113.131" port: 46525 } }
I20260608 09:48:55.192493  8754 raft_consensus.cc:385] T 12f3aad675344834ba75dbd5d1b5a338 P 7f4fbb2f5d6a4f0db5bfed2531877562 [term 0 FOLLOWER]: Consensus starting up: Expiring failure detector timer to make a prompt election more likely
I20260608 09:48:55.192844  8754 raft_consensus.cc:740] T 12f3aad675344834ba75dbd5d1b5a338 P 7f4fbb2f5d6a4f0db5bfed2531877562 [term 0 FOLLOWER]: Becoming Follower/Learner. State: Replica: 7f4fbb2f5d6a4f0db5bfed2531877562, State: Initialized, Role: FOLLOWER
I20260608 09:48:55.193219  8755 raft_consensus.cc:359] T 66624160651f4c23830a5703f4be8bb6 P 73070b369d20471691f7c22bdbab715d [term 0 FOLLOWER]: Replica starting. Triggering 0 pending ops. Active config: opid_index: -1 OBSOLETE_local: false peers { permanent_uuid: "73070b369d20471691f7c22bdbab715d" member_type: VOTER last_known_addr { host: "127.5.113.129" port: 43037 } } peers { permanent_uuid: "7f4fbb2f5d6a4f0db5bfed2531877562" member_type: VOTER last_known_addr { host: "127.5.113.130" port: 42997 } } peers { permanent_uuid: "d74be1ea61e44f29bca00880fad04639" member_type: VOTER last_known_addr { host: "127.5.113.131" port: 46525 } }
I20260608 09:48:55.194082  8755 raft_consensus.cc:385] T 66624160651f4c23830a5703f4be8bb6 P 73070b369d20471691f7c22bdbab715d [term 0 FOLLOWER]: Consensus starting up: Expiring failure detector timer to make a prompt election more likely
I20260608 09:48:55.193902  8754 consensus_queue.cc:260] T 12f3aad675344834ba75dbd5d1b5a338 P 7f4fbb2f5d6a4f0db5bfed2531877562 [NON_LEADER]: Queue going to NON_LEADER mode. State: All replicated index: 0, Majority replicated index: 0, Committed index: 0, Last appended: 0.0, Last appended by leader: 0, Current term: 0, Majority size: -1, State: 0, Mode: NON_LEADER, active raft config: opid_index: -1 OBSOLETE_local: false peers { permanent_uuid: "73070b369d20471691f7c22bdbab715d" member_type: VOTER last_known_addr { host: "127.5.113.129" port: 43037 } } peers { permanent_uuid: "7f4fbb2f5d6a4f0db5bfed2531877562" member_type: VOTER last_known_addr { host: "127.5.113.130" port: 42997 } } peers { permanent_uuid: "d74be1ea61e44f29bca00880fad04639" member_type: VOTER last_known_addr { host: "127.5.113.131" port: 46525 } }
I20260608 09:48:55.194621  8755 raft_consensus.cc:740] T 66624160651f4c23830a5703f4be8bb6 P 73070b369d20471691f7c22bdbab715d [term 0 FOLLOWER]: Becoming Follower/Learner. State: Replica: 73070b369d20471691f7c22bdbab715d, State: Initialized, Role: FOLLOWER
I20260608 09:48:55.195693  8755 consensus_queue.cc:260] T 66624160651f4c23830a5703f4be8bb6 P 73070b369d20471691f7c22bdbab715d [NON_LEADER]: Queue going to NON_LEADER mode. State: All replicated index: 0, Majority replicated index: 0, Committed index: 0, Last appended: 0.0, Last appended by leader: 0, Current term: 0, Majority size: -1, State: 0, Mode: NON_LEADER, active raft config: opid_index: -1 OBSOLETE_local: false peers { permanent_uuid: "73070b369d20471691f7c22bdbab715d" member_type: VOTER last_known_addr { host: "127.5.113.129" port: 43037 } } peers { permanent_uuid: "7f4fbb2f5d6a4f0db5bfed2531877562" member_type: VOTER last_known_addr { host: "127.5.113.130" port: 42997 } } peers { permanent_uuid: "d74be1ea61e44f29bca00880fad04639" member_type: VOTER last_known_addr { host: "127.5.113.131" port: 46525 } }
I20260608 09:48:55.198150  8755 ts_tablet_manager.cc:1434] T 66624160651f4c23830a5703f4be8bb6 P 73070b369d20471691f7c22bdbab715d: Time spent starting tablet: real 0.008s	user 0.008s	sys 0.000s
I20260608 09:48:55.196496  8757 tablet_bootstrap.cc:654] T 12f3aad675344834ba75dbd5d1b5a338 P d74be1ea61e44f29bca00880fad04639: Neither blocks nor log segments found. Creating new log.
I20260608 09:48:55.199307  8755 tablet_bootstrap.cc:492] T c73b9a0761c94a33a5702715fcb52756 P 73070b369d20471691f7c22bdbab715d: Bootstrap starting.
I20260608 09:48:55.200796  8754 ts_tablet_manager.cc:1434] T 12f3aad675344834ba75dbd5d1b5a338 P 7f4fbb2f5d6a4f0db5bfed2531877562: Time spent starting tablet: real 0.012s	user 0.007s	sys 0.001s
I20260608 09:48:55.201925  8754 tablet_bootstrap.cc:492] T 56294f763a344770b5c0b2c4ed89dd3a P 7f4fbb2f5d6a4f0db5bfed2531877562: Bootstrap starting.
I20260608 09:48:55.207646  8755 tablet_bootstrap.cc:654] T c73b9a0761c94a33a5702715fcb52756 P 73070b369d20471691f7c22bdbab715d: Neither blocks nor log segments found. Creating new log.
I20260608 09:48:55.211688  8754 tablet_bootstrap.cc:654] T 56294f763a344770b5c0b2c4ed89dd3a P 7f4fbb2f5d6a4f0db5bfed2531877562: Neither blocks nor log segments found. Creating new log.
I20260608 09:48:55.215973  8757 tablet_bootstrap.cc:492] T 12f3aad675344834ba75dbd5d1b5a338 P d74be1ea61e44f29bca00880fad04639: No bootstrap required, opened a new log
I20260608 09:48:55.216655  8757 ts_tablet_manager.cc:1403] T 12f3aad675344834ba75dbd5d1b5a338 P d74be1ea61e44f29bca00880fad04639: Time spent bootstrapping tablet: real 0.029s	user 0.008s	sys 0.016s
I20260608 09:48:55.220657  8757 raft_consensus.cc:359] T 12f3aad675344834ba75dbd5d1b5a338 P d74be1ea61e44f29bca00880fad04639 [term 0 FOLLOWER]: Replica starting. Triggering 0 pending ops. Active config: opid_index: -1 OBSOLETE_local: false peers { permanent_uuid: "73070b369d20471691f7c22bdbab715d" member_type: VOTER last_known_addr { host: "127.5.113.129" port: 43037 } } peers { permanent_uuid: "7f4fbb2f5d6a4f0db5bfed2531877562" member_type: VOTER last_known_addr { host: "127.5.113.130" port: 42997 } } peers { permanent_uuid: "d74be1ea61e44f29bca00880fad04639" member_type: VOTER last_known_addr { host: "127.5.113.131" port: 46525 } }
I20260608 09:48:55.221671  8757 raft_consensus.cc:385] T 12f3aad675344834ba75dbd5d1b5a338 P d74be1ea61e44f29bca00880fad04639 [term 0 FOLLOWER]: Consensus starting up: Expiring failure detector timer to make a prompt election more likely
I20260608 09:48:55.222097  8757 raft_consensus.cc:740] T 12f3aad675344834ba75dbd5d1b5a338 P d74be1ea61e44f29bca00880fad04639 [term 0 FOLLOWER]: Becoming Follower/Learner. State: Replica: d74be1ea61e44f29bca00880fad04639, State: Initialized, Role: FOLLOWER
I20260608 09:48:55.223337  8757 consensus_queue.cc:260] T 12f3aad675344834ba75dbd5d1b5a338 P d74be1ea61e44f29bca00880fad04639 [NON_LEADER]: Queue going to NON_LEADER mode. State: All replicated index: 0, Majority replicated index: 0, Committed index: 0, Last appended: 0.0, Last appended by leader: 0, Current term: 0, Majority size: -1, State: 0, Mode: NON_LEADER, active raft config: opid_index: -1 OBSOLETE_local: false peers { permanent_uuid: "73070b369d20471691f7c22bdbab715d" member_type: VOTER last_known_addr { host: "127.5.113.129" port: 43037 } } peers { permanent_uuid: "7f4fbb2f5d6a4f0db5bfed2531877562" member_type: VOTER last_known_addr { host: "127.5.113.130" port: 42997 } } peers { permanent_uuid: "d74be1ea61e44f29bca00880fad04639" member_type: VOTER last_known_addr { host: "127.5.113.131" port: 46525 } }
I20260608 09:48:55.226352  8757 ts_tablet_manager.cc:1434] T 12f3aad675344834ba75dbd5d1b5a338 P d74be1ea61e44f29bca00880fad04639: Time spent starting tablet: real 0.009s	user 0.007s	sys 0.000s
I20260608 09:48:55.229975  8757 tablet_bootstrap.cc:492] T 54188d39d48b4bc08bea531656e6b3af P d74be1ea61e44f29bca00880fad04639: Bootstrap starting.
I20260608 09:48:55.239639  8757 tablet_bootstrap.cc:654] T 54188d39d48b4bc08bea531656e6b3af P d74be1ea61e44f29bca00880fad04639: Neither blocks nor log segments found. Creating new log.
I20260608 09:48:55.249120  8755 tablet_bootstrap.cc:492] T c73b9a0761c94a33a5702715fcb52756 P 73070b369d20471691f7c22bdbab715d: No bootstrap required, opened a new log
I20260608 09:48:55.249728  8755 ts_tablet_manager.cc:1403] T c73b9a0761c94a33a5702715fcb52756 P 73070b369d20471691f7c22bdbab715d: Time spent bootstrapping tablet: real 0.051s	user 0.017s	sys 0.027s
I20260608 09:48:55.250352  8754 tablet_bootstrap.cc:492] T 56294f763a344770b5c0b2c4ed89dd3a P 7f4fbb2f5d6a4f0db5bfed2531877562: No bootstrap required, opened a new log
I20260608 09:48:55.250881  8754 ts_tablet_manager.cc:1403] T 56294f763a344770b5c0b2c4ed89dd3a P 7f4fbb2f5d6a4f0db5bfed2531877562: Time spent bootstrapping tablet: real 0.049s	user 0.033s	sys 0.012s
I20260608 09:48:55.251046  8757 tablet_bootstrap.cc:492] T 54188d39d48b4bc08bea531656e6b3af P d74be1ea61e44f29bca00880fad04639: No bootstrap required, opened a new log
I20260608 09:48:55.251669  8757 ts_tablet_manager.cc:1403] T 54188d39d48b4bc08bea531656e6b3af P d74be1ea61e44f29bca00880fad04639: Time spent bootstrapping tablet: real 0.022s	user 0.009s	sys 0.012s
